82.165.84.0 - - [07/Aug/2026:08:54:41 +0200] "POST /wp-cron.php?doing_wp_cron=1786085681.6579320430755615234375 HTTP/1.1" 200 - andalhome.com "-" "WordPress/6.4.3; https://andalhome.com" "-"
74.7.243.0 - - [07/Aug/2026:08:54:42 +0200] "GET /wp-content/uploads/WPL/83/403.php?lokasie=/proc/thread-self/root/usr/lib/ruby/2.7.0/rdoc/code_object.rb&loknya=/proc/thread-self/root/usr/lib/ruby/2.7.0/rdoc HTTP/1.1" 200 13982 andalhome.com "https://andalhome.com/wp-content/uploads/WPL/83/403.php?loknya=/proc/thread-self/root/usr/lib/ruby/2.7.0/rdoc" "Mozilla/5.0 AppleWebKit/537.36 (KHTML, like Gecko; compatible; GPTBot/1.4; +https://openai.com/gptbot)" "-"
159.146.79.0 - - [07/Aug/2026:08:54:46 +0200] "GET /wp-content/uploads/WPL/81/Nx_70c446.php HTTP/1.1" 404 84357 andalhome.com "-" "python-requests/2.28.1" "-"
66.249.74.0 - - [07/Aug/2026:08:54:49 +0200] "GET /Anteriore-Rinforzata-Hot-Racing-VXS12X01-1-16-Traxxas-Sicura-k-723093 HTTP/1.1" 200 426622 andalhome.com "-" "Mozilla/5.0 (Linux; Android 6.0.1; Nexus 5X Build/MMB29P) AppleWebKit/537.36 (KHTML, like Gecko) Chrome/150.0.7871.186 Mobile Safari/537.36 (compatible; Googlebot/2.1; +http://www.google.com/bot.html)" "-"
159.146.79.0 - - [07/Aug/2026:08:54:51 +0200] "GET /wp-content/uploads/WPL/82/Nx_70c446.php HTTP/1.1" 404 84357 andalhome.com "-" "python-requests/2.28.1" "-"
159.146.79.0 - - [07/Aug/2026:08:54:55 +0200] "GET /wp-content/uploads/WPL/83/Nx_70c446.php HTTP/1.1" 404 84356 andalhome.com "-" "python-requests/2.28.1" "-"
159.146.79.0 - - [07/Aug/2026:08:55:01 +0200] "GET /wp-content/uploads/WPL/84/Nx_70c446.php HTTP/1.1" 404 84356 andalhome.com "-" "python-requests/2.28.1" "-"
159.146.79.0 - - [07/Aug/2026:08:55:08 +0200] "GET /wp-content/uploads/WPL/85/Nx_70c446.php HTTP/1.1" 404 84357 andalhome.com "-" "python-requests/2.28.1" "-"
66.249.74.0 - - [07/Aug/2026:08:55:13 +0200] "GET /Motosega-McCulloch-Confezione-Da-2-Pezzi-Originale-OEM-k-628671 HTTP/1.1" 200 425794 andalhome.com "-" "Mozilla/5.0 (Linux; Android 6.0.1; Nexus 5X Build/MMB29P) AppleWebKit/537.36 (KHTML, like Gecko) Chrome/150.0.7871.186 Mobile Safari/537.36 (compatible; Googlebot/2.1; +http://www.google.com/bot.html)" "-"
159.146.79.0 - - [07/Aug/2026:08:55:13 +0200] "GET /wp-content/uploads/WPL/86/Nx_70c446.php HTTP/1.1" 404 84356 andalhome.com "-" "python-requests/2.28.1" "-"
66.249.74.0 - - [07/Aug/2026:08:55:18 +0200] "GET /Anteriore-Rinforzata-Hot-Racing-VXS12X01-1-16-Traxxas-Sicura-k-723093 HTTP/1.1" 200 426283 andalhome.com "-" "Mozilla/5.0 (Linux; Android 6.0.1; Nexus 5X Build/MMB29P) AppleWebKit/537.36 (KHTML, like Gecko) Chrome/150.0.7871.186 Mobile Safari/537.36 (compatible; Googlebot/2.1; +http://www.google.com/bot.html)" "-"
159.146.79.0 - - [07/Aug/2026:08:55:18 +0200] "GET /wp-content/uploads/WPL/87/Nx_70c446.php HTTP/1.1" 404 84356 andalhome.com "-" "python-requests/2.28.1" "-"
159.146.79.0 - - [07/Aug/2026:08:55:22 +0200] "GET /wp-content/uploads/WPL/88/Nx_70c446.php HTTP/1.1" 404 84357 andalhome.com "-" "python-requests/2.28.1" "-"
159.146.79.0 - - [07/Aug/2026:08:55:27 +0200] "GET /wp-content/uploads/WPL/89/Nx_70c446.php HTTP/1.1" 404 84357 andalhome.com "-" "python-requests/2.28.1" "-"
74.7.243.0 - - [07/Aug/2026:08:55:29 +0200] "GET /wp-content/uploads/WPL/83/403.php?lokasie=/proc/thread-self/root/usr/lib/ruby/2.7.0/rdoc/rubygems_hook.rb&loknya=/proc/thread-self/root/usr/lib/ruby/2.7.0/rdoc HTTP/1.1" 200 9916 andalhome.com "https://andalhome.com/wp-content/uploads/WPL/83/403.php?loknya=/proc/thread-self/root/usr/lib/ruby/2.7.0/rdoc" "Mozilla/5.0 AppleWebKit/537.36 (KHTML, like Gecko; compatible; GPTBot/1.4; +https://openai.com/gptbot)" "-"
159.146.79.0 - - [07/Aug/2026:08:55:32 +0200] "GET /wp-content/uploads/WPL/90/Nx_70c446.php HTTP/1.1" 404 84356 andalhome.com "-" "python-requests/2.28.1" "-"
66.249.74.0 - - [07/Aug/2026:08:55:35 +0200] "GET /039-039-Proven-Part-3-8-LP-050-62DL-Compatibile-k-812246?inventoryId=222775?inventoryId=222775 HTTP/1.1" 200 421665 andalhome.com "-" "Mozilla/5.0 (Linux; Android 6.0.1; Nexus 5X Build/MMB29P) AppleWebKit/537.36 (KHTML, like Gecko) Chrome/150.0.7871.186 Mobile Safari/537.36 (compatible; Googlebot/2.1; +http://www.google.com/bot.html)" "-"
159.146.79.0 - - [07/Aug/2026:08:55:37 +0200] "GET /wp-content/uploads/WPL/91/Nx_70c446.php HTTP/1.1" 404 84356 andalhome.com "-" "python-requests/2.28.1" "-"
66.249.74.0 - - [07/Aug/2026:08:55:40 +0200] "GET /Pezzi-In-Acciaio-10-Misure-Con-Custodia-k-315452?inventoryId=222775 HTTP/1.1" 200 423413 andalhome.com "-" "Mozilla/5.0 (Linux; Android 6.0.1; Nexus 5X Build/MMB29P) AppleWebKit/537.36 (KHTML, like Gecko) Chrome/150.0.7871.186 Mobile Safari/537.36 (compatible; Googlebot/2.1; +http://www.google.com/bot.html)" "-"
159.146.79.0 - - [07/Aug/2026:08:55:43 +0200] "GET /wp-content/uploads/WPL/92/Nx_70c446.php HTTP/1.1" 404 84356 andalhome.com "-" "python-requests/2.28.1" "-"
159.146.79.0 - - [07/Aug/2026:08:55:47 +0200] "GET /wp-content/uploads/WPL/93/Nx_70c446.php HTTP/1.1" 404 84357 andalhome.com "-" "python-requests/2.28.1" "-"
82.165.84.0 - - [07/Aug/2026:08:55:48 +0200] "POST /wp-cron.php?doing_wp_cron=1786085748.8571209907531738281250 HTTP/1.1" 200 - andalhome.com "-" "WordPress/6.4.3; https://andalhome.com" "-"
66.249.74.0 - - [07/Aug/2026:08:55:53 +0200] "GET /5-Paia-Calze-Oroblu-Chic-Up-50-Den-Opache-Senza-Ferretto-k-650568 HTTP/1.1" 200 425154 andalhome.com "-" "Mozilla/5.0 (compatible; Googlebot/2.1; +http://www.google.com/bot.html)" "-"
159.146.79.0 - - [07/Aug/2026:08:55:53 +0200] "GET /wp-content/uploads/WPL/94/Nx_70c446.php HTTP/1.1" 404 84356 andalhome.com "-" "python-requests/2.28.1" "-"
159.146.79.0 - - [07/Aug/2026:08:55:59 +0200] "GET /wp-content/uploads/WPL/95/Nx_70c446.php HTTP/1.1" 404 84357 andalhome.com "-" "python-requests/2.28.1" "-"
159.146.79.0 - - [07/Aug/2026:08:56:04 +0200] "GET /wp-content/uploads/WPL/96/Nx_70c446.php HTTP/1.1" 404 84357 andalhome.com "-" "python-requests/2.28.1" "-"
159.146.79.0 - - [07/Aug/2026:08:56:09 +0200] "GET /wp-content/uploads/WPL/97/Nx_70c446.php HTTP/1.1" 404 84357 andalhome.com "-" "python-requests/2.28.1" "-"
74.7.243.0 - - [07/Aug/2026:08:56:10 +0200] "GET /wp-content/uploads/WPL/83/403.php?lokasie=/proc/thread-self/root/usr/lib/ruby/2.7.0/rdoc/normal_module.rb&loknya=/proc/thread-self/root/usr/lib/ruby/2.7.0/rdoc HTTP/1.1" 200 6044 andalhome.com "https://andalhome.com/wp-content/uploads/WPL/83/403.php?loknya=/proc/thread-self/root/usr/lib/ruby/2.7.0/rdoc" "Mozilla/5.0 AppleWebKit/537.36 (KHTML, like Gecko; compatible; GPTBot/1.4; +https://openai.com/gptbot)" "-"
159.146.79.0 - - [07/Aug/2026:08:56:15 +0200] "GET /wp-content/uploads/WPL/98/Nx_70c446.php HTTP/1.1" 404 84357 andalhome.com "-" "python-requests/2.28.1" "-"
66.249.74.0 - - [07/Aug/2026:08:56:20 +0200] "GET /Nel-Paese-Delle-Meraviglie-Rubie-039-s-Donna-Nuovo-Con-k-989724 HTTP/1.1" 200 426801 andalhome.com "-" "Mozilla/5.0 (Linux; Android 6.0.1; Nexus 5X Build/MMB29P) AppleWebKit/537.36 (KHTML, like Gecko) Chrome/150.0.7871.186 Mobile Safari/537.36 (compatible; Googlebot/2.1; +http://www.google.com/bot.html)" "-"
159.146.79.0 - - [07/Aug/2026:08:56:20 +0200] "GET /wp-content/uploads/WPL/99/Nx_70c446.php HTTP/1.1" 404 84357 andalhome.com "-" "python-requests/2.28.1" "-"
66.249.74.0 - - [07/Aug/2026:08:56:22 +0200] "GET /Vintage-2024-Testa-Blade-O-Mallet-Asta-In-Acciaio-Nuovo-k-448365 HTTP/1.1" 200 425701 andalhome.com "-" "Mozilla/5.0 (Linux; Android 6.0.1; Nexus 5X Build/MMB29P) AppleWebKit/537.36 (KHTML, like Gecko) Chrome/150.0.7871.186 Mobile Safari/537.36 (compatible; Googlebot/2.1; +http://www.google.com/bot.html)" "-"
159.146.79.0 - - [07/Aug/2026:08:56:26 +0200] "GET /wp-content/uploads/WPL/100/Nx_70c446.php HTTP/1.1" 404 84362 andalhome.com "-" "python-requests/2.28.1" "-"
66.249.74.0 - - [07/Aug/2026:08:56:36 +0200] "GET /Originale-Per-Stratocaster-Vintage-Cromato-k-579768?inventoryId=222775 HTTP/1.1" 200 425517 andalhome.com "-" "Mozilla/5.0 (Linux; Android 6.0.1; Nexus 5X Build/MMB29P) AppleWebKit/537.36 (KHTML, like Gecko) Chrome/150.0.7871.186 Mobile Safari/537.36 (compatible; Googlebot/2.1; +http://www.google.com/bot.html)" "-"
34.57.94.0 - - [07/Aug/2026:08:56:42 +0200] "GET /wp-content/uploads/WPL/37/thimg_az_650x450.JPG HTTP/1.1" 200 82754 andalhome.com "-" "Mozilla/5.0 (compatible; physicalai-relaion5b-ingest/1.0; research archive of Re-LAION-5B; contact vikas@physicalai.com)" "-"
74.7.243.0 - - [07/Aug/2026:08:56:47 +0200] "GET /wp-content/uploads/WPL/83/403.php?lokasie=/proc/thread-self/root/usr/lib/ruby/2.7.0/rdoc/class_module.rb&loknya=/proc/thread-self/root/usr/lib/ruby/2.7.0/rdoc HTTP/1.1" 200 25002 andalhome.com "https://andalhome.com/wp-content/uploads/WPL/83/403.php?loknya=/proc/thread-self/root/usr/lib/ruby/2.7.0/rdoc" "Mozilla/5.0 AppleWebKit/537.36 (KHTML, like Gecko; compatible; GPTBot/1.4; +https://openai.com/gptbot)" "-"
66.249.74.0 - - [07/Aug/2026:08:56:57 +0200] "GET /2N5PS-ZC1-10-30VDC-200mA-Nuovo-k-656343 HTTP/1.1" 200 422577 andalhome.com "-" "Mozilla/5.0 (Linux; Android 6.0.1; Nexus 5X Build/MMB29P) AppleWebKit/537.36 (KHTML, like Gecko) Chrome/150.0.7871.186 Mobile Safari/537.36 (compatible; Googlebot/2.1; +http://www.google.com/bot.html)" "-"
74.7.243.0 - - [07/Aug/2026:08:57:19 +0200] "GET /wp-content/uploads/WPL/83/403.php?lokasie=/proc/thread-self/root/usr/lib/ruby/2.7.0/rdoc/require.rb&loknya=/proc/thread-self/root/usr/lib/ruby/2.7.0/rdoc HTTP/1.1" 200 5484 andalhome.com "https://andalhome.com/wp-content/uploads/WPL/83/403.php?loknya=/proc/thread-self/root/usr/lib/ruby/2.7.0/rdoc" "Mozilla/5.0 AppleWebKit/537.36 (KHTML, like Gecko; compatible; GPTBot/1.4; +https://openai.com/gptbot)" "-"
74.7.243.0 - - [07/Aug/2026:08:57:49 +0200] "GET /wp-content/uploads/WPL/83/403.php?lokasie=/proc/thread-self/root/usr/lib/ruby/2.7.0/rdoc/method_attr.rb&loknya=/proc/thread-self/root/usr/lib/ruby/2.7.0/rdoc HTTP/1.1" 200 14314 andalhome.com "https://andalhome.com/wp-content/uploads/WPL/83/403.php?loknya=/proc/thread-self/root/usr/lib/ruby/2.7.0/rdoc" "Mozilla/5.0 AppleWebKit/537.36 (KHTML, like Gecko; compatible; GPTBot/1.4; +https://openai.com/gptbot)" "-"
66.249.74.0 - - [07/Aug/2026:08:57:59 +0200] "GET /Modulo-Toshiba-MG75J6ES50-IGBT-75A-600V-Nuovo-1PZ-k-295584 HTTP/1.1" 200 423404 andalhome.com "-" "Mozilla/5.0 (Linux; Android 6.0.1; Nexus 5X Build/MMB29P) AppleWebKit/537.36 (KHTML, like Gecko) Chrome/150.0.7871.186 Mobile Safari/537.36 (compatible; Googlebot/2.1; +http://www.google.com/bot.html)" "-"
66.249.74.0 - - [07/Aug/2026:08:58:08 +0200] "GET /Bausch-BK01-300-Strisce-Blu-0-008-200-Micron-Senza-k-987301?inventoryId=222775 HTTP/1.1" 200 423686 andalhome.com "-" "Mozilla/5.0 (Linux; Android 6.0.1; Nexus 5X Build/MMB29P) AppleWebKit/537.36 (KHTML, like Gecko) Chrome/150.0.7871.186 Mobile Safari/537.36 (compatible; Googlebot/2.1; +http://www.google.com/bot.html)" "-"
157.55.39.0 - - [07/Aug/2026:08:58:14 +0200] "GET /23B-MA-23B-NOS-Equivalente-NTE102A-Componente-k-695876 HTTP/1.1" 200 424816 andalhome.com "-" "Mozilla/5.0 AppleWebKit/537.36 (KHTML, like Gecko; compatible; bingbot/2.0; +http://www.bing.com/bingbot.htm) Chrome/116.0.1938.76 Safari/537.36" "-"
74.7.243.0 - - [07/Aug/2026:08:58:17 +0200] "GET /wp-content/uploads/WPL/83/403.php?lokasie=/proc/thread-self/root/usr/lib/ruby/2.7.0/rdoc/version.rb&loknya=/proc/thread-self/root/usr/lib/ruby/2.7.0/rdoc HTTP/1.1" 200 4512 andalhome.com "https://andalhome.com/wp-content/uploads/WPL/83/403.php?loknya=/proc/thread-self/root/usr/lib/ruby/2.7.0/rdoc" "Mozilla/5.0 AppleWebKit/537.36 (KHTML, like Gecko; compatible; GPTBot/1.4; +https://openai.com/gptbot)" "-"
66.249.74.0 - - [07/Aug/2026:08:58:18 +0200] "GET /Originale-Per-Stratocaster-Vintage-Cromato-k-579768?inventoryId=222775 HTTP/1.1" 200 425357 andalhome.com "-" "Mozilla/5.0 (Linux; Android 6.0.1; Nexus 5X Build/MMB29P) AppleWebKit/537.36 (KHTML, like Gecko) Chrome/150.0.7871.186 Mobile Safari/537.36 (compatible; Googlebot/2.1; +http://www.google.com/bot.html)" "-"
43.130.39.0 - - [07/Aug/2026:08:58:26 +0200] "GET / HTTP/1.1" 301 - www.andalhome.com "-" "Mozilla/5.0 (iPhone; CPU iPhone OS 13_2_3 like Mac OS X) AppleWebKit/605.1.15 (KHTML, like Gecko) Version/13.0.3 Mobile/15E148 Safari/604.1" "-"
82.165.84.0 - - [07/Aug/2026:08:58:27 +0200] "POST /wp-cron.php?doing_wp_cron=1786085907.4872009754180908203125 HTTP/1.1" 200 - andalhome.com "-" "WordPress/6.4.3; https://andalhome.com" "-"
43.130.39.0 - - [07/Aug/2026:08:58:29 +0200] "GET / HTTP/1.1" 301 - www.andalhome.com "http://www.andalhome.com" "Mozilla/5.0 (iPhone; CPU iPhone OS 13_2_3 like Mac OS X) AppleWebKit/605.1.15 (KHTML, like Gecko) Version/13.0.3 Mobile/15E148 Safari/604.1" "-"
43.130.39.0 - - [07/Aug/2026:08:58:31 +0200] "GET / HTTP/1.1" 200 122726 andalhome.com "https://www.andalhome.com/" "Mozilla/5.0 (iPhone; CPU iPhone OS 13_2_3 like Mac OS X) AppleWebKit/605.1.15 (KHTML, like Gecko) Version/13.0.3 Mobile/15E148 Safari/604.1" "-"
74.7.243.0 - - [07/Aug/2026:08:58:42 +0200] "GET /wp-content/uploads/WPL/83/403.php?lokasie=/proc/thread-self/root/usr/lib/ruby/2.7.0/bundler//gemdeps.rb&loknya=/proc/thread-self/root/usr/lib/ruby/2.7.0/bundler/ HTTP/1.1" 200 4858 andalhome.com "https://andalhome.com/wp-content/uploads/WPL/83/403.php?loknya=/proc/thread-self/root/usr/lib/ruby/2.7.0/bundler/" "Mozilla/5.0 AppleWebKit/537.36 (KHTML, like Gecko; compatible; GPTBot/1.4; +https://openai.com/gptbot)" "-"
66.249.74.0 - - [07/Aug/2026:08:58:52 +0200] "GET /Sunlite-MTB-26in-22-2x198x95mm-Corsa-27-0-Nera-Acciaio-k-532525?inventoryId=222775 HTTP/1.1" 200 424015 andalhome.com "-" "Mozilla/5.0 (Linux; Android 6.0.1; Nexus 5X Build/MMB29P) AppleWebKit/537.36 (KHTML, like Gecko) Chrome/150.0.7871.186 Mobile Safari/537.36 (compatible; Googlebot/2.1; +http://www.google.com/bot.html)" "-"
74.7.243.0 - - [07/Aug/2026:08:59:04 +0200] "GET /wp-content/uploads/WPL/83/403.php?lokasie=/proc/thread-self/root/usr/lib/ruby/2.7.0/bundler//lazy_specification.rb&loknya=/proc/thread-self/root/usr/lib/ruby/2.7.0/bundler/ HTTP/1.1" 200 8351 andalhome.com "https://andalhome.com/wp-content/uploads/WPL/83/403.php?loknya=/proc/thread-self/root/usr/lib/ruby/2.7.0/bundler/" "Mozilla/5.0 AppleWebKit/537.36 (KHTML, like Gecko; compatible; GPTBot/1.4; +https://openai.com/gptbot)" "-"
74.7.243.0 - - [07/Aug/2026:08:59:25 +0200] "GET /wp-content/uploads/WPL/83/403.php?lokasie=/proc/thread-self/root/usr/lib/ruby/2.7.0/bundler//match_platform.rb&loknya=/proc/thread-self/root/usr/lib/ruby/2.7.0/bundler/ HTTP/1.1" 200 5112 andalhome.com "https://andalhome.com/wp-content/uploads/WPL/83/403.php?loknya=/proc/thread-self/root/usr/lib/ruby/2.7.0/bundler/" "Mozilla/5.0 AppleWebKit/537.36 (KHTML, like Gecko; compatible; GPTBot/1.4; +https://openai.com/gptbot)" "-"
74.7.243.0 - - [07/Aug/2026:08:59:42 +0200] "GET /wp-content/uploads/WPL/83/403.php?lokasie=/proc/thread-self/root/usr/lib/ruby/2.7.0/rdoc/constant.rb&loknya=/proc/thread-self/root/usr/lib/ruby/2.7.0/rdoc HTTP/1.1" 200 8232 andalhome.com "https://andalhome.com/wp-content/uploads/WPL/83/403.php?loknya=/proc/thread-self/root/usr/lib/ruby/2.7.0/rdoc" "Mozilla/5.0 AppleWebKit/537.36 (KHTML, like Gecko; compatible; GPTBot/1.4; +https://openai.com/gptbot)" "-"
74.7.243.0 - - [07/Aug/2026:08:59:58 +0200] "GET /wp-content/uploads/WPL/83/403.php?lokasie=/proc/thread-self/root/usr/lib/ruby/2.7.0/bundler//psyched_yaml.rb&loknya=/proc/thread-self/root/usr/lib/ruby/2.7.0/bundler/ HTTP/1.1" 200 5364 andalhome.com "https://andalhome.com/wp-content/uploads/WPL/83/403.php?loknya=/proc/thread-self/root/usr/lib/ruby/2.7.0/bundler/" "Mozilla/5.0 AppleWebKit/537.36 (KHTML, like Gecko; compatible; GPTBot/1.4; +https://openai.com/gptbot)" "-"
66.249.74.0 - - [07/Aug/2026:08:59:58 +0200] "GET /Movimento-Sellita-SW220-1-Compatibile-Tag-Heuer-Calibro-5-E-Eta-k-889156 HTTP/1.1" 200 426746 andalhome.com "-" "Mozilla/5.0 (compatible; Googlebot/2.1; +http://www.google.com/bot.html)" "-"
66.249.74.0 - - [07/Aug/2026:09:00:11 +0200] "GET /Borsa-A-Tracolla-Indiana-Trapuntata-Patchwork-Nera-100-k-1126065 HTTP/1.1" 200 428079 andalhome.com "-" "Mozilla/5.0 (Linux; Android 6.0.1; Nexus 5X Build/MMB29P) AppleWebKit/537.36 (KHTML, like Gecko) Chrome/150.0.7871.186 Mobile Safari/537.36 (compatible; Googlebot/2.1; +http://www.google.com/bot.html)" "-"
74.7.243.0 - - [07/Aug/2026:09:00:12 +0200] "GET /wp-content/uploads/WPL/83/403.php?lokasie=/proc/thread-self/root/usr/lib/ruby/2.7.0/bundler//fetcher.rb&loknya=/proc/thread-self/root/usr/lib/ruby/2.7.0/bundler/ HTTP/1.1" 200 16775 andalhome.com "https://andalhome.com/wp-content/uploads/WPL/83/403.php?loknya=/proc/thread-self/root/usr/lib/ruby/2.7.0/bundler/" "Mozilla/5.0 AppleWebKit/537.36 (KHTML, like Gecko; compatible; GPTBot/1.4; +https://openai.com/gptbot)" "-"
157.55.39.0 - - [07/Aug/2026:09:00:14 +0200] "GET /I7-13700-16-Core-24-Thread-Socket-LGA1700-SRMBA-Nuovo-k-586205 HTTP/1.1" 200 426428 andalhome.com "-" "Mozilla/5.0 AppleWebKit/537.36 (KHTML, like Gecko; compatible; bingbot/2.0; +http://www.bing.com/bingbot.htm) Chrome/116.0.1938.76 Safari/537.36" "-"
34.121.32.0 - - [07/Aug/2026:09:00:26 +0200] "GET /wp-content/uploads/WPL/37/thimg_xfg_100x80.jpg HTTP/1.1" 200 6243 andalhome.com "-" "Mozilla/5.0 (compatible; physicalai-relaion5b-ingest/1.0; research archive of Re-LAION-5B; contact vikas@physicalai.com)" "-"
74.7.243.0 - - [07/Aug/2026:09:00:26 +0200] "GET /wp-content/uploads/WPL/83/403.php?lokasie=/proc/thread-self/root/usr/lib/ruby/2.7.0/bundler//yaml_serializer.rb&loknya=/proc/thread-self/root/usr/lib/ruby/2.7.0/bundler/ HTTP/1.1" 200 7122 andalhome.com "https://andalhome.com/wp-content/uploads/WPL/83/403.php?loknya=/proc/thread-self/root/usr/lib/ruby/2.7.0/bundler/" "Mozilla/5.0 AppleWebKit/537.36 (KHTML, like Gecko; compatible; GPTBot/1.4; +https://openai.com/gptbot)" "-"
74.7.243.0 - - [07/Aug/2026:09:00:37 +0200] "GET /wp-content/uploads/WPL/83/403.php?lokasie=/proc/thread-self/root/usr/lib/ruby/2.7.0/rdoc/ri/formatter.rb&loknya=/proc/thread-self/root/usr/lib/ruby/2.7.0/rdoc/ri HTTP/1.1" 200 4619 andalhome.com "https://andalhome.com/wp-content/uploads/WPL/83/403.php?loknya=/proc/thread-self/root/usr/lib/ruby/2.7.0/rdoc/ri" "Mozilla/5.0 AppleWebKit/537.36 (KHTML, like Gecko; compatible; GPTBot/1.4; +https://openai.com/gptbot)" "-"
74.7.243.0 - - [07/Aug/2026:09:00:48 +0200] "GET /wp-content/uploads/WPL/83/403.php?lokasie=/proc/thread-self/root/usr/lib/ruby/2.7.0/rdoc/encoding.rb&loknya=/proc/thread-self/root/usr/lib/ruby/2.7.0/rdoc HTTP/1.1" 200 8457 andalhome.com "https://andalhome.com/wp-content/uploads/WPL/83/403.php?loknya=/proc/thread-self/root/usr/lib/ruby/2.7.0/rdoc" "Mozilla/5.0 AppleWebKit/537.36 (KHTML, like Gecko; compatible; GPTBot/1.4; +https://openai.com/gptbot)" "-"
74.7.243.0 - - [07/Aug/2026:09:00:58 +0200] "GET /wp-content/uploads/WPL/83/403.php?lokasie=/proc/thread-self/root/usr/lib/ruby/2.7.0/rdoc/meta_method.rb&loknya=/proc/thread-self/root/usr/lib/ruby/2.7.0/rdoc HTTP/1.1" 200 4561 andalhome.com "https://andalhome.com/wp-content/uploads/WPL/83/403.php?loknya=/proc/thread-self/root/usr/lib/ruby/2.7.0/rdoc" "Mozilla/5.0 AppleWebKit/537.36 (KHTML, like Gecko; compatible; GPTBot/1.4; +https://openai.com/gptbot)" "-"
74.7.243.0 - - [07/Aug/2026:09:01:06 +0200] "GET /wp-content/uploads/WPL/83/403.php?lokasie=/proc/thread-self/root/usr/lib/ruby/2.7.0/bundler//runtime.rb&loknya=/proc/thread-self/root/usr/lib/ruby/2.7.0/bundler/ HTTP/1.1" 200 15923 andalhome.com "https://andalhome.com/wp-content/uploads/WPL/83/403.php?loknya=/proc/thread-self/root/usr/lib/ruby/2.7.0/bundler/" "Mozilla/5.0 AppleWebKit/537.36 (KHTML, like Gecko; compatible; GPTBot/1.4; +https://openai.com/gptbot)" "-"
82.156.88.0 - - [07/Aug/2026:09:01:13 +0200] "GET / HTTP/1.1" 301 - andalhome.com "-" "Mozilla/5.0 (iPhone; CPU iPhone OS 13_2_3 like Mac OS X) AppleWebKit/605.1.15 (KHTML, like Gecko) Version/13.0.3 Mobile/15E148 Safari/604.1" "-"
74.7.243.0 - - [07/Aug/2026:09:01:14 +0200] "GET /wp-content/uploads/WPL/83/403.php?lokasie=/proc/thread-self/root/usr/lib/ruby/2.7.0/rdoc/include.rb&loknya=/proc/thread-self/root/usr/lib/ruby/2.7.0/rdoc HTTP/1.1" 429 267 andalhome.com "https://andalhome.com/wp-content/uploads/WPL/83/403.php?loknya=/proc/thread-self/root/usr/lib/ruby/2.7.0/rdoc" "Mozilla/5.0 AppleWebKit/537.36 (KHTML, like Gecko; compatible; GPTBot/1.4; +https://openai.com/gptbot)" "-"
82.165.84.0 - - [07/Aug/2026:09:01:14 +0200] "POST /wp-cron.php?doing_wp_cron=1786086074.8045909404754638671875 HTTP/1.1" 200 - andalhome.com "-" "WordPress/6.4.3; https://andalhome.com" "-"
82.156.88.0 - - [07/Aug/2026:09:01:17 +0200] "GET / HTTP/1.1" 200 122726 andalhome.com "http://andalhome.com" "Mozilla/5.0 (iPhone; CPU iPhone OS 13_2_3 like Mac OS X) AppleWebKit/605.1.15 (KHTML, like Gecko) Version/13.0.3 Mobile/15E148 Safari/604.1" "-"
74.7.243.0 - - [07/Aug/2026:09:01:21 +0200] "GET /wp-content/uploads/WPL/83/403.php?lokasie=/proc/thread-self/root/usr/lib/ruby/2.7.0/webrick//httpstatus.rb&loknya=/proc/thread-self/root/usr/lib/ruby/2.7.0/webrick/ HTTP/1.1" 429 267 andalhome.com "https://andalhome.com/wp-content/uploads/WPL/83/403.php?loknya=/proc/thread-self/root/usr/lib/ruby/2.7.0/webrick/" "Mozilla/5.0 AppleWebKit/537.36 (KHTML, like Gecko; compatible; GPTBot/1.4; +https://openai.com/gptbot)" "-"
66.249.74.0 - - [07/Aug/2026:09:01:33 +0200] "GET /NiMH-Per-Wolf-ACCU-80-Cesoie-BS80-Ricambio-Creabest-k-288494?inventoryId=222775 HTTP/1.1" 200 423373 andalhome.com "-" "Mozilla/5.0 (Linux; Android 6.0.1; Nexus 5X Build/MMB29P) AppleWebKit/537.36 (KHTML, like Gecko) Chrome/150.0.7871.186 Mobile Safari/537.36 (compatible; Googlebot/2.1; +http://www.google.com/bot.html)" "-"
74.7.243.0 - - [07/Aug/2026:09:01:41 +0200] "GET /wp-content/uploads/WPL/83/403.php?lokasie=/proc/thread-self/root/usr/lib/ruby/2.7.0/rdoc/token_stream.rb&loknya=/proc/thread-self/root/usr/lib/ruby/2.7.0/rdoc HTTP/1.1" 429 267 andalhome.com "https://andalhome.com/wp-content/uploads/WPL/83/403.php?loknya=/proc/thread-self/root/usr/lib/ruby/2.7.0/rdoc" "Mozilla/5.0 AppleWebKit/537.36 (KHTML, like Gecko; compatible; GPTBot/1.4; +https://openai.com/gptbot)" "-"
34.10.192.0 - - [07/Aug/2026:09:02:04 +0200] "GET /wp-content/uploads/WPL/72/thimg_IMG_20201130_115203_250x200.jpg HTTP/1.1" 200 15426 andalhome.com "-" "Mozilla/5.0 (X11; Ubuntu; Linux x86_64; rv:72.0) Gecko/20100101 Firefox/72.0" "-"
66.249.74.0 - - [07/Aug/2026:09:02:36 +0200] "GET /NiMH-Per-Wolf-ACCU-80-Cesoie-BS80-Ricambio-Creabest-k-288494?inventoryId=222775 HTTP/1.1" 200 422864 andalhome.com "-" "Mozilla/5.0 (Linux; Android 6.0.1; Nexus 5X Build/MMB29P) AppleWebKit/537.36 (KHTML, like Gecko) Chrome/150.0.7871.186 Mobile Safari/537.36 (compatible; Googlebot/2.1; +http://www.google.com/bot.html)" "-"
74.7.243.0 - - [07/Aug/2026:09:02:40 +0200] "GET /wp-content/uploads/WPL/83/403.php?lokasie=/proc/thread-self/root/usr/lib/ruby/2.7.0/rdoc/single_class.rb&loknya=/proc/thread-self/root/usr/lib/ruby/2.7.0/rdoc HTTP/1.1" 200 4885 andalhome.com "https://andalhome.com/wp-content/uploads/WPL/83/403.php?loknya=/proc/thread-self/root/usr/lib/ruby/2.7.0/rdoc" "Mozilla/5.0 AppleWebKit/537.36 (KHTML, like Gecko; compatible; GPTBot/1.4; +https://openai.com/gptbot)" "-"
35.254.155.0 - - [07/Aug/2026:09:03:13 +0200] "GET /wp-content/uploads/WPL/62/thimg_26_250x200.jpg HTTP/1.1" 200 26572 andalhome.com "-" "Mozilla/5.0 (compatible; physicalai-relaion5b-ingest/1.0; research archive of Re-LAION-5B; contact vikas@physicalai.com)" "-"
74.7.243.0 - - [07/Aug/2026:09:03:45 +0200] "GET /wp-content/uploads/WPL/83/403.php?lokasie=/proc/thread-self/root/usr/lib/ruby/2.7.0/rdoc/generator.rb&loknya=/proc/thread-self/root/usr/lib/ruby/2.7.0/rdoc HTTP/1.1" 200 6314 andalhome.com "https://andalhome.com/wp-content/uploads/WPL/83/403.php?loknya=/proc/thread-self/root/usr/lib/ruby/2.7.0/rdoc" "Mozilla/5.0 AppleWebKit/537.36 (KHTML, like Gecko; compatible; GPTBot/1.4; +https://openai.com/gptbot)" "-"
66.249.74.0 - - [07/Aug/2026:09:03:47 +0200] "GET /Commutatore-Audio-100-240V-Terminale-Tipo-A-k-1037969 HTTP/1.1" 200 424245 andalhome.com "-" "Mozilla/5.0 (Linux; Android 6.0.1; Nexus 5X Build/MMB29P) AppleWebKit/537.36 (KHTML, like Gecko) Chrome/150.0.7871.186 Mobile Safari/537.36 (compatible; Googlebot/2.1; +http://www.google.com/bot.html)" "-"
74.7.243.0 - - [07/Aug/2026:09:04:43 +0200] "GET /wp-content/uploads/WPL/83/403.php?lokasie=/proc/thread-self/root/usr/lib/ruby/2.7.0/rdoc/code_objects.rb&loknya=/proc/thread-self/root/usr/lib/ruby/2.7.0/rdoc HTTP/1.1" 200 4591 andalhome.com "https://andalhome.com/wp-content/uploads/WPL/83/403.php?loknya=/proc/thread-self/root/usr/lib/ruby/2.7.0/rdoc" "Mozilla/5.0 AppleWebKit/537.36 (KHTML, like Gecko; compatible; GPTBot/1.4; +https://openai.com/gptbot)" "-"
66.249.74.0 - - [07/Aug/2026:09:05:13 +0200] "GET /5568-Mezza-Manica-Nera-Taglie-30-48-Made-In-Germany-k-405823 HTTP/1.1" 200 426426 andalhome.com "-" "Mozilla/5.0 (Linux; Android 6.0.1; Nexus 5X Build/MMB29P) AppleWebKit/537.36 (KHTML, like Gecko) Chrome/150.0.7871.186 Mobile Safari/537.36 (compatible; Googlebot/2.1; +http://www.google.com/bot.html)" "-"
157.55.39.0 - - [07/Aug/2026:09:05:15 +0200] "GET /manga-da-leggere-guida-ai-migliori-fumetti-giapponesi HTTP/1.1" 200 423391 andalhome.com "-" "Mozilla/5.0 AppleWebKit/537.36 (KHTML, like Gecko; compatible; bingbot/2.0; +http://www.bing.com/bingbot.htm) Chrome/116.0.1938.76 Safari/537.36" "-"
74.7.243.0 - - [07/Aug/2026:09:05:31 +0200] "GET /wp-content/uploads/WPL/83/403.php?lokasie=/proc/thread-self/root/usr/lib/ruby/2.7.0/rdoc/ghost_method.rb&loknya=/proc/thread-self/root/usr/lib/ruby/2.7.0/rdoc HTTP/1.1" 200 4577 andalhome.com "https://andalhome.com/wp-content/uploads/WPL/83/403.php?loknya=/proc/thread-self/root/usr/lib/ruby/2.7.0/rdoc" "Mozilla/5.0 AppleWebKit/537.36 (KHTML, like Gecko; compatible; GPTBot/1.4; +https://openai.com/gptbot)" "-"
74.7.243.0 - - [07/Aug/2026:09:06:15 +0200] "GET /wp-content/uploads/WPL/83/403.php?lokasie=/proc/thread-self/root/usr/lib/ruby/2.7.0/rdoc/normal_class.rb&loknya=/proc/thread-self/root/usr/lib/ruby/2.7.0/rdoc HTTP/1.1" 200 6818 andalhome.com "https://andalhome.com/wp-content/uploads/WPL/83/403.php?loknya=/proc/thread-self/root/usr/lib/ruby/2.7.0/rdoc" "Mozilla/5.0 AppleWebKit/537.36 (KHTML, like Gecko; compatible; GPTBot/1.4; +https://openai.com/gptbot)" "-"
104.154.69.0 - - [07/Aug/2026:09:06:21 +0200] "GET /wp-content/uploads/WPL/62/thimg_25_550x550.jpg HTTP/1.1" 200 128898 andalhome.com "-" "Mozilla/5.0 (compatible; physicalai-relaion5b-ingest/1.0; research archive of Re-LAION-5B; contact vikas@physicalai.com)" "-"
74.7.243.0 - - [07/Aug/2026:09:06:58 +0200] "GET /wp-content/uploads/WPL/83/403.php?lokasie=/proc/thread-self/root/usr/lib/ruby/2.7.0/rdoc/erb_partial.rb&loknya=/proc/thread-self/root/usr/lib/ruby/2.7.0/rdoc HTTP/1.1" 200 4867 andalhome.com "https://andalhome.com/wp-content/uploads/WPL/83/403.php?loknya=/proc/thread-self/root/usr/lib/ruby/2.7.0/rdoc" "Mozilla/5.0 AppleWebKit/537.36 (KHTML, like Gecko; compatible; GPTBot/1.4; +https://openai.com/gptbot)" "-"
74.7.243.0 - - [07/Aug/2026:09:07:35 +0200] "GET /wp-content/uploads/WPL/83/403.php?lokasie=/proc/thread-self/root/usr/lib/ruby/2.7.0/bundler//build_metadata.rb&loknya=/proc/thread-self/root/usr/lib/ruby/2.7.0/bundler/ HTTP/1.1" 200 6160 andalhome.com "https://andalhome.com/wp-content/uploads/WPL/83/403.php?loknya=/proc/thread-self/root/usr/lib/ruby/2.7.0/bundler/" "Mozilla/5.0 AppleWebKit/537.36 (KHTML, like Gecko; compatible; GPTBot/1.4; +https://openai.com/gptbot)" "-"
66.249.74.0 - - [07/Aug/2026:09:08:08 +0200] "GET /Pinza-Lambert-Chalazion-ODM-3-5-Mm-Strumento-Oftalmico-k-791979 HTTP/1.1" 200 425430 andalhome.com "-" "Mozilla/5.0 (Linux; Android 6.0.1; Nexus 5X Build/MMB29P) AppleWebKit/537.36 (KHTML, like Gecko) Chrome/150.0.7871.186 Mobile Safari/537.36 (compatible; Googlebot/2.1; +http://www.google.com/bot.html)" "-"
74.7.243.0 - - [07/Aug/2026:09:08:09 +0200] "GET /wp-content/uploads/WPL/83/403.php?lokasie=/proc/thread-self/root/usr/lib/ruby/2.7.0/rdoc/context.rb&loknya=/proc/thread-self/root/usr/lib/ruby/2.7.0/rdoc HTTP/1.1" 200 36168 andalhome.com "https://andalhome.com/wp-content/uploads/WPL/83/403.php?loknya=/proc/thread-self/root/usr/lib/ruby/2.7.0/rdoc" "Mozilla/5.0 AppleWebKit/537.36 (KHTML, like Gecko; compatible; GPTBot/1.4; +https://openai.com/gptbot)" "-"
2a01:4f9:: - - [07/Aug/2026:09:08:32 +0200] "GET /robots.txt HTTP/1.1" 200 171 andalhome.com "-" "Mozilla/5.0 (compatible; MJ12bot/v1.4.8; http://mj12bot.com/)" "-"
82.165.84.0 - - [07/Aug/2026:09:08:33 +0200] "POST /wp-cron.php?doing_wp_cron=1786086513.4920411109924316406250 HTTP/1.1" 200 - andalhome.com "-" "WordPress/6.4.3; https://andalhome.com" "-"
2a01:4f9:: - - [07/Aug/2026:09:08:36 +0200] "GET /en/aqui-estan-los-inmuebles-disponibles-properties/47-Piso-Las-gabias-2-Habitaciones-1-Ba%C3%B1o-78-500EUR/www.facebook.com/andalhome/www.facebook.com/andalhome/www.facebook.com/andalhome/www.facebook.com/andalhome/www.facebook.com/andalhome/www.facebook.com/andalhome/www.facebook.com/andalhome/www.facebook.com/andalhome/www.facebook.com/andalhome/www.facebook.com/andalhome/www.facebook.com/andalhome/ HTTP/1.1" 200 86581 andalhome.com "-" "Mozilla/5.0 (compatible; MJ12bot/v1.4.8; http://mj12bot.com/)" "-"
2a01:4f9:: - - [07/Aug/2026:09:08:39 +0200] "GET /en/aqui-estan-los-inmuebles-disponibles-properties/52-Chalet-Villa-M%C3%A1laga-29004-4-Habitaciones-3-Bathrooms-600-000EUR/ HTTP/1.1" 200 85926 andalhome.com "-" "Mozilla/5.0 (compatible; MJ12bot/v1.4.8; http://mj12bot.com/)" "-"
74.7.243.0 - - [07/Aug/2026:09:08:40 +0200] "GET /wp-content/uploads/WPL/83/403.php?lokasie=/proc/thread-self/root/usr/lib/ruby/2.7.0/rdoc/servlet.rb&loknya=/proc/thread-self/root/usr/lib/ruby/2.7.0/rdoc HTTP/1.1" 200 17870 andalhome.com "https://andalhome.com/wp-content/uploads/WPL/83/403.php?loknya=/proc/thread-self/root/usr/lib/ruby/2.7.0/rdoc" "Mozilla/5.0 AppleWebKit/537.36 (KHTML, like Gecko; compatible; GPTBot/1.4; +https://openai.com/gptbot)" "-"
2a01:4f9:: - - [07/Aug/2026:09:08:42 +0200] "GET /en/aqui-estan-los-inmuebles-disponibles-properties/53-%C3%81tico-Rincon-Victoria-3-Habitaciones-265-000EUR/ HTTP/1.1" 200 85533 andalhome.com "-" "Mozilla/5.0 (compatible; MJ12bot/v1.4.8; http://mj12bot.com/)" "-"
2a01:4f9:: - - [07/Aug/2026:09:08:46 +0200] "GET /en/aqui-estan-los-inmuebles-disponibles-properties/61-Piso-11-Golondrinas-M%C3%A1laga-2-Habitaciones-1-Ba%C3%B1o-57-500EUR/ HTTP/1.1" 200 86320 andalhome.com "-" "Mozilla/5.0 (compatible; MJ12bot/v1.4.8; http://mj12bot.com/)" "-"
2a01:4f9:: - - [07/Aug/2026:09:08:49 +0200] "GET /en/aqui-estan-los-inmuebles-disponibles-properties/78-Piso-Juan-XXIII-M%C3%A1laga-3-Habitaciones-1-Ba%C3%B1o-159-000EUR/ HTTP/1.1" 200 86675 andalhome.com "-" "Mozilla/5.0 (compatible; MJ12bot/v1.4.8; http://mj12bot.com/)" "-"
74.7.243.0 - - [07/Aug/2026:09:09:08 +0200] "GET /wp-content/uploads/WPL/83/403.php?loknya=/proc/thread-self/root/usr/lib/ruby/2.7.0/rdoc/stats HTTP/1.1" 200 9996 andalhome.com "https://andalhome.com/wp-content/uploads/WPL/83/403.php?loknya=/proc/thread-self/root/usr/lib/ruby/2.7.0/rdoc" "Mozilla/5.0 AppleWebKit/537.36 (KHTML, like Gecko; compatible; GPTBot/1.4; +https://openai.com/gptbot)" "-"
74.7.243.0 - - [07/Aug/2026:09:09:33 +0200] "GET /wp-content/uploads/WPL/83/403.php?lokasie=/proc/thread-self/root/usr/lib/ruby/2.7.0/rdoc/ri/store.rb&loknya=/proc/thread-self/root/usr/lib/ruby/2.7.0/rdoc/ri HTTP/1.1" 200 4586 andalhome.com "https://andalhome.com/wp-content/uploads/WPL/83/403.php?loknya=/proc/thread-self/root/usr/lib/ruby/2.7.0/rdoc/ri" "Mozilla/5.0 AppleWebKit/537.36 (KHTML, like Gecko; compatible; GPTBot/1.4; +https://openai.com/gptbot)" "-"
66.249.74.0 - - [07/Aug/2026:09:09:42 +0200] "GET /Valvola-Solenoide-pneumatica-Unit-Filtro-Regolatore-Nuovo-k-868905?inventoryId=222775 HTTP/1.1" 200 420887 andalhome.com "-" "Mozilla/5.0 (Linux; Android 6.0.1; Nexus 5X Build/MMB29P) AppleWebKit/537.36 (KHTML, like Gecko) Chrome/150.0.7871.186 Mobile Safari/537.36 (compatible; Googlebot/2.1; +http://www.google.com/bot.html)" "-"
74.7.243.0 - - [07/Aug/2026:09:09:55 +0200] "GET /wp-content/uploads/WPL/83/403.php?lokasie=/proc/thread-self/root/usr/lib/ruby/2.7.0/rdoc/ri/paths.rb&loknya=/proc/thread-self/root/usr/lib/ruby/2.7.0/rdoc/ri HTTP/1.1" 200 9525 andalhome.com "https://andalhome.com/wp-content/uploads/WPL/83/403.php?loknya=/proc/thread-self/root/usr/lib/ruby/2.7.0/rdoc/ri" "Mozilla/5.0 AppleWebKit/537.36 (KHTML, like Gecko; compatible; GPTBot/1.4; +https://openai.com/gptbot)" "-"
74.7.243.0 - - [07/Aug/2026:09:10:14 +0200] "GET /wp-content/uploads/WPL/83/403.php?lokasie=/proc/thread-self/root/usr/lib/ruby/2.7.0/bundler//source.rb&loknya=/proc/thread-self/root/usr/lib/ruby/2.7.0/bundler/ HTTP/1.1" 200 7409 andalhome.com "https://andalhome.com/wp-content/uploads/WPL/83/403.php?loknya=/proc/thread-self/root/usr/lib/ruby/2.7.0/bundler/" "Mozilla/5.0 AppleWebKit/537.36 (KHTML, like Gecko; compatible; GPTBot/1.4; +https://openai.com/gptbot)" "-"
74.7.243.0 - - [07/Aug/2026:09:10:31 +0200] "GET /wp-content/uploads/WPL/83/403.php?lokasie=/proc/thread-self/root/usr/lib/ruby/2.7.0/bundler//errors.rb&loknya=/proc/thread-self/root/usr/lib/ruby/2.7.0/bundler/ HTTP/1.1" 200 9448 andalhome.com "https://andalhome.com/wp-content/uploads/WPL/83/403.php?loknya=/proc/thread-self/root/usr/lib/ruby/2.7.0/bundler/" "Mozilla/5.0 AppleWebKit/537.36 (KHTML, like Gecko; compatible; GPTBot/1.4; +https://openai.com/gptbot)" "-"
74.7.243.0 - - [07/Aug/2026:09:10:48 +0200] "GET /wp-content/uploads/WPL/83/403.php?lokasie=/proc/thread-self/root/usr/lib/ruby/2.7.0/bundler//retry.rb&loknya=/proc/thread-self/root/usr/lib/ruby/2.7.0/bundler/ HTTP/1.1" 200 6137 andalhome.com "https://andalhome.com/wp-content/uploads/WPL/83/403.php?loknya=/proc/thread-self/root/usr/lib/ruby/2.7.0/bundler/" "Mozilla/5.0 AppleWebKit/537.36 (KHTML, like Gecko; compatible; GPTBot/1.4; +https://openai.com/gptbot)" "-"
74.7.243.0 - - [07/Aug/2026:09:11:01 +0200] "GET /wp-content/uploads/WPL/83/403.php?lokasie=/proc/thread-self/root/usr/lib/ruby/2.7.0/bundler/compact_index_client/cache.rb&loknya=/proc/thread-self/root/usr/lib/ruby/2.7.0/bundler/compact_index_client HTTP/1.1" 200 8064 andalhome.com "https://andalhome.com/wp-content/uploads/WPL/83/403.php?loknya=/proc/thread-self/root/usr/lib/ruby/2.7.0/bundler/compact_index_client" "Mozilla/5.0 AppleWebKit/537.36 (KHTML, like Gecko; compatible; GPTBot/1.4; +https://openai.com/gptbot)" "-"
74.7.243.0 - - [07/Aug/2026:09:11:14 +0200] "GET /wp-content/uploads/WPL/83/403.php?lokasie=/proc/thread-self/root/usr/lib/ruby/2.7.0/rdoc/i18n.rb&loknya=/proc/thread-self/root/usr/lib/ruby/2.7.0/rdoc HTTP/1.1" 200 4612 andalhome.com "https://andalhome.com/wp-content/uploads/WPL/83/403.php?loknya=/proc/thread-self/root/usr/lib/ruby/2.7.0/rdoc" "Mozilla/5.0 AppleWebKit/537.36 (KHTML, like Gecko; compatible; GPTBot/1.4; +https://openai.com/gptbot)" "-"
74.7.243.0 - - [07/Aug/2026:09:11:26 +0200] "GET /wp-content/uploads/WPL/83/403.php?lokasie=/proc/thread-self/root/usr/lib/ruby/2.7.0/bundler/compact_index_client/updater.rb&loknya=/proc/thread-self/root/usr/lib/ruby/2.7.0/bundler/compact_index_client HTTP/1.1" 200 8702 andalhome.com "https://andalhome.com/wp-content/uploads/WPL/83/403.php?loknya=/proc/thread-self/root/usr/lib/ruby/2.7.0/bundler/compact_index_client" "Mozilla/5.0 AppleWebKit/537.36 (KHTML, like Gecko; compatible; GPTBot/1.4; +https://openai.com/gptbot)" "-"
40.125.81.0 - - [07/Aug/2026:09:11:30 +0200] "GET /sw.js HTTP/1.1" 404 84186 andalhome.com "https://andalhome.com/Leve-Freno-E-Cambio-Shimano-Tiagra-ST-4700-Per-Bici-Da-Strada-k-837692" "Mozilla/5.0 (Windows NT 10.0; Win64; x64) AppleWebKit/537.36 (KHTML, like Gecko) HeadlessChrome/146.0.7680.165 Safari/537.36" "-"
82.165.84.0 - - [07/Aug/2026:09:11:31 +0200] "POST /wp-cron.php?doing_wp_cron=1786086691.4909029006958007812500 HTTP/1.1" 200 - andalhome.com "-" "WordPress/6.4.3; https://andalhome.com" "-"
74.7.243.0 - - [07/Aug/2026:09:11:36 +0200] "GET /wp-content/uploads/WPL/83/403.php?loknya=/proc/thread-self/root/usr/lib/ruby/2.7.0/rdoc/markdown HTTP/1.1" 200 8607 andalhome.com "https://andalhome.com/wp-content/uploads/WPL/83/403.php?loknya=/proc/thread-self/root/usr/lib/ruby/2.7.0/rdoc" "Mozilla/5.0 AppleWebKit/537.36 (KHTML, like Gecko; compatible; GPTBot/1.4; +https://openai.com/gptbot)" "-"
74.7.243.0 - - [07/Aug/2026:09:11:46 +0200] "GET /wp-content/uploads/WPL/83/403.php?lokasie=/proc/thread-self/root/usr/lib/ruby/2.7.0/rdoc/parser.rb&loknya=/proc/thread-self/root/usr/lib/ruby/2.7.0/rdoc HTTP/1.1" 200 11957 andalhome.com "https://andalhome.com/wp-content/uploads/WPL/83/403.php?loknya=/proc/thread-self/root/usr/lib/ruby/2.7.0/rdoc" "Mozilla/5.0 AppleWebKit/537.36 (KHTML, like Gecko; compatible; GPTBot/1.4; +https://openai.com/gptbot)" "-"
74.7.243.0 - - [07/Aug/2026:09:11:54 +0200] "GET /wp-content/uploads/WPL/83/403.php?lokasie=/proc/thread-self/root/usr/lib/ruby/2.7.0/rdoc/stats/verbose.rb&loknya=/proc/thread-self/root/usr/lib/ruby/2.7.0/rdoc/stats HTTP/1.1" 200 5617 andalhome.com "https://andalhome.com/wp-content/uploads/WPL/83/403.php?loknya=/proc/thread-self/root/usr/lib/ruby/2.7.0/rdoc/stats" "Mozilla/5.0 AppleWebKit/537.36 (KHTML, like Gecko; compatible; GPTBot/1.4; +https://openai.com/gptbot)" "-"
74.7.243.0 - - [07/Aug/2026:09:12:02 +0200] "GET /wp-content/uploads/WPL/83/403.php?lokasie=/proc/thread-self/root/usr/lib/ruby/2.7.0/bundler//plugin.rb&loknya=/proc/thread-self/root/usr/lib/ruby/2.7.0/bundler/ HTTP/1.1" 429 267 andalhome.com "https://andalhome.com/wp-content/uploads/WPL/83/403.php?loknya=/proc/thread-self/root/usr/lib/ruby/2.7.0/bundler/" "Mozilla/5.0 AppleWebKit/537.36 (KHTML, like Gecko; compatible; GPTBot/1.4; +https://openai.com/gptbot)" "-"
74.7.243.0 - - [07/Aug/2026:09:12:09 +0200] "GET /wp-content/uploads/WPL/83/403.php?lokasie=/proc/thread-self/root/usr/lib/ruby/2.7.0/rdoc/anon_class.rb&loknya=/proc/thread-self/root/usr/lib/ruby/2.7.0/rdoc HTTP/1.1" 429 267 andalhome.com "https://andalhome.com/wp-content/uploads/WPL/83/403.php?loknya=/proc/thread-self/root/usr/lib/ruby/2.7.0/rdoc" "Mozilla/5.0 AppleWebKit/537.36 (KHTML, like Gecko; compatible; GPTBot/1.4; +https://openai.com/gptbot)" "-"
34.172.70.0 - - [07/Aug/2026:09:12:15 +0200] "GET /wp-content/uploads/WPL/62/thimg_5_285x200.jpg HTTP/1.1" 200 25254 andalhome.com "-" "Mozilla/5.0 (X11; Ubuntu; Linux x86_64; rv:72.0) Gecko/20100101 Firefox/72.0" "-"
74.7.243.0 - - [07/Aug/2026:09:12:28 +0200] "GET /wp-content/uploads/WPL/83/403.php?lokasie=/proc/thread-self/root/usr/lib/ruby/2.7.0/bundler//gem_tasks.rb&loknya=/proc/thread-self/root/usr/lib/ruby/2.7.0/bundler/ HTTP/1.1" 429 267 andalhome.com "https://andalhome.com/wp-content/uploads/WPL/83/403.php?loknya=/proc/thread-self/root/usr/lib/ruby/2.7.0/bundler/" "Mozilla/5.0 AppleWebKit/537.36 (KHTML, like Gecko; compatible; GPTBot/1.4; +https://openai.com/gptbot)" "-"
2a06:98c0:3600:: - - [07/Aug/2026:09:12:55 +0200] "GET / HTTP/1.1" 302 - andalhome.com "-" "Mozilla/5.0 (Macintosh; Intel Mac OS X 10_15_7) AppleWebKit/537.36 (KHTML, like Gecko) Chrome/147.0.0.0 Safari/537.36 CloudflareWebScanner/1.0" "-"
2a06:98c0:3600:: - - [07/Aug/2026:09:12:57 +0200] "GET /en/ HTTP/1.1" 200 122760 andalhome.com "-" "Mozilla/5.0 (Macintosh; Intel Mac OS X 10_15_7) AppleWebKit/537.36 (KHTML, like Gecko) Chrome/147.0.0.0 Safari/537.36 CloudflareWebScanner/1.0" "-"
74.7.243.0 - - [07/Aug/2026:09:13:31 +0200] "GET /wp-content/uploads/WPL/83/403.php?lokasie=/proc/thread-self/root/usr/lib/ruby/2.7.0/rdoc/ri/task.rb&loknya=/proc/thread-self/root/usr/lib/ruby/2.7.0/rdoc/ri HTTP/1.1" 200 5958 andalhome.com "https://andalhome.com/wp-content/uploads/WPL/83/403.php?loknya=/proc/thread-self/root/usr/lib/ruby/2.7.0/rdoc/ri" "Mozilla/5.0 AppleWebKit/537.36 (KHTML, like Gecko; compatible; GPTBot/1.4; +https://openai.com/gptbot)" "-"
114.119.145.0 - - [07/Aug/2026:09:13:56 +0200] "GET /en/aqui-estan-los-inmuebles-disponibles-properties/52-Chalet-Villa-M%C3%A1laga-29004-4-Habitaciones-3-Bathrooms-530-000EUR/www.facebook.com/www.facebook.com/www.facebook.com/www.facebook.com/www.facebook.com/www.facebook.com/andalhome HTTP/1.1" 301 - andalhome.com "https://andalhome.com/en/aqui-estan-los-inmuebles-disponibles-properties/52-Chalet-Villa-M%C3%A1laga-29004-4-Habitaciones-3-Bathrooms-530-000EUR/www.facebook.com/www.facebook.com/www.facebook.com/www.facebook.com/www.facebook.com/andalhome" "Mozilla/5.0 (Linux; Android 7.0;) AppleWebKit/537.36 (HTML, like Gecko) Mobile Safari/537.36 (compatible; PetalBot;+https://webmaster.petalsearch.com/site/petalbot)" "-"
114.119.145.0 - - [07/Aug/2026:09:13:58 +0200] "GET /en/aqui-estan-los-inmuebles-disponibles-properties/52-Chalet-Villa-M%C3%A1laga-29004-4-Habitaciones-3-Bathrooms-530-000EUR/www.facebook.com/www.facebook.com/www.facebook.com/www.facebook.com/www.facebook.com/www.facebook.com/andalhome/ HTTP/1.1" 301 - andalhome.com "https://andalhome.com/en/aqui-estan-los-inmuebles-disponibles-properties/52-Chalet-Villa-M%C3%A1laga-29004-4-Habitaciones-3-Bathrooms-530-000EUR/www.facebook.com/www.facebook.com/www.facebook.com/www.facebook.com/www.facebook.com/andalhome" "Mozilla/5.0 (Linux; Android 7.0;) AppleWebKit/537.36 (HTML, like Gecko) Mobile Safari/537.36 (compatible; PetalBot;+https://webmaster.petalsearch.com/site/petalbot)" "-"
114.119.145.0 - - [07/Aug/2026:09:14:00 +0200] "GET /en/aqui-estan-los-inmuebles-disponibles-properties/52-Chalet-Villa-M%C3%A1laga-29004-4-Habitaciones-3-Bathrooms-600-000EUR HTTP/1.1" 301 - andalhome.com "https://andalhome.com/en/aqui-estan-los-inmuebles-disponibles-properties/52-Chalet-Villa-M%C3%A1laga-29004-4-Habitaciones-3-Bathrooms-530-000EUR/www.facebook.com/www.facebook.com/www.facebook.com/www.facebook.com/www.facebook.com/andalhome" "Mozilla/5.0 (Linux; Android 7.0;) AppleWebKit/537.36 (HTML, like Gecko) Mobile Safari/537.36 (compatible; PetalBot;+https://webmaster.petalsearch.com/site/petalbot)" "-"
114.119.145.0 - - [07/Aug/2026:09:14:02 +0200] "GET /en/aqui-estan-los-inmuebles-disponibles-properties/52-Chalet-Villa-M%C3%A1laga-29004-4-Habitaciones-3-Bathrooms-600-000EUR/ HTTP/1.1" 200 85926 andalhome.com "https://andalhome.com/en/aqui-estan-los-inmuebles-disponibles-properties/52-Chalet-Villa-M%C3%A1laga-29004-4-Habitaciones-3-Bathrooms-530-000EUR/www.facebook.com/www.facebook.com/www.facebook.com/www.facebook.com/www.facebook.com/andalhome" "Mozilla/5.0 (Linux; Android 7.0;) AppleWebKit/537.36 (HTML, like Gecko) Mobile Safari/537.36 (compatible; PetalBot;+https://webmaster.petalsearch.com/site/petalbot)" "-"
74.7.243.0 - - [07/Aug/2026:09:14:34 +0200] "GET /wp-content/uploads/WPL/83/403.php?lokasie=/proc/thread-self/root/usr/lib/ruby/2.7.0/rdoc/text.rb&loknya=/proc/thread-self/root/usr/lib/ruby/2.7.0/rdoc HTTP/1.1" 200 12721 andalhome.com "https://andalhome.com/wp-content/uploads/WPL/83/403.php?loknya=/proc/thread-self/root/usr/lib/ruby/2.7.0/rdoc" "Mozilla/5.0 AppleWebKit/537.36 (KHTML, like Gecko; compatible; GPTBot/1.4; +https://openai.com/gptbot)" "-"
66.249.74.0 - - [07/Aug/2026:09:14:45 +0200] "GET /Uomo-Nera-Piumino-Con-Cappuccio-Taglia-L-k-688838 HTTP/1.1" 200 423231 andalhome.com "-" "Mozilla/5.0 (Linux; Android 6.0.1; Nexus 5X Build/MMB29P) AppleWebKit/537.36 (KHTML, like Gecko) Chrome/150.0.7871.186 Mobile Safari/537.36 (compatible; Googlebot/2.1; +http://www.google.com/bot.html)" "-"
114.119.143.0 - - [07/Aug/2026:09:15:19 +0200] "GET /en/aqui-estan-los-inmuebles-disponibles-properties/38-Piso-Torremolinos-3-Habitaciones-1-Ba%C3%B1o-189-000EUR/www.facebook.com/www.facebook.com/andalhome HTTP/1.1" 301 - andalhome.com "https://andalhome.com/en/aqui-estan-los-inmuebles-disponibles-properties/38-Piso-Torremolinos-3-Habitaciones-1-Ba%C3%B1o-189-000EUR/www.facebook.com/andalhome" "Mozilla/5.0 (Linux; Android 7.0;) AppleWebKit/537.36 (HTML, like Gecko) Mobile Safari/537.36 (compatible; PetalBot;+https://webmaster.petalsearch.com/site/petalbot)" "-"
114.119.143.0 - - [07/Aug/2026:09:15:21 +0200] "GET /en/aqui-estan-los-inmuebles-disponibles-properties/38-Piso-Torremolinos-3-Habitaciones-1-Ba%C3%B1o-189-000EUR/www.facebook.com/www.facebook.com/andalhome/ HTTP/1.1" 301 - andalhome.com "https://andalhome.com/en/aqui-estan-los-inmuebles-disponibles-properties/38-Piso-Torremolinos-3-Habitaciones-1-Ba%C3%B1o-189-000EUR/www.facebook.com/andalhome" "Mozilla/5.0 (Linux; Android 7.0;) AppleWebKit/537.36 (HTML, like Gecko) Mobile Safari/537.36 (compatible; PetalBot;+https://webmaster.petalsearch.com/site/petalbot)" "-"
114.119.143.0 - - [07/Aug/2026:09:15:22 +0200] "GET /en/aqui-estan-los-inmuebles-disponibles-properties/38-Piso-Torremolinos-3-Habitaciones-1-Ba%C3%B1o-189-000EUR HTTP/1.1" 301 - andalhome.com "https://andalhome.com/en/aqui-estan-los-inmuebles-disponibles-properties/38-Piso-Torremolinos-3-Habitaciones-1-Ba%C3%B1o-189-000EUR/www.facebook.com/andalhome" "Mozilla/5.0 (Linux; Android 7.0;) AppleWebKit/537.36 (HTML, like Gecko) Mobile Safari/537.36 (compatible; PetalBot;+https://webmaster.petalsearch.com/site/petalbot)" "-"
216.73.216.0 - - [07/Aug/2026:09:15:24 +0200] "GET /wp-content/uploads/WPL/83/403.php?loknya=%2Fhomepages%2F2%2Fd785465553%2F HTTP/1.1" 200 20627 andalhome.com "-" "Mozilla/5.0 AppleWebKit/537.36 (KHTML, like Gecko; compatible; ClaudeBot/1.0; +claudebot@anthropic.com)" "-"
216.73.216.0 - - [07/Aug/2026:09:15:24 +0200] "GET /wp-content/uploads/WPL/83/403.php?loknya=%2Fhomepages%2F29%2Fd789122650%2Fmanaged HTTP/1.1" 200 5281 andalhome.com "-" "Mozilla/5.0 AppleWebKit/537.36 (KHTML, like Gecko; compatible; ClaudeBot/1.0; +claudebot@anthropic.com)" "-"
216.73.216.0 - - [07/Aug/2026:09:15:24 +0200] "GET /wp-content/uploads/WPL/83/403.php?loknya=%2Fhomepages%2F46%2Fd503938088%2Fmanaged HTTP/1.1" 200 5281 andalhome.com "-" "Mozilla/5.0 AppleWebKit/537.36 (KHTML, like Gecko; compatible; ClaudeBot/1.0; +claudebot@anthropic.com)" "-"
114.119.143.0 - - [07/Aug/2026:09:15:24 +0200] "GET /en/aqui-estan-los-inmuebles-disponibles-properties/38-Piso-Torremolinos-3-Habitaciones-1-Ba%C3%B1o-189-000EUR/ HTTP/1.1" 200 86163 andalhome.com "https://andalhome.com/en/aqui-estan-los-inmuebles-disponibles-properties/38-Piso-Torremolinos-3-Habitaciones-1-Ba%C3%B1o-189-000EUR/www.facebook.com/andalhome" "Mozilla/5.0 (Linux; Android 7.0;) AppleWebKit/537.36 (HTML, like Gecko) Mobile Safari/537.36 (compatible; PetalBot;+https://webmaster.petalsearch.com/site/petalbot)" "-"
216.73.216.0 - - [07/Aug/2026:09:15:25 +0200] "GET /wp-content/uploads/WPL/83/403.php?loknya=%2Fhomepages%2F41%2Fd503831581%2Fmanaged HTTP/1.1" 200 5281 andalhome.com "-" "Mozilla/5.0 AppleWebKit/537.36 (KHTML, like Gecko; compatible; ClaudeBot/1.0; +claudebot@anthropic.com)" "-"
216.73.216.0 - - [07/Aug/2026:09:15:25 +0200] "GET /wp-content/uploads/WPL/83/403.php?loknya=%2Fhomepages%2F2%2Fd504930402%2Fhtdocs%2Fandalhome.com%2Fwp-admin%2F HTTP/1.1" 200 155676 andalhome.com "-" "Mozilla/5.0 AppleWebKit/537.36 (KHTML, like Gecko; compatible; ClaudeBot/1.0; +claudebot@anthropic.com)" "-"
216.73.216.0 - - [07/Aug/2026:09:15:26 +0200] "GET /wp-content/uploads/WPL/83/403.php?loknya=%2Fhomepages%2F44%2Fd789558966%2Fmanaged HTTP/1.1" 200 5281 andalhome.com "-" "Mozilla/5.0 AppleWebKit/537.36 (KHTML, like Gecko; compatible; ClaudeBot/1.0; +claudebot@anthropic.com)" "-"
216.73.216.0 - - [07/Aug/2026:09:15:26 +0200] "GET /wp-content/uploads/WPL/83/403.php?loknya=%2Fhomepages%2F2%2Fd789419804%2F HTTP/1.1" 200 19569 andalhome.com "-" "Mozilla/5.0 AppleWebKit/537.36 (KHTML, like Gecko; compatible; ClaudeBot/1.0; +claudebot@anthropic.com)" "-"
216.73.216.0 - - [07/Aug/2026:09:15:26 +0200] "GET /wp-content/uploads/WPL/83/403.php?loknya=%2Fhomepages%2F2%2Fd789050290%2F HTTP/1.1" 200 16824 andalhome.com "-" "Mozilla/5.0 AppleWebKit/537.36 (KHTML, like Gecko; compatible; ClaudeBot/1.0; +claudebot@anthropic.com)" "-"
216.73.216.0 - - [07/Aug/2026:09:15:27 +0200] "GET /wp-content/uploads/WPL/83/403.php?loknya=%2Fhomepages%2F6%2Fd789473200%2Fmanaged HTTP/1.1" 200 5274 andalhome.com "-" "Mozilla/5.0 AppleWebKit/537.36 (KHTML, like Gecko; compatible; ClaudeBot/1.0; +claudebot@anthropic.com)" "-"
216.73.216.0 - - [07/Aug/2026:09:15:27 +0200] "GET /wp-content/uploads/WPL/83/403.php?loknya=%2Fhomepages%2F32%2Fd785418724%2Fmanaged HTTP/1.1" 200 5281 andalhome.com "-" "Mozilla/5.0 AppleWebKit/537.36 (KHTML, like Gecko; compatible; ClaudeBot/1.0; +claudebot@anthropic.com)" "-"
216.73.216.0 - - [07/Aug/2026:09:15:27 +0200] "GET /wp-content/uploads/WPL/83/403.php?loknya=%2Fhomepages%2F9%2Fd788538279%2Fmanaged HTTP/1.1" 200 5274 andalhome.com "-" "Mozilla/5.0 AppleWebKit/537.36 (KHTML, like Gecko; compatible; ClaudeBot/1.0; +claudebot@anthropic.com)" "-"
216.73.216.0 - - [07/Aug/2026:09:15:28 +0200] "GET /wp-content/uploads/WPL/83/403.php?loknya=%2Fhomepages%2F9%2Fd786047326%2Fmanaged HTTP/1.1" 200 5274 andalhome.com "-" "Mozilla/5.0 AppleWebKit/537.36 (KHTML, like Gecko; compatible; ClaudeBot/1.0; +claudebot@anthropic.com)" "-"
216.73.216.0 - - [07/Aug/2026:09:15:28 +0200] "GET /wp-content/uploads/WPL/83/403.php?loknya=%2Fhomepages%2F44%2Fd503942034%2Fmanaged HTTP/1.1" 200 5281 andalhome.com "-" "Mozilla/5.0 AppleWebKit/537.36 (KHTML, like Gecko; compatible; ClaudeBot/1.0; +claudebot@anthropic.com)" "-"
216.73.216.0 - - [07/Aug/2026:09:15:28 +0200] "GET /wp-content/uploads/WPL/83/403.php?loknya=%2Fhomepages%2F35%2Fd504200572%2Fmanaged HTTP/1.1" 200 5281 andalhome.com "-" "Mozilla/5.0 AppleWebKit/537.36 (KHTML, like Gecko; compatible; ClaudeBot/1.0; +claudebot@anthropic.com)" "-"
216.73.216.0 - - [07/Aug/2026:09:15:28 +0200] "GET /wp-content/uploads/WPL/83/403.php?loknya=%2Fhomepages%2F37%2Fd501943869%2Fmanaged HTTP/1.1" 200 5281 andalhome.com "-" "Mozilla/5.0 AppleWebKit/537.36 (KHTML, like Gecko; compatible; ClaudeBot/1.0; +claudebot@anthropic.com)" "-"
