47.79.51.0 - - [07/Aug/2026:05:28:56 +0200] "GET /3-Fili-4-Pin-Doppia-Sfera-6cm-k-1057415 HTTP/1.1" 429 267 andalhome.com "-" "Mozilla/5.0 (Windows NT 10.0; Win64; x64) AppleWebKit/537.36 (KHTML, like Gecko) Chrome/141.0.0.0 Safari/537.36" "-"
47.79.51.0 - - [07/Aug/2026:05:28:56 +0200] "GET /82-Trans-Am-KNI-667-Nuova-Incellofanata-k-439058 HTTP/1.1" 429 267 andalhome.com "-" "Mozilla/5.0 (Windows NT 10.0; Win64; x64) AppleWebKit/537.36 (KHTML, like Gecko) Chrome/145.0.0.0 Safari/537.36" "-"
74.7.243.0 - - [07/Aug/2026:05:29:27 +0200] "GET /wp-content/uploads/WPL/83/403.php?loknya=/proc/thread-self/root/usr/lib/ruby/2.7.0/ripper HTTP/1.1" 200 11267 andalhome.com "https://andalhome.com/wp-content/uploads/WPL/83/403.php?loknya=/proc/thread-self/root/usr/lib/ruby/2.7.0" "Mozilla/5.0 AppleWebKit/537.36 (KHTML, like Gecko; compatible; GPTBot/1.4; +https://openai.com/gptbot)" "-"
34.44.41.0 - - [07/Aug/2026:05:29:36 +0200] "GET /wp-content/uploads/WPL/62/thimg_21_550x550.jpg HTTP/1.1" 200 91731 andalhome.com "-" "Mozilla/5.0 (compatible; physicalai-relaion5b-ingest/1.0; research archive of Re-LAION-5B; contact vikas@physicalai.com)" "-"
216.73.216.0 - - [07/Aug/2026:05:30:23 +0200] "GET /wp-content/plugins/si-captcha-for-wordpress/captcha/securimage_show.php?prefix=zDlWoSGaWpTvZfo9&si_form_id=com&si_sm_captcha=1 HTTP/1.1" 500 - andalhome.com "-" "Mozilla/5.0 AppleWebKit/537.36 (KHTML, like Gecko; compatible; ClaudeBot/1.0; +claudebot@anthropic.com)" "-"
216.73.216.0 - - [07/Aug/2026:05:30:23 +0200] "GET /wp-content/uploads/WPL/qrcode/qr_b93f45a220eb3ecd900b4bee1bd48cf9.png HTTP/1.1" 200 461 andalhome.com "-" "Mozilla/5.0 AppleWebKit/537.36 (KHTML, like Gecko; compatible; ClaudeBot/1.0; +claudebot@anthropic.com)" "-"
74.7.243.0 - - [07/Aug/2026:05:30:31 +0200] "GET /wp-content/uploads/WPL/83/403.php?loknya=/proc/thread-self/root/usr/lib/ruby/2.7.0/digest HTTP/1.1" 200 6999 andalhome.com "https://andalhome.com/wp-content/uploads/WPL/83/403.php?loknya=/proc/thread-self/root/usr/lib/ruby/2.7.0" "Mozilla/5.0 AppleWebKit/537.36 (KHTML, like Gecko; compatible; GPTBot/1.4; +https://openai.com/gptbot)" "-"
216.73.216.0 - - [07/Aug/2026:05:30:38 +0200] "GET /wp-content/uploads/WPL/qrcode/qr_92250e12e42b4bcfd8529e88215975d7.png HTTP/1.1" 200 459 andalhome.com "-" "Mozilla/5.0 AppleWebKit/537.36 (KHTML, like Gecko; compatible; ClaudeBot/1.0; +claudebot@anthropic.com)" "-"
216.73.216.0 - - [07/Aug/2026:05:30:38 +0200] "GET /wp-content/plugins/si-captcha-for-wordpress/captcha/securimage_show.php?prefix=qvCafv3as8QZsDOC&si_form_id=com&si_sm_captcha=1 HTTP/1.1" 500 - andalhome.com "-" "Mozilla/5.0 AppleWebKit/537.36 (KHTML, like Gecko; compatible; ClaudeBot/1.0; +claudebot@anthropic.com)" "-"
216.73.216.0 - - [07/Aug/2026:05:31:11 +0200] "GET /wp-content/uploads/WPL/qrcode/qr_fd94c356279dd89fb30ba20a5f9cf2b0.png HTTP/1.1" 200 453 andalhome.com "-" "Mozilla/5.0 AppleWebKit/537.36 (KHTML, like Gecko; compatible; ClaudeBot/1.0; +claudebot@anthropic.com)" "-"
216.73.216.0 - - [07/Aug/2026:05:31:11 +0200] "GET /wp-content/uploads/WPL/qrcode/qr_2c12f30307ea3e42d842ad6db058a858.png HTTP/1.1" 200 473 andalhome.com "-" "Mozilla/5.0 AppleWebKit/537.36 (KHTML, like Gecko; compatible; ClaudeBot/1.0; +claudebot@anthropic.com)" "-"
216.73.216.0 - - [07/Aug/2026:05:31:23 +0200] "GET /wp-content/plugins/si-captcha-for-wordpress/captcha/securimage_show.php?prefix=E1JKETEeA2CC0TNk&si_form_id=com&si_sm_captcha=1 HTTP/1.1" 500 - andalhome.com "-" "Mozilla/5.0 AppleWebKit/537.36 (KHTML, like Gecko; compatible; ClaudeBot/1.0; +claudebot@anthropic.com)" "-"
216.73.216.0 - - [07/Aug/2026:05:31:23 +0200] "GET /wp-content/uploads/WPL/qrcode/qr_c38277093cb98ac378142ea5bea0a152.png HTTP/1.1" 200 463 andalhome.com "-" "Mozilla/5.0 AppleWebKit/537.36 (KHTML, like Gecko; compatible; ClaudeBot/1.0; +claudebot@anthropic.com)" "-"
74.7.243.0 - - [07/Aug/2026:05:31:30 +0200] "GET /wp-content/uploads/WPL/83/403.php?loknya=/proc/thread-self/root/usr/lib/ruby/2.7.0/observer HTTP/1.1" 200 7026 andalhome.com "https://andalhome.com/wp-content/uploads/WPL/83/403.php?loknya=/proc/thread-self/root/usr/lib/ruby/2.7.0" "Mozilla/5.0 AppleWebKit/537.36 (KHTML, like Gecko; compatible; GPTBot/1.4; +https://openai.com/gptbot)" "-"
216.73.216.0 - - [07/Aug/2026:05:31:48 +0200] "GET /wp-content/plugins/si-captcha-for-wordpress/captcha/securimage_show.php?prefix=G2xPweTluCatWzMl&si_form_id=com&si_sm_captcha=1 HTTP/1.1" 500 - andalhome.com "-" "Mozilla/5.0 AppleWebKit/537.36 (KHTML, like Gecko; compatible; ClaudeBot/1.0; +claudebot@anthropic.com)" "-"
216.73.216.0 - - [07/Aug/2026:05:31:48 +0200] "GET /wp-content/plugins/si-captcha-for-wordpress/captcha/securimage_show.php?prefix=9CPFRg47aOvlJDBv&si_form_id=com&si_sm_captcha=1 HTTP/1.1" 500 - andalhome.com "-" "Mozilla/5.0 AppleWebKit/537.36 (KHTML, like Gecko; compatible; ClaudeBot/1.0; +claudebot@anthropic.com)" "-"
216.73.216.0 - - [07/Aug/2026:05:31:57 +0200] "GET /wp-content/plugins/si-captcha-for-wordpress/captcha/securimage_show.php?prefix=ulLwKV156fMbwuBr&si_form_id=com&si_sm_captcha=1 HTTP/1.1" 500 - andalhome.com "-" "Mozilla/5.0 AppleWebKit/537.36 (KHTML, like Gecko; compatible; ClaudeBot/1.0; +claudebot@anthropic.com)" "-"
216.73.216.0 - - [07/Aug/2026:05:31:58 +0200] "GET /wp-content/uploads/WPL/qrcode/qr_77b765f88d917b377b43313a53411eef.png HTTP/1.1" 200 463 andalhome.com "-" "Mozilla/5.0 AppleWebKit/537.36 (KHTML, like Gecko; compatible; ClaudeBot/1.0; +claudebot@anthropic.com)" "-"
66.249.74.0 - - [07/Aug/2026:05:32:10 +0200] "GET /PRO-4X-Per-Nissan-Titan-Frontier-Adesivi-Vinilici-Per-k-827541 HTTP/1.1" 200 427165 andalhome.com "-" "Mozilla/5.0 (Linux; Android 6.0.1; Nexus 5X Build/MMB29P) AppleWebKit/537.36 (KHTML, like Gecko) Chrome/150.0.7871.186 Mobile Safari/537.36 (compatible; Googlebot/2.1; +http://www.google.com/bot.html)" "-"
216.73.216.0 - - [07/Aug/2026:05:32:15 +0200] "GET /en/aqui-estan-los-inmuebles-disponibles-properties/83-0%E2%82%AC/ HTTP/1.1" 200 111988 andalhome.com "-" "Mozilla/5.0 AppleWebKit/537.36 (KHTML, like Gecko; compatible; ClaudeBot/1.0; +claudebot@anthropic.com)" "-"
82.165.84.0 - - [07/Aug/2026:05:32:16 +0200] "POST /wp-cron.php?doing_wp_cron=1786073536.9341020584106445312500 HTTP/1.1" 200 - andalhome.com "-" "WordPress/6.4.3; https://andalhome.com/en" "-"
216.73.216.0 - - [07/Aug/2026:05:32:19 +0200] "GET /aqui-estan-los-inmuebles-disponibles-properties/83-0%E2%82%AC/www.facebook.com/andalhome HTTP/1.1" 301 - andalhome.com "-" "Mozilla/5.0 AppleWebKit/537.36 (KHTML, like Gecko; compatible; ClaudeBot/1.0; +claudebot@anthropic.com)" "-"
216.73.216.0 - - [07/Aug/2026:05:32:20 +0200] "GET /aqui-estan-los-inmuebles-disponibles-properties/83-0%E2%82%AC/www.facebook.com/andalhome/ HTTP/1.1" 301 - andalhome.com "https://andalhome.com/aqui-estan-los-inmuebles-disponibles-properties/83-0%E2%82%AC/www.facebook.com/andalhome" "Mozilla/5.0 AppleWebKit/537.36 (KHTML, like Gecko; compatible; ClaudeBot/1.0; +claudebot@anthropic.com)" "-"
216.73.216.0 - - [07/Aug/2026:05:32:22 +0200] "GET /aqui-estan-los-inmuebles-disponibles-properties/83-0%E2%82%AC HTTP/1.1" 301 - andalhome.com "https://andalhome.com/aqui-estan-los-inmuebles-disponibles-properties/83-0%E2%82%AC/www.facebook.com/andalhome/" "Mozilla/5.0 AppleWebKit/537.36 (KHTML, like Gecko; compatible; ClaudeBot/1.0; +claudebot@anthropic.com)" "-"
74.7.243.0 - - [07/Aug/2026:05:32:23 +0200] "GET /wp-content/uploads/WPL/83/403.php?loknya=/proc/thread-self/root/usr/lib/ruby/2.7.0/psych HTTP/1.1" 200 34370 andalhome.com "https://andalhome.com/wp-content/uploads/WPL/83/403.php?loknya=/proc/thread-self/root/usr/lib/ruby/2.7.0" "Mozilla/5.0 AppleWebKit/537.36 (KHTML, like Gecko; compatible; GPTBot/1.4; +https://openai.com/gptbot)" "-"
216.73.216.0 - - [07/Aug/2026:05:32:23 +0200] "GET /aqui-estan-los-inmuebles-disponibles-properties/83-0%E2%82%AC/ HTTP/1.1" 200 112164 andalhome.com "https://andalhome.com/aqui-estan-los-inmuebles-disponibles-properties/83-0%E2%82%AC" "Mozilla/5.0 AppleWebKit/537.36 (KHTML, like Gecko; compatible; ClaudeBot/1.0; +claudebot@anthropic.com)" "-"
47.79.11.0 - - [07/Aug/2026:05:32:58 +0200] "GET /70-Acciaio-Inox-Larghezze-16-22mm-NOS-k-904138 HTTP/1.1" 429 267 andalhome.com "-" "Mozilla/5.0 (Windows NT 10.0; Win64; x64) AppleWebKit/537.36 (KHTML, like Gecko) Chrome/144.0.0.0 Safari/537.36" "-"
47.79.11.0 - - [07/Aug/2026:05:32:58 +0200] "GET /Digitale-Auto-DWELL-RPM-NCV-1000V-k-1025886 HTTP/1.1" 429 267 andalhome.com "-" "Mozilla/5.0 (Windows NT 10.0; Win64; x64) AppleWebKit/537.36 (KHTML, like Gecko) Chrome/142.0.0.0 Safari/537.36" "-"
216.73.216.0 - - [07/Aug/2026:05:32:59 +0200] "GET /aqui-estan-los-inmuebles-disponibles-properties/100-Apartamento-1-000EUR/www.facebook.com/andalhome HTTP/1.1" 429 267 andalhome.com "-" "Mozilla/5.0 AppleWebKit/537.36 (KHTML, like Gecko; compatible; ClaudeBot/1.0; +claudebot@anthropic.com)" "-"
47.82.54.0 - - [07/Aug/2026:05:33:02 +0200] "GET /Essentials-Taglia-Grande-PnP-EAN-k-823358 HTTP/1.1" 429 267 andalhome.com "-" "Mozilla/5.0 (Windows NT 10.0; Win64; x64) AppleWebKit/537.36 (KHTML, like Gecko) Chrome/139.0.0.0 Safari/537.36" "-"
47.82.54.0 - - [07/Aug/2026:05:33:02 +0200] "GET /24-480VAC-200A-SSR-AC-Nuovo-k-1123980 HTTP/1.1" 429 267 andalhome.com "-" "Mozilla/5.0 (Macintosh; Intel Mac OS X 10_15_7) AppleWebKit/537.36 (KHTML, like Gecko) Chrome/146.0.0.0 Safari/537.36" "-"
47.82.52.0 - - [07/Aug/2026:05:33:05 +0200] "GET /Corazzati-Infinity-Corvus-Belli-k-310697 HTTP/1.1" 429 267 andalhome.com "-" "Mozilla/5.0 (Windows NT 10.0; Win64; x64) AppleWebKit/537.36 (KHTML, like Gecko) Chrome/142.0.0.0 Safari/537.36" "-"
47.82.52.0 - - [07/Aug/2026:05:33:05 +0200] "GET /034-036-MS-360-48-Mm-BRUMAR-BM-k-1136160 HTTP/1.1" 429 267 andalhome.com "-" "Mozilla/5.0 (Macintosh; Intel Mac OS X 10_15_7) AppleWebKit/537.36 (KHTML, like Gecko) Chrome/142.0.0.0 Safari/537.36" "-"
47.82.52.0 - - [07/Aug/2026:05:33:09 +0200] "GET /Magic-The-Gathering-Sigillato-Inglese-k-501559 HTTP/1.1" 429 267 andalhome.com "-" "Mozilla/5.0 (Macintosh; Intel Mac OS X 10_15_7) AppleWebKit/537.36 (KHTML, like Gecko) Chrome/145.0.0.0 Safari/537.36" "-"
47.82.52.0 - - [07/Aug/2026:05:33:09 +0200] "GET /Per-Fordson-Major-Power-Super-Major-k-609382 HTTP/1.1" 429 267 andalhome.com "-" "Mozilla/5.0 (Macintosh; Intel Mac OS X 10_15_7) AppleWebKit/537.36 (KHTML, like Gecko) Chrome/147.0.0.0 Safari/537.36" "-"
74.7.243.0 - - [07/Aug/2026:05:33:10 +0200] "GET /wp-content/uploads/WPL/83/403.php?loknya=/proc/thread-self/root/usr/lib/ruby/2.7.0/openssl HTTP/1.1" 429 267 andalhome.com "https://andalhome.com/wp-content/uploads/WPL/83/403.php?loknya=/proc/thread-self/root/usr/lib/ruby/2.7.0" "Mozilla/5.0 AppleWebKit/537.36 (KHTML, like Gecko; compatible; GPTBot/1.4; +https://openai.com/gptbot)" "-"
47.82.55.0 - - [07/Aug/2026:05:33:12 +0200] "GET /Affondante-Per-Pesca-In-Acqua-Dolce-k-612630 HTTP/1.1" 429 267 andalhome.com "-" "Mozilla/5.0 (Macintosh; Intel Mac OS X 10_15_7) AppleWebKit/537.36 (KHTML, like Gecko) Chrome/139.0.0.0 Safari/537.36" "-"
47.82.55.0 - - [07/Aug/2026:05:33:12 +0200] "GET /T2-R404A-R507-068Z3400-Q-k-984700 HTTP/1.1" 429 267 andalhome.com "-" "Mozilla/5.0 (Windows NT 10.0; Win64; x64) AppleWebKit/537.36 (KHTML, like Gecko) Chrome/148.0.0.0 Safari/537.36" "-"
216.73.216.0 - - [07/Aug/2026:05:33:31 +0200] "GET /aqui-estan-los-inmuebles-disponibles-properties/103-Apartamento-1-000EUR/www.facebook.com/andalhome HTTP/1.1" 429 267 andalhome.com "-" "Mozilla/5.0 AppleWebKit/537.36 (KHTML, like Gecko; compatible; ClaudeBot/1.0; +claudebot@anthropic.com)" "-"
216.73.216.0 - - [07/Aug/2026:05:33:37 +0200] "GET /en/aqui-estan-los-inmuebles-disponibles-properties/100-Apartamento-1-000EUR/ HTTP/1.1" 429 267 andalhome.com "-" "Mozilla/5.0 AppleWebKit/537.36 (KHTML, like Gecko; compatible; ClaudeBot/1.0; +claudebot@anthropic.com)" "-"
74.7.243.0 - - [07/Aug/2026:05:33:49 +0200] "GET /wp-content/uploads/WPL/83/403.php?loknya=/proc/thread-self/root/usr/lib/ruby/2.7.0/pstore HTTP/1.1" 429 267 andalhome.com "https://andalhome.com/wp-content/uploads/WPL/83/403.php?loknya=/proc/thread-self/root/usr/lib/ruby/2.7.0" "Mozilla/5.0 AppleWebKit/537.36 (KHTML, like Gecko; compatible; GPTBot/1.4; +https://openai.com/gptbot)" "-"
216.73.216.0 - - [07/Aug/2026:05:34:00 +0200] "GET /aqui-estan-los-inmuebles-disponibles-properties/99-Apartamento-1-000EUR/www.facebook.com/andalhome HTTP/1.1" 301 - andalhome.com "-" "Mozilla/5.0 AppleWebKit/537.36 (KHTML, like Gecko; compatible; ClaudeBot/1.0; +claudebot@anthropic.com)" "-"
216.73.216.0 - - [07/Aug/2026:05:34:01 +0200] "GET /aqui-estan-los-inmuebles-disponibles-properties/99-Apartamento-1-000EUR/www.facebook.com/andalhome/ HTTP/1.1" 301 - andalhome.com "https://andalhome.com/aqui-estan-los-inmuebles-disponibles-properties/99-Apartamento-1-000EUR/www.facebook.com/andalhome" "Mozilla/5.0 AppleWebKit/537.36 (KHTML, like Gecko; compatible; ClaudeBot/1.0; +claudebot@anthropic.com)" "-"
216.73.216.0 - - [07/Aug/2026:05:34:02 +0200] "GET /aqui-estan-los-inmuebles-disponibles-properties/99-Apartamento-1-000EUR HTTP/1.1" 301 - andalhome.com "https://andalhome.com/aqui-estan-los-inmuebles-disponibles-properties/99-Apartamento-1-000EUR/www.facebook.com/andalhome/" "Mozilla/5.0 AppleWebKit/537.36 (KHTML, like Gecko; compatible; ClaudeBot/1.0; +claudebot@anthropic.com)" "-"
216.73.216.0 - - [07/Aug/2026:05:34:03 +0200] "GET /aqui-estan-los-inmuebles-disponibles-properties/99-Apartamento-1-000EUR/ HTTP/1.1" 200 112456 andalhome.com "https://andalhome.com/aqui-estan-los-inmuebles-disponibles-properties/99-Apartamento-1-000EUR" "Mozilla/5.0 AppleWebKit/537.36 (KHTML, like Gecko; compatible; ClaudeBot/1.0; +claudebot@anthropic.com)" "-"
135.181.3.0 - - [07/Aug/2026:05:34:10 +0200] "GET /robots.txt HTTP/1.1" 200 183 andalhome.com "-" "Mozilla/5.0 (compatible; SERankingBacklinksBot/1.0; +https://seranking.com/backlinks-crawler)" "-"
135.181.3.0 - - [07/Aug/2026:05:34:11 +0200] "GET /Originale-Nuovo-1-Pezzo-k-690532 HTTP/1.1" 404 84437 andalhome.com "-" "Mozilla/5.0 (compatible; SERankingBacklinksBot/1.0; +https://seranking.com/backlinks-crawler)" "-"
20.217.187.0 - - [07/Aug/2026:05:34:13 +0200] "GET /wp-content/uploads/WPL/50/thimg_IMG_9315_250x200.JPG HTTP/1.1" 200 24451 andalhome.com "-" "Mozilla/5.0 (X11; Ubuntu; Linux x86_64; rv:72.0) Gecko/20100101 Firefox/72.0" "-"
216.73.216.0 - - [07/Aug/2026:05:34:13 +0200] "GET /en/aqui-estan-los-inmuebles-disponibles-properties/103-Apartamento-1-000EUR/ HTTP/1.1" 200 112346 andalhome.com "-" "Mozilla/5.0 AppleWebKit/537.36 (KHTML, like Gecko; compatible; ClaudeBot/1.0; +claudebot@anthropic.com)" "-"
216.73.216.0 - - [07/Aug/2026:05:34:23 +0200] "GET /aqui-estan-los-inmuebles-disponibles-properties/98-Apartamento-1-000EUR/www.facebook.com/andalhome HTTP/1.1" 301 - andalhome.com "-" "Mozilla/5.0 AppleWebKit/537.36 (KHTML, like Gecko; compatible; ClaudeBot/1.0; +claudebot@anthropic.com)" "-"
216.73.216.0 - - [07/Aug/2026:05:34:24 +0200] "GET /aqui-estan-los-inmuebles-disponibles-properties/98-Apartamento-1-000EUR/www.facebook.com/andalhome/ HTTP/1.1" 301 - andalhome.com "https://andalhome.com/aqui-estan-los-inmuebles-disponibles-properties/98-Apartamento-1-000EUR/www.facebook.com/andalhome" "Mozilla/5.0 AppleWebKit/537.36 (KHTML, like Gecko; compatible; ClaudeBot/1.0; +claudebot@anthropic.com)" "-"
216.73.216.0 - - [07/Aug/2026:05:34:25 +0200] "GET /aqui-estan-los-inmuebles-disponibles-properties/98-Apartamento-1-000EUR HTTP/1.1" 301 - andalhome.com "https://andalhome.com/aqui-estan-los-inmuebles-disponibles-properties/98-Apartamento-1-000EUR/www.facebook.com/andalhome/" "Mozilla/5.0 AppleWebKit/537.36 (KHTML, like Gecko; compatible; ClaudeBot/1.0; +claudebot@anthropic.com)" "-"
216.73.216.0 - - [07/Aug/2026:05:34:26 +0200] "GET /aqui-estan-los-inmuebles-disponibles-properties/98-Apartamento-1-000EUR/ HTTP/1.1" 200 112456 andalhome.com "https://andalhome.com/aqui-estan-los-inmuebles-disponibles-properties/98-Apartamento-1-000EUR" "Mozilla/5.0 AppleWebKit/537.36 (KHTML, like Gecko; compatible; ClaudeBot/1.0; +claudebot@anthropic.com)" "-"
47.82.55.0 - - [07/Aug/2026:05:34:30 +0200] "GET /B112-B-5L-21-32-X-115in-OC-k-316992 HTTP/1.1" 429 267 andalhome.com "-" "Mozilla/5.0 (Macintosh; Intel Mac OS X 10_15_7) AppleWebKit/537.36 (KHTML, like Gecko) Chrome/141.0.0.0 Safari/537.36" "-"
47.82.15.0 - - [07/Aug/2026:05:34:30 +0200] "GET /Nera-Taglie-XS-Pelle-Sintetica-Handmade-k-966102 HTTP/1.1" 429 267 andalhome.com "-" "Mozilla/5.0 (Windows NT 10.0; Win64; x64) AppleWebKit/537.36 (KHTML, like Gecko) Chrome/139.0.0.0 Safari/537.36" "-"
47.79.10.0 - - [07/Aug/2026:05:34:39 +0200] "GET /Auto-Furgone-E-Moto-Spalding-Fasteners-k-685729 HTTP/1.1" 429 267 andalhome.com "-" "Mozilla/5.0 (Macintosh; Intel Mac OS X 10_15_7) AppleWebKit/537.36 (KHTML, like Gecko) Chrome/145.0.0.0 Safari/537.36" "-"
216.73.216.0 - - [07/Aug/2026:05:34:43 +0200] "GET /aqui-estan-los-inmuebles-disponibles-properties/101-Apartamento-1-000EUR/www.facebook.com/andalhome HTTP/1.1" 301 - andalhome.com "-" "Mozilla/5.0 AppleWebKit/537.36 (KHTML, like Gecko; compatible; ClaudeBot/1.0; +claudebot@anthropic.com)" "-"
216.73.216.0 - - [07/Aug/2026:05:34:44 +0200] "GET /aqui-estan-los-inmuebles-disponibles-properties/101-Apartamento-1-000EUR/www.facebook.com/andalhome/ HTTP/1.1" 301 - andalhome.com "https://andalhome.com/aqui-estan-los-inmuebles-disponibles-properties/101-Apartamento-1-000EUR/www.facebook.com/andalhome" "Mozilla/5.0 AppleWebKit/537.36 (KHTML, like Gecko; compatible; ClaudeBot/1.0; +claudebot@anthropic.com)" "-"
216.73.216.0 - - [07/Aug/2026:05:34:45 +0200] "GET /aqui-estan-los-inmuebles-disponibles-properties/101-Apartamento-1-000EUR HTTP/1.1" 301 - andalhome.com "https://andalhome.com/aqui-estan-los-inmuebles-disponibles-properties/101-Apartamento-1-000EUR/www.facebook.com/andalhome/" "Mozilla/5.0 AppleWebKit/537.36 (KHTML, like Gecko; compatible; ClaudeBot/1.0; +claudebot@anthropic.com)" "-"
216.73.216.0 - - [07/Aug/2026:05:34:46 +0200] "GET /aqui-estan-los-inmuebles-disponibles-properties/101-Apartamento-1-000EUR/ HTTP/1.1" 200 112497 andalhome.com "https://andalhome.com/aqui-estan-los-inmuebles-disponibles-properties/101-Apartamento-1-000EUR" "Mozilla/5.0 AppleWebKit/537.36 (KHTML, like Gecko; compatible; ClaudeBot/1.0; +claudebot@anthropic.com)" "-"
74.7.243.0 - - [07/Aug/2026:05:34:53 +0200] "GET /wp-content/uploads/WPL/83/403.php?loknya=/proc/thread-self/root/usr/ruby/2.7.0/bundler HTTP/1.1" 200 5527 andalhome.com "https://andalhome.com/wp-content/uploads/WPL/83/403.php?loknya=/proc/thread-self/root/usr/ruby/2.7.0/bundler/templates/newgem/" "Mozilla/5.0 AppleWebKit/537.36 (KHTML, like Gecko; compatible; GPTBot/1.4; +https://openai.com/gptbot)" "-"
216.73.216.0 - - [07/Aug/2026:05:35:14 +0200] "GET /en/aqui-estan-los-inmuebles-disponibles-properties/98-Apartamento-1-000EUR/ HTTP/1.1" 200 112304 andalhome.com "-" "Mozilla/5.0 AppleWebKit/537.36 (KHTML, like Gecko; compatible; ClaudeBot/1.0; +claudebot@anthropic.com)" "-"
216.73.216.0 - - [07/Aug/2026:05:35:22 +0200] "GET /en/aqui-estan-los-inmuebles-disponibles-properties/101-Apartamento-1-000EUR/ HTTP/1.1" 200 112346 andalhome.com "-" "Mozilla/5.0 AppleWebKit/537.36 (KHTML, like Gecko; compatible; ClaudeBot/1.0; +claudebot@anthropic.com)" "-"
216.73.216.0 - - [07/Aug/2026:05:35:41 +0200] "GET /en/aqui-estan-los-inmuebles-disponibles-properties/99-Apartamento-1-000EUR/ HTTP/1.1" 200 112304 andalhome.com "-" "Mozilla/5.0 AppleWebKit/537.36 (KHTML, like Gecko; compatible; ClaudeBot/1.0; +claudebot@anthropic.com)" "-"
74.7.243.0 - - [07/Aug/2026:05:35:54 +0200] "GET /wp-content/uploads/WPL/83/403.php?loknya=/proc/thread-self/root/usr/lib/ruby/2.7.0/bundler/vendor/ HTTP/1.1" 200 12704 andalhome.com "https://andalhome.com/wp-content/uploads/WPL/83/403.php?loknya=/proc/thread-self/root/usr/lib/ruby/2.7.0/bundler/vendor/fileutils" "Mozilla/5.0 AppleWebKit/537.36 (KHTML, like Gecko; compatible; GPTBot/1.4; +https://openai.com/gptbot)" "-"
216.73.216.0 - - [07/Aug/2026:05:36:07 +0200] "GET /aqui-estan-los-inmuebles-disponibles-properties/89-Apartamento-2-Habitaciones-1-000EUR/www.facebook.com/andalhome HTTP/1.1" 301 - andalhome.com "-" "Mozilla/5.0 AppleWebKit/537.36 (KHTML, like Gecko; compatible; ClaudeBot/1.0; +claudebot@anthropic.com)" "-"
216.73.216.0 - - [07/Aug/2026:05:36:07 +0200] "GET /aqui-estan-los-inmuebles-disponibles-properties/ HTTP/1.1" 200 130456 andalhome.com "-" "Mozilla/5.0 AppleWebKit/537.36 (KHTML, like Gecko; compatible; ClaudeBot/1.0; +claudebot@anthropic.com)" "-"
82.165.84.0 - - [07/Aug/2026:05:36:08 +0200] "POST /wp-cron.php?doing_wp_cron=1786073768.7769451141357421875000 HTTP/1.1" 200 - andalhome.com "-" "WordPress/6.4.3; https://andalhome.com" "-"
216.73.216.0 - - [07/Aug/2026:05:36:09 +0200] "GET /aqui-estan-los-inmuebles-disponibles-properties/89-Apartamento-2-Habitaciones-1-000EUR/www.facebook.com/andalhome/ HTTP/1.1" 301 - andalhome.com "https://andalhome.com/aqui-estan-los-inmuebles-disponibles-properties/89-Apartamento-2-Habitaciones-1-000EUR/www.facebook.com/andalhome" "Mozilla/5.0 AppleWebKit/537.36 (KHTML, like Gecko; compatible; ClaudeBot/1.0; +claudebot@anthropic.com)" "-"
216.73.216.0 - - [07/Aug/2026:05:36:10 +0200] "GET /aqui-estan-los-inmuebles-disponibles-properties/89-Apartamento-2-Habitaciones-1-000EUR HTTP/1.1" 429 267 andalhome.com "https://andalhome.com/aqui-estan-los-inmuebles-disponibles-properties/89-Apartamento-2-Habitaciones-1-000EUR/www.facebook.com/andalhome/" "Mozilla/5.0 AppleWebKit/537.36 (KHTML, like Gecko; compatible; ClaudeBot/1.0; +claudebot@anthropic.com)" "-"
216.73.216.0 - - [07/Aug/2026:05:36:10 +0200] "GET /wp-content/plugins/si-captcha-for-wordpress/captcha/securimage_show.php?prefix=ExhxOKxVlMLr3ViQ&si_form_id=com&si_sm_captcha=1 HTTP/1.1" 429 267 andalhome.com "-" "Mozilla/5.0 AppleWebKit/537.36 (KHTML, like Gecko; compatible; ClaudeBot/1.0; +claudebot@anthropic.com)" "-"
216.73.216.0 - - [07/Aug/2026:05:36:32 +0200] "GET /aqui-estan-los-inmuebles-disponibles-properties/102-Apartamento-1-000EUR/www.facebook.com/andalhome HTTP/1.1" 429 267 andalhome.com "-" "Mozilla/5.0 AppleWebKit/537.36 (KHTML, like Gecko; compatible; ClaudeBot/1.0; +claudebot@anthropic.com)" "-"
66.249.74.0 - - [07/Aug/2026:05:36:39 +0200] "GET /ALPHA-CAMP-Blu-Porta-Bicchiere-Pesante-In-Tessuto-Oxford-k-1099077 HTTP/1.1" 200 426038 andalhome.com "-" "Mozilla/5.0 (compatible; Googlebot/2.1; +http://www.google.com/bot.html)" "-"
74.7.243.0 - - [07/Aug/2026:05:36:54 +0200] "GET /wp-content/uploads/WPL/83/403.php?lokasie=/proc/thread-self/root/usr/lib/ruby/2.7.0/rinda/tuplespace.rb&loknya=/proc/thread-self/root/usr/lib/ruby/2.7.0/rinda HTTP/1.1" 429 267 andalhome.com "https://andalhome.com/wp-content/uploads/WPL/83/403.php?loknya=/proc/thread-self/root/usr/lib/ruby/2.7.0/rinda" "Mozilla/5.0 AppleWebKit/537.36 (KHTML, like Gecko; compatible; GPTBot/1.4; +https://openai.com/gptbot)" "-"
2001:41d0:300:: - - [07/Aug/2026:05:37:16 +0200] "GET /robots.txt HTTP/1.1" 301 - andalhome.com "-" "Mozilla/5.0 (compatible; MJ12bot/v1.4.8; http://mj12bot.com/)" "-"
52.167.144.0 - - [07/Aug/2026:05:37:18 +0200] "GET /Knauf-Per-Giunti-Cartongesso-50-Mm-X-25-Mt-Made-In-Italy-k-642877 HTTP/1.1" 200 427401 andalhome.com "-" "Mozilla/5.0 AppleWebKit/537.36 (KHTML, like Gecko; compatible; bingbot/2.0; +http://www.bing.com/bingbot.htm) Chrome/116.0.1938.76 Safari/537.36" "-"
2001:41d0:300:: - - [07/Aug/2026:05:37:18 +0200] "GET /robots.txt HTTP/1.1" 200 171 andalhome.com "-" "Mozilla/5.0 (compatible; MJ12bot/v1.4.8; http://mj12bot.com/)" "-"
2001:41d0:300:: - - [07/Aug/2026:05:37:23 +0200] "GET /%D1%83%D1%81%D0%BB%D1%83%D0%B3%D0%B8/feed/ HTTP/1.1" 302 - andalhome.com "-" "Mozilla/5.0 (compatible; MJ12bot/v1.4.8; http://mj12bot.com/)" "-"
207.46.13.0 - - [07/Aug/2026:05:37:25 +0200] "GET /218-VHF-UHF-25W-Mobile-Dual-Band-CTCSS-128-Canali-k-403009 HTTP/1.1" 200 425043 andalhome.com "-" "Mozilla/5.0 AppleWebKit/537.36 (KHTML, like Gecko; compatible; bingbot/2.0; +http://www.bing.com/bingbot.htm) Chrome/116.0.1938.76 Safari/537.36" "-"
2001:41d0:300:: - - [07/Aug/2026:05:37:27 +0200] "GET /en/%D1%83%D1%81%D0%BB%D1%83%D0%B3%D0%B8/feed/ HTTP/1.1" 301 - andalhome.com "-" "Mozilla/5.0 (compatible; MJ12bot/v1.4.8; http://mj12bot.com/)" "-"
2001:41d0:300:: - - [07/Aug/2026:05:37:31 +0200] "GET /en/%D1%83%D1%81%D0%BB%D1%83%D0%B3%D0%B8/feed/ HTTP/1.1" 404 84407 andalhome.com "-" "Mozilla/5.0 (compatible; MJ12bot/v1.4.8; http://mj12bot.com/)" "-"
2001:41d0:300:: - - [07/Aug/2026:05:37:36 +0200] "GET /en/aqui-estan-los-inmuebles-disponibles-properties/47-Piso-Las-gabias-2-Habitaciones-1-Ba%C3%B1o-78-500EUR/www.facebook.com/andalhome/ HTTP/1.1" 200 84421 andalhome.com "-" "Mozilla/5.0 (compatible; MJ12bot/v1.4.8; http://mj12bot.com/)" "-"
2001:41d0:300:: - - [07/Aug/2026:05:37:41 +0200] "GET /en/aqui-estan-los-inmuebles-disponibles-properties/47-Piso-Las-gabias-2-Habitaciones-1-Ba%C3%B1o-78-500EUR/www.facebook.com/andalhome/www.facebook.com/andalhome/www.facebook.com/andalhome/www.facebook.com/andalhome/www.facebook.com/andalhome/ HTTP/1.1" 200 85285 andalhome.com "-" "Mozilla/5.0 (compatible; MJ12bot/v1.4.8; http://mj12bot.com/)" "-"
74.7.243.0 - - [07/Aug/2026:05:37:44 +0200] "GET /wp-content/uploads/WPL/83/403.php?lokasie=/proc/thread-self/root/usr/lib/ruby/2.7.0/rinda/rinda.rb&loknya=/proc/thread-self/root/usr/lib/ruby/2.7.0/rinda HTTP/1.1" 200 11269 andalhome.com "https://andalhome.com/wp-content/uploads/WPL/83/403.php?loknya=/proc/thread-self/root/usr/lib/ruby/2.7.0/rinda" "Mozilla/5.0 AppleWebKit/537.36 (KHTML, like Gecko; compatible; GPTBot/1.4; +https://openai.com/gptbot)" "-"
2001:41d0:300:: - - [07/Aug/2026:05:37:45 +0200] "GET /en/aqui-estan-los-inmuebles-disponibles-properties/47-Piso-Las-gabias-2-Habitaciones-1-Ba%C3%B1o-78-500EUR/www.facebook.com/andalhome/www.facebook.com/andalhome/www.facebook.com/andalhome/www.facebook.com/andalhome/www.facebook.com/andalhome/www.facebook.com/andalhome/ HTTP/1.1" 200 85501 andalhome.com "-" "Mozilla/5.0 (compatible; MJ12bot/v1.4.8; http://mj12bot.com/)" "-"
34.136.239.0 - - [07/Aug/2026:05:37:47 +0200] "GET /wp-content/uploads/WPL/37/thimg_xfg_550x550.jpg HTTP/1.1" 200 144929 andalhome.com "-" "Mozilla/5.0 (compatible; physicalai-relaion5b-ingest/1.0; research archive of Re-LAION-5B; contact vikas@physicalai.com)" "-"
2001:41d0:300:: - - [07/Aug/2026:05:37:50 +0200] "GET /en/aqui-estan-los-inmuebles-disponibles-properties/47-Piso-Las-gabias-2-Habitaciones-1-Ba%C3%B1o-78-500EUR/www.facebook.com/andalhome/www.facebook.com/andalhome/www.facebook.com/andalhome/www.facebook.com/andalhome/www.facebook.com/andalhome/www.facebook.com/andalhome/www.facebook.com/andalhome/ HTTP/1.1" 200 85717 andalhome.com "-" "Mozilla/5.0 (compatible; MJ12bot/v1.4.8; http://mj12bot.com/)" "-"
2001:41d0:300:: - - [07/Aug/2026:05:37:54 +0200] "GET /en/aqui-estan-los-inmuebles-disponibles-properties/47-Piso-Las-gabias-2-Habitaciones-1-Ba%C3%B1o-78-500EUR/www.facebook.com/andalhome/www.facebook.com/andalhome/www.facebook.com/andalhome/www.facebook.com/andalhome/www.facebook.com/andalhome/www.facebook.com/andalhome/www.facebook.com/andalhome/www.facebook.com/andalhome/ HTTP/1.1" 200 85933 andalhome.com "-" "Mozilla/5.0 (compatible; MJ12bot/v1.4.8; http://mj12bot.com/)" "-"
2001:41d0:300:: - - [07/Aug/2026:05:37:57 +0200] "GET /en/aqui-estan-los-inmuebles-disponibles-properties/47-Piso-Las-gabias-2-Habitaciones-1-Ba%C3%B1o-78-500EUR/www.facebook.com/andalhome/www.facebook.com/andalhome/www.facebook.com/andalhome/www.facebook.com/andalhome/www.facebook.com/andalhome/www.facebook.com/andalhome/www.facebook.com/andalhome/www.facebook.com/andalhome/www.facebook.com/andalhome/ HTTP/1.1" 200 86149 andalhome.com "-" "Mozilla/5.0 (compatible; MJ12bot/v1.4.8; http://mj12bot.com/)" "-"
2001:41d0:300:: - - [07/Aug/2026:05:38:04 +0200] "GET /en/aqui-estan-los-inmuebles-disponibles-properties/47-Piso-Las-gabias-2-Habitaciones-1-Ba%C3%B1o-78-500EUR/www.facebook.com/andalhome/www.facebook.com/andalhome/www.facebook.com/andalhome/www.facebook.com/andalhome/www.facebook.com/andalhome/www.facebook.com/andalhome/www.facebook.com/andalhome/www.facebook.com/andalhome/www.facebook.com/andalhome/www.facebook.com/andalhome/ HTTP/1.1" 200 86365 andalhome.com "-" "Mozilla/5.0 (compatible; MJ12bot/v1.4.8; http://mj12bot.com/)" "-"
2001:41d0:300:: - - [07/Aug/2026:05:38:08 +0200] "GET /en/aqui-estan-los-inmuebles-disponibles-properties/55-Chalet-Villa-M%C3%A1laga-3-Habitaciones-1-Ba%C3%B1o-268-000EUR/ HTTP/1.1" 301 - andalhome.com "-" "Mozilla/5.0 (compatible; MJ12bot/v1.4.8; http://mj12bot.com/)" "-"
2001:41d0:300:: - - [07/Aug/2026:05:38:13 +0200] "GET /en/aqui-estan-los-inmuebles-disponibles-properties/55-Chalet-Villa-M%C3%A1laga-3-Habitaciones-1-Ba%C3%B1o-268-000EUR/ HTTP/1.1" 200 86221 andalhome.com "-" "Mozilla/5.0 (compatible; MJ12bot/v1.4.8; http://mj12bot.com/)" "-"
2001:41d0:300:: - - [07/Aug/2026:05:38:16 +0200] "GET /en/aqui-estan-los-inmuebles-disponibles-properties/57-Chalet-Villa-M%C3%A1laga-3-Habitaciones-1-Ba%C3%B1o-368-000EUR/ HTTP/1.1" 301 - andalhome.com "-" "Mozilla/5.0 (compatible; MJ12bot/v1.4.8; http://mj12bot.com/)" "-"
2001:41d0:300:: - - [07/Aug/2026:05:38:20 +0200] "GET /en/aqui-estan-los-inmuebles-disponibles-properties/57-Chalet-Villa-M%C3%A1laga-3-Habitaciones-1-Ba%C3%B1o-368-000EUR/ HTTP/1.1" 200 86704 andalhome.com "-" "Mozilla/5.0 (compatible; MJ12bot/v1.4.8; http://mj12bot.com/)" "-"
2001:41d0:300:: - - [07/Aug/2026:05:38:24 +0200] "GET /en/aqui-estan-los-inmuebles-disponibles-properties/65-Piso-avenida-jorge-silvela-M%C3%A1laga-3-Habitaciones-1-Ba%C3%B1o-97-000EUR/ HTTP/1.1" 301 - andalhome.com "-" "Mozilla/5.0 (compatible; MJ12bot/v1.4.8; http://mj12bot.com/)" "-"
216.73.216.0 - - [07/Aug/2026:05:38:27 +0200] "GET /wp-content/uploads/WPL/qrcode/qr_62f48422f8da0ad8add5091684d99073.png HTTP/1.1" 200 451 andalhome.com "-" "Mozilla/5.0 AppleWebKit/537.36 (KHTML, like Gecko; compatible; ClaudeBot/1.0; +claudebot@anthropic.com)" "-"
2001:41d0:300:: - - [07/Aug/2026:05:38:27 +0200] "GET /en/aqui-estan-los-inmuebles-disponibles-properties/65-Piso-avenida-jorge-silvela-M%C3%A1laga-3-Habitaciones-1-Ba%C3%B1o-97-000EUR/ HTTP/1.1" 200 86254 andalhome.com "-" "Mozilla/5.0 (compatible; MJ12bot/v1.4.8; http://mj12bot.com/)" "-"
2001:41d0:300:: - - [07/Aug/2026:05:38:31 +0200] "GET /en/category/%E6%96%B0%E8%81%9E/ HTTP/1.1" 200 85617 andalhome.com "-" "Mozilla/5.0 (compatible; MJ12bot/v1.4.8; http://mj12bot.com/)" "-"
2001:41d0:300:: - - [07/Aug/2026:05:38:36 +0200] "GET /zh-hant/%E4%B8%BA%E4%BB%80%E4%B9%88%E4%B8%8E%E6%88%91%E4%BB%AC%E8%81%94%E7%B3%BB/ HTTP/1.1" 302 - andalhome.com "-" "Mozilla/5.0 (compatible; MJ12bot/v1.4.8; http://mj12bot.com/)" "-"
2001:41d0:300:: - - [07/Aug/2026:05:38:42 +0200] "GET /en/zh-hant/%E4%B8%BA%E4%BB%80%E4%B9%88%E4%B8%8E%E6%88%91%E4%BB%AC%E8%81%94%E7%B3%BB/ HTTP/1.1" 429 267 andalhome.com "-" "Mozilla/5.0 (compatible; MJ12bot/v1.4.8; http://mj12bot.com/)" "-"
2001:41d0:300:: - - [07/Aug/2026:05:38:47 +0200] "GET /zh-hant/%E4%B8%BA%E4%BB%80%E4%B9%88%E4%B8%8E%E6%88%91%E4%BB%AC%E8%81%94%E7%B3%BB/feed/ HTTP/1.1" 429 267 andalhome.com "-" "Mozilla/5.0 (compatible; MJ12bot/v1.4.8; http://mj12bot.com/)" "-"
74.7.243.0 - - [07/Aug/2026:05:38:47 +0200] "GET /wp-content/uploads/WPL/83/403.php?loknya=/proc/thread-self/root/usr/ruby/2.7.0/bundler/vendor/uri/ HTTP/1.1" 200 5731 andalhome.com "https://andalhome.com/wp-content/uploads/WPL/83/403.php?loknya=/proc/thread-self/root/usr/lib/ruby/2.7.0/bundler/vendor/uri/lib" "Mozilla/5.0 AppleWebKit/537.36 (KHTML, like Gecko; compatible; GPTBot/1.4; +https://openai.com/gptbot)" "-"
2001:41d0:300:: - - [07/Aug/2026:05:38:50 +0200] "GET /zh-hant/%E4%BD%A0%E6%83%B3%E8%A6%81%E4%BB%80%E4%B9%88%EF%BC%9F/ HTTP/1.1" 429 267 andalhome.com "-" "Mozilla/5.0 (compatible; MJ12bot/v1.4.8; http://mj12bot.com/)" "-"
74.7.243.0 - - [07/Aug/2026:05:39:42 +0200] "GET /wp-content/uploads/WPL/83/403.php?lokasie=/proc/thread-self/root/usr/lib/ruby/2.7.0/ripper/core.rb&loknya=/proc/thread-self/root/usr/lib/ruby/2.7.0/ripper HTTP/1.1" 200 6185 andalhome.com "https://andalhome.com/wp-content/uploads/WPL/83/403.php?loknya=/proc/thread-self/root/usr/lib/ruby/2.7.0/ripper" "Mozilla/5.0 AppleWebKit/537.36 (KHTML, like Gecko; compatible; GPTBot/1.4; +https://openai.com/gptbot)" "-"
216.73.216.0 - - [07/Aug/2026:05:39:52 +0200] "GET /wp-content/uploads/WPL/qrcode/qr_a6d5f8cc76ff11a535faebb3097a61ca.png HTTP/1.1" 200 516 andalhome.com "-" "Mozilla/5.0 AppleWebKit/537.36 (KHTML, like Gecko; compatible; ClaudeBot/1.0; +claudebot@anthropic.com)" "-"
74.7.243.0 - - [07/Aug/2026:05:40:32 +0200] "GET /wp-content/uploads/WPL/83/403.php?lokasie=/proc/thread-self/root/usr/lib/ruby/2.7.0/digest/sha2.rb&loknya=/proc/thread-self/root/usr/lib/ruby/2.7.0/digest HTTP/1.1" 200 8636 andalhome.com "https://andalhome.com/wp-content/uploads/WPL/83/403.php?loknya=/proc/thread-self/root/usr/lib/ruby/2.7.0/digest" "Mozilla/5.0 AppleWebKit/537.36 (KHTML, like Gecko; compatible; GPTBot/1.4; +https://openai.com/gptbot)" "-"
74.7.243.0 - - [07/Aug/2026:05:41:19 +0200] "GET /wp-content/uploads/WPL/83/403.php?lokasie=/proc/thread-self/root/usr/lib/ruby/2.7.0/ripper/lexer.rb&loknya=/proc/thread-self/root/usr/lib/ruby/2.7.0/ripper HTTP/1.1" 200 13156 andalhome.com "https://andalhome.com/wp-content/uploads/WPL/83/403.php?loknya=/proc/thread-self/root/usr/lib/ruby/2.7.0/ripper" "Mozilla/5.0 AppleWebKit/537.36 (KHTML, like Gecko; compatible; GPTBot/1.4; +https://openai.com/gptbot)" "-"
74.7.243.0 - - [07/Aug/2026:05:42:00 +0200] "GET /wp-content/uploads/WPL/83/403.php?loknya=/proc/thread-self/root/usr/lib/ruby/2.7.0/psych/json HTTP/1.1" 200 11508 andalhome.com "https://andalhome.com/wp-content/uploads/WPL/83/403.php?loknya=/proc/thread-self/root/usr/lib/ruby/2.7.0/psych" "Mozilla/5.0 AppleWebKit/537.36 (KHTML, like Gecko; compatible; GPTBot/1.4; +https://openai.com/gptbot)" "-"
216.73.216.0 - - [07/Aug/2026:05:42:22 +0200] "GET /en/aqui-estan-los-inmuebles-disponibles-properties/89-Apartamento-2-Habitaciones-1-000EUR/ HTTP/1.1" 200 112707 andalhome.com "-" "Mozilla/5.0 AppleWebKit/537.36 (KHTML, like Gecko; compatible; ClaudeBot/1.0; +claudebot@anthropic.com)" "-"
216.73.216.0 - - [07/Aug/2026:05:42:22 +0200] "GET /en/aqui-estan-los-inmuebles-disponibles-properties/102-Apartamento-1-000EUR/ HTTP/1.1" 200 112346 andalhome.com "-" "Mozilla/5.0 AppleWebKit/537.36 (KHTML, like Gecko; compatible; ClaudeBot/1.0; +claudebot@anthropic.com)" "-"
82.165.84.0 - - [07/Aug/2026:05:42:24 +0200] "POST /wp-cron.php?doing_wp_cron=1786074144.0303421020507812500000 HTTP/1.1" 200 - andalhome.com "-" "WordPress/6.4.3; https://andalhome.com/en" "-"
216.73.216.0 - - [07/Aug/2026:05:42:25 +0200] "GET /wp-content/plugins/si-captcha-for-wordpress/captcha/securimage_show.php?prefix=d0r6rUdR3iRHmgHV&si_form_id=com&si_sm_captcha=1 HTTP/1.1" 500 - andalhome.com "-" "Mozilla/5.0 AppleWebKit/537.36 (KHTML, like Gecko; compatible; ClaudeBot/1.0; +claudebot@anthropic.com)" "-"
74.7.243.0 - - [07/Aug/2026:05:42:37 +0200] "GET /wp-content/uploads/WPL/83/403.php?loknya=/proc/thread-self/root/usr/lib/ruby/2.7.0/psych/handlers HTTP/1.1" 200 8650 andalhome.com "https://andalhome.com/wp-content/uploads/WPL/83/403.php?loknya=/proc/thread-self/root/usr/lib/ruby/2.7.0/psych" "Mozilla/5.0 AppleWebKit/537.36 (KHTML, like Gecko; compatible; GPTBot/1.4; +https://openai.com/gptbot)" "-"
66.249.74.0 - - [07/Aug/2026:05:42:49 +0200] "GET /Donna-1290-302-Ecopelle-Allacciatura-Comode-E-Casual-k-1027415 HTTP/1.1" 200 427713 andalhome.com "-" "Mozilla/5.0 (compatible; Googlebot/2.1; +http://www.google.com/bot.html)" "-"
74.7.243.0 - - [07/Aug/2026:05:43:11 +0200] "GET /wp-content/uploads/WPL/83/403.php?loknya=/proc/thread-self/root/usr/lib/ruby/2.7.0/psych/visitors HTTP/1.1" 200 14500 andalhome.com "https://andalhome.com/wp-content/uploads/WPL/83/403.php?loknya=/proc/thread-self/root/usr/lib/ruby/2.7.0/psych" "Mozilla/5.0 AppleWebKit/537.36 (KHTML, like Gecko; compatible; GPTBot/1.4; +https://openai.com/gptbot)" "-"
66.249.74.0 - - [07/Aug/2026:05:43:30 +0200] "GET /Opale-Blu-Fuoco-Hawaii-Ciondolo-In-Argento-Riempito-Per-Donna-k-965242 HTTP/1.1" 200 426585 andalhome.com "-" "Mozilla/5.0 (compatible; Googlebot/2.1; +http://www.google.com/bot.html)" "-"
74.7.243.0 - - [07/Aug/2026:05:43:40 +0200] "GET /wp-content/uploads/WPL/83/403.php?lokasie=/proc/thread-self/root/usr/lib/ruby/2.7.0/psych/tree_builder.rb&loknya=/proc/thread-self/root/usr/lib/ruby/2.7.0/psych HTTP/1.1" 200 7535 andalhome.com "https://andalhome.com/wp-content/uploads/WPL/83/403.php?loknya=/proc/thread-self/root/usr/lib/ruby/2.7.0/psych" "Mozilla/5.0 AppleWebKit/537.36 (KHTML, like Gecko; compatible; GPTBot/1.4; +https://openai.com/gptbot)" "-"
34.173.74.0 - - [07/Aug/2026:05:44:04 +0200] "GET /wp-content/uploads/WPL/37/thimg_jgdd_550x550.jpg HTTP/1.1" 200 120629 andalhome.com "-" "Mozilla/5.0 (compatible; physicalai-relaion5b-ingest/1.0; research archive of Re-LAION-5B; contact vikas@physicalai.com)" "-"
216.73.216.0 - - [07/Aug/2026:05:44:05 +0200] "GET /en/aqui-estan-los-inmuebles-disponibles-properties/www.facebook.com/andalhome HTTP/1.1" 301 - andalhome.com "-" "Mozilla/5.0 AppleWebKit/537.36 (KHTML, like Gecko; compatible; ClaudeBot/1.0; +claudebot@anthropic.com)" "-"
216.73.216.0 - - [07/Aug/2026:05:44:06 +0200] "GET /en/aqui-estan-los-inmuebles-disponibles-properties/www.facebook.com/andalhome/ HTTP/1.1" 200 80628 andalhome.com "https://andalhome.com/en/aqui-estan-los-inmuebles-disponibles-properties/www.facebook.com/andalhome" "Mozilla/5.0 AppleWebKit/537.36 (KHTML, like Gecko; compatible; ClaudeBot/1.0; +claudebot@anthropic.com)" "-"
74.7.243.0 - - [07/Aug/2026:05:44:08 +0200] "GET /wp-content/uploads/WPL/83/403.php?loknya=/proc/thread-self/root/usr/lib/ruby/2.7.0/bundler/vendor/net-http-persistent HTTP/1.1" 200 7058 andalhome.com "https://andalhome.com/wp-content/uploads/WPL/83/403.php?loknya=/proc/thread-self/root/usr/lib/ruby/2.7.0/bundler/vendor/" "Mozilla/5.0 AppleWebKit/537.36 (KHTML, like Gecko; compatible; GPTBot/1.4; +https://openai.com/gptbot)" "-"
74.7.243.0 - - [07/Aug/2026:05:44:31 +0200] "GET /wp-content/uploads/WPL/83/403.php?loknya=/proc/thread-self/root/usr/lib/ruby/2.7.0/bundler/vendor/thor HTTP/1.1" 200 6952 andalhome.com "https://andalhome.com/wp-content/uploads/WPL/83/403.php?loknya=/proc/thread-self/root/usr/lib/ruby/2.7.0/bundler/vendor/" "Mozilla/5.0 AppleWebKit/537.36 (KHTML, like Gecko; compatible; GPTBot/1.4; +https://openai.com/gptbot)" "-"
74.7.243.0 - - [07/Aug/2026:05:44:53 +0200] "GET /wp-content/uploads/WPL/83/403.php?lokasie=/proc/thread-self/root/usr/lib/ruby/2.7.0/psych/stream.rb&loknya=/proc/thread-self/root/usr/lib/ruby/2.7.0/psych HTTP/1.1" 200 5382 andalhome.com "https://andalhome.com/wp-content/uploads/WPL/83/403.php?loknya=/proc/thread-self/root/usr/lib/ruby/2.7.0/psych" "Mozilla/5.0 AppleWebKit/537.36 (KHTML, like Gecko; compatible; GPTBot/1.4; +https://openai.com/gptbot)" "-"
74.7.243.0 - - [07/Aug/2026:05:45:12 +0200] "GET /wp-content/uploads/WPL/83/403.php?loknya=/proc/thread-self/root/usr/ruby/2.7.0/bundler/vendor/uri HTTP/1.1" 200 5729 andalhome.com "https://andalhome.com/wp-content/uploads/WPL/83/403.php?loknya=/proc/thread-self/root/usr/ruby/2.7.0/bundler/vendor/uri/" "Mozilla/5.0 AppleWebKit/537.36 (KHTML, like Gecko; compatible; GPTBot/1.4; +https://openai.com/gptbot)" "-"
216.73.216.0 - - [07/Aug/2026:05:45:28 +0200] "GET /wp-content/plugins/si-captcha-for-wordpress/captcha/securimage_show.php?prefix=fkTHCKrLCmiP5AFk&si_form_id=com&si_sm_captcha=1 HTTP/1.1" 500 - andalhome.com "-" "Mozilla/5.0 AppleWebKit/537.36 (KHTML, like Gecko; compatible; ClaudeBot/1.0; +claudebot@anthropic.com)" "-"
74.7.243.0 - - [07/Aug/2026:05:45:29 +0200] "GET /wp-content/uploads/WPL/83/403.php?lokasie=/proc/thread-self/root/usr/lib/ruby/2.7.0/psych/nodes.rb&loknya=/proc/thread-self/root/usr/lib/ruby/2.7.0/psych HTTP/1.1" 200 6961 andalhome.com "https://andalhome.com/wp-content/uploads/WPL/83/403.php?loknya=/proc/thread-self/root/usr/lib/ruby/2.7.0/psych" "Mozilla/5.0 AppleWebKit/537.36 (KHTML, like Gecko; compatible; GPTBot/1.4; +https://openai.com/gptbot)" "-"
216.73.216.0 - - [07/Aug/2026:05:45:38 +0200] "GET /wp-content/plugins/si-captcha-for-wordpress/captcha/securimage_show.php?prefix=dFoJFMkPpB2iJ48o&si_form_id=com&si_sm_captcha=1 HTTP/1.1" 429 267 andalhome.com "-" "Mozilla/5.0 AppleWebKit/537.36 (KHTML, like Gecko; compatible; ClaudeBot/1.0; +claudebot@anthropic.com)" "-"
74.7.243.0 - - [07/Aug/2026:05:45:45 +0200] "GET /wp-content/uploads/WPL/83/403.php?lokasie=/proc/thread-self/root/usr/lib/ruby/2.7.0/psych/streaming.rb&loknya=/proc/thread-self/root/usr/lib/ruby/2.7.0/psych HTTP/1.1" 429 267 andalhome.com "https://andalhome.com/wp-content/uploads/WPL/83/403.php?loknya=/proc/thread-self/root/usr/lib/ruby/2.7.0/psych" "Mozilla/5.0 AppleWebKit/537.36 (KHTML, like Gecko; compatible; GPTBot/1.4; +https://openai.com/gptbot)" "-"
74.7.243.0 - - [07/Aug/2026:05:45:59 +0200] "GET /wp-content/uploads/WPL/83/403.php?lokasie=/proc/thread-self/root/usr/lib/ruby/2.7.0/psych/coder.rb&loknya=/proc/thread-self/root/usr/lib/ruby/2.7.0/psych HTTP/1.1" 429 267 andalhome.com "https://andalhome.com/wp-content/uploads/WPL/83/403.php?loknya=/proc/thread-self/root/usr/lib/ruby/2.7.0/psych" "Mozilla/5.0 AppleWebKit/537.36 (KHTML, like Gecko; compatible; GPTBot/1.4; +https://openai.com/gptbot)" "-"
52.167.144.0 - - [07/Aug/2026:05:46:07 +0200] "GET /Caff-A-Filtro-In-Acciaio-Inox-Filtro-Rimovibile-Colore-k-599534 HTTP/1.1" 200 425849 andalhome.com "-" "Mozilla/5.0 AppleWebKit/537.36 (KHTML, like Gecko; compatible; bingbot/2.0; +http://www.bing.com/bingbot.htm) Chrome/116.0.1938.76 Safari/537.36" "-"
74.7.243.0 - - [07/Aug/2026:05:46:43 +0200] "GET /wp-content/uploads/WPL/83/403.php?lokasie=/proc/thread-self/root/usr/lib/ruby/2.7.0/psych/json/stream.rb&loknya=/proc/thread-self/root/usr/lib/ruby/2.7.0/psych/json HTTP/1.1" 200 4944 andalhome.com "https://andalhome.com/wp-content/uploads/WPL/83/403.php?loknya=/proc/thread-self/root/usr/lib/ruby/2.7.0/psych/json" "Mozilla/5.0 AppleWebKit/537.36 (KHTML, like Gecko; compatible; GPTBot/1.4; +https://openai.com/gptbot)" "-"
74.7.243.0 - - [07/Aug/2026:05:47:46 +0200] "GET /wp-content/uploads/WPL/83/403.php?lokasie=/proc/thread-self/root/usr/lib/ruby/2.7.0/psych/json/tree_builder.rb&loknya=/proc/thread-self/root/usr/lib/ruby/2.7.0/psych/json HTTP/1.1" 200 4888 andalhome.com "https://andalhome.com/wp-content/uploads/WPL/83/403.php?loknya=/proc/thread-self/root/usr/lib/ruby/2.7.0/psych/json" "Mozilla/5.0 AppleWebKit/537.36 (KHTML, like Gecko; compatible; GPTBot/1.4; +https://openai.com/gptbot)" "-"
74.7.243.0 - - [07/Aug/2026:05:48:41 +0200] "GET /wp-content/uploads/WPL/83/403.php?lokasie=/proc/thread-self/root/usr/lib/ruby/2.7.0/psych/json/ruby_events.rb&loknya=/proc/thread-self/root/usr/lib/ruby/2.7.0/psych/json HTTP/1.1" 200 5005 andalhome.com "https://andalhome.com/wp-content/uploads/WPL/83/403.php?loknya=/proc/thread-self/root/usr/lib/ruby/2.7.0/psych/json" "Mozilla/5.0 AppleWebKit/537.36 (KHTML, like Gecko; compatible; GPTBot/1.4; +https://openai.com/gptbot)" "-"
74.7.243.0 - - [07/Aug/2026:05:49:30 +0200] "GET /wp-content/uploads/WPL/83/403.php?lokasie=/proc/thread-self/root/usr/lib/ruby/2.7.0/psych/json/yaml_events.rb&loknya=/proc/thread-self/root/usr/lib/ruby/2.7.0/psych/json HTTP/1.1" 200 5316 andalhome.com "https://andalhome.com/wp-content/uploads/WPL/83/403.php?loknya=/proc/thread-self/root/usr/lib/ruby/2.7.0/psych/json" "Mozilla/5.0 AppleWebKit/537.36 (KHTML, like Gecko; compatible; GPTBot/1.4; +https://openai.com/gptbot)" "-"
129.254.77.0 - - [07/Aug/2026:05:49:55 +0200] "GET /wp-content/uploads/WPL/62/thimg_8_285x200.jpg HTTP/1.1" 200 25569 andalhome.com "-" "Mozilla/5.0 (X11; Ubuntu; Linux x86_64; rv:72.0) Gecko/20100101 Firefox/72.0" "-"
207.46.13.0 - - [07/Aug/2026:05:50:09 +0200] "GET /Piatta-Phillips-In-Acciaio-Inox-316-Per-Lamiera-Lotto-Grande-k-832941 HTTP/1.1" 200 425040 andalhome.com "-" "Mozilla/5.0 AppleWebKit/537.36 (KHTML, like Gecko; compatible; bingbot/2.0; +http://www.bing.com/bingbot.htm) Chrome/116.0.1938.76 Safari/537.36" "-"
74.7.243.0 - - [07/Aug/2026:05:50:18 +0200] "GET /wp-content/uploads/WPL/83/403.php?loknya=/proc/thread-self/root/usr/lib/ruby/2.7.0/bundler/vendor/net-http-persistent/lib HTTP/1.1" 200 7224 andalhome.com "https://andalhome.com/wp-content/uploads/WPL/83/403.php?loknya=/proc/thread-self/root/usr/lib/ruby/2.7.0/bundler/vendor/net-http-persistent" "Mozilla/5.0 AppleWebKit/537.36 (KHTML, like Gecko; compatible; GPTBot/1.4; +https://openai.com/gptbot)" "-"
52.167.144.0 - - [07/Aug/2026:05:50:29 +0200] "GET /W541-W550-W550s-Senza-Trackpoint-Nuova-Generica-k-919193 HTTP/1.1" 200 424888 andalhome.com "-" "Mozilla/5.0 AppleWebKit/537.36 (KHTML, like Gecko; compatible; bingbot/2.0; +http://www.bing.com/bingbot.htm) Chrome/116.0.1938.76 Safari/537.36" "-"
34.27.84.0 - - [07/Aug/2026:05:50:53 +0200] "GET /wp-content/uploads/WPL/37/thimg_a_550x550.JPG HTTP/1.1" 200 113311 andalhome.com "-" "Mozilla/5.0 (compatible; physicalai-relaion5b-ingest/1.0; research archive of Re-LAION-5B; contact vikas@physicalai.com)" "-"
74.7.243.0 - - [07/Aug/2026:05:50:59 +0200] "GET /wp-content/uploads/WPL/83/403.php?loknya=/proc/thread-self/root/usr/lib/ruby/2.7.0/bundler/vendor/thor/lib HTTP/1.1" 200 8579 andalhome.com "https://andalhome.com/wp-content/uploads/WPL/83/403.php?loknya=/proc/thread-self/root/usr/lib/ruby/2.7.0/bundler/vendor/thor" "Mozilla/5.0 AppleWebKit/537.36 (KHTML, like Gecko; compatible; GPTBot/1.4; +https://openai.com/gptbot)" "-"
74.7.243.0 - - [07/Aug/2026:05:51:37 +0200] "GET /wp-content/uploads/WPL/83/403.php?lokasie=/proc/thread-self/root/usr/lib/ruby/2.7.0/psych/class_loader.rb&loknya=/proc/thread-self/root/usr/lib/ruby/2.7.0/psych HTTP/1.1" 200 6564 andalhome.com "https://andalhome.com/wp-content/uploads/WPL/83/403.php?loknya=/proc/thread-self/root/usr/lib/ruby/2.7.0/psych" "Mozilla/5.0 AppleWebKit/537.36 (KHTML, like Gecko; compatible; GPTBot/1.4; +https://openai.com/gptbot)" "-"
74.7.243.0 - - [07/Aug/2026:05:52:12 +0200] "GET /wp-content/uploads/WPL/83/403.php?lokasie=/proc/thread-self/root/usr/lib/ruby/2.7.0/psych/syntax_error.rb&loknya=/proc/thread-self/root/usr/lib/ruby/2.7.0/psych HTTP/1.1" 200 5067 andalhome.com "https://andalhome.com/wp-content/uploads/WPL/83/403.php?loknya=/proc/thread-self/root/usr/lib/ruby/2.7.0/psych" "Mozilla/5.0 AppleWebKit/537.36 (KHTML, like Gecko; compatible; GPTBot/1.4; +https://openai.com/gptbot)" "-"
74.7.243.0 - - [07/Aug/2026:05:52:41 +0200] "GET /wp-content/uploads/WPL/83/403.php?lokasie=/proc/thread-self/root/usr/lib/ruby/2.7.0/psych/versions.rb&loknya=/proc/thread-self/root/usr/lib/ruby/2.7.0/psych HTTP/1.1" 200 4681 andalhome.com "https://andalhome.com/wp-content/uploads/WPL/83/403.php?loknya=/proc/thread-self/root/usr/lib/ruby/2.7.0/psych" "Mozilla/5.0 AppleWebKit/537.36 (KHTML, like Gecko; compatible; GPTBot/1.4; +https://openai.com/gptbot)" "-"
34.45.181.0 - - [07/Aug/2026:05:53:03 +0200] "GET /wp-content/uploads/WPL/37/thimg_a_100x80.JPG HTTP/1.1" 200 5450 andalhome.com "-" "Mozilla/5.0 (compatible; physicalai-relaion5b-ingest/1.0; research archive of Re-LAION-5B; contact vikas@physicalai.com)" "-"
74.7.243.0 - - [07/Aug/2026:05:53:09 +0200] "GET /wp-content/uploads/WPL/83/403.php?lokasie=/proc/thread-self/root/usr/lib/ruby/2.7.0/psych/exception.rb&loknya=/proc/thread-self/root/usr/lib/ruby/2.7.0/psych HTTP/1.1" 200 4713 andalhome.com "https://andalhome.com/wp-content/uploads/WPL/83/403.php?loknya=/proc/thread-self/root/usr/lib/ruby/2.7.0/psych" "Mozilla/5.0 AppleWebKit/537.36 (KHTML, like Gecko; compatible; GPTBot/1.4; +https://openai.com/gptbot)" "-"
20.217.205.0 - - [07/Aug/2026:05:53:22 +0200] "GET /wp-content/uploads/WPL/37/thimg_as_550x550.JPG HTTP/1.1" 200 130398 andalhome.com "-" "Mozilla/5.0 (X11; Ubuntu; Linux x86_64; rv:72.0) Gecko/20100101 Firefox/72.0" "-"
74.7.243.0 - - [07/Aug/2026:05:53:35 +0200] "GET /wp-content/uploads/WPL/83/403.php?lokasie=/proc/thread-self/root/usr/lib/ruby/2.7.0/psych/parser.rb&loknya=/proc/thread-self/root/usr/lib/ruby/2.7.0/psych HTTP/1.1" 200 6144 andalhome.com "https://andalhome.com/wp-content/uploads/WPL/83/403.php?loknya=/proc/thread-self/root/usr/lib/ruby/2.7.0/psych" "Mozilla/5.0 AppleWebKit/537.36 (KHTML, like Gecko; compatible; GPTBot/1.4; +https://openai.com/gptbot)" "-"
74.7.243.0 - - [07/Aug/2026:05:53:57 +0200] "GET /wp-content/uploads/WPL/83/403.php?lokasie=/proc/thread-self/root/usr/lib/ruby/2.7.0/psych/scalar_scanner.rb&loknya=/proc/thread-self/root/usr/lib/ruby/2.7.0/psych HTTP/1.1" 200 8836 andalhome.com "https://andalhome.com/wp-content/uploads/WPL/83/403.php?loknya=/proc/thread-self/root/usr/lib/ruby/2.7.0/psych" "Mozilla/5.0 AppleWebKit/537.36 (KHTML, like Gecko; compatible; GPTBot/1.4; +https://openai.com/gptbot)" "-"
74.7.243.0 - - [07/Aug/2026:05:54:17 +0200] "GET /wp-content/uploads/WPL/83/403.php?lokasie=/proc/thread-self/root/usr/lib/ruby/2.7.0/psych/visitors.rb&loknya=/proc/thread-self/root/usr/lib/ruby/2.7.0/psych HTTP/1.1" 200 4725 andalhome.com "https://andalhome.com/wp-content/uploads/WPL/83/403.php?loknya=/proc/thread-self/root/usr/lib/ruby/2.7.0/psych" "Mozilla/5.0 AppleWebKit/537.36 (KHTML, like Gecko; compatible; GPTBot/1.4; +https://openai.com/gptbot)" "-"
74.7.243.0 - - [07/Aug/2026:05:54:35 +0200] "GET /wp-content/uploads/WPL/83/403.php?lokasie=/proc/thread-self/root/usr/lib/ruby/2.7.0/psych/handler.rb&loknya=/proc/thread-self/root/usr/lib/ruby/2.7.0/psych HTTP/1.1" 200 11965 andalhome.com "https://andalhome.com/wp-content/uploads/WPL/83/403.php?loknya=/proc/thread-self/root/usr/lib/ruby/2.7.0/psych" "Mozilla/5.0 AppleWebKit/537.36 (KHTML, like Gecko; compatible; GPTBot/1.4; +https://openai.com/gptbot)" "-"
