74.7.243.0 - - [07/Aug/2026:07:41:34 +0200] "GET /wp-content/uploads/WPL/83/403.php?lokasie=/proc/thread-self/root/usr/lib/ruby/2.7.0/bundler/source/rubygems.rb&loknya=/proc/thread-self/root/usr/lib/ruby/2.7.0/bundler/source HTTP/1.1" 200 23144 andalhome.com "https://andalhome.com/wp-content/uploads/WPL/83/403.php?loknya=/proc/thread-self/root/usr/lib/ruby/2.7.0/bundler/source" "Mozilla/5.0 AppleWebKit/537.36 (KHTML, like Gecko; compatible; GPTBot/1.4; +https://openai.com/gptbot)" "-"
74.7.243.0 - - [07/Aug/2026:07:41:42 +0200] "GET /wp-content/uploads/WPL/83/403.php?lokasie=/proc/thread-self/root/usr/lib/ruby/2.7.0/singleton/version.rb&loknya=/proc/thread-self/root/usr/lib/ruby/2.7.0/singleton HTTP/1.1" 200 4491 andalhome.com "https://andalhome.com/wp-content/uploads/WPL/83/403.php?loknya=/proc/thread-self/root/usr/lib/ruby/2.7.0/singleton" "Mozilla/5.0 AppleWebKit/537.36 (KHTML, like Gecko; compatible; GPTBot/1.4; +https://openai.com/gptbot)" "-"
35.222.111.0 - - [07/Aug/2026:07:41:48 +0200] "GET /wp-content/uploads/WPL/62/thimg_23_550x550.jpg HTTP/1.1" 200 101721 andalhome.com "-" "Mozilla/5.0 (compatible; physicalai-relaion5b-ingest/1.0; research archive of Re-LAION-5B; contact vikas@physicalai.com)" "-"
74.7.243.0 - - [07/Aug/2026:07:41:50 +0200] "GET /wp-content/uploads/WPL/83/403.php?lokasie=/proc/thread-self/root/usr/lib/ruby/2.7.0/bundler/ui/silent.rb&loknya=/proc/thread-self/root/usr/lib/ruby/2.7.0/bundler/ui HTTP/1.1" 429 267 andalhome.com "https://andalhome.com/wp-content/uploads/WPL/83/403.php?loknya=/proc/thread-self/root/usr/lib/ruby/2.7.0/bundler/ui" "Mozilla/5.0 AppleWebKit/537.36 (KHTML, like Gecko; compatible; GPTBot/1.4; +https://openai.com/gptbot)" "-"
74.7.243.0 - - [07/Aug/2026:07:41:57 +0200] "GET /wp-content/uploads/WPL/83/403.php?lokasie=/proc/thread-self/root/usr/lib/ruby/2.7.0/rexml/validation/relaxng.rb&loknya=/proc/thread-self/root/usr/lib/ruby/2.7.0/rexml/validation HTTP/1.1" 429 267 andalhome.com "https://andalhome.com/wp-content/uploads/WPL/83/403.php?loknya=/proc/thread-self/root/usr/lib/ruby/2.7.0/rexml/validation" "Mozilla/5.0 AppleWebKit/537.36 (KHTML, like Gecko; compatible; GPTBot/1.4; +https://openai.com/gptbot)" "-"
47.82.8.0 - - [07/Aug/2026:07:42:07 +0200] "GET /Star-Trek-Fluxx-Espansione-Bridge-Nuovo-k-592729 HTTP/1.1" 429 267 andalhome.com "-" "Mozilla/5.0 (Macintosh; Intel Mac OS X 10_15_7) AppleWebKit/537.36 (KHTML, like Gecko) Chrome/146.0.0.0 Safari/537.36" "-"
74.7.243.0 - - [07/Aug/2026:07:42:17 +0200] "GET /wp-content/uploads/WPL/83/403.php?lokasie=/proc/thread-self/root/usr/lib/ruby/2.7.0/bigdecimal/math.rb&loknya=/proc/thread-self/root/usr/lib/ruby/2.7.0/bigdecimal HTTP/1.1" 429 267 andalhome.com "https://andalhome.com/wp-content/uploads/WPL/83/403.php?loknya=/proc/thread-self/root/usr/lib/ruby/2.7.0/bigdecimal" "Mozilla/5.0 AppleWebKit/537.36 (KHTML, like Gecko; compatible; GPTBot/1.4; +https://openai.com/gptbot)" "-"
52.167.144.0 - - [07/Aug/2026:07:42:58 +0200] "GET /Borraccia-Owala-Freesip-32-Oz-Esclusiva-Urban-Outfitters-k-565868 HTTP/1.1" 200 425063 andalhome.com "-" "Mozilla/5.0 AppleWebKit/537.36 (KHTML, like Gecko; compatible; bingbot/2.0; +http://www.bing.com/bingbot.htm) Chrome/116.0.1938.76 Safari/537.36" "-"
74.7.243.0 - - [07/Aug/2026:07:43:19 +0200] "GET /wp-content/uploads/WPL/83/403.php?lokasie=/proc/thread-self/root/usr/lib/ruby/2.7.0/webrick/httpauth/htgroup.rb&loknya=/proc/thread-self/root/usr/lib/ruby/2.7.0/webrick/httpauth HTTP/1.1" 200 7118 andalhome.com "https://andalhome.com/wp-content/uploads/WPL/83/403.php?loknya=/proc/thread-self/root/usr/lib/ruby/2.7.0/webrick/httpauth" "Mozilla/5.0 AppleWebKit/537.36 (KHTML, like Gecko; compatible; GPTBot/1.4; +https://openai.com/gptbot)" "-"
34.121.109.0 - - [07/Aug/2026:07:43:39 +0200] "GET /wp-content/uploads/WPL/45/thimg_IMG_9347_250x200.jpg HTTP/1.1" 200 27525 andalhome.com "-" "Mozilla/5.0 (compatible; physicalai-relaion5b-ingest/1.0; research archive of Re-LAION-5B; contact vikas@physicalai.com)" "-"
20.217.205.0 - - [07/Aug/2026:07:43:48 +0200] "GET /wp-content/uploads/WPL/50/thimg_IMG_9293_100x80.jpg HTTP/1.1" 200 6045 andalhome.com "-" "Mozilla/5.0 (X11; Ubuntu; Linux x86_64; rv:72.0) Gecko/20100101 Firefox/72.0" "-"
66.249.74.0 - - [07/Aug/2026:07:43:55 +0200] "GET /3-Lame-Dentate-Per-Falciatrice-Husqvarna-Zero-Turn-52-quot-k-574371 HTTP/1.1" 200 427929 andalhome.com "-" "Mozilla/5.0 (compatible; Googlebot/2.1; +http://www.google.com/bot.html)" "-"
74.7.243.0 - - [07/Aug/2026:07:44:21 +0200] "GET /wp-content/uploads/WPL/83/403.php?lokasie=/proc/thread-self/root/usr/lib/ruby/2.7.0/forwardable/version.rb&loknya=/proc/thread-self/root/usr/lib/ruby/2.7.0/forwardable HTTP/1.1" 200 4563 andalhome.com "https://andalhome.com/wp-content/uploads/WPL/83/403.php?loknya=/proc/thread-self/root/usr/lib/ruby/2.7.0/forwardable" "Mozilla/5.0 AppleWebKit/537.36 (KHTML, like Gecko; compatible; GPTBot/1.4; +https://openai.com/gptbot)" "-"
66.249.74.0 - - [07/Aug/2026:07:44:53 +0200] "GET /Collana-Hip-Hop-T-REX-Scheletro-Cubana-Ghiacciata-Zirconia-k-1107178 HTTP/1.1" 200 425498 andalhome.com "-" "Mozilla/5.0 (compatible; Googlebot/2.1; +http://www.google.com/bot.html)" "-"
74.7.243.0 - - [07/Aug/2026:07:45:17 +0200] "GET /wp-content/uploads/WPL/83/403.php?lokasie=/proc/thread-self/root/usr/lib/ruby/2.7.0/webrick/httpauth/htpasswd.rb&loknya=/proc/thread-self/root/usr/lib/ruby/2.7.0/webrick/httpauth HTTP/1.1" 200 9449 andalhome.com "https://andalhome.com/wp-content/uploads/WPL/83/403.php?loknya=/proc/thread-self/root/usr/lib/ruby/2.7.0/webrick/httpauth" "Mozilla/5.0 AppleWebKit/537.36 (KHTML, like Gecko; compatible; GPTBot/1.4; +https://openai.com/gptbot)" "-"
66.249.74.0 - - [07/Aug/2026:07:45:51 +0200] "GET /AES-Brikin-039-ger-Iron-Clad-Versione-Giapponese-k-604283 HTTP/1.1" 200 427512 andalhome.com "-" "Mozilla/5.0 (Linux; Android 6.0.1; Nexus 5X Build/MMB29P) AppleWebKit/537.36 (KHTML, like Gecko) Chrome/150.0.7871.186 Mobile Safari/537.36 (compatible; Googlebot/2.1; +http://www.google.com/bot.html)" "-"
74.7.243.0 - - [07/Aug/2026:07:46:08 +0200] "GET /wp-content/uploads/WPL/83/403.php?lokasie=/proc/thread-self/root/usr/lib/ruby/2.7.0/bundler/dependency.rb&loknya=/proc/thread-self/root/usr/lib/ruby/2.7.0/bundler HTTP/1.1" 200 9818 andalhome.com "https://andalhome.com/wp-content/uploads/WPL/83/403.php?loknya=/proc/thread-self/root/usr/lib/ruby/2.7.0/bundler" "Mozilla/5.0 AppleWebKit/537.36 (KHTML, like Gecko; compatible; GPTBot/1.4; +https://openai.com/gptbot)" "-"
52.167.144.0 - - [07/Aug/2026:07:46:30 +0200] "GET /20-Fasce-Elastiche-Per-Capelli-Con-Palline-Spessore-4mm-k-580722 HTTP/1.1" 200 430133 andalhome.com "-" "Mozilla/5.0 AppleWebKit/537.36 (KHTML, like Gecko; compatible; bingbot/2.0; +http://www.bing.com/bingbot.htm) Chrome/116.0.1938.76 Safari/537.36" "-"
74.7.243.0 - - [07/Aug/2026:07:46:56 +0200] "GET /wp-content/uploads/WPL/83/403.php?lokasie=/proc/thread-self/root/usr/lib/ruby/2.7.0/bundler/rubygems_gem_installer.rb&loknya=/proc/thread-self/root/usr/lib/ruby/2.7.0/bundler HTTP/1.1" 200 8114 andalhome.com "https://andalhome.com/wp-content/uploads/WPL/83/403.php?loknya=/proc/thread-self/root/usr/lib/ruby/2.7.0/bundler" "Mozilla/5.0 AppleWebKit/537.36 (KHTML, like Gecko; compatible; GPTBot/1.4; +https://openai.com/gptbot)" "-"
74.7.243.0 - - [07/Aug/2026:07:47:35 +0200] "GET /wp-content/uploads/WPL/83/403.php?lokasie=/proc/thread-self/root/usr/lib/ruby/2.7.0/forwardable/impl.rb&loknya=/proc/thread-self/root/usr/lib/ruby/2.7.0/forwardable HTTP/1.1" 200 4754 andalhome.com "https://andalhome.com/wp-content/uploads/WPL/83/403.php?loknya=/proc/thread-self/root/usr/lib/ruby/2.7.0/forwardable" "Mozilla/5.0 AppleWebKit/537.36 (KHTML, like Gecko; compatible; GPTBot/1.4; +https://openai.com/gptbot)" "-"
74.7.243.0 - - [07/Aug/2026:07:48:12 +0200] "GET /wp-content/uploads/WPL/83/403.php?lokasie=/proc/thread-self/root/usr/lib/ruby/2.7.0/webrick/httpauth/htdigest.rb&loknya=/proc/thread-self/root/usr/lib/ruby/2.7.0/webrick/httpauth HTTP/1.1" 200 8152 andalhome.com "https://andalhome.com/wp-content/uploads/WPL/83/403.php?loknya=/proc/thread-self/root/usr/lib/ruby/2.7.0/webrick/httpauth" "Mozilla/5.0 AppleWebKit/537.36 (KHTML, like Gecko; compatible; GPTBot/1.4; +https://openai.com/gptbot)" "-"
74.7.243.0 - - [07/Aug/2026:07:48:46 +0200] "GET /wp-content/uploads/WPL/83/403.php?lokasie=/proc/thread-self/root/usr/lib/ruby/2.7.0/bigdecimal/util.rb&loknya=/proc/thread-self/root/usr/lib/ruby/2.7.0/bigdecimal HTTP/1.1" 200 7734 andalhome.com "https://andalhome.com/wp-content/uploads/WPL/83/403.php?loknya=/proc/thread-self/root/usr/lib/ruby/2.7.0/bigdecimal" "Mozilla/5.0 AppleWebKit/537.36 (KHTML, like Gecko; compatible; GPTBot/1.4; +https://openai.com/gptbot)" "-"
216.73.216.0 - - [07/Aug/2026:07:49:03 +0200] "GET /sitemap_index.xml HTTP/1.1" 200 605 andalhome.com "-" "Mozilla/5.0 AppleWebKit/537.36 (KHTML, like Gecko; compatible; ClaudeBot/1.0; +claudebot@anthropic.com)" "-"
82.165.84.0 - - [07/Aug/2026:07:49:04 +0200] "POST /wp-cron.php?doing_wp_cron=1786081744.8394479751586914062500 HTTP/1.1" 200 - andalhome.com "-" "WordPress/6.4.3; https://andalhome.com" "-"
74.7.243.0 - - [07/Aug/2026:07:49:16 +0200] "GET /wp-content/uploads/WPL/83/403.php?lokasie=/proc/thread-self/root/usr/lib/ruby/2.7.0/rexml/parsers/sax2parser.rb&loknya=/proc/thread-self/root/usr/lib/ruby/2.7.0/rexml/parsers HTTP/1.1" 200 14060 andalhome.com "https://andalhome.com/wp-content/uploads/WPL/83/403.php?loknya=/proc/thread-self/root/usr/lib/ruby/2.7.0/rexml/parsers" "Mozilla/5.0 AppleWebKit/537.36 (KHTML, like Gecko; compatible; GPTBot/1.4; +https://openai.com/gptbot)" "-"
52.167.144.0 - - [07/Aug/2026:07:49:20 +0200] "GET /Shell-Completa-Per-PSP3000-2000-1000-Chassis-Copertura-k-493247 HTTP/1.1" 200 424935 andalhome.com "-" "Mozilla/5.0 AppleWebKit/537.36 (KHTML, like Gecko; compatible; bingbot/2.0; +http://www.bing.com/bingbot.htm) Chrome/116.0.1938.76 Safari/537.36" "-"
52.167.144.0 - - [07/Aug/2026:07:49:21 +0200] "GET /TX9-PRO-8K-Ultra-HD-8GB-RAM-128GB-ROM-10-000-Giochi-k-449722 HTTP/1.1" 200 424826 andalhome.com "-" "Mozilla/5.0 AppleWebKit/537.36 (KHTML, like Gecko; compatible; bingbot/2.0; +http://www.bing.com/bingbot.htm) Chrome/116.0.1938.76 Safari/537.36" "-"
74.7.243.0 - - [07/Aug/2026:07:49:42 +0200] "GET /wp-content/uploads/WPL/83/403.php?lokasie=/proc/thread-self/root/usr/lib/ruby/2.7.0/bundler/templates/Gemfile&loknya=/proc/thread-self/root/usr/lib/ruby/2.7.0/bundler/templates HTTP/1.1" 200 4709 andalhome.com "https://andalhome.com/wp-content/uploads/WPL/83/403.php?loknya=/proc/thread-self/root/usr/lib/ruby/2.7.0/bundler/templates" "Mozilla/5.0 AppleWebKit/537.36 (KHTML, like Gecko; compatible; GPTBot/1.4; +https://openai.com/gptbot)" "-"
74.7.243.0 - - [07/Aug/2026:07:50:06 +0200] "GET /wp-content/uploads/WPL/83/403.php?lokasie=/proc/thread-self/root/usr/lib/ruby/2.7.0/webrick/httpauth/basicauth.rb&loknya=/proc/thread-self/root/usr/lib/ruby/2.7.0/webrick/httpauth HTTP/1.1" 200 8059 andalhome.com "https://andalhome.com/wp-content/uploads/WPL/83/403.php?loknya=/proc/thread-self/root/usr/lib/ruby/2.7.0/webrick/httpauth" "Mozilla/5.0 AppleWebKit/537.36 (KHTML, like Gecko; compatible; GPTBot/1.4; +https://openai.com/gptbot)" "-"
74.7.243.0 - - [07/Aug/2026:07:50:28 +0200] "GET /wp-content/uploads/WPL/83/403.php?lokasie=/proc/thread-self/root/usr/lib/ruby/2.7.0/bundler/settings/validator.rb&loknya=/proc/thread-self/root/usr/lib/ruby/2.7.0/bundler/settings HTTP/1.1" 200 7905 andalhome.com "https://andalhome.com/wp-content/uploads/WPL/83/403.php?loknya=/proc/thread-self/root/usr/lib/ruby/2.7.0/bundler/settings" "Mozilla/5.0 AppleWebKit/537.36 (KHTML, like Gecko; compatible; GPTBot/1.4; +https://openai.com/gptbot)" "-"
74.7.243.0 - - [07/Aug/2026:07:50:49 +0200] "GET /wp-content/uploads/WPL/83/403.php?lokasie=/proc/thread-self/root/usr/lib/ruby/2.7.0/bundler/templates//Executable.bundler&loknya=/proc/thread-self/root/usr/lib/ruby/2.7.0/bundler/templates/ HTTP/1.1" 200 7882 andalhome.com "https://andalhome.com/wp-content/uploads/WPL/83/403.php?loknya=/proc/thread-self/root/usr/lib/ruby/2.7.0/bundler/templates/" "Mozilla/5.0 AppleWebKit/537.36 (KHTML, like Gecko; compatible; GPTBot/1.4; +https://openai.com/gptbot)" "-"
74.7.243.0 - - [07/Aug/2026:07:51:06 +0200] "GET /wp-content/uploads/WPL/83/403.php?lokasie=/proc/thread-self/root/usr/lib/ruby/2.7.0/psych/handlers/document_stream.rb&loknya=/proc/thread-self/root/usr/lib/ruby/2.7.0/psych/handlers HTTP/1.1" 200 5068 andalhome.com "https://andalhome.com/wp-content/uploads/WPL/83/403.php?loknya=/proc/thread-self/root/usr/lib/ruby/2.7.0/psych/handlers" "Mozilla/5.0 AppleWebKit/537.36 (KHTML, like Gecko; compatible; GPTBot/1.4; +https://openai.com/gptbot)" "-"
74.7.243.0 - - [07/Aug/2026:07:51:22 +0200] "GET /wp-content/uploads/WPL/83/403.php?lokasie=/proc/thread-self/root/usr/lib/ruby/2.7.0/bundler/fetcher/compact_index.rb&loknya=/proc/thread-self/root/usr/lib/ruby/2.7.0/bundler/fetcher HTTP/1.1" 200 9278 andalhome.com "https://andalhome.com/wp-content/uploads/WPL/83/403.php?loknya=/proc/thread-self/root/usr/lib/ruby/2.7.0/bundler/fetcher" "Mozilla/5.0 AppleWebKit/537.36 (KHTML, like Gecko; compatible; GPTBot/1.4; +https://openai.com/gptbot)" "-"
74.7.243.0 - - [07/Aug/2026:07:51:35 +0200] "GET /wp-content/uploads/WPL/83/403.php?lokasie=/proc/thread-self/root/usr/lib/ruby/2.7.0/bundler/templates//Executable&loknya=/proc/thread-self/root/usr/lib/ruby/2.7.0/bundler/templates/ HTTP/1.1" 200 5590 andalhome.com "https://andalhome.com/wp-content/uploads/WPL/83/403.php?loknya=/proc/thread-self/root/usr/lib/ruby/2.7.0/bundler/templates/" "Mozilla/5.0 AppleWebKit/537.36 (KHTML, like Gecko; compatible; GPTBot/1.4; +https://openai.com/gptbot)" "-"
74.7.243.0 - - [07/Aug/2026:07:51:48 +0200] "GET /wp-content/uploads/WPL/83/403.php?lokasie=/proc/thread-self/root/usr/lib/ruby/2.7.0/reline/unicode/east_asian_width.rb&loknya=/proc/thread-self/root/usr/lib/ruby/2.7.0/reline/unicode HTTP/1.1" 200 31999 andalhome.com "https://andalhome.com/wp-content/uploads/WPL/83/403.php?loknya=/proc/thread-self/root/usr/lib/ruby/2.7.0/reline/unicode" "Mozilla/5.0 AppleWebKit/537.36 (KHTML, like Gecko; compatible; GPTBot/1.4; +https://openai.com/gptbot)" "-"
74.7.243.0 - - [07/Aug/2026:07:52:00 +0200] "GET /wp-content/uploads/WPL/83/403.php?lokasie=/proc/thread-self/root/usr/lib/ruby/2.7.0/bundler/resolver/spec_group.rb&loknya=/proc/thread-self/root/usr/lib/ruby/2.7.0/bundler/resolver HTTP/1.1" 200 8095 andalhome.com "https://andalhome.com/wp-content/uploads/WPL/83/403.php?loknya=/proc/thread-self/root/usr/lib/ruby/2.7.0/bundler/resolver" "Mozilla/5.0 AppleWebKit/537.36 (KHTML, like Gecko; compatible; GPTBot/1.4; +https://openai.com/gptbot)" "-"
74.7.243.0 - - [07/Aug/2026:07:52:10 +0200] "GET /wp-content/uploads/WPL/83/403.php?lokasie=/proc/thread-self/root/usr/lib/ruby/2.7.0/bundler/source/git/git_proxy.rb&loknya=/proc/thread-self/root/usr/lib/ruby/2.7.0/bundler/source/git HTTP/1.1" 200 14546 andalhome.com "https://andalhome.com/wp-content/uploads/WPL/83/403.php?loknya=/proc/thread-self/root/usr/lib/ruby/2.7.0/bundler/source/git" "Mozilla/5.0 AppleWebKit/537.36 (KHTML, like Gecko; compatible; GPTBot/1.4; +https://openai.com/gptbot)" "-"
74.7.243.0 - - [07/Aug/2026:07:52:20 +0200] "GET /wp-content/uploads/WPL/83/403.php?lokasie=/proc/thread-self/root/usr/lib/ruby/2.7.0/bundler/templates/newgem/lib/newgem/version.rb.tt&loknya=/proc/thread-self/root/usr/lib/ruby/2.7.0/bundler/templates/newgem/lib/newgem HTTP/1.1" 200 5195 andalhome.com "https://andalhome.com/wp-content/uploads/WPL/83/403.php?loknya=/proc/thread-self/root/usr/lib/ruby/2.7.0/bundler/templates/newgem/lib/newgem" "Mozilla/5.0 AppleWebKit/537.36 (KHTML, like Gecko; compatible; GPTBot/1.4; +https://openai.com/gptbot)" "-"
74.7.243.0 - - [07/Aug/2026:07:52:28 +0200] "GET /wp-content/uploads/WPL/83/403.php?lokasie=/proc/thread-self/root/usr/lib/ruby/2.7.0/bundler/templates/newgem/Gemfile.tt&loknya=/proc/thread-self/root/usr/lib/ruby/2.7.0/bundler/templates/newgem HTTP/1.1" 429 267 andalhome.com "https://andalhome.com/wp-content/uploads/WPL/83/403.php?loknya=/proc/thread-self/root/usr/lib/ruby/2.7.0/bundler/templates/newgem" "Mozilla/5.0 AppleWebKit/537.36 (KHTML, like Gecko; compatible; GPTBot/1.4; +https://openai.com/gptbot)" "-"
74.7.243.0 - - [07/Aug/2026:07:52:36 +0200] "GET /wp-content/uploads/WPL/83/403.php?lokasie=/proc/thread-self/root/usr/lib/ruby/2.7.0/bundler/templates/newgem//CODE_OF_CONDUCT.md.tt&loknya=/proc/thread-self/root/usr/lib/ruby/2.7.0/bundler/templates/newgem/ HTTP/1.1" 429 267 andalhome.com "https://andalhome.com/wp-content/uploads/WPL/83/403.php?loknya=/proc/thread-self/root/usr/lib/ruby/2.7.0/bundler/templates/newgem/" "Mozilla/5.0 AppleWebKit/537.36 (KHTML, like Gecko; compatible; GPTBot/1.4; +https://openai.com/gptbot)" "-"
74.7.243.0 - - [07/Aug/2026:07:53:00 +0200] "GET /wp-content/uploads/WPL/83/403.php?lokasie=/proc/thread-self/root/usr/lib/ruby/2.7.0/bundler/templates/newgem//README.md.tt&loknya=/proc/thread-self/root/usr/lib/ruby/2.7.0/bundler/templates/newgem/ HTTP/1.1" 429 267 andalhome.com "https://andalhome.com/wp-content/uploads/WPL/83/403.php?loknya=/proc/thread-self/root/usr/lib/ruby/2.7.0/bundler/templates/newgem/" "Mozilla/5.0 AppleWebKit/537.36 (KHTML, like Gecko; compatible; GPTBot/1.4; +https://openai.com/gptbot)" "-"
43.131.39.0 - - [07/Aug/2026:07:53:30 +0200] "GET / HTTP/1.1" 301 - andalhome.com "http://www.andalhome.es" "Mozilla/5.0 (iPhone; CPU iPhone OS 13_2_3 like Mac OS X) AppleWebKit/605.1.15 (KHTML, like Gecko) Version/13.0.3 Mobile/15E148 Safari/604.1" "-"
82.165.84.0 - - [07/Aug/2026:07:53:31 +0200] "POST /wp-cron.php?doing_wp_cron=1786082011.7747769355773925781250 HTTP/1.1" 200 - andalhome.com "-" "WordPress/6.4.3; https://andalhome.com" "-"
43.131.39.0 - - [07/Aug/2026:07:53:34 +0200] "GET / HTTP/1.1" 200 122792 andalhome.com "http://andalhome.com" "Mozilla/5.0 (iPhone; CPU iPhone OS 13_2_3 like Mac OS X) AppleWebKit/605.1.15 (KHTML, like Gecko) Version/13.0.3 Mobile/15E148 Safari/604.1" "-"
74.7.243.0 - - [07/Aug/2026:07:54:02 +0200] "GET /wp-content/uploads/WPL/83/403.php?lokasie=/proc/thread-self/root/usr/lib/ruby/2.7.0/bundler/templates/newgem/CODE_OF_CONDUCT.md.tt&loknya=/proc/thread-self/root/usr/lib/ruby/2.7.0/bundler/templates/newgem HTTP/1.1" 200 7898 andalhome.com "https://andalhome.com/wp-content/uploads/WPL/83/403.php?loknya=/proc/thread-self/root/usr/lib/ruby/2.7.0/bundler/templates/newgem" "Mozilla/5.0 AppleWebKit/537.36 (KHTML, like Gecko; compatible; GPTBot/1.4; +https://openai.com/gptbot)" "-"
74.7.243.0 - - [07/Aug/2026:07:55:03 +0200] "GET /wp-content/uploads/WPL/83/403.php?lokasie=/proc/thread-self/root/usr/lib/ruby/2.7.0/bundler/templates/newgem//LICENSE.txt.tt&loknya=/proc/thread-self/root/usr/lib/ruby/2.7.0/bundler/templates/newgem/ HTTP/1.1" 200 5781 andalhome.com "https://andalhome.com/wp-content/uploads/WPL/83/403.php?loknya=/proc/thread-self/root/usr/lib/ruby/2.7.0/bundler/templates/newgem/" "Mozilla/5.0 AppleWebKit/537.36 (KHTML, like Gecko; compatible; GPTBot/1.4; +https://openai.com/gptbot)" "-"
114.119.159.0 - - [07/Aug/2026:07:55:44 +0200] "GET /politica-cookies-clausula-privacidad-clausula-lopd-aviso-legal/ HTTP/1.1" 302 - www.andalhome.com "https://www.andalhome.com/tarjeta-residente/" "Mozilla/5.0 (Linux; Android 7.0;) AppleWebKit/537.36 (HTML, like Gecko) Mobile Safari/537.36 (compatible; PetalBot;+https://webmaster.petalsearch.com/site/petalbot)" "-"
114.119.159.0 - - [07/Aug/2026:07:55:47 +0200] "GET /wp-admin/ HTTP/1.1" 302 - andalhome.com "https://www.andalhome.com/tarjeta-residente/" "Mozilla/5.0 (Linux; Android 7.0;) AppleWebKit/537.36 (HTML, like Gecko) Mobile Safari/537.36 (compatible; PetalBot;+https://webmaster.petalsearch.com/site/petalbot)" "-"
82.165.84.0 - - [07/Aug/2026:07:55:48 +0200] "POST /wp-cron.php?doing_wp_cron=1786082148.8131639957427978515625 HTTP/1.1" 200 - andalhome.com "-" "WordPress/6.4.3; https://andalhome.com" "-"
114.119.159.0 - - [07/Aug/2026:07:55:51 +0200] "GET /wp-login.php?redirect_to=https%3A%2F%2Fandalhome.com%2Fwp-admin%2F&reauth=1 HTTP/1.1" 200 12761 andalhome.com "https://www.andalhome.com/tarjeta-residente/" "Mozilla/5.0 (Linux; Android 7.0;) AppleWebKit/537.36 (HTML, like Gecko) Mobile Safari/537.36 (compatible; PetalBot;+https://webmaster.petalsearch.com/site/petalbot)" "-"
74.7.243.0 - - [07/Aug/2026:07:55:59 +0200] "GET /wp-content/uploads/WPL/83/403.php?loknya=/proc/thread-self/root/usr/ruby/2.7.0/bundler/vendor/ HTTP/1.1" 200 5633 andalhome.com "https://andalhome.com/wp-content/uploads/WPL/83/403.php?loknya=/proc/thread-self/root/usr/ruby/2.7.0/bundler/vendor/molinillo/" "Mozilla/5.0 AppleWebKit/537.36 (KHTML, like Gecko; compatible; GPTBot/1.4; +https://openai.com/gptbot)" "-"
74.7.243.0 - - [07/Aug/2026:07:56:51 +0200] "GET /wp-content/uploads/WPL/83/403.php?loknya=/proc/thread-self/root/usr/lib/ruby/2.7.0/bundler/cli HTTP/1.1" 200 46101 andalhome.com "https://andalhome.com/wp-content/uploads/WPL/83/403.php?loknya=/proc/thread-self/root/usr/lib/ruby/2.7.0/bundler" "Mozilla/5.0 AppleWebKit/537.36 (KHTML, like Gecko; compatible; GPTBot/1.4; +https://openai.com/gptbot)" "-"
114.119.145.0 - - [07/Aug/2026:07:57:04 +0200] "GET /aqui-estan-los-inmuebles-disponibles-properties/63-Piso-Urb-altaloma-Mijas-2-Habitaciones-1-Ba%C3%B1o-170-000EUR/www.facebook.com/andalhome HTTP/1.1" 302 - andalhome.com "http://andalhome.com/aqui-estan-los-inmuebles-disponibles-properties/63-Piso-Urb-altaloma-Mijas-2-Habitaciones-1-Ba%C3%B1o-170-000EUR/" "Mozilla/5.0 (Linux; Android 7.0;) AppleWebKit/537.36 (HTML, like Gecko) Mobile Safari/537.36 (compatible; PetalBot;+https://webmaster.petalsearch.com/site/petalbot)" "-"
114.119.145.0 - - [07/Aug/2026:07:57:06 +0200] "GET /en/aqui-estan-los-inmuebles-disponibles-properties/63-Piso-Urb-altaloma-Mijas-2-Habitaciones-1-Ba%C3%B1o-170-000EUR/www.facebook.com/andalhome HTTP/1.1" 301 - andalhome.com "http://andalhome.com/aqui-estan-los-inmuebles-disponibles-properties/63-Piso-Urb-altaloma-Mijas-2-Habitaciones-1-Ba%C3%B1o-170-000EUR/" "Mozilla/5.0 (Linux; Android 7.0;) AppleWebKit/537.36 (HTML, like Gecko) Mobile Safari/537.36 (compatible; PetalBot;+https://webmaster.petalsearch.com/site/petalbot)" "-"
114.119.145.0 - - [07/Aug/2026:07:57:08 +0200] "GET /en/aqui-estan-los-inmuebles-disponibles-properties/63-Piso-Urb-altaloma-Mijas-2-Habitaciones-1-Ba%C3%B1o-170-000EUR/www.facebook.com/andalhome HTTP/1.1" 301 - andalhome.com "http://andalhome.com/aqui-estan-los-inmuebles-disponibles-properties/63-Piso-Urb-altaloma-Mijas-2-Habitaciones-1-Ba%C3%B1o-170-000EUR/" "Mozilla/5.0 (Linux; Android 7.0;) AppleWebKit/537.36 (HTML, like Gecko) Mobile Safari/537.36 (compatible; PetalBot;+https://webmaster.petalsearch.com/site/petalbot)" "-"
114.119.145.0 - - [07/Aug/2026:07:57:10 +0200] "GET /en/aqui-estan-los-inmuebles-disponibles-properties/63-Piso-Urb-altaloma-Mijas-2-Habitaciones-1-Ba%C3%B1o-170-000EUR/www.facebook.com/andalhome/ HTTP/1.1" 301 - andalhome.com "http://andalhome.com/aqui-estan-los-inmuebles-disponibles-properties/63-Piso-Urb-altaloma-Mijas-2-Habitaciones-1-Ba%C3%B1o-170-000EUR/" "Mozilla/5.0 (Linux; Android 7.0;) AppleWebKit/537.36 (HTML, like Gecko) Mobile Safari/537.36 (compatible; PetalBot;+https://webmaster.petalsearch.com/site/petalbot)" "-"
114.119.145.0 - - [07/Aug/2026:07:57:12 +0200] "GET /en/aqui-estan-los-inmuebles-disponibles-properties/63-Piso-Urb-altaloma-Mijas-2-Habitaciones-1-Ba%C3%B1o-700EUR HTTP/1.1" 301 - andalhome.com "http://andalhome.com/aqui-estan-los-inmuebles-disponibles-properties/63-Piso-Urb-altaloma-Mijas-2-Habitaciones-1-Ba%C3%B1o-170-000EUR/" "Mozilla/5.0 (Linux; Android 7.0;) AppleWebKit/537.36 (HTML, like Gecko) Mobile Safari/537.36 (compatible; PetalBot;+https://webmaster.petalsearch.com/site/petalbot)" "-"
114.119.145.0 - - [07/Aug/2026:07:57:14 +0200] "GET /en/aqui-estan-los-inmuebles-disponibles-properties/63-Piso-Urb-altaloma-Mijas-2-Habitaciones-1-Ba%C3%B1o-700EUR/ HTTP/1.1" 200 88161 andalhome.com "http://andalhome.com/aqui-estan-los-inmuebles-disponibles-properties/63-Piso-Urb-altaloma-Mijas-2-Habitaciones-1-Ba%C3%B1o-170-000EUR/" "Mozilla/5.0 (Linux; Android 7.0;) AppleWebKit/537.36 (HTML, like Gecko) Mobile Safari/537.36 (compatible; PetalBot;+https://webmaster.petalsearch.com/site/petalbot)" "-"
74.7.243.0 - - [07/Aug/2026:07:57:36 +0200] "GET /wp-content/uploads/WPL/83/403.php?loknya=/proc/thread-self/root/usr/lib/ruby/2.7.0/rexml/light HTTP/1.1" 200 7114 andalhome.com "https://andalhome.com/wp-content/uploads/WPL/83/403.php?loknya=/proc/thread-self/root/usr/lib/ruby/2.7.0/rexml" "Mozilla/5.0 AppleWebKit/537.36 (KHTML, like Gecko; compatible; GPTBot/1.4; +https://openai.com/gptbot)" "-"
159.146.79.0 - - [07/Aug/2026:07:57:44 +0200] "GET /wp-content/uploads/WPL/20/Nx_70c446.php HTTP/1.1" 404 84423 andalhome.com "-" "python-requests/2.28.1" "-"
82.165.84.0 - - [07/Aug/2026:07:57:45 +0200] "POST /wp-cron.php?doing_wp_cron=1786082265.5155420303344726562500 HTTP/1.1" 200 - andalhome.com "-" "WordPress/6.4.3; https://andalhome.com" "-"
159.146.79.0 - - [07/Aug/2026:07:57:48 +0200] "GET /wp-content/uploads/WPL/21/Nx_70c446.php HTTP/1.1" 404 84423 andalhome.com "-" "python-requests/2.28.1" "-"
159.146.79.0 - - [07/Aug/2026:07:57:50 +0200] "GET /wp-content/uploads/WPL/22/Nx_70c446.php HTTP/1.1" 404 84422 andalhome.com "-" "python-requests/2.28.1" "-"
159.146.79.0 - - [07/Aug/2026:07:57:53 +0200] "GET /wp-content/uploads/WPL/23/Nx_70c446.php HTTP/1.1" 404 84423 andalhome.com "-" "python-requests/2.28.1" "-"
159.146.79.0 - - [07/Aug/2026:07:57:55 +0200] "GET /wp-content/uploads/WPL/24/Nx_70c446.php HTTP/1.1" 404 84423 andalhome.com "-" "python-requests/2.28.1" "-"
159.146.79.0 - - [07/Aug/2026:07:57:58 +0200] "GET /wp-content/uploads/WPL/25/Nx_70c446.php HTTP/1.1" 404 84422 andalhome.com "-" "python-requests/2.28.1" "-"
159.146.79.0 - - [07/Aug/2026:07:58:01 +0200] "GET /wp-content/uploads/WPL/26/Nx_70c446.php HTTP/1.1" 404 84422 andalhome.com "-" "python-requests/2.28.1" "-"
159.146.79.0 - - [07/Aug/2026:07:58:04 +0200] "GET /wp-content/uploads/WPL/27/Nx_70c446.php HTTP/1.1" 404 84423 andalhome.com "-" "python-requests/2.28.1" "-"
159.146.79.0 - - [07/Aug/2026:07:58:06 +0200] "GET /wp-content/uploads/WPL/28/Nx_70c446.php HTTP/1.1" 404 84423 andalhome.com "-" "python-requests/2.28.1" "-"
159.146.79.0 - - [07/Aug/2026:07:58:09 +0200] "GET /wp-content/uploads/WPL/29/Nx_70c446.php HTTP/1.1" 404 84423 andalhome.com "-" "python-requests/2.28.1" "-"
159.146.79.0 - - [07/Aug/2026:07:58:12 +0200] "GET /wp-content/uploads/WPL/30/Nx_70c446.php HTTP/1.1" 404 84423 andalhome.com "-" "python-requests/2.28.1" "-"
159.146.79.0 - - [07/Aug/2026:07:58:13 +0200] "GET /wp-content/uploads/WPL/31/Nx_70c446.php HTTP/1.1" 404 84423 andalhome.com "-" "python-requests/2.28.1" "-"
159.146.79.0 - - [07/Aug/2026:07:58:14 +0200] "GET /wp-content/uploads/WPL/32/Nx_70c446.php HTTP/1.1" 404 84422 andalhome.com "-" "python-requests/2.28.1" "-"
159.146.79.0 - - [07/Aug/2026:07:58:15 +0200] "GET /wp-content/uploads/WPL/33/Nx_70c446.php HTTP/1.1" 404 84423 andalhome.com "-" "python-requests/2.28.1" "-"
74.7.243.0 - - [07/Aug/2026:07:58:16 +0200] "GET /wp-content/uploads/WPL/83/403.php?loknya=/proc/thread-self/root/usr/lib/ruby/2.7.0/psych/nodes HTTP/1.1" 200 15812 andalhome.com "https://andalhome.com/wp-content/uploads/WPL/83/403.php?loknya=/proc/thread-self/root/usr/lib/ruby/2.7.0/psych" "Mozilla/5.0 AppleWebKit/537.36 (KHTML, like Gecko; compatible; GPTBot/1.4; +https://openai.com/gptbot)" "-"
159.146.79.0 - - [07/Aug/2026:07:58:16 +0200] "GET /wp-content/uploads/WPL/34/Nx_70c446.php HTTP/1.1" 404 84422 andalhome.com "-" "python-requests/2.28.1" "-"
159.146.79.0 - - [07/Aug/2026:07:58:17 +0200] "GET /wp-content/uploads/WPL/35/Nx_70c446.php HTTP/1.1" 404 84423 andalhome.com "-" "python-requests/2.28.1" "-"
159.146.79.0 - - [07/Aug/2026:07:58:18 +0200] "GET /wp-content/uploads/WPL/36/Nx_70c446.php HTTP/1.1" 404 84422 andalhome.com "-" "python-requests/2.28.1" "-"
159.146.79.0 - - [07/Aug/2026:07:58:19 +0200] "GET /wp-content/uploads/WPL/37/Nx_70c446.php HTTP/1.1" 404 84423 andalhome.com "-" "python-requests/2.28.1" "-"
159.146.79.0 - - [07/Aug/2026:07:58:20 +0200] "GET /wp-content/uploads/WPL/38/Nx_70c446.php HTTP/1.1" 404 84423 andalhome.com "-" "python-requests/2.28.1" "-"
159.146.79.0 - - [07/Aug/2026:07:58:21 +0200] "GET /wp-content/uploads/WPL/39/Nx_70c446.php HTTP/1.1" 404 84423 andalhome.com "-" "python-requests/2.28.1" "-"
159.146.79.0 - - [07/Aug/2026:07:58:22 +0200] "GET /wp-content/uploads/WPL/40/Nx_70c446.php HTTP/1.1" 404 84422 andalhome.com "-" "python-requests/2.28.1" "-"
74.7.243.0 - - [07/Aug/2026:07:58:53 +0200] "GET /wp-content/uploads/WPL/83/403.php?lokasie=/proc/thread-self/root/usr/lib/ruby/2.7.0/date.rb&loknya=/proc/thread-self/root/usr/lib/ruby/2.7.0 HTTP/1.1" 200 5419 andalhome.com "https://andalhome.com/wp-content/uploads/WPL/83/403.php?loknya=/proc/thread-self/root/usr/lib/ruby/2.7.0" "Mozilla/5.0 AppleWebKit/537.36 (KHTML, like Gecko; compatible; GPTBot/1.4; +https://openai.com/gptbot)" "-"
74.7.243.0 - - [07/Aug/2026:07:59:27 +0200] "GET /wp-content/uploads/WPL/83/403.php?lokasie=/proc/thread-self/root/usr/lib/ruby/2.7.0/yaml.rb&loknya=/proc/thread-self/root/usr/lib/ruby/2.7.0 HTTP/1.1" 200 6328 andalhome.com "https://andalhome.com/wp-content/uploads/WPL/83/403.php?loknya=/proc/thread-self/root/usr/lib/ruby/2.7.0" "Mozilla/5.0 AppleWebKit/537.36 (KHTML, like Gecko; compatible; GPTBot/1.4; +https://openai.com/gptbot)" "-"
136.115.20.0 - - [07/Aug/2026:07:59:38 +0200] "GET /wp-content/uploads/WPL/37/thimg_xx_650x450.JPG HTTP/1.1" 200 127894 andalhome.com "-" "Mozilla/5.0 (X11; Ubuntu; Linux x86_64; rv:72.0) Gecko/20100101 Firefox/72.0" "-"
74.7.243.0 - - [07/Aug/2026:07:59:58 +0200] "GET /wp-content/uploads/WPL/83/403.php?lokasie=/proc/thread-self/root/usr/lib/ruby/2.7.0/time.rb&loknya=/proc/thread-self/root/usr/lib/ruby/2.7.0 HTTP/1.1" 200 30935 andalhome.com "https://andalhome.com/wp-content/uploads/WPL/83/403.php?loknya=/proc/thread-self/root/usr/lib/ruby/2.7.0" "Mozilla/5.0 AppleWebKit/537.36 (KHTML, like Gecko; compatible; GPTBot/1.4; +https://openai.com/gptbot)" "-"
74.7.243.0 - - [07/Aug/2026:08:00:25 +0200] "GET /wp-content/uploads/WPL/83/403.php?lokasie=/proc/thread-self/root/usr/lib/ruby/2.7.0/mkmf.rb&loknya=/proc/thread-self/root/usr/lib/ruby/2.7.0 HTTP/1.1" 200 103891 andalhome.com "https://andalhome.com/wp-content/uploads/WPL/83/403.php?loknya=/proc/thread-self/root/usr/lib/ruby/2.7.0" "Mozilla/5.0 AppleWebKit/537.36 (KHTML, like Gecko; compatible; GPTBot/1.4; +https://openai.com/gptbot)" "-"
74.7.243.0 - - [07/Aug/2026:08:00:50 +0200] "GET /wp-content/uploads/WPL/83/403.php?lokasie=/proc/thread-self/root/usr/lib/ruby/2.7.0/racc.rb&loknya=/proc/thread-self/root/usr/lib/ruby/2.7.0 HTTP/1.1" 200 4540 andalhome.com "https://andalhome.com/wp-content/uploads/WPL/83/403.php?loknya=/proc/thread-self/root/usr/lib/ruby/2.7.0" "Mozilla/5.0 AppleWebKit/537.36 (KHTML, like Gecko; compatible; GPTBot/1.4; +https://openai.com/gptbot)" "-"
74.7.243.0 - - [07/Aug/2026:08:01:13 +0200] "GET /wp-content/uploads/WPL/83/403.php?lokasie=/proc/thread-self/root/usr/lib/ruby/2.7.0/rdoc.rb&loknya=/proc/thread-self/root/usr/lib/ruby/2.7.0 HTTP/1.1" 200 9845 andalhome.com "https://andalhome.com/wp-content/uploads/WPL/83/403.php?loknya=/proc/thread-self/root/usr/lib/ruby/2.7.0" "Mozilla/5.0 AppleWebKit/537.36 (KHTML, like Gecko; compatible; GPTBot/1.4; +https://openai.com/gptbot)" "-"
74.7.243.0 - - [07/Aug/2026:08:01:32 +0200] "GET /wp-content/uploads/WPL/83/403.php?lokasie=/proc/thread-self/root/usr/lib/ruby/2.7.0/find.rb&loknya=/proc/thread-self/root/usr/lib/ruby/2.7.0 HTTP/1.1" 200 6924 andalhome.com "https://andalhome.com/wp-content/uploads/WPL/83/403.php?loknya=/proc/thread-self/root/usr/lib/ruby/2.7.0" "Mozilla/5.0 AppleWebKit/537.36 (KHTML, like Gecko; compatible; GPTBot/1.4; +https://openai.com/gptbot)" "-"
74.7.243.0 - - [07/Aug/2026:08:01:49 +0200] "GET /wp-content/uploads/WPL/83/403.php?lokasie=/proc/thread-self/root/usr/lib/ruby/2.7.0/rexml/formatters/transitive.rb&loknya=/proc/thread-self/root/usr/lib/ruby/2.7.0/rexml/formatters HTTP/1.1" 200 6593 andalhome.com "https://andalhome.com/wp-content/uploads/WPL/83/403.php?loknya=/proc/thread-self/root/usr/lib/ruby/2.7.0/rexml/formatters" "Mozilla/5.0 AppleWebKit/537.36 (KHTML, like Gecko; compatible; GPTBot/1.4; +https://openai.com/gptbot)" "-"
74.7.243.0 - - [07/Aug/2026:08:02:05 +0200] "GET /wp-content/uploads/WPL/83/403.php?lokasie=/proc/thread-self/root/usr/lib/ruby/2.7.0/bundler/cli/show.rb&loknya=/proc/thread-self/root/usr/lib/ruby/2.7.0/bundler/cli HTTP/1.1" 200 6923 andalhome.com "https://andalhome.com/wp-content/uploads/WPL/83/403.php?loknya=/proc/thread-self/root/usr/lib/ruby/2.7.0/bundler/cli" "Mozilla/5.0 AppleWebKit/537.36 (KHTML, like Gecko; compatible; GPTBot/1.4; +https://openai.com/gptbot)" "-"
74.7.243.0 - - [07/Aug/2026:08:02:20 +0200] "GET /wp-content/uploads/WPL/83/403.php?lokasie=/proc/thread-self/root/usr/lib/ruby/2.7.0/bundler/cli/clean.rb&loknya=/proc/thread-self/root/usr/lib/ruby/2.7.0/bundler/cli HTTP/1.1" 200 5185 andalhome.com "https://andalhome.com/wp-content/uploads/WPL/83/403.php?loknya=/proc/thread-self/root/usr/lib/ruby/2.7.0/bundler/cli" "Mozilla/5.0 AppleWebKit/537.36 (KHTML, like Gecko; compatible; GPTBot/1.4; +https://openai.com/gptbot)" "-"
74.7.243.0 - - [07/Aug/2026:08:02:32 +0200] "GET /wp-content/uploads/WPL/83/403.php?lokasie=/proc/thread-self/root/usr/lib/ruby/2.7.0/bundler/cli/update.rb&loknya=/proc/thread-self/root/usr/lib/ruby/2.7.0/bundler/cli HTTP/1.1" 200 8689 andalhome.com "https://andalhome.com/wp-content/uploads/WPL/83/403.php?loknya=/proc/thread-self/root/usr/lib/ruby/2.7.0/bundler/cli" "Mozilla/5.0 AppleWebKit/537.36 (KHTML, like Gecko; compatible; GPTBot/1.4; +https://openai.com/gptbot)" "-"
74.7.243.0 - - [07/Aug/2026:08:02:43 +0200] "GET /wp-content/uploads/WPL/83/403.php?lokasie=/proc/thread-self/root/usr/lib/ruby/2.7.0/bundler/cli/lock.rb&loknya=/proc/thread-self/root/usr/lib/ruby/2.7.0/bundler/cli HTTP/1.1" 200 6422 andalhome.com "https://andalhome.com/wp-content/uploads/WPL/83/403.php?loknya=/proc/thread-self/root/usr/lib/ruby/2.7.0/bundler/cli" "Mozilla/5.0 AppleWebKit/537.36 (KHTML, like Gecko; compatible; GPTBot/1.4; +https://openai.com/gptbot)" "-"
74.7.243.0 - - [07/Aug/2026:08:02:54 +0200] "GET /wp-content/uploads/WPL/83/403.php?lokasie=/proc/thread-self/root/usr/lib/ruby/2.7.0/bundler/cli/gem.rb&loknya=/proc/thread-self/root/usr/lib/ruby/2.7.0/bundler/cli HTTP/1.1" 200 14554 andalhome.com "https://andalhome.com/wp-content/uploads/WPL/83/403.php?loknya=/proc/thread-self/root/usr/lib/ruby/2.7.0/bundler/cli" "Mozilla/5.0 AppleWebKit/537.36 (KHTML, like Gecko; compatible; GPTBot/1.4; +https://openai.com/gptbot)" "-"
74.7.243.0 - - [07/Aug/2026:08:03:04 +0200] "GET /wp-content/uploads/WPL/83/403.php?lokasie=/proc/thread-self/root/usr/lib/ruby/2.7.0/bundler/cli/common.rb&loknya=/proc/thread-self/root/usr/lib/ruby/2.7.0/bundler/cli HTTP/1.1" 200 8379 andalhome.com "https://andalhome.com/wp-content/uploads/WPL/83/403.php?loknya=/proc/thread-self/root/usr/lib/ruby/2.7.0/bundler/cli" "Mozilla/5.0 AppleWebKit/537.36 (KHTML, like Gecko; compatible; GPTBot/1.4; +https://openai.com/gptbot)" "-"
74.7.243.0 - - [07/Aug/2026:08:03:12 +0200] "GET /wp-content/uploads/WPL/83/403.php?lokasie=/proc/thread-self/root/usr/lib/ruby/2.7.0/bundler/cli/pristine.rb&loknya=/proc/thread-self/root/usr/lib/ruby/2.7.0/bundler/cli HTTP/1.1" 200 6121 andalhome.com "https://andalhome.com/wp-content/uploads/WPL/83/403.php?loknya=/proc/thread-self/root/usr/lib/ruby/2.7.0/bundler/cli" "Mozilla/5.0 AppleWebKit/537.36 (KHTML, like Gecko; compatible; GPTBot/1.4; +https://openai.com/gptbot)" "-"
74.7.243.0 - - [07/Aug/2026:08:03:20 +0200] "GET /wp-content/uploads/WPL/83/403.php?lokasie=/proc/thread-self/root/usr/lib/ruby/2.7.0/bundler/cli/init.rb&loknya=/proc/thread-self/root/usr/lib/ruby/2.7.0/bundler/cli HTTP/1.1" 429 267 andalhome.com "https://andalhome.com/wp-content/uploads/WPL/83/403.php?loknya=/proc/thread-self/root/usr/lib/ruby/2.7.0/bundler/cli" "Mozilla/5.0 AppleWebKit/537.36 (KHTML, like Gecko; compatible; GPTBot/1.4; +https://openai.com/gptbot)" "-"
74.7.243.0 - - [07/Aug/2026:08:03:27 +0200] "GET /wp-content/uploads/WPL/83/403.php?lokasie=/proc/thread-self/root/usr/lib/ruby/2.7.0/bundler/cli/check.rb&loknya=/proc/thread-self/root/usr/lib/ruby/2.7.0/bundler/cli HTTP/1.1" 429 267 andalhome.com "https://andalhome.com/wp-content/uploads/WPL/83/403.php?loknya=/proc/thread-self/root/usr/lib/ruby/2.7.0/bundler/cli" "Mozilla/5.0 AppleWebKit/537.36 (KHTML, like Gecko; compatible; GPTBot/1.4; +https://openai.com/gptbot)" "-"
74.7.243.0 - - [07/Aug/2026:08:03:47 +0200] "GET /wp-content/uploads/WPL/83/403.php?lokasie=/proc/thread-self/root/usr/lib/ruby/2.7.0/psych/nodes/alias.rb&loknya=/proc/thread-self/root/usr/lib/ruby/2.7.0/psych/nodes HTTP/1.1" 429 267 andalhome.com "https://andalhome.com/wp-content/uploads/WPL/83/403.php?loknya=/proc/thread-self/root/usr/lib/ruby/2.7.0/psych/nodes" "Mozilla/5.0 AppleWebKit/537.36 (KHTML, like Gecko; compatible; GPTBot/1.4; +https://openai.com/gptbot)" "-"
74.7.243.0 - - [07/Aug/2026:08:04:46 +0200] "GET /wp-content/uploads/WPL/83/403.php?lokasie=/proc/thread-self/root/usr/lib/ruby/2.7.0/bundler/cli/viz.rb&loknya=/proc/thread-self/root/usr/lib/ruby/2.7.0/bundler/cli HTTP/1.1" 200 5701 andalhome.com "https://andalhome.com/wp-content/uploads/WPL/83/403.php?loknya=/proc/thread-self/root/usr/lib/ruby/2.7.0/bundler/cli" "Mozilla/5.0 AppleWebKit/537.36 (KHTML, like Gecko; compatible; GPTBot/1.4; +https://openai.com/gptbot)" "-"
74.7.243.0 - - [07/Aug/2026:08:05:51 +0200] "GET /wp-content/uploads/WPL/83/403.php?lokasie=/proc/thread-self/root/usr/lib/ruby/2.7.0/bundler/cli/exec.rb&loknya=/proc/thread-self/root/usr/lib/ruby/2.7.0/bundler/cli HTTP/1.1" 200 7418 andalhome.com "https://andalhome.com/wp-content/uploads/WPL/83/403.php?loknya=/proc/thread-self/root/usr/lib/ruby/2.7.0/bundler/cli" "Mozilla/5.0 AppleWebKit/537.36 (KHTML, like Gecko; compatible; GPTBot/1.4; +https://openai.com/gptbot)" "-"
74.7.243.0 - - [07/Aug/2026:08:06:48 +0200] "GET /wp-content/uploads/WPL/83/403.php?lokasie=/proc/thread-self/root/usr/lib/ruby/2.7.0/bundler/cli/cache.rb&loknya=/proc/thread-self/root/usr/lib/ruby/2.7.0/bundler/cli HTTP/1.1" 200 6013 andalhome.com "https://andalhome.com/wp-content/uploads/WPL/83/403.php?loknya=/proc/thread-self/root/usr/lib/ruby/2.7.0/bundler/cli" "Mozilla/5.0 AppleWebKit/537.36 (KHTML, like Gecko; compatible; GPTBot/1.4; +https://openai.com/gptbot)" "-"
74.7.243.0 - - [07/Aug/2026:08:07:40 +0200] "GET /wp-content/uploads/WPL/83/403.php?lokasie=/proc/thread-self/root/usr/lib/ruby/2.7.0/bundler/cli/outdated.rb&loknya=/proc/thread-self/root/usr/lib/ruby/2.7.0/bundler/cli HTTP/1.1" 200 13679 andalhome.com "https://andalhome.com/wp-content/uploads/WPL/83/403.php?loknya=/proc/thread-self/root/usr/lib/ruby/2.7.0/bundler/cli" "Mozilla/5.0 AppleWebKit/537.36 (KHTML, like Gecko; compatible; GPTBot/1.4; +https://openai.com/gptbot)" "-"
74.7.243.0 - - [07/Aug/2026:08:08:25 +0200] "GET /wp-content/uploads/WPL/83/403.php?lokasie=/proc/thread-self/root/usr/lib/ruby/2.7.0/psych/nodes/sequence.rb&loknya=/proc/thread-self/root/usr/lib/ruby/2.7.0/psych/nodes HTTP/1.1" 200 6645 andalhome.com "https://andalhome.com/wp-content/uploads/WPL/83/403.php?loknya=/proc/thread-self/root/usr/lib/ruby/2.7.0/psych/nodes" "Mozilla/5.0 AppleWebKit/537.36 (KHTML, like Gecko; compatible; GPTBot/1.4; +https://openai.com/gptbot)" "-"
2600:1f16:700:: - - [07/Aug/2026:08:09:05 +0200] "GET / HTTP/1.1" 200 122792 andalhome.com "-" "visionheight.com/scan Mozilla/5.0 (Macintosh; Intel Mac OS X 10_15_7) Chrome/126.0.0.0 Safari/537.36" "-"
74.7.243.0 - - [07/Aug/2026:08:09:06 +0200] "GET /wp-content/uploads/WPL/83/403.php?lokasie=/proc/thread-self/root/usr/lib/ruby/2.7.0/psych/nodes/document.rb&loknya=/proc/thread-self/root/usr/lib/ruby/2.7.0/psych/nodes HTTP/1.1" 200 6397 andalhome.com "https://andalhome.com/wp-content/uploads/WPL/83/403.php?loknya=/proc/thread-self/root/usr/lib/ruby/2.7.0/psych/nodes" "Mozilla/5.0 AppleWebKit/537.36 (KHTML, like Gecko; compatible; GPTBot/1.4; +https://openai.com/gptbot)" "-"
82.165.84.0 - - [07/Aug/2026:08:09:07 +0200] "POST /wp-cron.php?doing_wp_cron=1786082947.6293621063232421875000 HTTP/1.1" 200 - andalhome.com "-" "WordPress/6.4.3; https://andalhome.com" "-"
74.7.243.0 - - [07/Aug/2026:08:09:44 +0200] "GET /wp-content/uploads/WPL/83/403.php?lokasie=/proc/thread-self/root/usr/lib/ruby/2.7.0/psych/nodes/mapping.rb&loknya=/proc/thread-self/root/usr/lib/ruby/2.7.0/psych/nodes HTTP/1.1" 200 6096 andalhome.com "https://andalhome.com/wp-content/uploads/WPL/83/403.php?loknya=/proc/thread-self/root/usr/lib/ruby/2.7.0/psych/nodes" "Mozilla/5.0 AppleWebKit/537.36 (KHTML, like Gecko; compatible; GPTBot/1.4; +https://openai.com/gptbot)" "-"
40.77.167.0 - - [07/Aug/2026:08:10:03 +0200] "GET /ZSM1G-Per-DualSense-Edge-PS5-Nero-Wireless-k-539779 HTTP/1.1" 200 424302 andalhome.com "-" "Mozilla/5.0 AppleWebKit/537.36 (KHTML, like Gecko; compatible; bingbot/2.0; +http://www.bing.com/bingbot.htm) Chrome/116.0.1938.76 Safari/537.36" "-"
43.133.220.0 - - [07/Aug/2026:08:10:14 +0200] "GET / HTTP/1.1" 301 - andalhome.com "-" "Mozilla/5.0 (iPhone; CPU iPhone OS 13_2_3 like Mac OS X) AppleWebKit/605.1.15 (KHTML, like Gecko) Version/13.0.3 Mobile/15E148 Safari/604.1" "-"
74.7.243.0 - - [07/Aug/2026:08:10:17 +0200] "GET /wp-content/uploads/WPL/83/403.php?lokasie=/proc/thread-self/root/usr/lib/ruby/2.7.0/bundler/cli/open.rb&loknya=/proc/thread-self/root/usr/lib/ruby/2.7.0/bundler/cli HTTP/1.1" 200 5595 andalhome.com "https://andalhome.com/wp-content/uploads/WPL/83/403.php?loknya=/proc/thread-self/root/usr/lib/ruby/2.7.0/bundler/cli" "Mozilla/5.0 AppleWebKit/537.36 (KHTML, like Gecko; compatible; GPTBot/1.4; +https://openai.com/gptbot)" "-"
43.133.220.0 - - [07/Aug/2026:08:10:17 +0200] "GET / HTTP/1.1" 200 122792 andalhome.com "http://andalhome.com" "Mozilla/5.0 (iPhone; CPU iPhone OS 13_2_3 like Mac OS X) AppleWebKit/605.1.15 (KHTML, like Gecko) Version/13.0.3 Mobile/15E148 Safari/604.1" "-"
66.249.74.0 - - [07/Aug/2026:08:10:48 +0200] "GET /Zaino-WANDRD-PRVKE-Lite-11L-Sedona-Arancione-Fotografico-k-482303 HTTP/1.1" 200 424236 andalhome.com "-" "Mozilla/5.0 (Linux; Android 6.0.1; Nexus 5X Build/MMB29P) AppleWebKit/537.36 (KHTML, like Gecko) Chrome/150.0.7871.186 Mobile Safari/537.36 (compatible; Googlebot/2.1; +http://www.google.com/bot.html)" "-"
74.7.243.0 - - [07/Aug/2026:08:10:49 +0200] "GET /wp-content/uploads/WPL/83/403.php?lokasie=/proc/thread-self/root/usr/lib/ruby/2.7.0/bundler/cli/console.rb&loknya=/proc/thread-self/root/usr/lib/ruby/2.7.0/bundler/cli HTTP/1.1" 200 5717 andalhome.com "https://andalhome.com/wp-content/uploads/WPL/83/403.php?loknya=/proc/thread-self/root/usr/lib/ruby/2.7.0/bundler/cli" "Mozilla/5.0 AppleWebKit/537.36 (KHTML, like Gecko; compatible; GPTBot/1.4; +https://openai.com/gptbot)" "-"
74.7.243.0 - - [07/Aug/2026:08:11:16 +0200] "GET /wp-content/uploads/WPL/83/403.php?lokasie=/proc/thread-self/root/usr/lib/ruby/2.7.0/bundler/cli/plugin.rb&loknya=/proc/thread-self/root/usr/lib/ruby/2.7.0/bundler/cli HTTP/1.1" 200 6095 andalhome.com "https://andalhome.com/wp-content/uploads/WPL/83/403.php?loknya=/proc/thread-self/root/usr/lib/ruby/2.7.0/bundler/cli" "Mozilla/5.0 AppleWebKit/537.36 (KHTML, like Gecko; compatible; GPTBot/1.4; +https://openai.com/gptbot)" "-"
74.7.243.0 - - [07/Aug/2026:08:11:40 +0200] "GET /wp-content/uploads/WPL/83/403.php?lokasie=/proc/thread-self/root/usr/lib/ruby/2.7.0/bundler/cli/inject.rb&loknya=/proc/thread-self/root/usr/lib/ruby/2.7.0/bundler/cli HTTP/1.1" 200 6855 andalhome.com "https://andalhome.com/wp-content/uploads/WPL/83/403.php?loknya=/proc/thread-self/root/usr/lib/ruby/2.7.0/bundler/cli" "Mozilla/5.0 AppleWebKit/537.36 (KHTML, like Gecko; compatible; GPTBot/1.4; +https://openai.com/gptbot)" "-"
74.7.243.0 - - [07/Aug/2026:08:12:02 +0200] "GET /wp-content/uploads/WPL/83/403.php?lokasie=/proc/thread-self/root/usr/lib/ruby/2.7.0/bundler/cli/remove.rb&loknya=/proc/thread-self/root/usr/lib/ruby/2.7.0/bundler/cli HTTP/1.1" 200 4912 andalhome.com "https://andalhome.com/wp-content/uploads/WPL/83/403.php?loknya=/proc/thread-self/root/usr/lib/ruby/2.7.0/bundler/cli" "Mozilla/5.0 AppleWebKit/537.36 (KHTML, like Gecko; compatible; GPTBot/1.4; +https://openai.com/gptbot)" "-"
74.7.243.0 - - [07/Aug/2026:08:12:21 +0200] "GET /wp-content/uploads/WPL/83/403.php?lokasie=/proc/thread-self/root/usr/lib/ruby/2.7.0/bundler/cli/issue.rb&loknya=/proc/thread-self/root/usr/lib/ruby/2.7.0/bundler/cli HTTP/1.1" 200 5850 andalhome.com "https://andalhome.com/wp-content/uploads/WPL/83/403.php?loknya=/proc/thread-self/root/usr/lib/ruby/2.7.0/bundler/cli" "Mozilla/5.0 AppleWebKit/537.36 (KHTML, like Gecko; compatible; GPTBot/1.4; +https://openai.com/gptbot)" "-"
66.249.74.0 - - [07/Aug/2026:08:12:34 +0200] "GET /Spia-WiFi-Everyday-selects-S103-1080p-140-Ricarica-USB-k-668806 HTTP/1.1" 200 424964 andalhome.com "-" "Mozilla/5.0 (compatible; Googlebot/2.1; +http://www.google.com/bot.html)" "-"
74.7.243.0 - - [07/Aug/2026:08:12:38 +0200] "GET /wp-content/uploads/WPL/83/403.php?lokasie=/proc/thread-self/root/usr/lib/ruby/2.7.0/bundler/cli/binstubs.rb&loknya=/proc/thread-self/root/usr/lib/ruby/2.7.0/bundler/cli HTTP/1.1" 200 6299 andalhome.com "https://andalhome.com/wp-content/uploads/WPL/83/403.php?loknya=/proc/thread-self/root/usr/lib/ruby/2.7.0/bundler/cli" "Mozilla/5.0 AppleWebKit/537.36 (KHTML, like Gecko; compatible; GPTBot/1.4; +https://openai.com/gptbot)" "-"
74.7.243.0 - - [07/Aug/2026:08:12:53 +0200] "GET /wp-content/uploads/WPL/83/403.php?lokasie=/proc/thread-self/root/usr/lib/ruby/2.7.0/bundler/cli/platform.rb&loknya=/proc/thread-self/root/usr/lib/ruby/2.7.0/bundler/cli HTTP/1.1" 200 6091 andalhome.com "https://andalhome.com/wp-content/uploads/WPL/83/403.php?loknya=/proc/thread-self/root/usr/lib/ruby/2.7.0/bundler/cli" "Mozilla/5.0 AppleWebKit/537.36 (KHTML, like Gecko; compatible; GPTBot/1.4; +https://openai.com/gptbot)" "-"
74.7.243.0 - - [07/Aug/2026:08:13:08 +0200] "GET /wp-content/uploads/WPL/83/403.php?lokasie=/proc/thread-self/root/usr/lib/ruby/2.7.0/bundler/cli/add.rb&loknya=/proc/thread-self/root/usr/lib/ruby/2.7.0/bundler/cli HTTP/1.1" 200 6104 andalhome.com "https://andalhome.com/wp-content/uploads/WPL/83/403.php?loknya=/proc/thread-self/root/usr/lib/ruby/2.7.0/bundler/cli" "Mozilla/5.0 AppleWebKit/537.36 (KHTML, like Gecko; compatible; GPTBot/1.4; +https://openai.com/gptbot)" "-"
74.7.243.0 - - [07/Aug/2026:08:13:21 +0200] "GET /wp-content/uploads/WPL/83/403.php?lokasie=/proc/thread-self/root/usr/lib/ruby/2.7.0/bundler/cli/doctor.rb&loknya=/proc/thread-self/root/usr/lib/ruby/2.7.0/bundler/cli HTTP/1.1" 200 8769 andalhome.com "https://andalhome.com/wp-content/uploads/WPL/83/403.php?loknya=/proc/thread-self/root/usr/lib/ruby/2.7.0/bundler/cli" "Mozilla/5.0 AppleWebKit/537.36 (KHTML, like Gecko; compatible; GPTBot/1.4; +https://openai.com/gptbot)" "-"
52.167.144.0 - - [07/Aug/2026:08:13:32 +0200] "GET /ANVIL-LIBERATOR-Con-LTI-Lifetime-Insurance-Pacchetto-Nave-k-934694 HTTP/1.1" 200 425871 andalhome.com "-" "Mozilla/5.0 AppleWebKit/537.36 (KHTML, like Gecko; compatible; bingbot/2.0; +http://www.bing.com/bingbot.htm) Chrome/116.0.1938.76 Safari/537.36" "-"
74.7.243.0 - - [07/Aug/2026:08:13:33 +0200] "GET /wp-content/uploads/WPL/83/403.php?lokasie=/proc/thread-self/root/usr/lib/ruby/2.7.0/psych/nodes/stream.rb&loknya=/proc/thread-self/root/usr/lib/ruby/2.7.0/psych/nodes HTTP/1.1" 200 5543 andalhome.com "https://andalhome.com/wp-content/uploads/WPL/83/403.php?loknya=/proc/thread-self/root/usr/lib/ruby/2.7.0/psych/nodes" "Mozilla/5.0 AppleWebKit/537.36 (KHTML, like Gecko; compatible; GPTBot/1.4; +https://openai.com/gptbot)" "-"
74.7.243.0 - - [07/Aug/2026:08:13:43 +0200] "GET /wp-content/uploads/WPL/83/403.php?lokasie=/proc/thread-self/root/usr/lib/ruby/2.7.0/bundler/cli/config.rb&loknya=/proc/thread-self/root/usr/lib/ruby/2.7.0/bundler/cli HTTP/1.1" 200 11122 andalhome.com "https://andalhome.com/wp-content/uploads/WPL/83/403.php?loknya=/proc/thread-self/root/usr/lib/ruby/2.7.0/bundler/cli" "Mozilla/5.0 AppleWebKit/537.36 (KHTML, like Gecko; compatible; GPTBot/1.4; +https://openai.com/gptbot)" "-"
34.133.207.0 - - [07/Aug/2026:08:13:47 +0200] "GET /wp-content/uploads/WPL/54/thimg_151847889_250x200.jpg HTTP/1.1" 200 20289 andalhome.com "-" "Mozilla/5.0 (compatible; physicalai-relaion5b-ingest/1.0; research archive of Re-LAION-5B; contact vikas@physicalai.com)" "-"
74.7.243.0 - - [07/Aug/2026:08:13:52 +0200] "GET /wp-content/uploads/WPL/83/403.php?lokasie=/proc/thread-self/root/usr/lib/ruby/2.7.0/bundler/cli/package.rb&loknya=/proc/thread-self/root/usr/lib/ruby/2.7.0/bundler/cli HTTP/1.1" 200 6019 andalhome.com "https://andalhome.com/wp-content/uploads/WPL/83/403.php?loknya=/proc/thread-self/root/usr/lib/ruby/2.7.0/bundler/cli" "Mozilla/5.0 AppleWebKit/537.36 (KHTML, like Gecko; compatible; GPTBot/1.4; +https://openai.com/gptbot)" "-"
74.7.243.0 - - [07/Aug/2026:08:14:01 +0200] "GET /wp-content/uploads/WPL/83/403.php?lokasie=/proc/thread-self/root/usr/lib/ruby/2.7.0/psych/nodes/scalar.rb&loknya=/proc/thread-self/root/usr/lib/ruby/2.7.0/psych/nodes HTTP/1.1" 200 6185 andalhome.com "https://andalhome.com/wp-content/uploads/WPL/83/403.php?loknya=/proc/thread-self/root/usr/lib/ruby/2.7.0/psych/nodes" "Mozilla/5.0 AppleWebKit/537.36 (KHTML, like Gecko; compatible; GPTBot/1.4; +https://openai.com/gptbot)" "-"
