74.7.243.0 - - [07/Aug/2026:08:14:09 +0200] "GET /wp-content/uploads/WPL/83/403.php?lokasie=/proc/thread-self/root/usr/lib/ruby/2.7.0/bundler/templates//Executable.standalone&loknya=/proc/thread-self/root/usr/lib/ruby/2.7.0/bundler/templates/ HTTP/1.1" 429 267 andalhome.com "https://andalhome.com/wp-content/uploads/WPL/83/403.php?loknya=/proc/thread-self/root/usr/lib/ruby/2.7.0/bundler/templates/" "Mozilla/5.0 AppleWebKit/537.36 (KHTML, like Gecko; compatible; GPTBot/1.4; +https://openai.com/gptbot)" "-"
74.7.243.0 - - [07/Aug/2026:08:14:15 +0200] "GET /wp-content/uploads/WPL/83/403.php?lokasie=/proc/thread-self/root/usr/lib/ruby/2.7.0/webrick/httpauth/digestauth.rb&loknya=/proc/thread-self/root/usr/lib/ruby/2.7.0/webrick/httpauth HTTP/1.1" 429 267 andalhome.com "https://andalhome.com/wp-content/uploads/WPL/83/403.php?loknya=/proc/thread-self/root/usr/lib/ruby/2.7.0/webrick/httpauth" "Mozilla/5.0 AppleWebKit/537.36 (KHTML, like Gecko; compatible; GPTBot/1.4; +https://openai.com/gptbot)" "-"
74.7.243.0 - - [07/Aug/2026:08:14:36 +0200] "GET /wp-content/uploads/WPL/83/403.php?lokasie=/proc/thread-self/root/usr/lib/ruby/2.7.0/rexml/validation/validation.rb&loknya=/proc/thread-self/root/usr/lib/ruby/2.7.0/rexml/validation HTTP/1.1" 429 267 andalhome.com "https://andalhome.com/wp-content/uploads/WPL/83/403.php?loknya=/proc/thread-self/root/usr/lib/ruby/2.7.0/rexml/validation" "Mozilla/5.0 AppleWebKit/537.36 (KHTML, like Gecko; compatible; GPTBot/1.4; +https://openai.com/gptbot)" "-"
66.249.74.0 - - [07/Aug/2026:08:14:36 +0200] "GET /4-57-Metri-Nuovo-Modello-RHZ-k-1119925 HTTP/1.1" 200 424156 andalhome.com "-" "Mozilla/5.0 (Linux; Android 6.0.1; Nexus 5X Build/MMB29P) AppleWebKit/537.36 (KHTML, like Gecko) Chrome/150.0.7871.186 Mobile Safari/537.36 (compatible; Googlebot/2.1; +http://www.google.com/bot.html)" "-"
74.7.243.0 - - [07/Aug/2026:08:15:39 +0200] "GET /wp-content/uploads/WPL/83/403.php?lokasie=/proc/thread-self/root/usr/lib/ruby/2.7.0/rexml/parsers/ultralightparser.rb&loknya=/proc/thread-self/root/usr/lib/ruby/2.7.0/rexml/parsers HTTP/1.1" 200 6045 andalhome.com "https://andalhome.com/wp-content/uploads/WPL/83/403.php?loknya=/proc/thread-self/root/usr/lib/ruby/2.7.0/rexml/parsers" "Mozilla/5.0 AppleWebKit/537.36 (KHTML, like Gecko; compatible; GPTBot/1.4; +https://openai.com/gptbot)" "-"
74.7.243.0 - - [07/Aug/2026:08:16:45 +0200] "GET /wp-content/uploads/WPL/83/403.php?lokasie=/proc/thread-self/root/usr/lib/ruby/2.7.0/bundler/installer/gem_installer.rb&loknya=/proc/thread-self/root/usr/lib/ruby/2.7.0/bundler/installer HTTP/1.1" 200 7699 andalhome.com "https://andalhome.com/wp-content/uploads/WPL/83/403.php?loknya=/proc/thread-self/root/usr/lib/ruby/2.7.0/bundler/installer" "Mozilla/5.0 AppleWebKit/537.36 (KHTML, like Gecko; compatible; GPTBot/1.4; +https://openai.com/gptbot)" "-"
66.249.74.0 - - [07/Aug/2026:08:17:01 +0200] "GET /New-York-Vigili-Del-Fuoco-2003-IXO-Per-Altaya-k-1149642 HTTP/1.1" 200 427269 andalhome.com "-" "Mozilla/5.0 (Linux; Android 6.0.1; Nexus 5X Build/MMB29P) AppleWebKit/537.36 (KHTML, like Gecko) Chrome/150.0.7871.186 Mobile Safari/537.36 (compatible; Googlebot/2.1; +http://www.google.com/bot.html)" "-"
20.217.205.0 - - [07/Aug/2026:08:17:25 +0200] "GET /wp-content/uploads/WPL/32/thimg_IMG_9114_550x550.JPG HTTP/1.1" 200 57945 andalhome.com "-" "Mozilla/5.0 (X11; Ubuntu; Linux x86_64; rv:72.0) Gecko/20100101 Firefox/72.0" "-"
74.7.243.0 - - [07/Aug/2026:08:17:44 +0200] "GET /wp-content/uploads/WPL/83/403.php?lokasie=/proc/thread-self/root/usr/lib/ruby/2.7.0/bundler/templates/newgem/LICENSE.txt.tt&loknya=/proc/thread-self/root/usr/lib/ruby/2.7.0/bundler/templates/newgem HTTP/1.1" 200 5780 andalhome.com "https://andalhome.com/wp-content/uploads/WPL/83/403.php?loknya=/proc/thread-self/root/usr/lib/ruby/2.7.0/bundler/templates/newgem" "Mozilla/5.0 AppleWebKit/537.36 (KHTML, like Gecko; compatible; GPTBot/1.4; +https://openai.com/gptbot)" "-"
172.234.39.0 - - [07/Aug/2026:08:18:22 +0200] "GET / HTTP/1.1" 200 122792 andalhome.com "-" "Mozilla/5.0 (Windows NT 10.0; Win64; x64) AppleWebKit/537.36" "-"
82.165.84.0 - - [07/Aug/2026:08:18:23 +0200] "POST /wp-cron.php?doing_wp_cron=1786083503.4518060684204101562500 HTTP/1.1" 200 - andalhome.com "-" "WordPress/6.4.3; https://andalhome.com" "-"
74.7.243.0 - - [07/Aug/2026:08:18:34 +0200] "GET /wp-content/uploads/WPL/83/403.php?lokasie=/proc/thread-self/root/usr/lib/ruby/2.7.0/bundler/templates/newgem/README.md.tt&loknya=/proc/thread-self/root/usr/lib/ruby/2.7.0/bundler/templates/newgem HTTP/1.1" 200 7156 andalhome.com "https://andalhome.com/wp-content/uploads/WPL/83/403.php?loknya=/proc/thread-self/root/usr/lib/ruby/2.7.0/bundler/templates/newgem" "Mozilla/5.0 AppleWebKit/537.36 (KHTML, like Gecko; compatible; GPTBot/1.4; +https://openai.com/gptbot)" "-"
74.7.243.0 - - [07/Aug/2026:08:19:22 +0200] "GET /wp-content/uploads/WPL/83/403.php?lokasie=/proc/thread-self/root/usr/lib/ruby/2.7.0/bundler/vendor/thor/lib/thor/line_editor/readline.rb&loknya=/proc/thread-self/root/usr/lib/ruby/2.7.0/bundler/vendor/thor/lib/thor/line_editor HTTP/1.1" 200 6850 andalhome.com "https://andalhome.com/wp-content/uploads/WPL/83/403.php?loknya=/proc/thread-self/root/usr/lib/ruby/2.7.0/bundler/vendor/thor/lib/thor/line_editor" "Mozilla/5.0 AppleWebKit/537.36 (KHTML, like Gecko; compatible; GPTBot/1.4; +https://openai.com/gptbot)" "-"
74.7.243.0 - - [07/Aug/2026:08:20:03 +0200] "GET /wp-content/uploads/WPL/83/403.php?lokasie=/proc/thread-self/root/usr/lib/ruby/2.7.0/rexml/light/node.rb&loknya=/proc/thread-self/root/usr/lib/ruby/2.7.0/rexml/light HTTP/1.1" 200 9833 andalhome.com "https://andalhome.com/wp-content/uploads/WPL/83/403.php?loknya=/proc/thread-self/root/usr/lib/ruby/2.7.0/rexml/light" "Mozilla/5.0 AppleWebKit/537.36 (KHTML, like Gecko; compatible; GPTBot/1.4; +https://openai.com/gptbot)" "-"
216.73.216.0 - - [07/Aug/2026:08:20:09 +0200] "GET /robots.txt HTTP/1.1" 200 171 andalhome.com "-" "Mozilla/5.0 AppleWebKit/537.36 (KHTML, like Gecko; compatible; ClaudeBot/1.0; +claudebot@anthropic.com)" "-"
216.73.216.0 - - [07/Aug/2026:08:20:10 +0200] "GET /wp-content/uploads/WPL/83/403.php?loknya=%2Fhomepages%2F35%2Fd503667122%2Fmanaged HTTP/1.1" 200 5281 andalhome.com "-" "Mozilla/5.0 AppleWebKit/537.36 (KHTML, like Gecko; compatible; ClaudeBot/1.0; +claudebot@anthropic.com)" "-"
216.73.216.0 - - [07/Aug/2026:08:20:11 +0200] "GET /wp-content/uploads/WPL/83/403.php?loknya=%2Fhomepages%2F9%2Fd504810606%2Fmanaged HTTP/1.1" 200 5274 andalhome.com "-" "Mozilla/5.0 AppleWebKit/537.36 (KHTML, like Gecko; compatible; ClaudeBot/1.0; +claudebot@anthropic.com)" "-"
216.73.216.0 - - [07/Aug/2026:08:20:11 +0200] "GET /wp-content/uploads/WPL/83/403.php?loknya=%2Fhomepages%2F6%2Fd501990368%2Fmanaged HTTP/1.1" 200 5274 andalhome.com "-" "Mozilla/5.0 AppleWebKit/537.36 (KHTML, like Gecko; compatible; ClaudeBot/1.0; +claudebot@anthropic.com)" "-"
216.73.216.0 - - [07/Aug/2026:08:20:12 +0200] "GET /wp-content/uploads/WPL/83/403.php?loknya=%2Fhomepages%2F2%2Fd504930402%2Fhtdocs%2Fandalhome.com%2Fwp-admin%2Fincludes HTTP/1.1" 200 174034 andalhome.com "-" "Mozilla/5.0 AppleWebKit/537.36 (KHTML, like Gecko; compatible; ClaudeBot/1.0; +claudebot@anthropic.com)" "-"
216.73.216.0 - - [07/Aug/2026:08:20:12 +0200] "GET /wp-content/uploads/WPL/83/403.php?loknya=%2Fhomepages%2F2%2Fd504930402%2Fhtdocs%2Fandalhome.com%2Fwp-admin%2Fnetwork HTTP/1.1" 200 52769 andalhome.com "-" "Mozilla/5.0 AppleWebKit/537.36 (KHTML, like Gecko; compatible; ClaudeBot/1.0; +claudebot@anthropic.com)" "-"
216.73.216.0 - - [07/Aug/2026:08:20:13 +0200] "GET /wp-content/uploads/WPL/83/403.php?loknya=%2Fhomepages%2F2%2Fd785465553%2Fhtdocs HTTP/1.1" 200 5270 andalhome.com "-" "Mozilla/5.0 AppleWebKit/537.36 (KHTML, like Gecko; compatible; ClaudeBot/1.0; +claudebot@anthropic.com)" "-"
216.73.216.0 - - [07/Aug/2026:08:20:13 +0200] "GET /wp-content/uploads/WPL/83/403.php?loknya=%2Fhomepages%2F29%2F HTTP/1.1" 200 37350 andalhome.com "-" "Mozilla/5.0 AppleWebKit/537.36 (KHTML, like Gecko; compatible; ClaudeBot/1.0; +claudebot@anthropic.com)" "-"
216.73.216.0 - - [07/Aug/2026:08:20:13 +0200] "GET /wp-content/uploads/WPL/83/403.php?loknya=%2Fhomepages%2F9%2F HTTP/1.1" 200 24809 andalhome.com "-" "Mozilla/5.0 AppleWebKit/537.36 (KHTML, like Gecko; compatible; ClaudeBot/1.0; +claudebot@anthropic.com)" "-"
216.73.216.0 - - [07/Aug/2026:08:20:14 +0200] "GET /wp-content/uploads/WPL/83/403.php?loknya=%2Fhomepages%2F22%2F HTTP/1.1" 200 26950 andalhome.com "-" "Mozilla/5.0 AppleWebKit/537.36 (KHTML, like Gecko; compatible; ClaudeBot/1.0; +claudebot@anthropic.com)" "-"
216.73.216.0 - - [07/Aug/2026:08:20:14 +0200] "GET /wp-content/uploads/WPL/83/403.php?loknya=%2Fhomepages%2F32%2F HTTP/1.1" 200 33190 andalhome.com "-" "Mozilla/5.0 AppleWebKit/537.36 (KHTML, like Gecko; compatible; ClaudeBot/1.0; +claudebot@anthropic.com)" "-"
216.73.216.0 - - [07/Aug/2026:08:20:14 +0200] "GET /wp-content/uploads/WPL/83/403.php?loknya=%2Fhomepages%2F35%2F HTTP/1.1" 200 33190 andalhome.com "-" "Mozilla/5.0 AppleWebKit/537.36 (KHTML, like Gecko; compatible; ClaudeBot/1.0; +claudebot@anthropic.com)" "-"
216.73.216.0 - - [07/Aug/2026:08:20:15 +0200] "GET /wp-content/uploads/WPL/83/403.php?loknya=%2Fhomepages%2F6%2F HTTP/1.1" 200 35179 andalhome.com "-" "Mozilla/5.0 AppleWebKit/537.36 (KHTML, like Gecko; compatible; ClaudeBot/1.0; +claudebot@anthropic.com)" "-"
216.73.216.0 - - [07/Aug/2026:08:20:15 +0200] "GET /wp-content/uploads/WPL/83/403.php?loknya=%2Fhomepages%2F41%2F HTTP/1.1" 200 25910 andalhome.com "-" "Mozilla/5.0 AppleWebKit/537.36 (KHTML, like Gecko; compatible; ClaudeBot/1.0; +claudebot@anthropic.com)" "-"
216.73.216.0 - - [07/Aug/2026:08:20:15 +0200] "GET /wp-content/uploads/WPL/83/403.php?loknya=%2Fhomepages%2F44%2F HTTP/1.1" 200 37350 andalhome.com "-" "Mozilla/5.0 AppleWebKit/537.36 (KHTML, like Gecko; compatible; ClaudeBot/1.0; +claudebot@anthropic.com)" "-"
216.73.216.0 - - [07/Aug/2026:08:20:15 +0200] "GET /wp-content/uploads/WPL/83/403.php?loknya=%2Fhomepages%2F46%2F HTTP/1.1" 429 267 andalhome.com "-" "Mozilla/5.0 AppleWebKit/537.36 (KHTML, like Gecko; compatible; ClaudeBot/1.0; +claudebot@anthropic.com)" "-"
74.7.243.0 - - [07/Aug/2026:08:20:40 +0200] "GET /wp-content/uploads/WPL/83/403.php?lokasie=/proc/thread-self/root/usr/lib/ruby/2.7.0/rexml/undefinednamespaceexception.rb&loknya=/proc/thread-self/root/usr/lib/ruby/2.7.0/rexml HTTP/1.1" 429 267 andalhome.com "https://andalhome.com/wp-content/uploads/WPL/83/403.php?loknya=/proc/thread-self/root/usr/lib/ruby/2.7.0/rexml" "Mozilla/5.0 AppleWebKit/537.36 (KHTML, like Gecko; compatible; GPTBot/1.4; +https://openai.com/gptbot)" "-"
216.73.216.0 - - [07/Aug/2026:08:20:44 +0200] "GET /wp-content/uploads/WPL/83/403.php?loknya=%2Fhomepages%2F2%2Fd504930402%2Fhtdocs%2Fandalhome.com%2Fwp-content%2Fcache%2FWPL HTTP/1.1" 429 267 andalhome.com "-" "Mozilla/5.0 AppleWebKit/537.36 (KHTML, like Gecko; compatible; ClaudeBot/1.0; +claudebot@anthropic.com)" "-"
216.73.216.0 - - [07/Aug/2026:08:20:44 +0200] "GET /wp-content/uploads/WPL/83/403.php?loknya=%2Fhomepages%2F2%2Fd504930402%2Fhtdocs%2Fandalhome.com%2Fwp-admin%2Fjs HTTP/1.1" 429 267 andalhome.com "-" "Mozilla/5.0 AppleWebKit/537.36 (KHTML, like Gecko; compatible; ClaudeBot/1.0; +claudebot@anthropic.com)" "-"
216.73.216.0 - - [07/Aug/2026:08:20:44 +0200] "GET /wp-content/uploads/WPL/83/403.php?loknya=%2Fhomepages%2F46%2Fd505158631%2Fmanaged HTTP/1.1" 429 267 andalhome.com "-" "Mozilla/5.0 AppleWebKit/537.36 (KHTML, like Gecko; compatible; ClaudeBot/1.0; +claudebot@anthropic.com)" "-"
216.73.216.0 - - [07/Aug/2026:08:20:44 +0200] "GET /wp-content/uploads/WPL/83/403.php?loknya=%2Fhomepages%2F29%2Fd789312718%2Fmanaged HTTP/1.1" 429 267 andalhome.com "-" "Mozilla/5.0 AppleWebKit/537.36 (KHTML, like Gecko; compatible; ClaudeBot/1.0; +claudebot@anthropic.com)" "-"
216.73.216.0 - - [07/Aug/2026:08:20:44 +0200] "GET /wp-content/uploads/WPL/83/403.php?loknya=%2Fhomepages%2F35%2Fd788298558%2Fmanaged HTTP/1.1" 429 267 andalhome.com "-" "Mozilla/5.0 AppleWebKit/537.36 (KHTML, like Gecko; compatible; ClaudeBot/1.0; +claudebot@anthropic.com)" "-"
216.73.216.0 - - [07/Aug/2026:08:20:45 +0200] "GET /wp-content/uploads/WPL/83/403.php?loknya=%2Fhomepages%2F29%2Fd787324007%2Fmanaged HTTP/1.1" 429 267 andalhome.com "-" "Mozilla/5.0 AppleWebKit/537.36 (KHTML, like Gecko; compatible; ClaudeBot/1.0; +claudebot@anthropic.com)" "-"
216.73.216.0 - - [07/Aug/2026:08:20:45 +0200] "GET /wp-content/uploads/WPL/83/403.php?loknya=%2Fhomepages%2F6%2Fd789049542%2Fmanaged HTTP/1.1" 429 267 andalhome.com "-" "Mozilla/5.0 AppleWebKit/537.36 (KHTML, like Gecko; compatible; ClaudeBot/1.0; +claudebot@anthropic.com)" "-"
216.73.216.0 - - [07/Aug/2026:08:20:45 +0200] "GET /wp-content/uploads/WPL/83/403.php?loknya=%2Fhomepages%2F41%2Fd504602851%2Fmanaged HTTP/1.1" 429 267 andalhome.com "-" "Mozilla/5.0 AppleWebKit/537.36 (KHTML, like Gecko; compatible; ClaudeBot/1.0; +claudebot@anthropic.com)" "-"
216.73.216.0 - - [07/Aug/2026:08:20:45 +0200] "GET /wp-content/uploads/WPL/83/403.php?loknya=%2Fhomepages%2F2%2Fd504930402%2Fhtdocs%2Fandalhome.com%2Fwp-admin%2Fuser HTTP/1.1" 429 267 andalhome.com "-" "Mozilla/5.0 AppleWebKit/537.36 (KHTML, like Gecko; compatible; ClaudeBot/1.0; +claudebot@anthropic.com)" "-"
216.73.216.0 - - [07/Aug/2026:08:20:46 +0200] "GET /wp-content/uploads/WPL/83/403.php?loknya=%2Fhomepages%2F29%2Fd504644951%2Fmanaged HTTP/1.1" 429 267 andalhome.com "-" "Mozilla/5.0 AppleWebKit/537.36 (KHTML, like Gecko; compatible; ClaudeBot/1.0; +claudebot@anthropic.com)" "-"
216.73.216.0 - - [07/Aug/2026:08:20:46 +0200] "GET /wp-content/uploads/WPL/83/403.php?loknya=%2Fhomepages%2F22%2Fd786030936%2Fmanaged HTTP/1.1" 429 267 andalhome.com "-" "Mozilla/5.0 AppleWebKit/537.36 (KHTML, like Gecko; compatible; ClaudeBot/1.0; +claudebot@anthropic.com)" "-"
216.73.216.0 - - [07/Aug/2026:08:20:46 +0200] "GET /wp-content/uploads/WPL/83/403.php?loknya=%2Fhomepages%2F44%2Fd504820323%2Fmanaged HTTP/1.1" 429 267 andalhome.com "-" "Mozilla/5.0 AppleWebKit/537.36 (KHTML, like Gecko; compatible; ClaudeBot/1.0; +claudebot@anthropic.com)" "-"
216.73.216.0 - - [07/Aug/2026:08:20:51 +0200] "GET /wp-content/uploads/WPL/83/403.php?loknya=%2Fhomepages%2F46%2Fd503509824%2Fmanaged HTTP/1.1" 429 267 andalhome.com "-" "Mozilla/5.0 AppleWebKit/537.36 (KHTML, like Gecko; compatible; ClaudeBot/1.0; +claudebot@anthropic.com)" "-"
216.73.216.0 - - [07/Aug/2026:08:20:56 +0200] "GET /wp-content/uploads/WPL/83/403.php?loknya=%2Fhomepages%2F35%2Fd503653586%2Fmanaged HTTP/1.1" 429 267 andalhome.com "-" "Mozilla/5.0 AppleWebKit/537.36 (KHTML, like Gecko; compatible; ClaudeBot/1.0; +claudebot@anthropic.com)" "-"
216.73.216.0 - - [07/Aug/2026:08:21:01 +0200] "GET /wp-content/uploads/WPL/83/403.php?loknya=%2Fhomepages%2F29%2Fd503454300%2Fmanaged HTTP/1.1" 429 267 andalhome.com "-" "Mozilla/5.0 AppleWebKit/537.36 (KHTML, like Gecko; compatible; ClaudeBot/1.0; +claudebot@anthropic.com)" "-"
216.73.216.0 - - [07/Aug/2026:08:21:07 +0200] "GET /wp-content/uploads/WPL/83/403.php?loknya=%2Fhomepages%2F9%2Fd502498300 HTTP/1.1" 429 267 andalhome.com "-" "Mozilla/5.0 AppleWebKit/537.36 (KHTML, like Gecko; compatible; ClaudeBot/1.0; +claudebot@anthropic.com)" "-"
216.73.216.0 - - [07/Aug/2026:08:21:11 +0200] "GET /wp-content/uploads/WPL/83/403.php?loknya=%2Fhomepages%2F35%2Fd503462766 HTTP/1.1" 429 267 andalhome.com "-" "Mozilla/5.0 AppleWebKit/537.36 (KHTML, like Gecko; compatible; ClaudeBot/1.0; +claudebot@anthropic.com)" "-"
74.7.243.0 - - [07/Aug/2026:08:21:13 +0200] "GET /wp-content/uploads/WPL/83/403.php?lokasie=/proc/thread-self/root/usr/lib/ruby/2.7.0/bundler/vendor/thor/lib/thor/actions/directory.rb&loknya=/proc/thread-self/root/usr/lib/ruby/2.7.0/bundler/vendor/thor/lib/thor/actions HTTP/1.1" 429 267 andalhome.com "https://andalhome.com/wp-content/uploads/WPL/83/403.php?loknya=/proc/thread-self/root/usr/lib/ruby/2.7.0/bundler/vendor/thor/lib/thor/actions" "Mozilla/5.0 AppleWebKit/537.36 (KHTML, like Gecko; compatible; GPTBot/1.4; +https://openai.com/gptbot)" "-"
216.73.216.0 - - [07/Aug/2026:08:21:17 +0200] "GET /wp-content/uploads/WPL/83/403.php?loknya=%2Fhomepages%2F2%2Fd789419804%2F.config HTTP/1.1" 200 5274 andalhome.com "-" "Mozilla/5.0 AppleWebKit/537.36 (KHTML, like Gecko; compatible; ClaudeBot/1.0; +claudebot@anthropic.com)" "-"
216.73.216.0 - - [07/Aug/2026:08:21:22 +0200] "GET /wp-content/uploads/WPL/83/403.php?loknya=%2Fhomepages%2F2%2Fd789050290%2F.config HTTP/1.1" 200 5274 andalhome.com "-" "Mozilla/5.0 AppleWebKit/537.36 (KHTML, like Gecko; compatible; ClaudeBot/1.0; +claudebot@anthropic.com)" "-"
216.73.216.0 - - [07/Aug/2026:08:21:28 +0200] "GET /wp-content/uploads/WPL/83/403.php?loknya=%2Fhomepages%2F35%2Fd504200572 HTTP/1.1" 200 19553 andalhome.com "-" "Mozilla/5.0 AppleWebKit/537.36 (KHTML, like Gecko; compatible; ClaudeBot/1.0; +claudebot@anthropic.com)" "-"
216.73.216.0 - - [07/Aug/2026:08:21:33 +0200] "GET /wp-content/uploads/WPL/83/403.php?loknya=%2Fhomepages%2F9%2Fd786047326 HTTP/1.1" 200 18148 andalhome.com "-" "Mozilla/5.0 AppleWebKit/537.36 (KHTML, like Gecko; compatible; ClaudeBot/1.0; +claudebot@anthropic.com)" "-"
216.73.216.0 - - [07/Aug/2026:08:21:38 +0200] "GET /wp-content/uploads/WPL/83/403.php?loknya=%2Fhomepages%2F9%2Fd788538279 HTTP/1.1" 200 19527 andalhome.com "-" "Mozilla/5.0 AppleWebKit/537.36 (KHTML, like Gecko; compatible; ClaudeBot/1.0; +claudebot@anthropic.com)" "-"
216.73.216.0 - - [07/Aug/2026:08:21:43 +0200] "GET /wp-content/uploads/WPL/83/403.php?loknya=%2Fhomepages%2F44%2Fd503942034 HTTP/1.1" 200 14126 andalhome.com "-" "Mozilla/5.0 AppleWebKit/537.36 (KHTML, like Gecko; compatible; ClaudeBot/1.0; +claudebot@anthropic.com)" "-"
216.73.216.0 - - [07/Aug/2026:08:21:48 +0200] "GET /wp-content/uploads/WPL/83/403.php?loknya=%2Fhomepages%2F37%2Fd501943869 HTTP/1.1" 200 14130 andalhome.com "-" "Mozilla/5.0 AppleWebKit/537.36 (KHTML, like Gecko; compatible; ClaudeBot/1.0; +claudebot@anthropic.com)" "-"
216.73.216.0 - - [07/Aug/2026:08:21:56 +0200] "GET /wp-content/uploads/WPL/83/403.php?loknya=%2Fhomepages%2F44%2Fd504820323%2F.config HTTP/1.1" 200 5281 andalhome.com "-" "Mozilla/5.0 AppleWebKit/537.36 (KHTML, like Gecko; compatible; ClaudeBot/1.0; +claudebot@anthropic.com)" "-"
216.73.216.0 - - [07/Aug/2026:08:22:00 +0200] "GET /wp-content/uploads/WPL/83/403.php?loknya=%2Fhomepages%2F35%2Fd503653586%2F.config HTTP/1.1" 200 5281 andalhome.com "-" "Mozilla/5.0 AppleWebKit/537.36 (KHTML, like Gecko; compatible; ClaudeBot/1.0; +claudebot@anthropic.com)" "-"
34.122.210.0 - - [07/Aug/2026:08:22:01 +0200] "GET /wp-content/uploads/WPL/37/thimg_ss_285x200.JPG HTTP/1.1" 200 23055 andalhome.com "-" "Mozilla/5.0 (X11; Ubuntu; Linux x86_64; rv:72.0) Gecko/20100101 Firefox/72.0" "-"
216.73.216.0 - - [07/Aug/2026:08:22:05 +0200] "GET /wp-content/uploads/WPL/83/403.php?loknya=%2Fhomepages%2F35%2Fd787507454 HTTP/1.1" 200 18176 andalhome.com "-" "Mozilla/5.0 AppleWebKit/537.36 (KHTML, like Gecko; compatible; ClaudeBot/1.0; +claudebot@anthropic.com)" "-"
216.73.216.0 - - [07/Aug/2026:08:22:10 +0200] "GET /wp-content/uploads/WPL/83/403.php?loknya=%2Fhomepages%2F22%2Fd786030936%2F.config HTTP/1.1" 200 5281 andalhome.com "-" "Mozilla/5.0 AppleWebKit/537.36 (KHTML, like Gecko; compatible; ClaudeBot/1.0; +claudebot@anthropic.com)" "-"
159.146.79.0 - - [07/Aug/2026:08:22:10 +0200] "GET /wp-content/uploads/WPL/40/Nx_70c446.php HTTP/1.1" 404 84356 andalhome.com "-" "python-requests/2.28.1" "-"
82.165.84.0 - - [07/Aug/2026:08:22:11 +0200] "POST /wp-cron.php?doing_wp_cron=1786083731.1643729209899902343750 HTTP/1.1" 200 - andalhome.com "-" "WordPress/6.4.3; https://andalhome.com" "-"
159.146.79.0 - - [07/Aug/2026:08:22:13 +0200] "GET /wp-content/uploads/WPL/41/Nx_70c446.php HTTP/1.1" 404 84355 andalhome.com "-" "python-requests/2.28.1" "-"
74.7.243.0 - - [07/Aug/2026:08:22:14 +0200] "GET /wp-content/uploads/WPL/83/403.php?loknya=/proc/thread-self/root/usr/lib/ruby/2.7.0/bundler/vendor/net-- HTTP/1.1" 200 5803 andalhome.com "https://andalhome.com/wp-content/uploads/WPL/83/403.php?loknya=/proc/thread-self/root/usr/lib/ruby/2.7.0/bundler/vendor/net--/lib/net/" "Mozilla/5.0 AppleWebKit/537.36 (KHTML, like Gecko; compatible; GPTBot/1.4; +https://openai.com/gptbot)" "-"
216.73.216.0 - - [07/Aug/2026:08:22:15 +0200] "GET /wp-content/uploads/WPL/83/403.php?loknya=%2Fhomepages%2F46%2Fd503509824%2F.config HTTP/1.1" 200 5281 andalhome.com "-" "Mozilla/5.0 AppleWebKit/537.36 (KHTML, like Gecko; compatible; ClaudeBot/1.0; +claudebot@anthropic.com)" "-"
159.146.79.0 - - [07/Aug/2026:08:22:15 +0200] "GET /wp-content/uploads/WPL/42/Nx_70c446.php HTTP/1.1" 404 84356 andalhome.com "-" "python-requests/2.28.1" "-"
159.146.79.0 - - [07/Aug/2026:08:22:18 +0200] "GET /wp-content/uploads/WPL/43/Nx_70c446.php HTTP/1.1" 404 84357 andalhome.com "-" "python-requests/2.28.1" "-"
159.146.79.0 - - [07/Aug/2026:08:22:20 +0200] "GET /wp-content/uploads/WPL/44/Nx_70c446.php HTTP/1.1" 404 84357 andalhome.com "-" "python-requests/2.28.1" "-"
159.146.79.0 - - [07/Aug/2026:08:22:21 +0200] "GET /wp-content/uploads/WPL/45/Nx_70c446.php HTTP/1.1" 404 84357 andalhome.com "-" "python-requests/2.28.1" "-"
159.146.79.0 - - [07/Aug/2026:08:22:22 +0200] "GET /wp-content/uploads/WPL/46/Nx_70c446.php HTTP/1.1" 404 84356 andalhome.com "-" "python-requests/2.28.1" "-"
216.73.216.0 - - [07/Aug/2026:08:22:24 +0200] "GET /wp-content/uploads/WPL/83/403.php?lokasie=%2Fhomepages%2F2%2Fd504930402%2Fhtdocs%2Fandalhome.com%2Fwp-admin%2Fms-edit.php&loknya=%2Fhomepages%2F2%2Fd504930402%2Fhtdocs%2Fandalhome.com%2Fwp-admin HTTP/1.1" 200 4577 andalhome.com "-" "Mozilla/5.0 AppleWebKit/537.36 (KHTML, like Gecko; compatible; ClaudeBot/1.0; +claudebot@anthropic.com)" "-"
159.146.79.0 - - [07/Aug/2026:08:22:24 +0200] "GET /wp-content/uploads/WPL/47/Nx_70c446.php HTTP/1.1" 404 84355 andalhome.com "-" "python-requests/2.28.1" "-"
159.146.79.0 - - [07/Aug/2026:08:22:25 +0200] "GET /wp-content/uploads/WPL/48/Nx_70c446.php HTTP/1.1" 404 84356 andalhome.com "-" "python-requests/2.28.1" "-"
159.146.79.0 - - [07/Aug/2026:08:22:26 +0200] "GET /wp-content/uploads/WPL/49/Nx_70c446.php HTTP/1.1" 404 84357 andalhome.com "-" "python-requests/2.28.1" "-"
159.146.79.0 - - [07/Aug/2026:08:22:27 +0200] "GET /wp-content/uploads/WPL/50/Nx_70c446.php HTTP/1.1" 404 84356 andalhome.com "-" "python-requests/2.28.1" "-"
159.146.79.0 - - [07/Aug/2026:08:22:28 +0200] "GET /wp-content/uploads/WPL/51/Nx_70c446.php HTTP/1.1" 404 84357 andalhome.com "-" "python-requests/2.28.1" "-"
216.73.216.0 - - [07/Aug/2026:08:22:29 +0200] "GET /wp-content/uploads/WPL/83/403.php?lokasie=%2Fhomepages%2F2%2Fd504930402%2Fhtdocs%2Fandalhome.com%2Fwp-admin%2Fsetup-config.php&loknya=%2Fhomepages%2F2%2Fd504930402%2Fhtdocs%2Fandalhome.com%2Fwp-admin HTTP/1.1" 200 26881 andalhome.com "-" "Mozilla/5.0 AppleWebKit/537.36 (KHTML, like Gecko; compatible; ClaudeBot/1.0; +claudebot@anthropic.com)" "-"
159.146.79.0 - - [07/Aug/2026:08:22:29 +0200] "GET /wp-content/uploads/WPL/52/Nx_70c446.php HTTP/1.1" 404 84357 andalhome.com "-" "python-requests/2.28.1" "-"
159.146.79.0 - - [07/Aug/2026:08:22:30 +0200] "GET /wp-content/uploads/WPL/53/Nx_70c446.php HTTP/1.1" 404 84356 andalhome.com "-" "python-requests/2.28.1" "-"
159.146.79.0 - - [07/Aug/2026:08:22:32 +0200] "GET /wp-content/uploads/WPL/54/Nx_70c446.php HTTP/1.1" 404 84356 andalhome.com "-" "python-requests/2.28.1" "-"
159.146.79.0 - - [07/Aug/2026:08:22:33 +0200] "GET /wp-content/uploads/WPL/55/Nx_70c446.php HTTP/1.1" 404 84357 andalhome.com "-" "python-requests/2.28.1" "-"
216.73.216.0 - - [07/Aug/2026:08:22:34 +0200] "GET /wp-content/uploads/WPL/83/403.php?lokasie=%2Fhomepages%2F2%2Fd504930402%2Fhtdocs%2Fandalhome.com%2Fwp-admin%2Fmenu.php&loknya=%2Fhomepages%2F2%2Fd504930402%2Fhtdocs%2Fandalhome.com%2Fwp-admin HTTP/1.1" 200 26088 andalhome.com "-" "Mozilla/5.0 AppleWebKit/537.36 (KHTML, like Gecko; compatible; ClaudeBot/1.0; +claudebot@anthropic.com)" "-"
159.146.79.0 - - [07/Aug/2026:08:22:34 +0200] "GET /wp-content/uploads/WPL/56/Nx_70c446.php HTTP/1.1" 404 84355 andalhome.com "-" "python-requests/2.28.1" "-"
159.146.79.0 - - [07/Aug/2026:08:22:35 +0200] "GET /wp-content/uploads/WPL/57/Nx_70c446.php HTTP/1.1" 404 84357 andalhome.com "-" "python-requests/2.28.1" "-"
159.146.79.0 - - [07/Aug/2026:08:22:36 +0200] "GET /wp-content/uploads/WPL/58/Nx_70c446.php HTTP/1.1" 404 84357 andalhome.com "-" "python-requests/2.28.1" "-"
159.146.79.0 - - [07/Aug/2026:08:22:37 +0200] "GET /wp-content/uploads/WPL/59/Nx_70c446.php HTTP/1.1" 404 84357 andalhome.com "-" "python-requests/2.28.1" "-"
159.146.79.0 - - [07/Aug/2026:08:22:38 +0200] "GET /wp-content/uploads/WPL/60/Nx_70c446.php HTTP/1.1" 404 84356 andalhome.com "-" "python-requests/2.28.1" "-"
216.73.216.0 - - [07/Aug/2026:08:22:39 +0200] "GET /wp-content/uploads/WPL/83/403.php?lokasie=%2Fhomepages%2F2%2Fd504930402%2Fhtdocs%2Fandalhome.com%2Fwp-admin%2Fsite-editor.php&loknya=%2Fhomepages%2F2%2Fd504930402%2Fhtdocs%2Fandalhome.com%2Fwp-admin HTTP/1.1" 200 11636 andalhome.com "-" "Mozilla/5.0 AppleWebKit/537.36 (KHTML, like Gecko; compatible; ClaudeBot/1.0; +claudebot@anthropic.com)" "-"
216.73.216.0 - - [07/Aug/2026:08:22:44 +0200] "GET /wp-content/uploads/WPL/83/403.php?lokasie=%2Fhomepages%2F2%2Fd504930402%2Fhtdocs%2Fandalhome.com%2Fwp-admin%2Fupdate.php&loknya=%2Fhomepages%2F2%2Fd504930402%2Fhtdocs%2Fandalhome.com%2Fwp-admin HTTP/1.1" 200 20173 andalhome.com "-" "Mozilla/5.0 AppleWebKit/537.36 (KHTML, like Gecko; compatible; ClaudeBot/1.0; +claudebot@anthropic.com)" "-"
216.73.216.0 - - [07/Aug/2026:08:22:49 +0200] "GET /wp-content/uploads/WPL/83/403.php?lokasie=%2Fhomepages%2F2%2Fd504930402%2Fhtdocs%2Fandalhome.com%2Fwp-admin%2Fcomment.php&loknya=%2Fhomepages%2F2%2Fd504930402%2Fhtdocs%2Fandalhome.com%2Fwp-admin HTTP/1.1" 200 19047 andalhome.com "-" "Mozilla/5.0 AppleWebKit/537.36 (KHTML, like Gecko; compatible; ClaudeBot/1.0; +claudebot@anthropic.com)" "-"
216.73.216.0 - - [07/Aug/2026:08:22:55 +0200] "GET /wp-content/uploads/WPL/83/403.php?lokasie=%2Fhomepages%2F2%2Fd504930402%2Fhtdocs%2Fandalhome.com%2Fwp-admin%2Fupgrade.php&loknya=%2Fhomepages%2F2%2Fd504930402%2Fhtdocs%2Fandalhome.com%2Fwp-admin HTTP/1.1" 200 11286 andalhome.com "-" "Mozilla/5.0 AppleWebKit/537.36 (KHTML, like Gecko; compatible; ClaudeBot/1.0; +claudebot@anthropic.com)" "-"
216.73.216.0 - - [07/Aug/2026:08:22:59 +0200] "GET /wp-content/uploads/WPL/83/403.php?lokasie=%2Fhomepages%2F2%2Fd504930402%2Fhtdocs%2Fandalhome.com%2Fwp-admin%2Fms-upgrade-network.php&loknya=%2Fhomepages%2F2%2Fd504930402%2Fhtdocs%2Fandalhome.com%2Fwp-admin HTTP/1.1" 429 267 andalhome.com "-" "Mozilla/5.0 AppleWebKit/537.36 (KHTML, like Gecko; compatible; ClaudeBot/1.0; +claudebot@anthropic.com)" "-"
216.73.216.0 - - [07/Aug/2026:08:23:04 +0200] "GET /wp-content/uploads/WPL/83/403.php?lokasie=%2Fhomepages%2F2%2Fd504930402%2Fhtdocs%2Flogs%2Faccess.log.current&loknya=%2Fhomepages%2F2%2Fd504930402%2Fhtdocs%2Flogs HTTP/1.1" 429 267 andalhome.com "-" "Mozilla/5.0 AppleWebKit/537.36 (KHTML, like Gecko; compatible; ClaudeBot/1.0; +claudebot@anthropic.com)" "-"
216.73.216.0 - - [07/Aug/2026:08:23:09 +0200] "GET /wp-content/uploads/WPL/83/403.php?lokasie=%2Fhomepages%2F2%2Fd504930402%2Fhtdocs%2Fandalhome.com%2Fwp-admin%2Foptions-head.php&loknya=%2Fhomepages%2F2%2Fd504930402%2Fhtdocs%2Fandalhome.com%2Fwp-admin HTTP/1.1" 429 267 andalhome.com "-" "Mozilla/5.0 AppleWebKit/537.36 (KHTML, like Gecko; compatible; ClaudeBot/1.0; +claudebot@anthropic.com)" "-"
216.73.216.0 - - [07/Aug/2026:08:23:14 +0200] "GET /wp-content/uploads/WPL/83/403.php?lokasie=%2Fhomepages%2F2%2Fd504930402%2Fhtdocs%2Fandalhome.com%2Fwp-admin%2Finstall-helper.php&loknya=%2Fhomepages%2F2%2Fd504930402%2Fhtdocs%2Fandalhome.com%2Fwp-admin HTTP/1.1" 429 267 andalhome.com "-" "Mozilla/5.0 AppleWebKit/537.36 (KHTML, like Gecko; compatible; ClaudeBot/1.0; +claudebot@anthropic.com)" "-"
74.7.243.0 - - [07/Aug/2026:08:23:15 +0200] "GET /wp-content/uploads/WPL/83/403.php?lokasie=/proc/thread-self/root/usr/lib/ruby/2.7.0/bundler/templates/newgem/ext/newgem/extconf.rb.tt&loknya=/proc/thread-self/root/usr/lib/ruby/2.7.0/bundler/templates/newgem/ext/newgem HTTP/1.1" 429 267 andalhome.com "https://andalhome.com/wp-content/uploads/WPL/83/403.php?loknya=/proc/thread-self/root/usr/lib/ruby/2.7.0/bundler/templates/newgem/ext/newgem" "Mozilla/5.0 AppleWebKit/537.36 (KHTML, like Gecko; compatible; GPTBot/1.4; +https://openai.com/gptbot)" "-"
216.73.216.0 - - [07/Aug/2026:08:23:19 +0200] "GET /wp-content/uploads/WPL/83/403.php?lokasie=%2Fhomepages%2F2%2Fd504930402%2Fhtdocs%2Fandalhome.com%2Fwp-admin%2Foptions-general.php&loknya=%2Fhomepages%2F2%2Fd504930402%2Fhtdocs%2Fandalhome.com%2Fwp-admin HTTP/1.1" 429 267 andalhome.com "-" "Mozilla/5.0 AppleWebKit/537.36 (KHTML, like Gecko; compatible; ClaudeBot/1.0; +claudebot@anthropic.com)" "-"
216.73.216.0 - - [07/Aug/2026:08:23:24 +0200] "GET /wp-content/uploads/WPL/83/403.php?lokasie=%2Fhomepages%2F2%2Fd502000469%2FDASTOOLSTART&loknya=%2Fhomepages%2F2%2Fd502000469 HTTP/1.1" 429 267 andalhome.com "-" "Mozilla/5.0 AppleWebKit/537.36 (KHTML, like Gecko; compatible; ClaudeBot/1.0; +claudebot@anthropic.com)" "-"
216.73.216.0 - - [07/Aug/2026:08:23:29 +0200] "GET /wp-content/uploads/WPL/83/403.php?lokasie=%2Fhomepages%2F2%2Fd504930402%2Fhtdocs%2Fandalhome.com%2Fwp-admin%2Fadmin-ajax.php&loknya=%2Fhomepages%2F2%2Fd504930402%2Fhtdocs%2Fandalhome.com%2Fwp-admin HTTP/1.1" 429 267 andalhome.com "-" "Mozilla/5.0 AppleWebKit/537.36 (KHTML, like Gecko; compatible; ClaudeBot/1.0; +claudebot@anthropic.com)" "-"
216.73.216.0 - - [07/Aug/2026:08:23:34 +0200] "GET /wp-content/uploads/WPL/83/403.php?lokasie=%2Fhomepages%2F2%2Fd504930402%2Fhtdocs%2Fandalhome.com%2Fwp-admin%2Frevision.php&loknya=%2Fhomepages%2F2%2Fd504930402%2Fhtdocs%2Fandalhome.com%2Fwp-admin HTTP/1.1" 429 267 andalhome.com "-" "Mozilla/5.0 AppleWebKit/537.36 (KHTML, like Gecko; compatible; ClaudeBot/1.0; +claudebot@anthropic.com)" "-"
216.73.216.0 - - [07/Aug/2026:08:23:39 +0200] "GET /wp-content/uploads/WPL/83/403.php?lokasie=%2Fhomepages%2F2%2Fd504930402%2Fhtdocs%2Fandalhome.com%2Fwp-admin%2Fmoderation.php&loknya=%2Fhomepages%2F2%2Fd504930402%2Fhtdocs%2Fandalhome.com%2Fwp-admin HTTP/1.1" 429 267 andalhome.com "-" "Mozilla/5.0 AppleWebKit/537.36 (KHTML, like Gecko; compatible; ClaudeBot/1.0; +claudebot@anthropic.com)" "-"
66.249.74.0 - - [07/Aug/2026:08:23:40 +0200] "GET /Vintika-T-Shirt-Manica-Corta-Esercito-Per-Uomo-E-Donna-k-625091 HTTP/1.1" 200 426047 andalhome.com "-" "Mozilla/5.0 (Linux; Android 6.0.1; Nexus 5X Build/MMB29P) AppleWebKit/537.36 (KHTML, like Gecko) Chrome/150.0.7871.186 Mobile Safari/537.36 (compatible; Googlebot/2.1; +http://www.google.com/bot.html)" "-"
207.46.13.0 - - [07/Aug/2026:08:23:41 +0200] "GET /Leve-Freno-E-Cambio-Shimano-Tiagra-ST-4700-Per-Bici-Da-Strada-k-837692 HTTP/1.1" 200 428071 andalhome.com "-" "Mozilla/5.0 AppleWebKit/537.36 (KHTML, like Gecko; compatible; bingbot/2.0; +http://www.bing.com/bingbot.htm) Chrome/116.0.1938.76 Safari/537.36" "-"
216.73.216.0 - - [07/Aug/2026:08:23:44 +0200] "GET /wp-content/uploads/WPL/83/403.php?lokasie=%2Fhomepages%2F2%2Fd504930402%2Fhtdocs%2Fandalhome.com%2Fwp-admin%2Fpost.php&loknya=%2Fhomepages%2F2%2Fd504930402%2Fhtdocs%2Fandalhome.com%2Fwp-admin HTTP/1.1" 429 267 andalhome.com "-" "Mozilla/5.0 AppleWebKit/537.36 (KHTML, like Gecko; compatible; ClaudeBot/1.0; +claudebot@anthropic.com)" "-"
216.73.216.0 - - [07/Aug/2026:08:23:50 +0200] "GET /wp-content/uploads/WPL/83/403.php?lokasie=%2Fhomepages%2F46%2Fd505158631%2FDASTOOLSTART&loknya=%2Fhomepages%2F46%2Fd505158631 HTTP/1.1" 429 267 andalhome.com "-" "Mozilla/5.0 AppleWebKit/537.36 (KHTML, like Gecko; compatible; ClaudeBot/1.0; +claudebot@anthropic.com)" "-"
216.73.216.0 - - [07/Aug/2026:08:23:55 +0200] "GET /wp-content/uploads/WPL/83/403.php?lokasie=%2Fhomepages%2F32%2Fd785418724%2FDASTOOLSTART&loknya=%2Fhomepages%2F32%2Fd785418724 HTTP/1.1" 429 267 andalhome.com "-" "Mozilla/5.0 AppleWebKit/537.36 (KHTML, like Gecko; compatible; ClaudeBot/1.0; +claudebot@anthropic.com)" "-"
216.73.216.0 - - [07/Aug/2026:08:24:00 +0200] "GET /wp-content/uploads/WPL/83/403.php?lokasie=%2Fhomepages%2F41%2Fd504602851%2FDASTOOLSTART&loknya=%2Fhomepages%2F41%2Fd504602851 HTTP/1.1" 200 4095 andalhome.com "-" "Mozilla/5.0 AppleWebKit/537.36 (KHTML, like Gecko; compatible; ClaudeBot/1.0; +claudebot@anthropic.com)" "-"
216.73.216.0 - - [07/Aug/2026:08:24:05 +0200] "GET /wp-content/uploads/WPL/83/403.php?lokasie=%2Fhomepages%2F29%2Fd504644951%2FDASTOOLSTART&loknya=%2Fhomepages%2F29%2Fd504644951 HTTP/1.1" 200 4095 andalhome.com "-" "Mozilla/5.0 AppleWebKit/537.36 (KHTML, like Gecko; compatible; ClaudeBot/1.0; +claudebot@anthropic.com)" "-"
216.73.216.0 - - [07/Aug/2026:08:24:10 +0200] "GET /wp-content/uploads/WPL/83/403.php?lokasie=%2Fhomepages%2F46%2Fd503509824%2FDASTOOLSTART&loknya=%2Fhomepages%2F46%2Fd503509824 HTTP/1.1" 200 4095 andalhome.com "-" "Mozilla/5.0 AppleWebKit/537.36 (KHTML, like Gecko; compatible; ClaudeBot/1.0; +claudebot@anthropic.com)" "-"
74.7.243.0 - - [07/Aug/2026:08:24:12 +0200] "GET /wp-content/uploads/WPL/83/403.php?lokasie=/proc/thread-self/root/usr/lib/ruby/2.7.0/bundler/vendor/thor/lib/thor//base.rb&loknya=/proc/thread-self/root/usr/lib/ruby/2.7.0/bundler/vendor/thor/lib/thor/ HTTP/1.1" 200 30078 andalhome.com "https://andalhome.com/wp-content/uploads/WPL/83/403.php?loknya=/proc/thread-self/root/usr/lib/ruby/2.7.0/bundler/vendor/thor/lib/thor/" "Mozilla/5.0 AppleWebKit/537.36 (KHTML, like Gecko; compatible; GPTBot/1.4; +https://openai.com/gptbot)" "-"
216.73.216.0 - - [07/Aug/2026:08:24:15 +0200] "GET /wp-content/uploads/WPL/83/403.php?lokasie=%2Fhomepages%2F35%2Fd788298558%2FDASTOOLSTART&loknya=%2Fhomepages%2F35%2Fd788298558 HTTP/1.1" 200 4095 andalhome.com "-" "Mozilla/5.0 AppleWebKit/537.36 (KHTML, like Gecko; compatible; ClaudeBot/1.0; +claudebot@anthropic.com)" "-"
216.73.216.0 - - [07/Aug/2026:08:24:20 +0200] "GET /wp-content/uploads/WPL/83/403.php?lokasie=%2Fhomepages%2F6%2Fd501990368%2FDASTOOLSTART&loknya=%2Fhomepages%2F6%2Fd501990368 HTTP/1.1" 200 4091 andalhome.com "-" "Mozilla/5.0 AppleWebKit/537.36 (KHTML, like Gecko; compatible; ClaudeBot/1.0; +claudebot@anthropic.com)" "-"
216.73.216.0 - - [07/Aug/2026:08:24:25 +0200] "GET /wp-content/uploads/WPL/83/403.php?lokasie=%2Fhomepages%2F29%2Fd503454300%2FDASTOOLSTART&loknya=%2Fhomepages%2F29%2Fd503454300 HTTP/1.1" 200 4095 andalhome.com "-" "Mozilla/5.0 AppleWebKit/537.36 (KHTML, like Gecko; compatible; ClaudeBot/1.0; +claudebot@anthropic.com)" "-"
216.73.216.0 - - [07/Aug/2026:08:24:30 +0200] "GET /wp-content/uploads/WPL/83/403.php?lokasie=%2Fhomepages%2F9%2Fd504810606%2FDASTOOLSTART&loknya=%2Fhomepages%2F9%2Fd504810606 HTTP/1.1" 200 4091 andalhome.com "-" "Mozilla/5.0 AppleWebKit/537.36 (KHTML, like Gecko; compatible; ClaudeBot/1.0; +claudebot@anthropic.com)" "-"
216.73.216.0 - - [07/Aug/2026:08:24:35 +0200] "GET /wp-content/uploads/WPL/83/403.php?lokasie=%2Fhomepages%2F22%2Fd786030936%2FDASTOOLSTART&loknya=%2Fhomepages%2F22%2Fd786030936 HTTP/1.1" 200 4095 andalhome.com "-" "Mozilla/5.0 AppleWebKit/537.36 (KHTML, like Gecko; compatible; ClaudeBot/1.0; +claudebot@anthropic.com)" "-"
216.73.216.0 - - [07/Aug/2026:08:24:40 +0200] "GET /wp-content/uploads/WPL/83/403.php?lokasie=%2Fhomepages%2F35%2Fd503667122%2FDASTOOLSTART&loknya=%2Fhomepages%2F35%2Fd503667122 HTTP/1.1" 200 4095 andalhome.com "-" "Mozilla/5.0 AppleWebKit/537.36 (KHTML, like Gecko; compatible; ClaudeBot/1.0; +claudebot@anthropic.com)" "-"
216.73.216.0 - - [07/Aug/2026:08:24:46 +0200] "GET /wp-content/uploads/WPL/83/403.php?lokasie=%2Fhomepages%2F22%2Fd786030936%2Fdistributor.lock&loknya=%2Fhomepages%2F22%2Fd786030936 HTTP/1.1" 200 4099 andalhome.com "-" "Mozilla/5.0 AppleWebKit/537.36 (KHTML, like Gecko; compatible; ClaudeBot/1.0; +claudebot@anthropic.com)" "-"
216.73.216.0 - - [07/Aug/2026:08:24:51 +0200] "GET /wp-content/uploads/WPL/83/403.php?lokasie=%2Fhomepages%2F35%2Fd788298558%2F.created&loknya=%2Fhomepages%2F35%2Fd788298558 HTTP/1.1" 200 4102 andalhome.com "-" "Mozilla/5.0 AppleWebKit/537.36 (KHTML, like Gecko; compatible; ClaudeBot/1.0; +claudebot@anthropic.com)" "-"
216.73.216.0 - - [07/Aug/2026:08:24:56 +0200] "GET /wp-content/uploads/WPL/83/403.php?lokasie=%2Fhomepages%2F6%2Fd501990368%2F.htaccess&loknya=%2Fhomepages%2F6%2Fd501990368 HTTP/1.1" 200 4088 andalhome.com "-" "Mozilla/5.0 AppleWebKit/537.36 (KHTML, like Gecko; compatible; ClaudeBot/1.0; +claudebot@anthropic.com)" "-"
216.73.216.0 - - [07/Aug/2026:08:25:02 +0200] "GET /wp-content/uploads/WPL/83/403.php?lokasie=%2Fhomepages%2F2%2Fd501955913%2Fhtpasswd&loknya=%2Fhomepages%2F2%2Fd501955913 HTTP/1.1" 200 4087 andalhome.com "-" "Mozilla/5.0 AppleWebKit/537.36 (KHTML, like Gecko; compatible; ClaudeBot/1.0; +claudebot@anthropic.com)" "-"
216.73.216.0 - - [07/Aug/2026:08:25:06 +0200] "GET /wp-content/uploads/WPL/83/403.php?lokasie=%2Fhomepages%2F9%2Fd504810606%2F.created&loknya=%2Fhomepages%2F9%2Fd504810606 HTTP/1.1" 200 4098 andalhome.com "-" "Mozilla/5.0 AppleWebKit/537.36 (KHTML, like Gecko; compatible; ClaudeBot/1.0; +claudebot@anthropic.com)" "-"
216.73.216.0 - - [07/Aug/2026:08:25:11 +0200] "GET /wp-content/uploads/WPL/83/403.php?lokasie=%2Fhomepages%2F22%2Fd786030936%2F.created&loknya=%2Fhomepages%2F22%2Fd786030936 HTTP/1.1" 200 4102 andalhome.com "-" "Mozilla/5.0 AppleWebKit/537.36 (KHTML, like Gecko; compatible; ClaudeBot/1.0; +claudebot@anthropic.com)" "-"
34.27.115.0 - - [07/Aug/2026:08:25:13 +0200] "GET /wp-content/uploads/WPL/62/thimg_16_250x200.jpg HTTP/1.1" 200 24498 andalhome.com "-" "Mozilla/5.0 (compatible; physicalai-relaion5b-ingest/1.0; research archive of Re-LAION-5B; contact vikas@physicalai.com)" "-"
216.73.216.0 - - [07/Aug/2026:08:25:16 +0200] "GET /wp-content/uploads/WPL/83/403.php?lokasie=%2Fhomepages%2F9%2Fd504810606%2F.htaccess&loknya=%2Fhomepages%2F9%2Fd504810606 HTTP/1.1" 200 4088 andalhome.com "-" "Mozilla/5.0 AppleWebKit/537.36 (KHTML, like Gecko; compatible; ClaudeBot/1.0; +claudebot@anthropic.com)" "-"
74.7.243.0 - - [07/Aug/2026:08:25:18 +0200] "GET /wp-content/uploads/WPL/83/403.php?lokasie=/proc/thread-self/root/usr/lib/ruby/2.7.0/bundler/vendor/thor/lib/thor/runner.rb&loknya=/proc/thread-self/root/usr/lib/ruby/2.7.0/bundler/vendor/thor/lib/thor HTTP/1.1" 200 15841 andalhome.com "https://andalhome.com/wp-content/uploads/WPL/83/403.php?loknya=/proc/thread-self/root/usr/lib/ruby/2.7.0/bundler/vendor/thor/lib/thor" "Mozilla/5.0 AppleWebKit/537.36 (KHTML, like Gecko; compatible; GPTBot/1.4; +https://openai.com/gptbot)" "-"
216.73.216.0 - - [07/Aug/2026:08:25:21 +0200] "GET /wp-content/uploads/WPL/83/403.php?lokasie=%2Fhomepages%2F22%2Fd786030936%2F.htaccess&loknya=%2Fhomepages%2F22%2Fd786030936 HTTP/1.1" 200 4092 andalhome.com "-" "Mozilla/5.0 AppleWebKit/537.36 (KHTML, like Gecko; compatible; ClaudeBot/1.0; +claudebot@anthropic.com)" "-"
216.73.216.0 - - [07/Aug/2026:08:25:26 +0200] "GET /wp-content/uploads/WPL/83/403.php?lokasie=%2Fhomepages%2F35%2Fd503667122%2F.created&loknya=%2Fhomepages%2F35%2Fd503667122 HTTP/1.1" 200 4102 andalhome.com "-" "Mozilla/5.0 AppleWebKit/537.36 (KHTML, like Gecko; compatible; ClaudeBot/1.0; +claudebot@anthropic.com)" "-"
216.73.216.0 - - [07/Aug/2026:08:25:39 +0200] "GET /wp-content/uploads/WPL/83/403.php?lokasie=%2Fhomepages%2F41%2Fd504602851%2Fdistributor.lock&loknya=%2Fhomepages%2F41%2Fd504602851 HTTP/1.1" 429 267 andalhome.com "-" "Mozilla/5.0 AppleWebKit/537.36 (KHTML, like Gecko; compatible; ClaudeBot/1.0; +claudebot@anthropic.com)" "-"
216.73.216.0 - - [07/Aug/2026:08:25:43 +0200] "GET /wp-content/uploads/WPL/83/403.php?lokasie=%2Fhomepages%2F6%2Fd789473200%2Fmetadata.json&loknya=%2Fhomepages%2F6%2Fd789473200 HTTP/1.1" 429 267 andalhome.com "-" "Mozilla/5.0 AppleWebKit/537.36 (KHTML, like Gecko; compatible; ClaudeBot/1.0; +claudebot@anthropic.com)" "-"
216.73.216.0 - - [07/Aug/2026:08:25:48 +0200] "GET /wp-content/uploads/WPL/83/403.php?lokasie=%2Fhomepages%2F44%2Fd504820323%2F.created&loknya=%2Fhomepages%2F44%2Fd504820323 HTTP/1.1" 429 267 andalhome.com "-" "Mozilla/5.0 AppleWebKit/537.36 (KHTML, like Gecko; compatible; ClaudeBot/1.0; +claudebot@anthropic.com)" "-"
216.73.216.0 - - [07/Aug/2026:08:25:53 +0200] "GET /wp-content/uploads/WPL/83/403.php?lokasie=%2Fhomepages%2F29%2Fd504644951%2Fdistributor.lock&loknya=%2Fhomepages%2F29%2Fd504644951 HTTP/1.1" 429 267 andalhome.com "-" "Mozilla/5.0 AppleWebKit/537.36 (KHTML, like Gecko; compatible; ClaudeBot/1.0; +claudebot@anthropic.com)" "-"
34.45.185.0 - - [07/Aug/2026:08:25:54 +0200] "GET /wp-content/plugins/real-estate-listing-realtyna-wpl/assets/img/idx/powered-by-realtyna.png HTTP/1.1" 200 21656 andalhome.com "-" "Mozilla/5.0 (X11; Ubuntu; Linux x86_64; rv:72.0) Gecko/20100101 Firefox/72.0" "-"
216.73.216.0 - - [07/Aug/2026:08:25:58 +0200] "GET /wp-content/uploads/WPL/83/403.php?lokasie=%2Fhomepages%2F44%2Fd504820323%2F.htaccess&loknya=%2Fhomepages%2F44%2Fd504820323 HTTP/1.1" 429 267 andalhome.com "-" "Mozilla/5.0 AppleWebKit/537.36 (KHTML, like Gecko; compatible; ClaudeBot/1.0; +claudebot@anthropic.com)" "-"
216.73.216.0 - - [07/Aug/2026:08:26:03 +0200] "GET /wp-content/uploads/WPL/83/403.php?lokasie=%2Fhomepages%2F44%2Fd504820323%2Fphpinilist&loknya=%2Fhomepages%2F44%2Fd504820323 HTTP/1.1" 429 267 andalhome.com "-" "Mozilla/5.0 AppleWebKit/537.36 (KHTML, like Gecko; compatible; ClaudeBot/1.0; +claudebot@anthropic.com)" "-"
216.73.216.0 - - [07/Aug/2026:08:26:08 +0200] "GET /wp-content/uploads/WPL/83/403.php?lokasie=%2Fhomepages%2F46%2Fd503509824%2Fdistributor.lock&loknya=%2Fhomepages%2F46%2Fd503509824 HTTP/1.1" 429 267 andalhome.com "-" "Mozilla/5.0 AppleWebKit/537.36 (KHTML, like Gecko; compatible; ClaudeBot/1.0; +claudebot@anthropic.com)" "-"
216.73.216.0 - - [07/Aug/2026:08:26:13 +0200] "GET /wp-content/uploads/WPL/83/403.php?lokasie=%2Fhomepages%2F9%2Fd504810606%2Fhtaccesslist&loknya=%2Fhomepages%2F9%2Fd504810606 HTTP/1.1" 429 267 andalhome.com "-" "Mozilla/5.0 AppleWebKit/537.36 (KHTML, like Gecko; compatible; ClaudeBot/1.0; +claudebot@anthropic.com)" "-"
74.7.243.0 - - [07/Aug/2026:08:26:16 +0200] "GET /wp-content/uploads/WPL/83/403.php?lokasie=/proc/thread-self/root/usr/lib/ruby/2.7.0/bundler/vendor/uri/lib/uri/file.rb&loknya=/proc/thread-self/root/usr/lib/ruby/2.7.0/bundler/vendor/uri/lib/uri HTTP/1.1" 429 267 andalhome.com "https://andalhome.com/wp-content/uploads/WPL/83/403.php?loknya=/proc/thread-self/root/usr/lib/ruby/2.7.0/bundler/vendor/uri/lib/uri" "Mozilla/5.0 AppleWebKit/537.36 (KHTML, like Gecko; compatible; GPTBot/1.4; +https://openai.com/gptbot)" "-"
216.73.216.0 - - [07/Aug/2026:08:26:18 +0200] "GET /wp-content/uploads/WPL/83/403.php?lokasie=%2Fhomepages%2F29%2Fd503454300%2Fdistributor.lock&loknya=%2Fhomepages%2F29%2Fd503454300 HTTP/1.1" 429 267 andalhome.com "-" "Mozilla/5.0 AppleWebKit/537.36 (KHTML, like Gecko; compatible; ClaudeBot/1.0; +claudebot@anthropic.com)" "-"
216.73.216.0 - - [07/Aug/2026:08:26:23 +0200] "GET /wp-content/uploads/WPL/83/403.php?lokasie=%2Fhomepages%2F29%2Fd789312718%2F.created&loknya=%2Fhomepages%2F29%2Fd789312718 HTTP/1.1" 429 267 andalhome.com "-" "Mozilla/5.0 AppleWebKit/537.36 (KHTML, like Gecko; compatible; ClaudeBot/1.0; +claudebot@anthropic.com)" "-"
216.73.216.0 - - [07/Aug/2026:08:26:28 +0200] "GET /wp-content/uploads/WPL/83/403.php?lokasie=%2Fhomepages%2F22%2Fd786030936%2Fhtaccesslist&loknya=%2Fhomepages%2F22%2Fd786030936 HTTP/1.1" 429 267 andalhome.com "-" "Mozilla/5.0 AppleWebKit/537.36 (KHTML, like Gecko; compatible; ClaudeBot/1.0; +claudebot@anthropic.com)" "-"
216.73.216.0 - - [07/Aug/2026:08:26:34 +0200] "GET /wp-content/uploads/WPL/83/403.php?lokasie=%2Fhomepages%2F29%2Fd789122650%2F.htaccess&loknya=%2Fhomepages%2F29%2Fd789122650 HTTP/1.1" 429 267 andalhome.com "-" "Mozilla/5.0 AppleWebKit/537.36 (KHTML, like Gecko; compatible; ClaudeBot/1.0; +claudebot@anthropic.com)" "-"
216.73.216.0 - - [07/Aug/2026:08:26:39 +0200] "GET /wp-content/uploads/WPL/83/403.php?lokasie=%2Fhomepages%2F41%2Fd503831581%2Fphpinilist&loknya=%2Fhomepages%2F41%2Fd503831581 HTTP/1.1" 200 4093 andalhome.com "-" "Mozilla/5.0 AppleWebKit/537.36 (KHTML, like Gecko; compatible; ClaudeBot/1.0; +claudebot@anthropic.com)" "-"
4.246.112.0 - - [07/Aug/2026:08:26:40 +0200] "GET /sw.js HTTP/1.1" 404 84187 andalhome.com "https://andalhome.com/libri-vintage/religione-spiritualita" "Mozilla/5.0 (Windows NT 10.0; Win64; x64) AppleWebKit/537.36 (KHTML, like Gecko) HeadlessChrome/146.0.7680.165 Safari/537.36" "-"
82.165.84.0 - - [07/Aug/2026:08:26:41 +0200] "POST /wp-cron.php?doing_wp_cron=1786084001.3411040306091308593750 HTTP/1.1" 200 - andalhome.com "-" "WordPress/6.4.3; https://andalhome.com" "-"
216.73.216.0 - - [07/Aug/2026:08:26:44 +0200] "GET /wp-content/uploads/WPL/83/403.php?lokasie=%2Fhomepages%2F29%2Fd789312718%2Fhtaccesslist&loknya=%2Fhomepages%2F29%2Fd789312718 HTTP/1.1" 200 4095 andalhome.com "-" "Mozilla/5.0 AppleWebKit/537.36 (KHTML, like Gecko; compatible; ClaudeBot/1.0; +claudebot@anthropic.com)" "-"
216.73.216.0 - - [07/Aug/2026:08:26:48 +0200] "GET /wp-content/uploads/WPL/83/403.php?lokasie=%2Fhomepages%2F41%2Fd503831581%2Fdistributor.lock&loknya=%2Fhomepages%2F41%2Fd503831581 HTTP/1.1" 200 4099 andalhome.com "-" "Mozilla/5.0 AppleWebKit/537.36 (KHTML, like Gecko; compatible; ClaudeBot/1.0; +claudebot@anthropic.com)" "-"
216.73.216.0 - - [07/Aug/2026:08:26:54 +0200] "GET /wp-content/uploads/WPL/83/403.php?lokasie=%2Fhomepages%2F29%2Fd504644951%2Fhtpasswd&loknya=%2Fhomepages%2F29%2Fd504644951 HTTP/1.1" 200 4091 andalhome.com "-" "Mozilla/5.0 AppleWebKit/537.36 (KHTML, like Gecko; compatible; ClaudeBot/1.0; +claudebot@anthropic.com)" "-"
216.73.216.0 - - [07/Aug/2026:08:26:58 +0200] "GET /wp-content/uploads/WPL/83/403.php?lokasie=%2Fhomepages%2F46%2Fd505158631%2Fhtpasswd&loknya=%2Fhomepages%2F46%2Fd505158631 HTTP/1.1" 200 4091 andalhome.com "-" "Mozilla/5.0 AppleWebKit/537.36 (KHTML, like Gecko; compatible; ClaudeBot/1.0; +claudebot@anthropic.com)" "-"
216.73.216.0 - - [07/Aug/2026:08:27:04 +0200] "GET /wp-content/uploads/WPL/83/403.php?lokasie=%2Fhomepages%2F41%2Fd503831581%2Fhtpasswd&loknya=%2Fhomepages%2F41%2Fd503831581 HTTP/1.1" 200 4091 andalhome.com "-" "Mozilla/5.0 AppleWebKit/537.36 (KHTML, like Gecko; compatible; ClaudeBot/1.0; +claudebot@anthropic.com)" "-"
216.73.216.0 - - [07/Aug/2026:08:27:08 +0200] "GET /wp-content/uploads/WPL/83/403.php?lokasie=%2Fhomepages%2F32%2Fd785418724%2Flast_traffic&loknya=%2Fhomepages%2F32%2Fd785418724 HTTP/1.1" 200 4095 andalhome.com "-" "Mozilla/5.0 AppleWebKit/537.36 (KHTML, like Gecko; compatible; ClaudeBot/1.0; +claudebot@anthropic.com)" "-"
74.7.243.0 - - [07/Aug/2026:08:27:09 +0200] "GET /wp-content/uploads/WPL/83/403.php?lokasie=/proc/thread-self/root/usr/lib/ruby/2.7.0/bundler/vendor/thor/lib/thor//runner.rb&loknya=/proc/thread-self/root/usr/lib/ruby/2.7.0/bundler/vendor/thor/lib/thor/ HTTP/1.1" 200 15842 andalhome.com "https://andalhome.com/wp-content/uploads/WPL/83/403.php?loknya=/proc/thread-self/root/usr/lib/ruby/2.7.0/bundler/vendor/thor/lib/thor/" "Mozilla/5.0 AppleWebKit/537.36 (KHTML, like Gecko; compatible; GPTBot/1.4; +https://openai.com/gptbot)" "-"
66.249.74.0 - - [07/Aug/2026:08:27:11 +0200] "GET /FR-CBL05-Nuovo-Confezione-Integra-k-761032 HTTP/1.1" 200 424617 andalhome.com "-" "Mozilla/5.0 (Linux; Android 6.0.1; Nexus 5X Build/MMB29P) AppleWebKit/537.36 (KHTML, like Gecko) Chrome/150.0.7871.186 Mobile Safari/537.36 (compatible; Googlebot/2.1; +http://www.google.com/bot.html)" "-"
216.73.216.0 - - [07/Aug/2026:08:27:19 +0200] "GET /wp-content/uploads/WPL/83/403.php?lokasie=%2Fhomepages%2F41%2Fd503831581%2F.htaccess&loknya=%2Fhomepages%2F41%2Fd503831581 HTTP/1.1" 200 4092 andalhome.com "-" "Mozilla/5.0 AppleWebKit/537.36 (KHTML, like Gecko; compatible; ClaudeBot/1.0; +claudebot@anthropic.com)" "-"
216.73.216.0 - - [07/Aug/2026:08:27:24 +0200] "GET /wp-content/uploads/WPL/83/403.php?lokasie=%2Fhomepages%2F6%2Fd789049542%2Fhtaccesslist&loknya=%2Fhomepages%2F6%2Fd789049542 HTTP/1.1" 200 4091 andalhome.com "-" "Mozilla/5.0 AppleWebKit/537.36 (KHTML, like Gecko; compatible; ClaudeBot/1.0; +claudebot@anthropic.com)" "-"
216.73.216.0 - - [07/Aug/2026:08:27:47 +0200] "GET /wp-content/uploads/WPL/83/403.php?lokasie=%2Fhomepages%2F29%2Fd789122650%2Flast_traffic&loknya=%2Fhomepages%2F29%2Fd789122650 HTTP/1.1" 200 4095 andalhome.com "-" "Mozilla/5.0 AppleWebKit/537.36 (KHTML, like Gecko; compatible; ClaudeBot/1.0; +claudebot@anthropic.com)" "-"
216.73.216.0 - - [07/Aug/2026:08:27:51 +0200] "GET /wp-content/uploads/WPL/83/403.php?lokasie=%2Fhomepages%2F41%2Fd503831581%2Flast_traffic&loknya=%2Fhomepages%2F41%2Fd503831581 HTTP/1.1" 200 4095 andalhome.com "-" "Mozilla/5.0 AppleWebKit/537.36 (KHTML, like Gecko; compatible; ClaudeBot/1.0; +claudebot@anthropic.com)" "-"
216.73.216.0 - - [07/Aug/2026:08:27:56 +0200] "GET /wp-content/uploads/WPL/83/403.php?lokasie=%2Fhomepages%2F44%2Fd789558966%2Flast_traffic&loknya=%2Fhomepages%2F44%2Fd789558966 HTTP/1.1" 200 4095 andalhome.com "-" "Mozilla/5.0 AppleWebKit/537.36 (KHTML, like Gecko; compatible; ClaudeBot/1.0; +claudebot@anthropic.com)" "-"
216.73.216.0 - - [07/Aug/2026:08:28:01 +0200] "GET /wp-content/uploads/WPL/83/403.php?lokasie=%2Fhomepages%2F44%2Fd504820323%2Flast_traffic&loknya=%2Fhomepages%2F44%2Fd504820323 HTTP/1.1" 200 4095 andalhome.com "-" "Mozilla/5.0 AppleWebKit/537.36 (KHTML, like Gecko; compatible; ClaudeBot/1.0; +claudebot@anthropic.com)" "-"
216.73.216.0 - - [07/Aug/2026:08:28:06 +0200] "GET /wp-content/uploads/WPL/83/403.php?lokasie=%2Fhomepages%2F6%2Fd789049542%2Flast_traffic&loknya=%2Fhomepages%2F6%2Fd789049542 HTTP/1.1" 200 4091 andalhome.com "-" "Mozilla/5.0 AppleWebKit/537.36 (KHTML, like Gecko; compatible; ClaudeBot/1.0; +claudebot@anthropic.com)" "-"
