2a03:2880:f800:: - - [07/Aug/2026:00:18:24 +0200] "GET /wp-content/uploads/WPL/83/403.php?loknya=/usr/lib/locale/ig_NG/LC_MESSAGES HTTP/1.1" 200 6698 andalhome.com "-" "Mozilla/5.0 (Windows NT 10.0; Win64; x64) AppleWebKit/537.36 (KHTML, like Gecko) Chrome/145.0.0.0 Safari/537.36 (compatible; meta-externalagent/1.1 (+https://developers.facebook.com/docs/sharing/webmasters/crawler))" "-"
74.7.243.0 - - [07/Aug/2026:00:18:28 +0200] "GET /wp-content/uploads/WPL/83/403.php?lokasie=/proc/thread-self/root/homepages/17/d789274542/metadata.json&loknya=/proc/thread-self/root/homepages/17/d789274542 HTTP/1.1" 200 4317 andalhome.com "https://andalhome.com/wp-content/uploads/WPL/83/403.php?loknya=/proc/thread-self/root/homepages/17/d789274542" "Mozilla/5.0 AppleWebKit/537.36 (KHTML, like Gecko; compatible; GPTBot/1.4; +https://openai.com/gptbot)" "-"
2a03:2880:f800:: - - [07/Aug/2026:00:18:31 +0200] "GET /wp-content/uploads/WPL/83/403.php?loknya=/usr/lib/locale/fr_CH/LC_MESSAGES HTTP/1.1" 200 6698 andalhome.com "-" "Mozilla/5.0 (Windows NT 10.0; Win64; x64) AppleWebKit/537.36 (KHTML, like Gecko) Chrome/145.0.0.0 Safari/537.36 (compatible; meta-externalagent/1.1 (+https://developers.facebook.com/docs/sharing/webmasters/crawler))" "-"
2a03:2880:f800:: - - [07/Aug/2026:00:18:39 +0200] "GET /wp-content/uploads/WPL/83/403.php?lokasie=/lib/python3.9//sre_constants.py&loknya=/lib/python3.9/ HTTP/1.1" 200 11677 andalhome.com "-" "Mozilla/5.0 (Windows NT 10.0; Win64; x64) AppleWebKit/537.36 (KHTML, like Gecko) Chrome/145.0.0.0 Safari/537.36 (compatible; meta-externalagent/1.1 (+https://developers.facebook.com/docs/sharing/webmasters/crawler))" "-"
2a03:2880:f800:: - - [07/Aug/2026:00:18:45 +0200] "GET /wp-content/uploads/WPL/83/403.php?loknya=/kunden/usr/share/bug/imagemagick-6.q16 HTTP/1.1" 200 8099 andalhome.com "-" "Mozilla/5.0 (Windows NT 10.0; Win64; x64) AppleWebKit/537.36 (KHTML, like Gecko) Chrome/145.0.0.0 Safari/537.36 (compatible; meta-externalagent/1.1 (+https://developers.facebook.com/docs/sharing/webmasters/crawler))" "-"
2a03:2880:f800:: - - [07/Aug/2026:00:18:51 +0200] "GET /wp-content/uploads/WPL/83/403.php?loknya=/kunden/usr/share/doc/libtask-weaken-perl HTTP/1.1" 200 11004 andalhome.com "-" "Mozilla/5.0 (Windows NT 10.0; Win64; x64) AppleWebKit/537.36 (KHTML, like Gecko) Chrome/145.0.0.0 Safari/537.36 (compatible; meta-externalagent/1.1 (+https://developers.facebook.com/docs/sharing/webmasters/crawler))" "-"
2a03:2880:f800:: - - [07/Aug/2026:00:18:57 +0200] "GET /wp-content/uploads/WPL/83/403.php?loknya=/kunden/usr/share/doc/libdevel-globaldestruction-perl HTTP/1.1" 200 9799 andalhome.com "-" "Mozilla/5.0 (Windows NT 10.0; Win64; x64) AppleWebKit/537.36 (KHTML, like Gecko) Chrome/145.0.0.0 Safari/537.36 (compatible; meta-externalagent/1.1 (+https://developers.facebook.com/docs/sharing/webmasters/crawler))" "-"
2a03:2880:f800:: - - [07/Aug/2026:00:19:03 +0200] "GET /wp-content/uploads/WPL/83/403.php?loknya=/kunden/homepages/41/d786050836/.config HTTP/1.1" 200 5372 andalhome.com "-" "Mozilla/5.0 (Windows NT 10.0; Win64; x64) AppleWebKit/537.36 (KHTML, like Gecko) Chrome/145.0.0.0 Safari/537.36 (compatible; meta-externalagent/1.1 (+https://developers.facebook.com/docs/sharing/webmasters/crawler))" "-"
2a03:2880:f800:: - - [07/Aug/2026:00:19:07 +0200] "GET /wp-content/uploads/WPL/83/403.php?loknya=/kunden/lib/ruby/2.7.0/logger HTTP/1.1" 200 13442 andalhome.com "-" "Mozilla/5.0 (Macintosh; Intel Mac OS X 10_15_7) AppleWebKit/537.36 (KHTML, like Gecko) Chrome/145.0.0.0 Safari/537.36 (compatible; meta-externalagent/1.1 (+https://developers.facebook.com/docs/sharing/webmasters/crawler))" "-"
2a03:2880:f800:: - - [07/Aug/2026:00:19:11 +0200] "GET /wp-content/uploads/WPL/83/403.php?lokasie=/lib/apt//apt.systemd.daily&loknya=/lib/apt/ HTTP/1.1" 200 21754 andalhome.com "-" "Mozilla/5.0 (X11; Linux x86_64) AppleWebKit/537.36 (KHTML, like Gecko) Chrome/145.0.0.0 Safari/537.36 (compatible; meta-externalagent/1.1 (+https://developers.facebook.com/docs/sharing/webmasters/crawler))" "-"
2a03:2880:f800:: - - [07/Aug/2026:00:19:17 +0200] "GET /wp-content/uploads/WPL/83/403.php?loknya=/homepages/11/d788231371/ HTTP/1.1" 200 19610 andalhome.com "-" "Mozilla/5.0 (Windows NT 10.0; Win64; x64) AppleWebKit/537.36 (KHTML, like Gecko) Chrome/145.0.0.0 Safari/537.36 (compatible; meta-externalagent/1.1 (+https://developers.facebook.com/docs/sharing/webmasters/crawler))" "-"
2a03:2880:f800:: - - [07/Aug/2026:00:19:23 +0200] "GET /wp-content/uploads/WPL/83/403.php?loknya=/kunden/homepages/5/d501976878/.config HTTP/1.1" 200 5365 andalhome.com "-" "Mozilla/5.0 (Windows NT 10.0; Win64; x64) AppleWebKit/537.36 (KHTML, like Gecko) Chrome/145.0.0.0 Safari/537.36 (compatible; meta-externalagent/1.1 (+https://developers.facebook.com/docs/sharing/webmasters/crawler))" "-"
74.7.243.0 - - [07/Aug/2026:00:19:28 +0200] "GET /wp-content/uploads/WPL/83/403.php?lokasie=/proc/thread-self/root/homepages/30/d787432672/metadata.json&loknya=/proc/thread-self/root/homepages/30/d787432672 HTTP/1.1" 200 4317 andalhome.com "https://andalhome.com/wp-content/uploads/WPL/83/403.php?loknya=/proc/thread-self/root/homepages/30/d787432672" "Mozilla/5.0 AppleWebKit/537.36 (KHTML, like Gecko; compatible; GPTBot/1.4; +https://openai.com/gptbot)" "-"
2a03:2880:f800:: - - [07/Aug/2026:00:19:30 +0200] "GET /wp-content/uploads/WPL/83/403.php?loknya=/kunden/homepages/21/d502423629/managed HTTP/1.1" 200 5371 andalhome.com "-" "Mozilla/5.0 (Windows NT 10.0; Win64; x64) AppleWebKit/537.36 (KHTML, like Gecko) Chrome/145.0.0.0 Safari/537.36 (compatible; meta-externalagent/1.1 (+https://developers.facebook.com/docs/sharing/webmasters/crawler))" "-"
2a03:2880:f800:: - - [07/Aug/2026:00:19:34 +0200] "GET /wp-content/uploads/WPL/83/403.php?loknya=/kunden/homepages/38/d502264269/managed HTTP/1.1" 429 267 andalhome.com "-" "Mozilla/5.0 (Windows NT 10.0; Win64; x64) AppleWebKit/537.36 (KHTML, like Gecko) Chrome/145.0.0.0 Safari/537.36 (compatible; meta-externalagent/1.1 (+https://developers.facebook.com/docs/sharing/webmasters/crawler))" "-"
2a03:2880:f800:: - - [07/Aug/2026:00:19:44 +0200] "GET /wp-content/uploads/WPL/83/403.php?loknya=/lib/locale/ce_RU/ HTTP/1.1" 429 267 andalhome.com "-" "Mozilla/5.0 (Windows NT 10.0; Win64; x64) AppleWebKit/537.36 (KHTML, like Gecko) Chrome/145.0.0.0 Safari/537.36 (compatible; meta-externalagent/1.1 (+https://developers.facebook.com/docs/sharing/webmasters/crawler))" "-"
66.249.74.0 - - [07/Aug/2026:00:19:44 +0200] "GET /Peluche-Fatty-Zoo-Gatto-Calico-9cm-Kawaii-Mikeneko-Fatto-k-391733 HTTP/1.1" 200 425822 andalhome.com "-" "Mozilla/5.0 (Linux; Android 6.0.1; Nexus 5X Build/MMB29P) AppleWebKit/537.36 (KHTML, like Gecko) Chrome/150.0.7871.186 Mobile Safari/537.36 (compatible; Googlebot/2.1; +http://www.google.com/bot.html)" "-"
2a03:2880:f800:: - - [07/Aug/2026:00:19:49 +0200] "GET /wp-content/uploads/WPL/83/403.php?loknya=/kunden/homepages/36/d501942552/managed HTTP/1.1" 429 267 andalhome.com "-" "Mozilla/5.0 (Macintosh; Intel Mac OS X 10_15_7) AppleWebKit/537.36 (KHTML, like Gecko) Chrome/145.0.0.0 Safari/537.36 (compatible; meta-externalagent/1.1 (+https://developers.facebook.com/docs/sharing/webmasters/crawler))" "-"
47.82.54.0 - - [07/Aug/2026:00:19:53 +0200] "GET /CS300-65W-19-5V-3-33A-Con-Cavo-Nuovo-k-985106 HTTP/1.1" 429 267 andalhome.com "-" "Mozilla/5.0 (Macintosh; Intel Mac OS X 10_15_7) AppleWebKit/537.36 (KHTML, like Gecko) Chrome/142.0.0.0 Safari/537.36" "-"
2a03:2880:f800:: - - [07/Aug/2026:00:19:55 +0200] "GET /wp-content/uploads/WPL/83/403.php?loknya=/kunden/homepages/19/d504620736/.config HTTP/1.1" 429 267 andalhome.com "-" "Mozilla/5.0 (Windows NT 10.0; Win64; x64) AppleWebKit/537.36 (KHTML, like Gecko) Chrome/145.0.0.0 Safari/537.36 (compatible; meta-externalagent/1.1 (+https://developers.facebook.com/docs/sharing/webmasters/crawler))" "-"
47.82.51.0 - - [07/Aug/2026:00:20:04 +0200] "GET /Modelli-1-18-1-24-1-32-1-43-1-k-402812 HTTP/1.1" 429 267 andalhome.com "-" "Mozilla/5.0 (Macintosh; Intel Mac OS X 10_15_7) AppleWebKit/537.36 (KHTML, like Gecko) Chrome/144.0.0.0 Safari/537.36" "-"
2a03:2880:f800:: - - [07/Aug/2026:00:20:07 +0200] "GET /wp-content/uploads/WPL/83/403.php?loknya=/kunden/lib/locale/mni_IN/LC_MESSAGES HTTP/1.1" 429 267 andalhome.com "-" "Mozilla/5.0 (Windows NT 10.0; Win64; x64) AppleWebKit/537.36 (KHTML, like Gecko) Chrome/145.0.0.0 Safari/537.36 (compatible; meta-externalagent/1.1 (+https://developers.facebook.com/docs/sharing/webmasters/crawler))" "-"
2a03:2880:f800:: - - [07/Aug/2026:00:20:14 +0200] "GET /wp-content/uploads/WPL/83/403.php?loknya=/lib/locale/sm_WS/LC_MESSAGES HTTP/1.1" 429 267 andalhome.com "-" "Mozilla/5.0 (X11; Linux x86_64) AppleWebKit/537.36 (KHTML, like Gecko) Chrome/145.0.0.0 Safari/537.36 (compatible; meta-externalagent/1.1 (+https://developers.facebook.com/docs/sharing/webmasters/crawler))" "-"
47.82.52.0 - - [07/Aug/2026:00:20:19 +0200] "GET /Zoom-20x-NDI-HX-2-07MP-PoE-Nera-k-993068 HTTP/1.1" 429 267 andalhome.com "-" "Mozilla/5.0 (Macintosh; Intel Mac OS X 10_15_7) AppleWebKit/537.36 (KHTML, like Gecko) Chrome/143.0.0.0 Safari/537.36" "-"
2a03:2880:f800:: - - [07/Aug/2026:00:20:22 +0200] "GET /wp-content/uploads/WPL/83/403.php?loknya=/kunden/usr/share/man/man1 HTTP/1.1" 429 267 andalhome.com "-" "Mozilla/5.0 (Macintosh; Intel Mac OS X 10_15_7) AppleWebKit/537.36 (KHTML, like Gecko) Chrome/145.0.0.0 Safari/537.36 (compatible; meta-externalagent/1.1 (+https://developers.facebook.com/docs/sharing/webmasters/crawler))" "-"
74.7.243.0 - - [07/Aug/2026:00:20:25 +0200] "GET /wp-content/uploads/WPL/83/403.php?lokasie=/proc/thread-self/root/homepages/34/d789734642/metadata.json&loknya=/proc/thread-self/root/homepages/34/d789734642 HTTP/1.1" 200 4317 andalhome.com "https://andalhome.com/wp-content/uploads/WPL/83/403.php?loknya=/proc/thread-self/root/homepages/34/d789734642" "Mozilla/5.0 AppleWebKit/537.36 (KHTML, like Gecko; compatible; GPTBot/1.4; +https://openai.com/gptbot)" "-"
2a03:2880:f800:: - - [07/Aug/2026:00:20:32 +0200] "GET /wp-content/uploads/WPL/83/403.php?loknya=/kunden/homepages/32/d502016244/managed HTTP/1.1" 429 267 andalhome.com "-" "Mozilla/5.0 (Windows NT 10.0; Win64; x64) AppleWebKit/537.36 (KHTML, like Gecko) Chrome/145.0.0.0 Safari/537.36 (compatible; meta-externalagent/1.1 (+https://developers.facebook.com/docs/sharing/webmasters/crawler))" "-"
2a03:2880:f800:: - - [07/Aug/2026:00:20:45 +0200] "GET /wp-content/uploads/WPL/83/403.php?loknya=/kunden/homepages/35/d788424189/managed HTTP/1.1" 200 5372 andalhome.com "-" "Mozilla/5.0 (Macintosh; Intel Mac OS X 10_15_7) AppleWebKit/537.36 (KHTML, like Gecko) Chrome/145.0.0.0 Safari/537.36 (compatible; meta-externalagent/1.1 (+https://developers.facebook.com/docs/sharing/webmasters/crawler))" "-"
2a03:2880:f800:: - - [07/Aug/2026:00:20:53 +0200] "GET /wp-content/uploads/WPL/83/403.php?loknya=/kunden/lib/ruby/2.7.0/bundler HTTP/1.1" 200 109358 andalhome.com "-" "Mozilla/5.0 (Windows NT 10.0; Win64; x64) AppleWebKit/537.36 (KHTML, like Gecko) Chrome/145.0.0.0 Safari/537.36 (compatible; meta-externalagent/1.1 (+https://developers.facebook.com/docs/sharing/webmasters/crawler))" "-"
2a03:2880:f800:: - - [07/Aug/2026:00:21:02 +0200] "GET /wp-content/uploads/WPL/83/403.php?loknya=/lib/locale/ss_ZA/ HTTP/1.1" 200 20628 andalhome.com "-" "Mozilla/5.0 (Windows NT 10.0; Win64; x64) AppleWebKit/537.36 (KHTML, like Gecko) Chrome/145.0.0.0 Safari/537.36 (compatible; meta-externalagent/1.1 (+https://developers.facebook.com/docs/sharing/webmasters/crawler))" "-"
2a03:2880:f800:: - - [07/Aug/2026:00:21:10 +0200] "GET /wp-content/uploads/WPL/83/403.php?loknya=/usr/lib/locale/pl_PL.utf8/LC_MESSAGES HTTP/1.1" 200 6748 andalhome.com "-" "Mozilla/5.0 (Windows NT 10.0; Win64; x64) AppleWebKit/537.36 (KHTML, like Gecko) Chrome/145.0.0.0 Safari/537.36 (compatible; meta-externalagent/1.1 (+https://developers.facebook.com/docs/sharing/webmasters/crawler))" "-"
2a03:2880:f800:: - - [07/Aug/2026:00:21:17 +0200] "GET /wp-content/uploads/WPL/83/403.php?loknya=/kunden/etc/csh/cshrc.d HTTP/1.1" 200 5227 andalhome.com "-" "Mozilla/5.0 (Windows NT 10.0; Win64; x64) AppleWebKit/537.36 (KHTML, like Gecko) Chrome/145.0.0.0 Safari/537.36 (compatible; meta-externalagent/1.1 (+https://developers.facebook.com/docs/sharing/webmasters/crawler))" "-"
74.7.243.0 - - [07/Aug/2026:00:21:18 +0200] "GET /wp-content/uploads/WPL/83/403.php?lokasie=/proc/thread-self/root/homepages/21/d787143660/metadata.json&loknya=/proc/thread-self/root/homepages/21/d787143660 HTTP/1.1" 200 4317 andalhome.com "https://andalhome.com/wp-content/uploads/WPL/83/403.php?loknya=/proc/thread-self/root/homepages/21/d787143660" "Mozilla/5.0 AppleWebKit/537.36 (KHTML, like Gecko; compatible; GPTBot/1.4; +https://openai.com/gptbot)" "-"
2a03:2880:f800:: - - [07/Aug/2026:00:21:25 +0200] "GET /wp-content/uploads/WPL/83/403.php?loknya=/kunden/homepages/17/d786269221/managed HTTP/1.1" 200 5372 andalhome.com "-" "Mozilla/5.0 (Macintosh; Intel Mac OS X 10_15_7) AppleWebKit/537.36 (KHTML, like Gecko) Chrome/145.0.0.0 Safari/537.36 (compatible; meta-externalagent/1.1 (+https://developers.facebook.com/docs/sharing/webmasters/crawler))" "-"
47.82.49.0 - - [07/Aug/2026:00:21:28 +0200] "GET /Versione-HD-3-8-Adattatore-Per-Antenna-k-592210 HTTP/1.1" 429 267 andalhome.com "-" "Mozilla/5.0 (Windows NT 10.0; Win64; x64) AppleWebKit/537.36 (KHTML, like Gecko) Chrome/141.0.0.0 Safari/537.36" "-"
2a03:2880:f800:: - - [07/Aug/2026:00:21:36 +0200] "GET /wp-content/uploads/WPL/83/403.php?loknya=/kunden/usr/share/perl5/Digest HTTP/1.1" 200 10449 andalhome.com "-" "Mozilla/5.0 (Macintosh; Intel Mac OS X 10_15_7) AppleWebKit/537.36 (KHTML, like Gecko) Chrome/145.0.0.0 Safari/537.36 (compatible; meta-externalagent/1.1 (+https://developers.facebook.com/docs/sharing/webmasters/crawler))" "-"
2a03:2880:f800:: - - [07/Aug/2026:00:21:47 +0200] "GET /wp-content/uploads/WPL/83/403.php?loknya=/usr/include/linux/tc_ematch HTTP/1.1" 200 12032 andalhome.com "-" "Mozilla/5.0 (Macintosh; Intel Mac OS X 10_15_7) AppleWebKit/537.36 (KHTML, like Gecko) Chrome/145.0.0.0 Safari/537.36 (compatible; meta-externalagent/1.1 (+https://developers.facebook.com/docs/sharing/webmasters/crawler))" "-"
2a03:2880:f800:: - - [07/Aug/2026:00:21:52 +0200] "GET /wp-content/uploads/WPL/83/403.php?loknya=/kunden/lib/ruby/ HTTP/1.1" 200 8259 andalhome.com "-" "Mozilla/5.0 (Windows NT 10.0; Win64; x64) AppleWebKit/537.36 (KHTML, like Gecko) Chrome/145.0.0.0 Safari/537.36 (compatible; meta-externalagent/1.1 (+https://developers.facebook.com/docs/sharing/webmasters/crawler))" "-"
2a03:2880:f800:: - - [07/Aug/2026:00:21:58 +0200] "GET /wp-content/uploads/WPL/83/403.php?loknya=/kunden/usr/share/doc/libcwidget4 HTTP/1.1" 200 9474 andalhome.com "-" "Mozilla/5.0 (X11; Linux x86_64) AppleWebKit/537.36 (KHTML, like Gecko) Chrome/145.0.0.0 Safari/537.36 (compatible; meta-externalagent/1.1 (+https://developers.facebook.com/docs/sharing/webmasters/crawler))" "-"
74.7.243.0 - - [07/Aug/2026:00:22:03 +0200] "GET /wp-content/uploads/WPL/83/403.php?lokasie=/proc/thread-self/root/homepages/10/d504365893/metadata.json&loknya=/proc/thread-self/root/homepages/10/d504365893 HTTP/1.1" 200 4317 andalhome.com "https://andalhome.com/wp-content/uploads/WPL/83/403.php?loknya=/proc/thread-self/root/homepages/10/d504365893" "Mozilla/5.0 AppleWebKit/537.36 (KHTML, like Gecko; compatible; GPTBot/1.4; +https://openai.com/gptbot)" "-"
2a03:2880:f800:: - - [07/Aug/2026:00:22:18 +0200] "GET /wp-content/uploads/WPL/83/403.php?loknya=/kunden/usr/share/doc/vim HTTP/1.1" 200 10710 andalhome.com "-" "Mozilla/5.0 (Windows NT 10.0; Win64; x64) AppleWebKit/537.36 (KHTML, like Gecko) Chrome/145.0.0.0 Safari/537.36 (compatible; meta-externalagent/1.1 (+https://developers.facebook.com/docs/sharing/webmasters/crawler))" "-"
2a03:2880:f800:: - - [07/Aug/2026:00:22:29 +0200] "GET /wp-content/uploads/WPL/83/403.php?loknya=/kunden/usr/share/doc/libwrap0 HTTP/1.1" 200 12152 andalhome.com "-" "Mozilla/5.0 (Windows NT 10.0; Win64; x64) AppleWebKit/537.36 (KHTML, like Gecko) Chrome/145.0.0.0 Safari/537.36 (compatible; meta-externalagent/1.1 (+https://developers.facebook.com/docs/sharing/webmasters/crawler))" "-"
2a03:2880:f800:: - - [07/Aug/2026:00:22:35 +0200] "GET /wp-content/uploads/WPL/83/403.php?loknya=/usr/lib/locale/lt_LT/LC_MESSAGES HTTP/1.1" 200 6698 andalhome.com "-" "Mozilla/5.0 (Windows NT 10.0; Win64; x64) AppleWebKit/537.36 (KHTML, like Gecko) Chrome/145.0.0.0 Safari/537.36 (compatible; meta-externalagent/1.1 (+https://developers.facebook.com/docs/sharing/webmasters/crawler))" "-"
74.7.243.0 - - [07/Aug/2026:00:22:46 +0200] "GET /wp-content/uploads/WPL/83/403.php?lokasie=/proc/thread-self/root/homepages/11/d789969384/metadata.json&loknya=/proc/thread-self/root/homepages/11/d789969384 HTTP/1.1" 200 4317 andalhome.com "https://andalhome.com/wp-content/uploads/WPL/83/403.php?loknya=/proc/thread-self/root/homepages/11/d789969384" "Mozilla/5.0 AppleWebKit/537.36 (KHTML, like Gecko; compatible; GPTBot/1.4; +https://openai.com/gptbot)" "-"
2a03:2880:f800:: - - [07/Aug/2026:00:22:51 +0200] "GET /wp-content/uploads/WPL/83/403.php?loknya=/kunden/homepages/0/d501970058/managed HTTP/1.1" 200 5365 andalhome.com "-" "Mozilla/5.0 (X11; Linux x86_64) AppleWebKit/537.36 (KHTML, like Gecko) Chrome/145.0.0.0 Safari/537.36 (compatible; meta-externalagent/1.1 (+https://developers.facebook.com/docs/sharing/webmasters/crawler))" "-"
2a03:2880:f800:: - - [07/Aug/2026:00:23:01 +0200] "GET /wp-content/uploads/WPL/83/403.php?lokasie=/usr/include//execinfo.h&loknya=/usr/include/ HTTP/1.1" 200 5556 andalhome.com "-" "Mozilla/5.0 (Macintosh; Intel Mac OS X 10_15_7) AppleWebKit/537.36 (KHTML, like Gecko) Chrome/145.0.0.0 Safari/537.36 (compatible; meta-externalagent/1.1 (+https://developers.facebook.com/docs/sharing/webmasters/crawler))" "-"
2a03:2880:f800:: - - [07/Aug/2026:00:23:10 +0200] "GET /wp-content/uploads/WPL/83/403.php?loknya=/kunden/usr/share/zoneinfo/Indian HTTP/1.1" 200 20273 andalhome.com "-" "Mozilla/5.0 (Windows NT 10.0; Win64; x64) AppleWebKit/537.36 (KHTML, like Gecko) Chrome/146.0.0.0 Safari/537.36 Edg/146.0.0.0 (compatible; meta-externalagent/1.1 (+https://developers.facebook.com/docs/sharing/webmasters/crawler))" "-"
2a03:2880:f800:: - - [07/Aug/2026:00:23:15 +0200] "GET /wp-content/uploads/WPL/83/403.php?loknya=/kunden/homepages/27/d784451600/managed HTTP/1.1" 200 5372 andalhome.com "-" "Mozilla/5.0 (Windows NT 10.0; Win64; x64) AppleWebKit/537.36 (KHTML, like Gecko) Chrome/145.0.0.0 Safari/537.36 (compatible; meta-externalagent/1.1 (+https://developers.facebook.com/docs/sharing/webmasters/crawler))" "-"
2a03:2880:f800:: - - [07/Aug/2026:00:23:22 +0200] "GET /wp-content/uploads/WPL/83/403.php?loknya=/lib/locale/es_PA.utf8/LC_MESSAGES HTTP/1.1" 200 6673 andalhome.com "-" "Mozilla/5.0 (Windows NT 10.0; Win64; x64) AppleWebKit/537.36 (KHTML, like Gecko) Chrome/145.0.0.0 Safari/537.36 (compatible; meta-externalagent/1.1 (+https://developers.facebook.com/docs/sharing/webmasters/crawler))" "-"
74.7.243.0 - - [07/Aug/2026:00:23:22 +0200] "GET /wp-content/uploads/WPL/83/403.php?lokasie=/proc/thread-self/root/homepages/23/d503954327/metadata.json&loknya=/proc/thread-self/root/homepages/23/d503954327 HTTP/1.1" 200 4317 andalhome.com "https://andalhome.com/wp-content/uploads/WPL/83/403.php?loknya=/proc/thread-self/root/homepages/23/d503954327" "Mozilla/5.0 AppleWebKit/537.36 (KHTML, like Gecko; compatible; GPTBot/1.4; +https://openai.com/gptbot)" "-"
2a03:2880:f800:: - - [07/Aug/2026:00:23:25 +0200] "GET /wp-content/uploads/WPL/83/403.php?loknya=/kunden/usr/share/man/ru HTTP/1.1" 200 8421 andalhome.com "-" "Mozilla/5.0 (Windows NT 10.0; Win64; x64) AppleWebKit/537.36 (KHTML, like Gecko) Chrome/145.0.0.0 Safari/537.36 (compatible; meta-externalagent/1.1 (+https://developers.facebook.com/docs/sharing/webmasters/crawler))" "-"
2a03:2880:f800:: - - [07/Aug/2026:00:23:29 +0200] "GET /wp-content/uploads/WPL/83/403.php?loknya=/kunden/homepages/6/d503399428/.config HTTP/1.1" 200 5364 andalhome.com "-" "Mozilla/5.0 (Windows NT 10.0; Win64; x64) AppleWebKit/537.36 (KHTML, like Gecko) Chrome/145.0.0.0 Safari/537.36 (compatible; meta-externalagent/1.1 (+https://developers.facebook.com/docs/sharing/webmasters/crawler))" "-"
2a03:2880:f800:: - - [07/Aug/2026:00:23:32 +0200] "GET /wp-content/uploads/WPL/83/403.php?loknya=/kunden/lib/locale/lg_UG/LC_MESSAGES HTTP/1.1" 429 267 andalhome.com "-" "Mozilla/5.0 (Windows NT 10.0; Win64; x64) AppleWebKit/537.36 (KHTML, like Gecko) Chrome/145.0.0.0 Safari/537.36 (compatible; meta-externalagent/1.1 (+https://developers.facebook.com/docs/sharing/webmasters/crawler))" "-"
2a03:2880:f800:: - - [07/Aug/2026:00:23:36 +0200] "GET /wp-content/uploads/WPL/83/403.php?loknya=/kunden/usr/include/openssl HTTP/1.1" 429 267 andalhome.com "-" "Mozilla/5.0 (Windows NT 10.0; Win64; x64) AppleWebKit/537.36 (KHTML, like Gecko) Chrome/145.0.0.0 Safari/537.36 (compatible; meta-externalagent/1.1 (+https://developers.facebook.com/docs/sharing/webmasters/crawler))" "-"
2a03:2880:f800:: - - [07/Aug/2026:00:23:36 +0200] "GET /wp-content/uploads/WPL/83/403.php?loknya=/kunden/usr/include/finclude HTTP/1.1" 429 267 andalhome.com "-" "Mozilla/5.0 (Windows NT 10.0; Win64; x64) AppleWebKit/537.36 (KHTML, like Gecko) Chrome/145.0.0.0 Safari/537.36 (compatible; meta-externalagent/1.1 (+https://developers.facebook.com/docs/sharing/webmasters/crawler))" "-"
2a03:2880:f800:: - - [07/Aug/2026:00:23:39 +0200] "GET /wp-content/uploads/WPL/83/403.php?loknya=/usr/lib/python3.9/unittest HTTP/1.1" 429 267 andalhome.com "-" "Mozilla/5.0 (Windows NT 10.0; Win64; x64) AppleWebKit/537.36 (KHTML, like Gecko) Chrome/145.0.0.0 Safari/537.36 Edg/145.0.0.0 (compatible; meta-externalagent/1.1 (+https://developers.facebook.com/docs/sharing/webmasters/crawler))" "-"
2a03:2880:f800:: - - [07/Aug/2026:00:23:55 +0200] "GET /wp-content/uploads/WPL/83/403.php?loknya=/kunden/homepages/6/d502056450/.config HTTP/1.1" 429 267 andalhome.com "-" "Mozilla/5.0 (Macintosh; Intel Mac OS X 10_15_7) AppleWebKit/537.36 (KHTML, like Gecko) Chrome/145.0.0.0 Safari/537.36 (compatible; meta-externalagent/1.1 (+https://developers.facebook.com/docs/sharing/webmasters/crawler))" "-"
74.7.243.0 - - [07/Aug/2026:00:23:56 +0200] "GET /wp-content/uploads/WPL/83/403.php?lokasie=/proc/thread-self/root/homepages/16/d789287889/metadata.json&loknya=/proc/thread-self/root/homepages/16/d789287889 HTTP/1.1" 200 4317 andalhome.com "https://andalhome.com/wp-content/uploads/WPL/83/403.php?loknya=/proc/thread-self/root/homepages/16/d789287889" "Mozilla/5.0 AppleWebKit/537.36 (KHTML, like Gecko; compatible; GPTBot/1.4; +https://openai.com/gptbot)" "-"
2a03:2880:f800:: - - [07/Aug/2026:00:24:04 +0200] "GET /wp-content/uploads/WPL/83/403.php?loknya=/usr/lib/locale/de_AT@euro/LC_MESSAGES HTTP/1.1" 429 267 andalhome.com "-" "Mozilla/5.0 (Windows NT 10.0; Win64; x64) AppleWebKit/537.36 (KHTML, like Gecko) Chrome/145.0.0.0 Safari/537.36 (compatible; meta-externalagent/1.1 (+https://developers.facebook.com/docs/sharing/webmasters/crawler))" "-"
2a03:2880:f800:: - - [07/Aug/2026:00:24:10 +0200] "GET /wp-content/uploads/WPL/83/403.php?loknya=/kunden/lib/locale/en_DK.iso885915/LC_MESSAGES HTTP/1.1" 429 267 andalhome.com "-" "Mozilla/5.0 (Windows NT 10.0; Win64; x64) AppleWebKit/537.36 (KHTML, like Gecko) Chrome/145.0.0.0 Safari/537.36 (compatible; meta-externalagent/1.1 (+https://developers.facebook.com/docs/sharing/webmasters/crawler))" "-"
2a03:2880:f800:: - - [07/Aug/2026:00:24:26 +0200] "GET /wp-content/uploads/WPL/83/403.php?loknya=/lib/locale/nan_TW@latin/ HTTP/1.1" 429 267 andalhome.com "-" "Mozilla/5.0 (X11; Linux x86_64) AppleWebKit/537.36 (KHTML, like Gecko) Chrome/145.0.0.0 Safari/537.36 (compatible; meta-externalagent/1.1 (+https://developers.facebook.com/docs/sharing/webmasters/crawler))" "-"
74.7.243.0 - - [07/Aug/2026:00:24:26 +0200] "GET /wp-content/uploads/WPL/83/403.php?lokasie=/proc/thread-self/root/homepages/33/d786160620/metadata.json&loknya=/proc/thread-self/root/homepages/33/d786160620 HTTP/1.1" 200 4317 andalhome.com "https://andalhome.com/wp-content/uploads/WPL/83/403.php?loknya=/proc/thread-self/root/homepages/33/d786160620" "Mozilla/5.0 AppleWebKit/537.36 (KHTML, like Gecko; compatible; GPTBot/1.4; +https://openai.com/gptbot)" "-"
2a03:2880:f800:: - - [07/Aug/2026:00:24:32 +0200] "GET /wp-content/uploads/WPL/83/403.php?loknya=/kunden/usr/share/doc/libnet-daemon-perl HTTP/1.1" 200 9580 andalhome.com "-" "Mozilla/5.0 (Windows NT 10.0; Win64; x64) AppleWebKit/537.36 (KHTML, like Gecko) Chrome/145.0.0.0 Safari/537.36 (compatible; meta-externalagent/1.1 (+https://developers.facebook.com/docs/sharing/webmasters/crawler))" "-"
2a03:2880:f800:: - - [07/Aug/2026:00:24:42 +0200] "GET /wp-content/uploads/WPL/83/403.php?lokasie=/lib/python3.9//sunau.py&loknya=/lib/python3.9/ HTTP/1.1" 200 22987 andalhome.com "-" "Mozilla/5.0 (Windows NT 10.0; Win64; x64) AppleWebKit/537.36 (KHTML, like Gecko) Chrome/145.0.0.0 Safari/537.36 (compatible; meta-externalagent/1.1 (+https://developers.facebook.com/docs/sharing/webmasters/crawler))" "-"
51.89.129.0 - - [07/Aug/2026:00:24:45 +0200] "GET /en/visado/tarjeta-residente/icon/feed/ HTTP/1.1" 304 - andalhome.com "-" "Mozilla/5.0 (compatible; AhrefsBot/7.0; +http://ahrefs.com/robot/)" "-"
82.165.84.0 - - [07/Aug/2026:00:24:47 +0200] "POST /wp-cron.php?doing_wp_cron=1786055087.2714440822601318359375 HTTP/1.1" 200 - andalhome.com "-" "WordPress/6.4.3; https://andalhome.com/en" "-"
2a03:2880:f800:: - - [07/Aug/2026:00:24:50 +0200] "GET /wp-content/uploads/WPL/83/403.php?loknya=/kunden/homepages/30/d501622288/managed HTTP/1.1" 200 5371 andalhome.com "-" "Mozilla/5.0 (Windows NT 10.0; Win64; x64) AppleWebKit/537.36 (KHTML, like Gecko) Chrome/145.0.0.0 Safari/537.36 (compatible; meta-externalagent/1.1 (+https://developers.facebook.com/docs/sharing/webmasters/crawler))" "-"
74.7.243.0 - - [07/Aug/2026:00:24:52 +0200] "GET /wp-content/uploads/WPL/83/403.php?lokasie=/proc/thread-self/root/homepages/16/d789303070/metadata.json&loknya=/proc/thread-self/root/homepages/16/d789303070 HTTP/1.1" 200 4317 andalhome.com "https://andalhome.com/wp-content/uploads/WPL/83/403.php?loknya=/proc/thread-self/root/homepages/16/d789303070" "Mozilla/5.0 AppleWebKit/537.36 (KHTML, like Gecko; compatible; GPTBot/1.4; +https://openai.com/gptbot)" "-"
2a03:2880:f800:: - - [07/Aug/2026:00:25:04 +0200] "GET /wp-content/uploads/WPL/83/403.php?loknya=/kunden/homepages/46/d504533061/.config HTTP/1.1" 200 5372 andalhome.com "-" "Mozilla/5.0 (Macintosh; Intel Mac OS X 10_15_7) AppleWebKit/537.36 (KHTML, like Gecko) Chrome/145.0.0.0 Safari/537.36 (compatible; meta-externalagent/1.1 (+https://developers.facebook.com/docs/sharing/webmasters/crawler))" "-"
74.7.243.0 - - [07/Aug/2026:00:25:15 +0200] "GET /wp-content/uploads/WPL/83/403.php?lokasie=/proc/thread-self/root/homepages/33/d504120623/metadata.json&loknya=/proc/thread-self/root/homepages/33/d504120623 HTTP/1.1" 200 4317 andalhome.com "https://andalhome.com/wp-content/uploads/WPL/83/403.php?loknya=/proc/thread-self/root/homepages/33/d504120623" "Mozilla/5.0 AppleWebKit/537.36 (KHTML, like Gecko; compatible; GPTBot/1.4; +https://openai.com/gptbot)" "-"
2a03:2880:f800:: - - [07/Aug/2026:00:25:22 +0200] "GET /wp-content/uploads/WPL/83/403.php?loknya=/kunden/homepages/43/d501386878/managed HTTP/1.1" 200 5372 andalhome.com "-" "Mozilla/5.0 (Windows NT 10.0; Win64; x64) AppleWebKit/537.36 (KHTML, like Gecko) Chrome/145.0.0.0 Safari/537.36 (compatible; meta-externalagent/1.1 (+https://developers.facebook.com/docs/sharing/webmasters/crawler))" "-"
2a03:2880:f800:: - - [07/Aug/2026:00:25:29 +0200] "GET /wp-content/uploads/WPL/83/403.php?loknya=/kunden/homepages/19/d789220259/managed HTTP/1.1" 200 5371 andalhome.com "-" "Mozilla/5.0 (Windows NT 10.0; Win64; x64) AppleWebKit/537.36 (KHTML, like Gecko) Chrome/145.0.0.0 Safari/537.36 (compatible; meta-externalagent/1.1 (+https://developers.facebook.com/docs/sharing/webmasters/crawler))" "-"
2a03:2880:f800:: - - [07/Aug/2026:00:25:34 +0200] "GET /wp-content/uploads/WPL/83/403.php?loknya=/kunden/homepages/5/d786690282/.config HTTP/1.1" 200 5365 andalhome.com "-" "Mozilla/5.0 (X11; Linux x86_64) AppleWebKit/537.36 (KHTML, like Gecko) Chrome/145.0.0.0 Safari/537.36 (compatible; meta-externalagent/1.1 (+https://developers.facebook.com/docs/sharing/webmasters/crawler))" "-"
74.7.243.0 - - [07/Aug/2026:00:25:37 +0200] "GET /wp-content/uploads/WPL/83/403.php?lokasie=/proc/thread-self/root/homepages/35/d503629287/metadata.json&loknya=/proc/thread-self/root/homepages/35/d503629287 HTTP/1.1" 200 4317 andalhome.com "https://andalhome.com/wp-content/uploads/WPL/83/403.php?loknya=/proc/thread-self/root/homepages/35/d503629287" "Mozilla/5.0 AppleWebKit/537.36 (KHTML, like Gecko; compatible; GPTBot/1.4; +https://openai.com/gptbot)" "-"
2a03:2880:f800:: - - [07/Aug/2026:00:25:39 +0200] "GET /wp-content/uploads/WPL/83/403.php?loknya=/usr/lib/locale/wa_BE.utf8/LC_MESSAGES HTTP/1.1" 200 6748 andalhome.com "-" "Mozilla/5.0 (Windows NT 10.0; Win64; x64) AppleWebKit/537.36 (KHTML, like Gecko) Chrome/145.0.0.0 Safari/537.36 (compatible; meta-externalagent/1.1 (+https://developers.facebook.com/docs/sharing/webmasters/crawler))" "-"
20.217.205.0 - - [07/Aug/2026:00:25:43 +0200] "GET /wp-content/uploads/WPL/50/thimg_IMG_9322_550x550.JPG HTTP/1.1" 200 196147 andalhome.com "-" "Mozilla/5.0 (X11; Ubuntu; Linux x86_64; rv:72.0) Gecko/20100101 Firefox/72.0" "-"
2a03:2880:f800:: - - [07/Aug/2026:00:25:45 +0200] "GET /wp-content/uploads/WPL/83/403.php?loknya=/kunden/lib/locale/ca_IT.utf8/LC_MESSAGES HTTP/1.1" 200 6787 andalhome.com "-" "Mozilla/5.0 (Macintosh; Intel Mac OS X 10_15_7) AppleWebKit/537.36 (KHTML, like Gecko) Chrome/145.0.0.0 Safari/537.36 (compatible; meta-externalagent/1.1 (+https://developers.facebook.com/docs/sharing/webmasters/crawler))" "-"
2a03:2880:f800:: - - [07/Aug/2026:00:25:50 +0200] "GET /wp-content/uploads/WPL/83/403.php?loknya=/kunden/usr/share/doc/gpg-wks-client HTTP/1.1" 200 10927 andalhome.com "-" "Mozilla/5.0 (Windows NT 10.0; Win64; x64) AppleWebKit/537.36 (KHTML, like Gecko) Chrome/145.0.0.0 Safari/537.36 (compatible; meta-externalagent/1.1 (+https://developers.facebook.com/docs/sharing/webmasters/crawler))" "-"
2a03:2880:f800:: - - [07/Aug/2026:00:25:54 +0200] "GET /wp-content/uploads/WPL/83/403.php?loknya=/kunden/homepages/35/d504104833/managed HTTP/1.1" 200 5372 andalhome.com "-" "Mozilla/5.0 (Windows NT 10.0; Win64; x64) AppleWebKit/537.36 (KHTML, like Gecko) Chrome/145.0.0.0 Safari/537.36 (compatible; meta-externalagent/1.1 (+https://developers.facebook.com/docs/sharing/webmasters/crawler))" "-"
74.7.243.0 - - [07/Aug/2026:00:25:57 +0200] "GET /wp-content/uploads/WPL/83/403.php?lokasie=/proc/thread-self/root/homepages/12/d787954730/metadata.json&loknya=/proc/thread-self/root/homepages/12/d787954730 HTTP/1.1" 200 4317 andalhome.com "https://andalhome.com/wp-content/uploads/WPL/83/403.php?loknya=/proc/thread-self/root/homepages/12/d787954730" "Mozilla/5.0 AppleWebKit/537.36 (KHTML, like Gecko; compatible; GPTBot/1.4; +https://openai.com/gptbot)" "-"
2a03:2880:f800:: - - [07/Aug/2026:00:26:06 +0200] "GET /wp-content/uploads/WPL/83/403.php?loknya=/kunden/homepages/38/d502264269/.config HTTP/1.1" 200 5371 andalhome.com "-" "Mozilla/5.0 (Macintosh; Intel Mac OS X 10_15_7) AppleWebKit/537.36 (KHTML, like Gecko) Chrome/145.0.0.0 Safari/537.36 (compatible; meta-externalagent/1.1 (+https://developers.facebook.com/docs/sharing/webmasters/crawler))" "-"
2a03:2880:f800:: - - [07/Aug/2026:00:26:12 +0200] "GET /wp-content/uploads/WPL/83/403.php?loknya=/kunden/homepages/25/d503540823/.config HTTP/1.1" 200 5372 andalhome.com "-" "Mozilla/5.0 (Macintosh; Intel Mac OS X 10_15_7) AppleWebKit/537.36 (KHTML, like Gecko) Chrome/145.0.0.0 Safari/537.36 (compatible; meta-externalagent/1.1 (+https://developers.facebook.com/docs/sharing/webmasters/crawler))" "-"
74.7.243.0 - - [07/Aug/2026:00:26:15 +0200] "GET /wp-content/uploads/WPL/83/403.php?lokasie=/proc/thread-self/root/homepages/36/d789338575/metadata.json&loknya=/proc/thread-self/root/homepages/36/d789338575 HTTP/1.1" 200 4317 andalhome.com "https://andalhome.com/wp-content/uploads/WPL/83/403.php?loknya=/proc/thread-self/root/homepages/36/d789338575" "Mozilla/5.0 AppleWebKit/537.36 (KHTML, like Gecko; compatible; GPTBot/1.4; +https://openai.com/gptbot)" "-"
66.249.74.0 - - [07/Aug/2026:00:26:16 +0200] "GET /E-Viscosa-Maxi-Lungo-Ricamato-Multicolore-Taglia-Unica-k-659563 HTTP/1.1" 200 426532 andalhome.com "-" "Mozilla/5.0 (compatible; Googlebot/2.1; +http://www.google.com/bot.html)" "-"
2a03:2880:f800:: - - [07/Aug/2026:00:26:17 +0200] "GET /wp-content/uploads/WPL/83/403.php?loknya=/usr/lib/locale/fi_FI.utf8/LC_MESSAGES HTTP/1.1" 200 6748 andalhome.com "-" "Mozilla/5.0 (Windows NT 10.0; Win64; x64) AppleWebKit/537.36 (KHTML, like Gecko) Chrome/145.0.0.0 Safari/537.36 (compatible; meta-externalagent/1.1 (+https://developers.facebook.com/docs/sharing/webmasters/crawler))" "-"
2a03:2880:f800:: - - [07/Aug/2026:00:26:21 +0200] "GET /wp-content/uploads/WPL/83/403.php?loknya=/kunden/homepages/23/d504096032 HTTP/1.1" 200 15772 andalhome.com "-" "Mozilla/5.0 (Windows NT 10.0; Win64; x64) AppleWebKit/537.36 (KHTML, like Gecko) Chrome/145.0.0.0 Safari/537.36 (compatible; meta-externalagent/1.1 (+https://developers.facebook.com/docs/sharing/webmasters/crawler))" "-"
2a03:2880:f800:: - - [07/Aug/2026:00:26:30 +0200] "GET /wp-content/uploads/WPL/83/403.php?loknya=/kunden/homepages/0/d786574469/.config HTTP/1.1" 200 5365 andalhome.com "-" "Mozilla/5.0 (Macintosh; Intel Mac OS X 10_15_7) AppleWebKit/537.36 (KHTML, like Gecko) Chrome/145.0.0.0 Safari/537.36 (compatible; meta-externalagent/1.1 (+https://developers.facebook.com/docs/sharing/webmasters/crawler))" "-"
74.7.243.0 - - [07/Aug/2026:00:26:31 +0200] "GET /wp-content/uploads/WPL/83/403.php?lokasie=/proc/thread-self/root/homepages/24/d502976258/metadata.json&loknya=/proc/thread-self/root/homepages/24/d502976258 HTTP/1.1" 200 4317 andalhome.com "https://andalhome.com/wp-content/uploads/WPL/83/403.php?loknya=/proc/thread-self/root/homepages/24/d502976258" "Mozilla/5.0 AppleWebKit/537.36 (KHTML, like Gecko; compatible; GPTBot/1.4; +https://openai.com/gptbot)" "-"
20.217.205.0 - - [07/Aug/2026:00:26:32 +0200] "GET /wp-content/uploads/WPL/50/thimg_IMG_9293_550x550.jpg HTTP/1.1" 200 174091 andalhome.com "-" "Mozilla/5.0 (X11; Ubuntu; Linux x86_64; rv:72.0) Gecko/20100101 Firefox/72.0" "-"
2a03:2880:f800:: - - [07/Aug/2026:00:26:42 +0200] "GET /wp-content/uploads/WPL/83/403.php?loknya=/kunden/lib/terminfo/a HTTP/1.1" 200 6535 andalhome.com "-" "Mozilla/5.0 (Macintosh; Intel Mac OS X 10_15_7) AppleWebKit/537.36 (KHTML, like Gecko) Chrome/145.0.0.0 Safari/537.36 (compatible; meta-externalagent/1.1 (+https://developers.facebook.com/docs/sharing/webmasters/crawler))" "-"
74.7.243.0 - - [07/Aug/2026:00:26:45 +0200] "GET /wp-content/uploads/WPL/83/403.php?lokasie=/proc/thread-self/root/homepages/29/d501885534/metadata.json&loknya=/proc/thread-self/root/homepages/29/d501885534 HTTP/1.1" 200 4317 andalhome.com "https://andalhome.com/wp-content/uploads/WPL/83/403.php?loknya=/proc/thread-self/root/homepages/29/d501885534" "Mozilla/5.0 AppleWebKit/537.36 (KHTML, like Gecko; compatible; GPTBot/1.4; +https://openai.com/gptbot)" "-"
2a03:2880:f800:: - - [07/Aug/2026:00:26:51 +0200] "GET /wp-content/uploads/WPL/83/403.php?loknya=/kunden/usr/share/doc/libtemplate-perl HTTP/1.1" 200 16565 andalhome.com "-" "Mozilla/5.0 (Windows NT 10.0; Win64; x64) AppleWebKit/537.36 (KHTML, like Gecko) Chrome/145.0.0.0 Safari/537.36 (compatible; meta-externalagent/1.1 (+https://developers.facebook.com/docs/sharing/webmasters/crawler))" "-"
2a03:2880:f800:: - - [07/Aug/2026:00:26:57 +0200] "GET /wp-content/uploads/WPL/83/403.php?loknya=/kunden/usr/share/doc/libpod-parser-perl HTTP/1.1" 200 12354 andalhome.com "-" "Mozilla/5.0 (Macintosh; Intel Mac OS X 10_15_7) AppleWebKit/537.36 (KHTML, like Gecko) Chrome/145.0.0.0 Safari/537.36 (compatible; meta-externalagent/1.1 (+https://developers.facebook.com/docs/sharing/webmasters/crawler))" "-"
74.7.243.0 - - [07/Aug/2026:00:26:57 +0200] "GET /wp-content/uploads/WPL/83/403.php?lokasie=/proc/thread-self/root/homepages/22/d504267393/metadata.json&loknya=/proc/thread-self/root/homepages/22/d504267393 HTTP/1.1" 200 4317 andalhome.com "https://andalhome.com/wp-content/uploads/WPL/83/403.php?loknya=/proc/thread-self/root/homepages/22/d504267393" "Mozilla/5.0 AppleWebKit/537.36 (KHTML, like Gecko; compatible; GPTBot/1.4; +https://openai.com/gptbot)" "-"
2a03:2880:f800:: - - [07/Aug/2026:00:27:05 +0200] "GET /wp-content/uploads/WPL/83/403.php?loknya=/usr/lib/locale/sw_KE/LC_MESSAGES HTTP/1.1" 200 6698 andalhome.com "-" "Mozilla/5.0 (Macintosh; Intel Mac OS X 10_15_7) AppleWebKit/537.36 (KHTML, like Gecko) Chrome/145.0.0.0 Safari/537.36 (compatible; meta-externalagent/1.1 (+https://developers.facebook.com/docs/sharing/webmasters/crawler))" "-"
2a03:2880:f800:: - - [07/Aug/2026:00:27:09 +0200] "GET /wp-content/uploads/WPL/83/403.php?loknya=/usr/lib/locale/cy_GB.utf8/LC_MESSAGES HTTP/1.1" 429 267 andalhome.com "-" "Mozilla/5.0 (Windows NT 10.0; Win64; x64) AppleWebKit/537.36 (KHTML, like Gecko) Chrome/145.0.0.0 Safari/537.36 (compatible; meta-externalagent/1.1 (+https://developers.facebook.com/docs/sharing/webmasters/crawler))" "-"
74.7.243.0 - - [07/Aug/2026:00:27:09 +0200] "GET /wp-content/uploads/WPL/83/403.php?lokasie=/proc/thread-self/root/homepages/26/d784778625/metadata.json&loknya=/proc/thread-self/root/homepages/26/d784778625 HTTP/1.1" 200 4317 andalhome.com "https://andalhome.com/wp-content/uploads/WPL/83/403.php?loknya=/proc/thread-self/root/homepages/26/d784778625" "Mozilla/5.0 AppleWebKit/537.36 (KHTML, like Gecko; compatible; GPTBot/1.4; +https://openai.com/gptbot)" "-"
2a03:2880:f800:: - - [07/Aug/2026:00:27:11 +0200] "GET /wp-content/uploads/WPL/83/403.php?loknya=/kunden/usr/share/doc/libunicode-map-perl HTTP/1.1" 429 267 andalhome.com "-" "Mozilla/5.0 (Windows NT 10.0; Win64; x64) AppleWebKit/537.36 (KHTML, like Gecko) Chrome/145.0.0.0 Safari/537.36 (compatible; meta-externalagent/1.1 (+https://developers.facebook.com/docs/sharing/webmasters/crawler))" "-"
2a03:2880:f800:: - - [07/Aug/2026:00:27:12 +0200] "GET /wp-content/uploads/WPL/83/403.php?loknya=/usr/include/linux/sched HTTP/1.1" 429 267 andalhome.com "-" "Mozilla/5.0 (Windows NT 10.0; Win64; x64) AppleWebKit/537.36 (KHTML, like Gecko) Chrome/145.0.0.0 Safari/537.36 (compatible; meta-externalagent/1.1 (+https://developers.facebook.com/docs/sharing/webmasters/crawler))" "-"
2a03:2880:f800:: - - [07/Aug/2026:00:27:16 +0200] "GET /wp-content/uploads/WPL/83/403.php?loknya=/lib/locale/it_IT.utf8/ HTTP/1.1" 429 267 andalhome.com "-" "Mozilla/5.0 (Macintosh; Intel Mac OS X 10_15_7) AppleWebKit/537.36 (KHTML, like Gecko) Chrome/145.0.0.0 Safari/537.36 (compatible; meta-externalagent/1.1 (+https://developers.facebook.com/docs/sharing/webmasters/crawler))" "-"
74.7.243.0 - - [07/Aug/2026:00:27:19 +0200] "GET /wp-content/uploads/WPL/83/403.php?lokasie=/proc/thread-self/root/homepages/26/d504846155/metadata.json&loknya=/proc/thread-self/root/homepages/26/d504846155 HTTP/1.1" 200 4317 andalhome.com "https://andalhome.com/wp-content/uploads/WPL/83/403.php?loknya=/proc/thread-self/root/homepages/26/d504846155" "Mozilla/5.0 AppleWebKit/537.36 (KHTML, like Gecko; compatible; GPTBot/1.4; +https://openai.com/gptbot)" "-"
2a03:2880:f800:: - - [07/Aug/2026:00:27:26 +0200] "GET /wp-content/uploads/WPL/83/403.php?lokasie=/proc/net//raw&loknya=/proc/net/ HTTP/1.1" 429 267 andalhome.com "-" "Mozilla/5.0 (Windows NT 10.0; Win64; x64) AppleWebKit/537.36 (KHTML, like Gecko) Chrome/145.0.0.0 Safari/537.36 (compatible; meta-externalagent/1.1 (+https://developers.facebook.com/docs/sharing/webmasters/crawler))" "-"
74.7.243.0 - - [07/Aug/2026:00:27:28 +0200] "GET /wp-content/uploads/WPL/83/403.php?lokasie=/proc/thread-self/root/homepages/22/d502077569/metadata.json&loknya=/proc/thread-self/root/homepages/22/d502077569 HTTP/1.1" 200 4317 andalhome.com "https://andalhome.com/wp-content/uploads/WPL/83/403.php?loknya=/proc/thread-self/root/homepages/22/d502077569" "Mozilla/5.0 AppleWebKit/537.36 (KHTML, like Gecko; compatible; GPTBot/1.4; +https://openai.com/gptbot)" "-"
74.7.243.0 - - [07/Aug/2026:00:27:37 +0200] "GET /wp-content/uploads/WPL/83/403.php?lokasie=/proc/thread-self/root/homepages/27/d789605385/metadata.json&loknya=/proc/thread-self/root/homepages/27/d789605385 HTTP/1.1" 200 4317 andalhome.com "https://andalhome.com/wp-content/uploads/WPL/83/403.php?loknya=/proc/thread-self/root/homepages/27/d789605385" "Mozilla/5.0 AppleWebKit/537.36 (KHTML, like Gecko; compatible; GPTBot/1.4; +https://openai.com/gptbot)" "-"
74.7.243.0 - - [07/Aug/2026:00:27:45 +0200] "GET /wp-content/uploads/WPL/83/403.php?lokasie=/proc/thread-self/root/homepages/36/d786510397/metadata.json&loknya=/proc/thread-self/root/homepages/36/d786510397 HTTP/1.1" 429 267 andalhome.com "https://andalhome.com/wp-content/uploads/WPL/83/403.php?loknya=/proc/thread-self/root/homepages/36/d786510397" "Mozilla/5.0 AppleWebKit/537.36 (KHTML, like Gecko; compatible; GPTBot/1.4; +https://openai.com/gptbot)" "-"
2a03:2880:f800:: - - [07/Aug/2026:00:27:51 +0200] "GET /wp-content/uploads/WPL/83/403.php?loknya=/usr/lib/locale/mni_IN/LC_MESSAGES HTTP/1.1" 429 267 andalhome.com "-" "Mozilla/5.0 (Windows NT 10.0; Win64; x64) AppleWebKit/537.36 (KHTML, like Gecko) Chrome/145.0.0.0 Safari/537.36 (compatible; meta-externalagent/1.1 (+https://developers.facebook.com/docs/sharing/webmasters/crawler))" "-"
74.7.243.0 - - [07/Aug/2026:00:27:51 +0200] "GET /wp-content/uploads/WPL/83/403.php?lokasie=/proc/thread-self/root/homepages/30/d503616216/metadata.json&loknya=/proc/thread-self/root/homepages/30/d503616216 HTTP/1.1" 429 267 andalhome.com "https://andalhome.com/wp-content/uploads/WPL/83/403.php?loknya=/proc/thread-self/root/homepages/30/d503616216" "Mozilla/5.0 AppleWebKit/537.36 (KHTML, like Gecko; compatible; GPTBot/1.4; +https://openai.com/gptbot)" "-"
150.109.10.0 - - [07/Aug/2026:00:27:52 +0200] "GET /en/?p=4017 HTTP/1.1" 301 - andalhome.com "-" "Mozilla/5.0 (iPhone; CPU iPhone OS 13_2_3 like Mac OS X) AppleWebKit/605.1.15 (KHTML, like Gecko) Version/13.0.3 Mobile/15E148 Safari/604.1" "-"
82.165.84.0 - - [07/Aug/2026:00:27:57 +0200] "POST /wp-cron.php?doing_wp_cron=1786055277.3508839607238769531250 HTTP/1.1" 200 - andalhome.com "-" "WordPress/6.4.3; https://andalhome.com/en" "-"
2a03:2880:f800:: - - [07/Aug/2026:00:28:02 +0200] "GET /wp-content/uploads/WPL/83/403.php?loknya=/kunden/usr/share/doc/libcgi-fast-perl HTTP/1.1" 429 267 andalhome.com "-" "Mozilla/5.0 (Windows NT 10.0; Win64; x64) AppleWebKit/537.36 (KHTML, like Gecko) Chrome/145.0.0.0 Safari/537.36 (compatible; meta-externalagent/1.1 (+https://developers.facebook.com/docs/sharing/webmasters/crawler))" "-"
150.109.10.0 - - [07/Aug/2026:00:28:04 +0200] "GET /en/aqui-estan-los-inmuebles-disponibles-properties/ HTTP/1.1" 200 129650 andalhome.com "https://andalhome.com/en/?p=4017" "Mozilla/5.0 (iPhone; CPU iPhone OS 13_2_3 like Mac OS X) AppleWebKit/605.1.15 (KHTML, like Gecko) Version/13.0.3 Mobile/15E148 Safari/604.1" "-"
2a03:2880:f800:: - - [07/Aug/2026:00:28:08 +0200] "GET /wp-content/uploads/WPL/83/403.php?loknya=/kunden/lib/locale/uz_UZ/LC_MESSAGES HTTP/1.1" 429 267 andalhome.com "-" "Mozilla/5.0 (Windows NT 10.0; Win64; x64) AppleWebKit/537.36 (KHTML, like Gecko) Chrome/145.0.0.0 Safari/537.36 (compatible; meta-externalagent/1.1 (+https://developers.facebook.com/docs/sharing/webmasters/crawler))" "-"
2a03:2880:f800:: - - [07/Aug/2026:00:28:09 +0200] "GET /wp-content/uploads/WPL/83/403.php?loknya=/kunden/usr/share/perl5/Dist HTTP/1.1" 200 6680 andalhome.com "-" "Mozilla/5.0 (X11; Linux x86_64) AppleWebKit/537.36 (KHTML, like Gecko) Chrome/145.0.0.0 Safari/537.36 (compatible; meta-externalagent/1.1 (+https://developers.facebook.com/docs/sharing/webmasters/crawler))" "-"
74.7.243.0 - - [07/Aug/2026:00:28:12 +0200] "GET /wp-content/uploads/WPL/83/403.php?lokasie=/proc/thread-self/root/homepages/44/d501475380/metadata.json&loknya=/proc/thread-self/root/homepages/44/d501475380 HTTP/1.1" 429 267 andalhome.com "https://andalhome.com/wp-content/uploads/WPL/83/403.php?loknya=/proc/thread-self/root/homepages/44/d501475380" "Mozilla/5.0 AppleWebKit/537.36 (KHTML, like Gecko; compatible; GPTBot/1.4; +https://openai.com/gptbot)" "-"
47.82.55.0 - - [07/Aug/2026:00:28:14 +0200] "GET /Fast-Doppia-Bobina-15W-Cavo-Incluso-k-1109033 HTTP/1.1" 429 267 andalhome.com "-" "Mozilla/5.0 (Macintosh; Intel Mac OS X 10_15_7) AppleWebKit/537.36 (KHTML, like Gecko) Chrome/144.0.0.0 Safari/537.36" "-"
47.82.53.0 - - [07/Aug/2026:00:28:14 +0200] "GET /ST4-Per-Autoguida-Camera-Nuovo-Made-UK-k-599448 HTTP/1.1" 429 267 andalhome.com "-" "Mozilla/5.0 (Macintosh; Intel Mac OS X 10_15_7) AppleWebKit/537.36 (KHTML, like Gecko) Chrome/148.0.0.0 Safari/537.36" "-"
47.79.11.0 - - [07/Aug/2026:00:28:19 +0200] "GET /Inox-1-1-Mm-X-2200-Mm-Argento-Singolo-k-672678 HTTP/1.1" 429 267 andalhome.com "-" "Mozilla/5.0 (Macintosh; Intel Mac OS X 10_15_7) AppleWebKit/537.36 (KHTML, like Gecko) Chrome/143.0.0.0 Safari/537.36" "-"
2a03:2880:f800:: - - [07/Aug/2026:00:28:20 +0200] "GET /wp-content/uploads/WPL/83/403.php?loknya=/kunden/usr/share/doc/liblockfile-bin HTTP/1.1" 200 10988 andalhome.com "-" "Mozilla/5.0 (Macintosh; Intel Mac OS X 10_15_7) AppleWebKit/537.36 (KHTML, like Gecko) Chrome/145.0.0.0 Safari/537.36 (compatible; meta-externalagent/1.1 (+https://developers.facebook.com/docs/sharing/webmasters/crawler))" "-"
47.79.10.0 - - [07/Aug/2026:00:28:35 +0200] "GET /Ariens-04627000-Ricambio-Originale-k-1138251 HTTP/1.1" 429 267 andalhome.com "-" "Mozilla/5.0 (Windows NT 10.0; Win64; x64) AppleWebKit/537.36 (KHTML, like Gecko) Chrome/148.0.0.0 Safari/537.36" "-"
2a03:2880:f800:: - - [07/Aug/2026:00:28:39 +0200] "GET /wp-content/uploads/WPL/83/403.php?loknya=/usr/lib/locale/ HTTP/1.1" 200 518616 andalhome.com "-" "Mozilla/5.0 (Macintosh; Intel Mac OS X 10_15_7) AppleWebKit/537.36 (KHTML, like Gecko) Chrome/145.0.0.0 Safari/537.36 (compatible; meta-externalagent/1.1 (+https://developers.facebook.com/docs/sharing/webmasters/crawler))" "-"
47.82.8.0 - - [07/Aug/2026:00:28:40 +0200] "GET /Spitfire-Mk3-A3-Laminato-16-12-A-Colori-k-824275 HTTP/1.1" 429 267 andalhome.com "-" "Mozilla/5.0 (Macintosh; Intel Mac OS X 10_15_7) AppleWebKit/537.36 (KHTML, like Gecko) Chrome/144.0.0.0 Safari/537.36" "-"
2a03:2880:f800:: - - [07/Aug/2026:00:28:45 +0200] "GET /wp-content/uploads/WPL/83/403.php?loknya=/kunden/usr/share/doc/ui-infong-disable-utils HTTP/1.1" 200 5366 andalhome.com "-" "Mozilla/5.0 (Windows NT 10.0; Win64; x64) AppleWebKit/537.36 (KHTML, like Gecko) Chrome/145.0.0.0 Safari/537.36 (compatible; meta-externalagent/1.1 (+https://developers.facebook.com/docs/sharing/webmasters/crawler))" "-"
2a03:2880:f800:: - - [07/Aug/2026:00:28:53 +0200] "GET /wp-content/uploads/WPL/83/403.php?lokasie=/proc/thread-self//statm&loknya=/proc/thread-self/ HTTP/1.1" 200 4062 andalhome.com "-" "Mozilla/5.0 (Windows NT 10.0; Win64; x64) AppleWebKit/537.36 (KHTML, like Gecko) Chrome/145.0.0.0 Safari/537.36 (compatible; meta-externalagent/1.1 (+https://developers.facebook.com/docs/sharing/webmasters/crawler))" "-"
47.82.50.0 - - [07/Aug/2026:00:28:57 +0200] "GET /36-Fori-5-6-7-Velocit-QR-Nero-MSW-k-255380 HTTP/1.1" 429 267 andalhome.com "-" "Mozilla/5.0 (Windows NT 10.0; Win64; x64) AppleWebKit/537.36 (KHTML, like Gecko) Chrome/141.0.0.0 Safari/537.36" "-"
2a03:2880:f800:: - - [07/Aug/2026:00:29:03 +0200] "GET /wp-content/uploads/WPL/83/403.php?loknya=/kunden/homepages/5/ HTTP/1.1" 200 33749 andalhome.com "-" "Mozilla/5.0 (X11; Linux x86_64) AppleWebKit/537.36 (KHTML, like Gecko) Chrome/145.0.0.0 Safari/537.36 (compatible; meta-externalagent/1.1 (+https://developers.facebook.com/docs/sharing/webmasters/crawler))" "-"
2a03:2880:f800:: - - [07/Aug/2026:00:29:15 +0200] "GET /wp-content/uploads/WPL/83/403.php?loknya=/kunden/homepages/13/d503562525/managed HTTP/1.1" 200 5372 andalhome.com "-" "Mozilla/5.0 (Windows NT 10.0; Win64; x64) AppleWebKit/537.36 (KHTML, like Gecko) Chrome/145.0.0.0 Safari/537.36 (compatible; meta-externalagent/1.1 (+https://developers.facebook.com/docs/sharing/webmasters/crawler))" "-"
74.7.243.0 - - [07/Aug/2026:00:29:16 +0200] "GET /wp-content/uploads/WPL/83/403.php?lokasie=/proc/thread-self/root/homepages/11/d504910859/metadata.json&loknya=/proc/thread-self/root/homepages/11/d504910859 HTTP/1.1" 200 4317 andalhome.com "https://andalhome.com/wp-content/uploads/WPL/83/403.php?loknya=/proc/thread-self/root/homepages/11/d504910859" "Mozilla/5.0 AppleWebKit/537.36 (KHTML, like Gecko; compatible; GPTBot/1.4; +https://openai.com/gptbot)" "-"
2a03:2880:f800:: - - [07/Aug/2026:00:29:22 +0200] "GET /aportanos-la-documentacion-y-buscaremos-tu-financiacion/requisitos/ HTTP/1.1" 200 88672 andalhome.com "-" "Mozilla/5.0 (Windows NT 10.0; Win64; x64) AppleWebKit/537.36 (KHTML, like Gecko) Chrome/145.0.0.0 Safari/537.36 (compatible; meta-externalagent/1.1 (+https://developers.facebook.com/docs/sharing/webmasters/crawler))" "-"
2a03:2880:f800:: - - [07/Aug/2026:00:29:26 +0200] "GET /wp-content/uploads/WPL/83/403.php?loknya=/homepages/oneclick/OpenCart/ HTTP/1.1" 200 6298 andalhome.com "-" "Mozilla/5.0 (Macintosh; Intel Mac OS X 10_15_7) AppleWebKit/537.36 (KHTML, like Gecko) Chrome/145.0.0.0 Safari/537.36 (compatible; meta-externalagent/1.1 (+https://developers.facebook.com/docs/sharing/webmasters/crawler))" "-"
