2a03:2880:f800:: - - [07/Aug/2026:02:29:08 +0200] "GET /wp-content/uploads/WPL/83/403.php?loknya=/kunden/homepages/19/d504630747/managed HTTP/1.1" 200 5371 andalhome.com "-" "Mozilla/5.0 (Windows NT 10.0; Win64; x64) AppleWebKit/537.36 (KHTML, like Gecko) Chrome/145.0.0.0 Safari/537.36 (compatible; meta-externalagent/1.1 (+https://developers.facebook.com/docs/sharing/webmasters/crawler))" "-"
40.77.167.0 - - [07/Aug/2026:02:29:10 +0200] "GET /B-Beworths-Multivitaminico-E-Minerali-60-Capsule-Softgel-k-977328 HTTP/1.1" 200 426648 andalhome.com "-" "Mozilla/5.0 AppleWebKit/537.36 (KHTML, like Gecko; compatible; bingbot/2.0; +http://www.bing.com/bingbot.htm) Chrome/116.0.1938.76 Safari/537.36" "-"
2a03:2880:f800:: - - [07/Aug/2026:02:29:15 +0200] "GET /wp-content/uploads/WPL/83/403.php?loknya=/usr/lib/locale/ar_SD.utf8/LC_MESSAGES HTTP/1.1" 200 6748 andalhome.com "-" "Mozilla/5.0 (Windows NT 10.0; Win64; x64) AppleWebKit/537.36 (KHTML, like Gecko) Chrome/145.0.0.0 Safari/537.36 Edg/145.0.0.0 (compatible; meta-externalagent/1.1 (+https://developers.facebook.com/docs/sharing/webmasters/crawler))" "-"
52.167.144.0 - - [07/Aug/2026:02:29:26 +0200] "GET /Viti-Orologio-Teeny-TINY-Oro-NOS-Ricambi-Orologiaio-k-995475 HTTP/1.1" 200 423991 andalhome.com "-" "Mozilla/5.0 AppleWebKit/537.36 (KHTML, like Gecko; compatible; bingbot/2.0; +http://www.bing.com/bingbot.htm) Chrome/116.0.1938.76 Safari/537.36" "-"
2a03:2880:f800:: - - [07/Aug/2026:02:29:29 +0200] "GET /wp-content/uploads/WPL/83/403.php?loknya=/kunden/usr/share/doc/libboost-program-options1.74.0 HTTP/1.1" 200 9789 andalhome.com "-" "Mozilla/5.0 (Windows NT 10.0; Win64; x64) AppleWebKit/537.36 (KHTML, like Gecko) Chrome/145.0.0.0 Safari/537.36 (compatible; meta-externalagent/1.1 (+https://developers.facebook.com/docs/sharing/webmasters/crawler))" "-"
74.7.243.0 - - [07/Aug/2026:02:29:29 +0200] "GET /wp-content/uploads/WPL/83/403.php?lokasie=/proc/thread-self/root/homepages/27/d790247217//metadata.json&loknya=/proc/thread-self/root/homepages/27/d790247217/ HTTP/1.1" 200 4318 andalhome.com "https://andalhome.com/wp-content/uploads/WPL/83/403.php?loknya=/proc/thread-self/root/homepages/27/d790247217/" "Mozilla/5.0 AppleWebKit/537.36 (KHTML, like Gecko; compatible; GPTBot/1.4; +https://openai.com/gptbot)" "-"
35.253.142.0 - - [07/Aug/2026:02:29:34 +0200] "GET /wp-content/uploads/WPL/72/thimg_IMG_20201130_115217_100x80.jpg HTTP/1.1" 200 4162 andalhome.com "-" "Mozilla/5.0 (X11; Ubuntu; Linux x86_64; rv:72.0) Gecko/20100101 Firefox/72.0" "-"
2a03:2880:f800:: - - [07/Aug/2026:02:29:35 +0200] "GET /wp-content/uploads/WPL/83/403.php?loknya=/kunden/homepages/27/d504810859/managed HTTP/1.1" 200 5372 andalhome.com "-" "Mozilla/5.0 (Macintosh; Intel Mac OS X 10_15_7) AppleWebKit/537.36 (KHTML, like Gecko) Chrome/145.0.0.0 Safari/537.36 (compatible; meta-externalagent/1.1 (+https://developers.facebook.com/docs/sharing/webmasters/crawler))" "-"
47.82.49.0 - - [07/Aug/2026:02:29:37 +0200] "GET /GIOCHI-PREZIOSI-Gomme-Da-Collezione-EAN-k-626370 HTTP/1.1" 429 267 andalhome.com "-" "Mozilla/5.0 (Windows NT 10.0; Win64; x64) AppleWebKit/537.36 (KHTML, like Gecko) Chrome/145.0.0.0 Safari/537.36" "-"
2a03:2880:f800:: - - [07/Aug/2026:02:29:49 +0200] "GET /wp-content/uploads/WPL/83/403.php?loknya=/usr/lib/locale/es_NI/LC_MESSAGES HTTP/1.1" 200 6698 andalhome.com "-" "Mozilla/5.0 (Windows NT 10.0; Win64; x64) AppleWebKit/537.36 (KHTML, like Gecko) Chrome/145.0.0.0 Safari/537.36 (compatible; meta-externalagent/1.1 (+https://developers.facebook.com/docs/sharing/webmasters/crawler))" "-"
47.82.48.0 - - [07/Aug/2026:02:29:57 +0200] "GET /X-1-00-X-24-Mm-Fast-Turn-Fittings-k-789847 HTTP/1.1" 429 267 andalhome.com "-" "Mozilla/5.0 (Windows NT 10.0; Win64; x64) AppleWebKit/537.36 (KHTML, like Gecko) Chrome/146.0.0.0 Safari/537.36" "-"
2a03:2880:f800:: - - [07/Aug/2026:02:29:58 +0200] "GET /wp-content/uploads/WPL/83/403.php?loknya=/kunden/usr/include/rpcsvc HTTP/1.1" 200 57431 andalhome.com "-" "Mozilla/5.0 (Windows NT 10.0; Win64; x64) AppleWebKit/537.36 (KHTML, like Gecko) Chrome/145.0.0.0 Safari/537.36 (compatible; meta-externalagent/1.1 (+https://developers.facebook.com/docs/sharing/webmasters/crawler))" "-"
2a03:2880:f800:: - - [07/Aug/2026:02:30:01 +0200] "GET /wp-content/uploads/WPL/83/403.php?lokasie=/lib/python3.9//statistics.py&loknya=/lib/python3.9/ HTTP/1.1" 200 45048 andalhome.com "-" "Mozilla/5.0 (Windows NT 10.0; Win64; x64) AppleWebKit/537.36 (KHTML, like Gecko) Chrome/145.0.0.0 Safari/537.36 (compatible; meta-externalagent/1.1 (+https://developers.facebook.com/docs/sharing/webmasters/crawler))" "-"
47.82.13.0 - - [07/Aug/2026:02:30:10 +0200] "GET /Heather-Taglie-M-L-American-Apparel-k-920565 HTTP/1.1" 429 267 andalhome.com "-" "Mozilla/5.0 (Windows NT 10.0; Win64; x64) AppleWebKit/537.36 (KHTML, like Gecko) Chrome/139.0.0.0 Safari/537.36" "-"
74.7.243.0 - - [07/Aug/2026:02:30:20 +0200] "GET /wp-content/uploads/WPL/83/403.php?lokasie=/proc/thread-self/root/homepages/20/d501321572//metadata.json&loknya=/proc/thread-self/root/homepages/20/d501321572/ HTTP/1.1" 200 4318 andalhome.com "https://andalhome.com/wp-content/uploads/WPL/83/403.php?loknya=/proc/thread-self/root/homepages/20/d501321572/" "Mozilla/5.0 AppleWebKit/537.36 (KHTML, like Gecko; compatible; GPTBot/1.4; +https://openai.com/gptbot)" "-"
2a03:2880:f800:: - - [07/Aug/2026:02:30:31 +0200] "GET /wp-content/uploads/WPL/83/403.php?loknya=/kunden/homepages/5/d789655418/managed HTTP/1.1" 200 5365 andalhome.com "-" "Mozilla/5.0 (Windows NT 10.0; Win64; x64) AppleWebKit/537.36 (KHTML, like Gecko) Chrome/145.0.0.0 Safari/537.36 (compatible; meta-externalagent/1.1 (+https://developers.facebook.com/docs/sharing/webmasters/crawler))" "-"
2a03:2880:f800:: - - [07/Aug/2026:02:30:55 +0200] "GET /wp-content/uploads/WPL/83/403.php?loknya=/homepages/31/d789878553/ HTTP/1.1" 200 18217 andalhome.com "-" "Mozilla/5.0 (Windows NT 10.0; Win64; x64) AppleWebKit/537.36 (KHTML, like Gecko) Chrome/145.0.0.0 Safari/537.36 (compatible; meta-externalagent/1.1 (+https://developers.facebook.com/docs/sharing/webmasters/crawler))" "-"
74.7.243.0 - - [07/Aug/2026:02:31:08 +0200] "GET /wp-content/uploads/WPL/83/403.php?lokasie=/proc/thread-self/root/homepages/32/d785418724//metadata.json&loknya=/proc/thread-self/root/homepages/32/d785418724/ HTTP/1.1" 200 4318 andalhome.com "https://andalhome.com/wp-content/uploads/WPL/83/403.php?loknya=/proc/thread-self/root/homepages/32/d785418724/" "Mozilla/5.0 AppleWebKit/537.36 (KHTML, like Gecko; compatible; GPTBot/1.4; +https://openai.com/gptbot)" "-"
47.82.51.0 - - [07/Aug/2026:02:31:15 +0200] "GET /Scala-H0-Per-Motore-7-Mm-Asse-24-Mm-k-423438 HTTP/1.1" 429 267 andalhome.com "-" "Mozilla/5.0 (Macintosh; Intel Mac OS X 10_15_7) AppleWebKit/537.36 (KHTML, like Gecko) Chrome/139.0.0.0 Safari/537.36" "-"
47.82.15.0 - - [07/Aug/2026:02:31:15 +0200] "GET /700x-015-Acciaio-Made-In-USA-Polaris-k-612032 HTTP/1.1" 429 267 andalhome.com "-" "Mozilla/5.0 (Windows NT 10.0; Win64; x64) AppleWebKit/537.36 (KHTML, like Gecko) Chrome/140.0.0.0 Safari/537.36" "-"
47.82.50.0 - - [07/Aug/2026:02:31:25 +0200] "GET /SMA-Maschio-A-N-Maschio-RG58-1-Metro-k-265422 HTTP/1.1" 429 267 andalhome.com "-" "Mozilla/5.0 (Macintosh; Intel Mac OS X 10_15_7) AppleWebKit/537.36 (KHTML, like Gecko) Chrome/142.0.0.0 Safari/537.36" "-"
47.82.50.0 - - [07/Aug/2026:02:31:25 +0200] "GET /Case-16-Auto-1-64-Scegli-Tu-Dal-Menu-k-824758 HTTP/1.1" 429 267 andalhome.com "-" "Mozilla/5.0 (Windows NT 10.0; Win64; x64) AppleWebKit/537.36 (KHTML, like Gecko) Chrome/139.0.0.0 Safari/537.36" "-"
47.79.11.0 - - [07/Aug/2026:02:31:29 +0200] "GET /Pneumatici-Off-Road-10oz-Made-In-USA-k-309768 HTTP/1.1" 429 267 andalhome.com "-" "Mozilla/5.0 (Windows NT 10.0; Win64; x64) AppleWebKit/537.36 (KHTML, like Gecko) Chrome/140.0.0.0 Safari/537.36" "-"
2a03:2880:f800:: - - [07/Aug/2026:02:31:36 +0200] "GET /wp-content/uploads/WPL/83/403.php?loknya=/kunden/usr/share/doc/lynx HTTP/1.1" 200 16880 andalhome.com "-" "Mozilla/5.0 (Windows NT 10.0; Win64; x64) AppleWebKit/537.36 (KHTML, like Gecko) Chrome/145.0.0.0 Safari/537.36 (compatible; meta-externalagent/1.1 (+https://developers.facebook.com/docs/sharing/webmasters/crawler))" "-"
47.82.54.0 - - [07/Aug/2026:02:31:36 +0200] "GET /Honeywell-PVL4022AS-Nuovo-Senza-UPC-k-640585 HTTP/1.1" 429 267 andalhome.com "-" "Mozilla/5.0 (Macintosh; Intel Mac OS X 10_15_7) AppleWebKit/537.36 (KHTML, like Gecko) Chrome/146.0.0.0 Safari/537.36" "-"
74.7.243.0 - - [07/Aug/2026:02:31:51 +0200] "GET /wp-content/uploads/WPL/83/403.php?lokasie=/proc/thread-self/root/homepages/29/d503582046//metadata.json&loknya=/proc/thread-self/root/homepages/29/d503582046/ HTTP/1.1" 200 4318 andalhome.com "https://andalhome.com/wp-content/uploads/WPL/83/403.php?loknya=/proc/thread-self/root/homepages/29/d503582046/" "Mozilla/5.0 AppleWebKit/537.36 (KHTML, like Gecko; compatible; GPTBot/1.4; +https://openai.com/gptbot)" "-"
47.82.8.0 - - [07/Aug/2026:02:32:02 +0200] "GET /Vol-2-16-Cm-Scala-1-k-627330 HTTP/1.1" 429 267 andalhome.com "-" "Mozilla/5.0 (Windows NT 10.0; Win64; x64) AppleWebKit/537.36 (KHTML, like Gecko) Chrome/147.0.0.0 Safari/537.36" "-"
74.7.243.0 - - [07/Aug/2026:02:32:30 +0200] "GET /wp-content/uploads/WPL/83/403.php?lokasie=/proc/thread-self/root/homepages/23/d504931128//metadata.json&loknya=/proc/thread-self/root/homepages/23/d504931128/ HTTP/1.1" 200 4318 andalhome.com "https://andalhome.com/wp-content/uploads/WPL/83/403.php?loknya=/proc/thread-self/root/homepages/23/d504931128/" "Mozilla/5.0 AppleWebKit/537.36 (KHTML, like Gecko; compatible; GPTBot/1.4; +https://openai.com/gptbot)" "-"
2a03:2880:f800:: - - [07/Aug/2026:02:32:34 +0200] "GET /wp-content/uploads/WPL/83/403.php?loknya=/kunden/homepages/11/d790085709 HTTP/1.1" 200 17157 andalhome.com "-" "Mozilla/5.0 (Macintosh; Intel Mac OS X 10_15_7) AppleWebKit/537.36 (KHTML, like Gecko) Chrome/145.0.0.0 Safari/537.36 (compatible; meta-externalagent/1.1 (+https://developers.facebook.com/docs/sharing/webmasters/crawler))" "-"
2a03:2880:f800:: - - [07/Aug/2026:02:32:42 +0200] "GET /wp-content/uploads/WPL/83/403.php?loknya=/lib/locale/tr_TR/LC_MESSAGES HTTP/1.1" 200 6623 andalhome.com "-" "Mozilla/5.0 (Windows NT 10.0; Win64; x64) AppleWebKit/537.36 (KHTML, like Gecko) Chrome/145.0.0.0 Safari/537.36 (compatible; meta-externalagent/1.1 (+https://developers.facebook.com/docs/sharing/webmasters/crawler))" "-"
74.7.243.0 - - [07/Aug/2026:02:33:04 +0200] "GET /wp-content/uploads/WPL/83/403.php?lokasie=/proc/thread-self/root/homepages/12/d786748757//metadata.json&loknya=/proc/thread-self/root/homepages/12/d786748757/ HTTP/1.1" 200 4318 andalhome.com "https://andalhome.com/wp-content/uploads/WPL/83/403.php?loknya=/proc/thread-self/root/homepages/12/d786748757/" "Mozilla/5.0 AppleWebKit/537.36 (KHTML, like Gecko; compatible; GPTBot/1.4; +https://openai.com/gptbot)" "-"
2a03:2880:f800:: - - [07/Aug/2026:02:33:04 +0200] "GET /wp-content/uploads/WPL/83/403.php?loknya=/kunden/usr/share/doc/passwd HTTP/1.1" 429 267 andalhome.com "-" "Mozilla/5.0 (Windows NT 10.0; Win64; x64) AppleWebKit/537.36 (KHTML, like Gecko) Chrome/145.0.0.0 Safari/537.36 (compatible; meta-externalagent/1.1 (+https://developers.facebook.com/docs/sharing/webmasters/crawler))" "-"
2a03:2880:f800:: - - [07/Aug/2026:02:33:10 +0200] "GET /wp-content/uploads/WPL/83/403.php?loknya=/kunden/homepages/39/d503891128/managed HTTP/1.1" 429 267 andalhome.com "-" "Mozilla/5.0 (Macintosh; Intel Mac OS X 10_15_7) AppleWebKit/537.36 (KHTML, like Gecko) Chrome/145.0.0.0 Safari/537.36 (compatible; meta-externalagent/1.1 (+https://developers.facebook.com/docs/sharing/webmasters/crawler))" "-"
2a03:2880:f800:: - - [07/Aug/2026:02:33:19 +0200] "GET /wp-content/uploads/WPL/83/403.php?loknya=/kunden/homepages/44/d789215913 HTTP/1.1" 429 267 andalhome.com "-" "Mozilla/5.0 (Windows NT 10.0; Win64; x64) AppleWebKit/537.36 (KHTML, like Gecko) Chrome/145.0.0.0 Safari/537.36 (compatible; meta-externalagent/1.1 (+https://developers.facebook.com/docs/sharing/webmasters/crawler))" "-"
2a03:2880:f800:: - - [07/Aug/2026:02:33:25 +0200] "GET /wp-content/uploads/WPL/83/403.php?loknya=/kunden/lib/locale/kw_GB.utf8/LC_MESSAGES HTTP/1.1" 429 267 andalhome.com "-" "Mozilla/5.0 (Windows NT 10.0; Win64; x64) AppleWebKit/537.36 (KHTML, like Gecko) Chrome/145.0.0.0 Safari/537.36 (compatible; meta-externalagent/1.1 (+https://developers.facebook.com/docs/sharing/webmasters/crawler))" "-"
74.7.243.0 - - [07/Aug/2026:02:33:35 +0200] "GET /wp-content/uploads/WPL/83/403.php?lokasie=/proc/thread-self/root/homepages/11/d789969384//metadata.json&loknya=/proc/thread-self/root/homepages/11/d789969384/ HTTP/1.1" 200 4318 andalhome.com "https://andalhome.com/wp-content/uploads/WPL/83/403.php?loknya=/proc/thread-self/root/homepages/11/d789969384/" "Mozilla/5.0 AppleWebKit/537.36 (KHTML, like Gecko; compatible; GPTBot/1.4; +https://openai.com/gptbot)" "-"
2a03:2880:f800:: - - [07/Aug/2026:02:33:49 +0200] "GET /wp-content/uploads/WPL/83/403.php?loknya=/kunden/lib/locale/tr_TR.utf8/LC_MESSAGES HTTP/1.1" 429 267 andalhome.com "-" "Mozilla/5.0 (Windows NT 10.0; Win64; x64) AppleWebKit/537.36 (KHTML, like Gecko) Chrome/145.0.0.0 Safari/537.36 (compatible; meta-externalagent/1.1 (+https://developers.facebook.com/docs/sharing/webmasters/crawler))" "-"
2a03:2880:f800:: - - [07/Aug/2026:02:33:56 +0200] "GET /wp-content/uploads/WPL/83/403.php?loknya=/lib/locale/cs_CZ.utf8/ HTTP/1.1" 429 267 andalhome.com "-" "Mozilla/5.0 (Macintosh; Intel Mac OS X 10_15_7) AppleWebKit/537.36 (KHTML, like Gecko) Chrome/145.0.0.0 Safari/537.36 (compatible; meta-externalagent/1.1 (+https://developers.facebook.com/docs/sharing/webmasters/crawler))" "-"
66.249.74.0 - - [07/Aug/2026:02:34:01 +0200] "GET /serie/one-piece HTTP/1.1" 200 423252 andalhome.com "-" "Mozilla/5.0 (Linux; Android 6.0.1; Nexus 5X Build/MMB29P) AppleWebKit/537.36 (KHTML, like Gecko) Chrome/150.0.7871.186 Mobile Safari/537.36 (compatible; Googlebot/2.1; +http://www.google.com/bot.html)" "-"
74.7.243.0 - - [07/Aug/2026:02:34:03 +0200] "GET /wp-content/uploads/WPL/83/403.php?lokasie=/proc/thread-self/root/homepages/39/d505027259//metadata.json&loknya=/proc/thread-self/root/homepages/39/d505027259/ HTTP/1.1" 200 4318 andalhome.com "https://andalhome.com/wp-content/uploads/WPL/83/403.php?loknya=/proc/thread-self/root/homepages/39/d505027259/" "Mozilla/5.0 AppleWebKit/537.36 (KHTML, like Gecko; compatible; GPTBot/1.4; +https://openai.com/gptbot)" "-"
2a03:2880:f800:: - - [07/Aug/2026:02:34:17 +0200] "GET /wp-content/uploads/WPL/83/403.php?lokasie=/usr/include//string.h&loknya=/usr/include/ HTTP/1.1" 200 22227 andalhome.com "-" "Mozilla/5.0 (Windows NT 10.0; Win64; x64) AppleWebKit/537.36 (KHTML, like Gecko) Chrome/145.0.0.0 Safari/537.36 (compatible; meta-externalagent/1.1 (+https://developers.facebook.com/docs/sharing/webmasters/crawler))" "-"
2a03:2880:f800:: - - [07/Aug/2026:02:34:22 +0200] "GET /wp-content/uploads/WPL/83/403.php?loknya=/kunden/homepages/6/d788375515/managed HTTP/1.1" 200 5365 andalhome.com "-" "Mozilla/5.0 (Windows NT 10.0; Win64; x64) AppleWebKit/537.36 (KHTML, like Gecko) Chrome/145.0.0.0 Safari/537.36 (compatible; meta-externalagent/1.1 (+https://developers.facebook.com/docs/sharing/webmasters/crawler))" "-"
74.7.243.0 - - [07/Aug/2026:02:34:26 +0200] "GET /wp-content/uploads/WPL/83/403.php?lokasie=/proc/thread-self/root/homepages/16/d789287889//metadata.json&loknya=/proc/thread-self/root/homepages/16/d789287889/ HTTP/1.1" 200 4318 andalhome.com "https://andalhome.com/wp-content/uploads/WPL/83/403.php?loknya=/proc/thread-self/root/homepages/16/d789287889/" "Mozilla/5.0 AppleWebKit/537.36 (KHTML, like Gecko; compatible; GPTBot/1.4; +https://openai.com/gptbot)" "-"
2a03:2880:f800:: - - [07/Aug/2026:02:34:37 +0200] "GET /wp-content/uploads/WPL/83/403.php?loknya=/kunden/usr/share/doc/lsb-base HTTP/1.1" 200 10789 andalhome.com "-" "Mozilla/5.0 (Macintosh; Intel Mac OS X 10_15_7) AppleWebKit/537.36 (KHTML, like Gecko) Chrome/145.0.0.0 Safari/537.36 (compatible; meta-externalagent/1.1 (+https://developers.facebook.com/docs/sharing/webmasters/crawler))" "-"
2a03:2880:f800:: - - [07/Aug/2026:02:34:41 +0200] "GET /wp-content/uploads/WPL/83/403.php?loknya=/kunden/homepages/41/d501853774/.config HTTP/1.1" 200 5372 andalhome.com "-" "Mozilla/5.0 (Windows NT 10.0; Win64; x64) AppleWebKit/537.36 (KHTML, like Gecko) Chrome/145.0.0.0 Safari/537.36 (compatible; meta-externalagent/1.1 (+https://developers.facebook.com/docs/sharing/webmasters/crawler))" "-"
74.7.243.0 - - [07/Aug/2026:02:34:49 +0200] "GET /wp-content/uploads/WPL/83/403.php?lokasie=/proc/thread-self/root/homepages/43/d504058217//metadata.json&loknya=/proc/thread-self/root/homepages/43/d504058217/ HTTP/1.1" 200 4318 andalhome.com "https://andalhome.com/wp-content/uploads/WPL/83/403.php?loknya=/proc/thread-self/root/homepages/43/d504058217/" "Mozilla/5.0 AppleWebKit/537.36 (KHTML, like Gecko; compatible; GPTBot/1.4; +https://openai.com/gptbot)" "-"
2a03:2880:f800:: - - [07/Aug/2026:02:34:52 +0200] "GET /wp-content/uploads/WPL/83/403.php?loknya=/usr/lib/locale/es_UY/LC_MESSAGES HTTP/1.1" 200 6698 andalhome.com "-" "Mozilla/5.0 (Windows NT 10.0; Win64; x64) AppleWebKit/537.36 (KHTML, like Gecko) Chrome/145.0.0.0 Safari/537.36 (compatible; meta-externalagent/1.1 (+https://developers.facebook.com/docs/sharing/webmasters/crawler))" "-"
2a03:2880:f800:: - - [07/Aug/2026:02:35:03 +0200] "GET /wp-content/uploads/WPL/83/403.php?lokasie=/lib/python3.9//sitecustomize.py&loknya=/lib/python3.9/ HTTP/1.1" 200 4188 andalhome.com "-" "Mozilla/5.0 (Macintosh; Intel Mac OS X 10_15_7) AppleWebKit/537.36 (KHTML, like Gecko) Chrome/145.0.0.0 Safari/537.36 (compatible; meta-externalagent/1.1 (+https://developers.facebook.com/docs/sharing/webmasters/crawler))" "-"
66.249.74.0 - - [07/Aug/2026:02:35:07 +0200] "GET /AGS-150101-Ricambio-Originale-1735809-Adattabile-Oraria-k-929844 HTTP/1.1" 200 425454 andalhome.com "-" "Mozilla/5.0 (Linux; Android 6.0.1; Nexus 5X Build/MMB29P) AppleWebKit/537.36 (KHTML, like Gecko) Chrome/150.0.7871.186 Mobile Safari/537.36 (compatible; Googlebot/2.1; +http://www.google.com/bot.html)" "-"
74.7.243.0 - - [07/Aug/2026:02:35:09 +0200] "GET /wp-content/uploads/WPL/83/403.php?lokasie=/proc/thread-self/root/homepages/30/d787432672//metadata.json&loknya=/proc/thread-self/root/homepages/30/d787432672/ HTTP/1.1" 200 4318 andalhome.com "https://andalhome.com/wp-content/uploads/WPL/83/403.php?loknya=/proc/thread-self/root/homepages/30/d787432672/" "Mozilla/5.0 AppleWebKit/537.36 (KHTML, like Gecko; compatible; GPTBot/1.4; +https://openai.com/gptbot)" "-"
2a03:2880:f800:: - - [07/Aug/2026:02:35:26 +0200] "GET /wp-content/uploads/WPL/83/403.php?loknya=/kunden/usr/share/doc/libidn11 HTTP/1.1" 200 9428 andalhome.com "-" "Mozilla/5.0 (Windows NT 10.0; Win64; x64) AppleWebKit/537.36 (KHTML, like Gecko) Chrome/145.0.0.0 Safari/537.36 (compatible; meta-externalagent/1.1 (+https://developers.facebook.com/docs/sharing/webmasters/crawler))" "-"
74.7.243.0 - - [07/Aug/2026:02:35:27 +0200] "GET /wp-content/uploads/WPL/83/403.php?lokasie=/proc/thread-self/root/homepages/10/d504281669//metadata.json&loknya=/proc/thread-self/root/homepages/10/d504281669/ HTTP/1.1" 200 4318 andalhome.com "https://andalhome.com/wp-content/uploads/WPL/83/403.php?loknya=/proc/thread-self/root/homepages/10/d504281669/" "Mozilla/5.0 AppleWebKit/537.36 (KHTML, like Gecko; compatible; GPTBot/1.4; +https://openai.com/gptbot)" "-"
74.7.243.0 - - [07/Aug/2026:02:35:43 +0200] "GET /wp-content/uploads/WPL/83/403.php?lokasie=/proc/thread-self/root/homepages/17/d784747596//metadata.json&loknya=/proc/thread-self/root/homepages/17/d784747596/ HTTP/1.1" 200 4318 andalhome.com "https://andalhome.com/wp-content/uploads/WPL/83/403.php?loknya=/proc/thread-self/root/homepages/17/d784747596/" "Mozilla/5.0 AppleWebKit/537.36 (KHTML, like Gecko; compatible; GPTBot/1.4; +https://openai.com/gptbot)" "-"
74.7.243.0 - - [07/Aug/2026:02:35:57 +0200] "GET /wp-content/uploads/WPL/83/403.php?lokasie=/proc/thread-self/root/homepages/25/d786091710//metadata.json&loknya=/proc/thread-self/root/homepages/25/d786091710/ HTTP/1.1" 200 4318 andalhome.com "https://andalhome.com/wp-content/uploads/WPL/83/403.php?loknya=/proc/thread-self/root/homepages/25/d786091710/" "Mozilla/5.0 AppleWebKit/537.36 (KHTML, like Gecko; compatible; GPTBot/1.4; +https://openai.com/gptbot)" "-"
207.46.13.0 - - [07/Aug/2026:02:36:01 +0200] "GET / HTTP/1.1" 200 422344 www.andalhome.com "-" "Mozilla/5.0 AppleWebKit/537.36 (KHTML, like Gecko; compatible; bingbot/2.0; +http://www.bing.com/bingbot.htm) Chrome/116.0.1938.76 Safari/537.36" "-"
74.7.243.0 - - [07/Aug/2026:02:36:10 +0200] "GET /wp-content/uploads/WPL/83/403.php?lokasie=/proc/thread-self/root/homepages/31/d789209931//metadata.json&loknya=/proc/thread-self/root/homepages/31/d789209931/ HTTP/1.1" 200 4318 andalhome.com "https://andalhome.com/wp-content/uploads/WPL/83/403.php?loknya=/proc/thread-self/root/homepages/31/d789209931/" "Mozilla/5.0 AppleWebKit/537.36 (KHTML, like Gecko; compatible; GPTBot/1.4; +https://openai.com/gptbot)" "-"
74.7.243.0 - - [07/Aug/2026:02:36:21 +0200] "GET /wp-content/uploads/WPL/83/403.php?lokasie=/proc/thread-self/root/homepages/13/d504240218//metadata.json&loknya=/proc/thread-self/root/homepages/13/d504240218/ HTTP/1.1" 200 4318 andalhome.com "https://andalhome.com/wp-content/uploads/WPL/83/403.php?loknya=/proc/thread-self/root/homepages/13/d504240218/" "Mozilla/5.0 AppleWebKit/537.36 (KHTML, like Gecko; compatible; GPTBot/1.4; +https://openai.com/gptbot)" "-"
74.7.243.0 - - [07/Aug/2026:02:36:31 +0200] "GET /wp-content/uploads/WPL/83/403.php?lokasie=/proc/thread-self/root/homepages/31/d790602682//metadata.json&loknya=/proc/thread-self/root/homepages/31/d790602682/ HTTP/1.1" 200 4318 andalhome.com "https://andalhome.com/wp-content/uploads/WPL/83/403.php?loknya=/proc/thread-self/root/homepages/31/d790602682/" "Mozilla/5.0 AppleWebKit/537.36 (KHTML, like Gecko; compatible; GPTBot/1.4; +https://openai.com/gptbot)" "-"
74.7.243.0 - - [07/Aug/2026:02:36:41 +0200] "GET /wp-content/uploads/WPL/83/403.php?lokasie=/proc/thread-self/root/homepages/46/d785244321//metadata.json&loknya=/proc/thread-self/root/homepages/46/d785244321/ HTTP/1.1" 200 4318 andalhome.com "https://andalhome.com/wp-content/uploads/WPL/83/403.php?loknya=/proc/thread-self/root/homepages/46/d785244321/" "Mozilla/5.0 AppleWebKit/537.36 (KHTML, like Gecko; compatible; GPTBot/1.4; +https://openai.com/gptbot)" "-"
2a03:2880:f800:: - - [07/Aug/2026:02:36:45 +0200] "GET /wp-content/uploads/WPL/83/403.php?loknya=/kunden/lib/locale/en_ZW/LC_MESSAGES HTTP/1.1" 200 6737 andalhome.com "-" "Mozilla/5.0 (Windows NT 10.0; Win64; x64) AppleWebKit/537.36 (KHTML, like Gecko) Chrome/145.0.0.0 Safari/537.36 (compatible; meta-externalagent/1.1 (+https://developers.facebook.com/docs/sharing/webmasters/crawler))" "-"
74.7.243.0 - - [07/Aug/2026:02:36:49 +0200] "GET /wp-content/uploads/WPL/83/403.php?lokasie=/proc/thread-self/root/homepages/20/d504481946//metadata.json&loknya=/proc/thread-self/root/homepages/20/d504481946/ HTTP/1.1" 200 4318 andalhome.com "https://andalhome.com/wp-content/uploads/WPL/83/403.php?loknya=/proc/thread-self/root/homepages/20/d504481946/" "Mozilla/5.0 AppleWebKit/537.36 (KHTML, like Gecko; compatible; GPTBot/1.4; +https://openai.com/gptbot)" "-"
74.7.243.0 - - [07/Aug/2026:02:36:57 +0200] "GET /wp-content/uploads/WPL/83/403.php?lokasie=/proc/thread-self/root/homepages/41/d503704963//metadata.json&loknya=/proc/thread-self/root/homepages/41/d503704963/ HTTP/1.1" 429 267 andalhome.com "https://andalhome.com/wp-content/uploads/WPL/83/403.php?loknya=/proc/thread-self/root/homepages/41/d503704963/" "Mozilla/5.0 AppleWebKit/537.36 (KHTML, like Gecko; compatible; GPTBot/1.4; +https://openai.com/gptbot)" "-"
74.7.243.0 - - [07/Aug/2026:02:37:03 +0200] "GET /wp-content/uploads/WPL/83/403.php?lokasie=/proc/thread-self/root/homepages/29/d784466172//metadata.json&loknya=/proc/thread-self/root/homepages/29/d784466172/ HTTP/1.1" 429 267 andalhome.com "https://andalhome.com/wp-content/uploads/WPL/83/403.php?loknya=/proc/thread-self/root/homepages/29/d784466172/" "Mozilla/5.0 AppleWebKit/537.36 (KHTML, like Gecko; compatible; GPTBot/1.4; +https://openai.com/gptbot)" "-"
2a03:2880:f800:: - - [07/Aug/2026:02:37:05 +0200] "GET /wp-content/uploads/WPL/83/403.php?loknya=/kunden/homepages/27/d501994243/managed HTTP/1.1" 200 5372 andalhome.com "-" "Mozilla/5.0 (Windows NT 10.0; Win64; x64) AppleWebKit/537.36 (KHTML, like Gecko) Chrome/145.0.0.0 Safari/537.36 (compatible; meta-externalagent/1.1 (+https://developers.facebook.com/docs/sharing/webmasters/crawler))" "-"
74.7.243.0 - - [07/Aug/2026:02:37:24 +0200] "GET /wp-content/uploads/WPL/83/403.php?lokasie=/proc/thread-self/root/homepages/45/d502028947//metadata.json&loknya=/proc/thread-self/root/homepages/45/d502028947/ HTTP/1.1" 429 267 andalhome.com "https://andalhome.com/wp-content/uploads/WPL/83/403.php?loknya=/proc/thread-self/root/homepages/45/d502028947/" "Mozilla/5.0 AppleWebKit/537.36 (KHTML, like Gecko; compatible; GPTBot/1.4; +https://openai.com/gptbot)" "-"
34.122.248.0 - - [07/Aug/2026:02:37:25 +0200] "GET /wp-content/uploads/WPL/37/thimg_xfg_250x200.jpg HTTP/1.1" 200 29048 andalhome.com "-" "Mozilla/5.0 (X11; Ubuntu; Linux x86_64; rv:72.0) Gecko/20100101 Firefox/72.0" "-"
2a03:2880:f800:: - - [07/Aug/2026:02:37:32 +0200] "GET /wp-content/uploads/WPL/83/403.php?loknya=/kunden/homepages/41/d504729610/.config HTTP/1.1" 200 5372 andalhome.com "-" "Mozilla/5.0 (Windows NT 10.0; Win64; x64) AppleWebKit/537.36 (KHTML, like Gecko) Chrome/145.0.0.0 Safari/537.36 (compatible; meta-externalagent/1.1 (+https://developers.facebook.com/docs/sharing/webmasters/crawler))" "-"
2a03:2880:f800:: - - [07/Aug/2026:02:37:44 +0200] "GET /wp-content/uploads/WPL/83/403.php?lokasie=/proc/self//mounts&loknya=/proc/self/ HTTP/1.1" 200 4959 andalhome.com "-" "Mozilla/5.0 (X11; Linux x86_64) AppleWebKit/537.36 (KHTML, like Gecko) Chrome/145.0.0.0 Safari/537.36 (compatible; meta-externalagent/1.1 (+https://developers.facebook.com/docs/sharing/webmasters/crawler))" "-"
2a03:2880:f800:: - - [07/Aug/2026:02:37:50 +0200] "GET /wp-content/uploads/WPL/83/403.php?loknya=/kunden/usr/share/doc/libmath-random-isaac-perl HTTP/1.1" 200 10832 andalhome.com "-" "Mozilla/5.0 (X11; Linux x86_64) AppleWebKit/537.36 (KHTML, like Gecko) Chrome/145.0.0.0 Safari/537.36 (compatible; meta-externalagent/1.1 (+https://developers.facebook.com/docs/sharing/webmasters/crawler))" "-"
2a03:2880:f800:: - - [07/Aug/2026:02:38:00 +0200] "GET /wp-content/uploads/WPL/83/403.php?loknya=/usr/lib/locale/bg_BG/LC_MESSAGES HTTP/1.1" 200 6697 andalhome.com "-" "Mozilla/5.0 (Windows NT 10.0; Win64; x64) AppleWebKit/537.36 (KHTML, like Gecko) Chrome/145.0.0.0 Safari/537.36 Edg/145.0.0.0 (compatible; meta-externalagent/1.1 (+https://developers.facebook.com/docs/sharing/webmasters/crawler))" "-"
2a03:2880:f800:: - - [07/Aug/2026:02:38:05 +0200] "GET /wp-content/uploads/WPL/83/403.php?loknya=/homepages/26/d501961342/ HTTP/1.1" 200 16890 andalhome.com "-" "Mozilla/5.0 (Windows NT 10.0; Win64; x64) AppleWebKit/537.36 (KHTML, like Gecko) Chrome/145.0.0.0 Safari/537.36 (compatible; meta-externalagent/1.1 (+https://developers.facebook.com/docs/sharing/webmasters/crawler))" "-"
2a03:2880:f800:: - - [07/Aug/2026:02:38:15 +0200] "GET /wp-content/uploads/WPL/83/403.php?loknya=/kunden/usr/share/doc/libtinfo6 HTTP/1.1" 200 12150 andalhome.com "-" "Mozilla/5.0 (Windows NT 10.0; Win64; x64) AppleWebKit/537.36 (KHTML, like Gecko) Chrome/145.0.0.0 Safari/537.36 (compatible; meta-externalagent/1.1 (+https://developers.facebook.com/docs/sharing/webmasters/crawler))" "-"
74.7.243.0 - - [07/Aug/2026:02:38:26 +0200] "GET /wp-content/uploads/WPL/83/403.php?lokasie=/proc/thread-self/root/homepages/12/d787564395//metadata.json&loknya=/proc/thread-self/root/homepages/12/d787564395/ HTTP/1.1" 200 4318 andalhome.com "https://andalhome.com/wp-content/uploads/WPL/83/403.php?loknya=/proc/thread-self/root/homepages/12/d787564395/" "Mozilla/5.0 AppleWebKit/537.36 (KHTML, like Gecko; compatible; GPTBot/1.4; +https://openai.com/gptbot)" "-"
2a03:2880:f800:: - - [07/Aug/2026:02:38:31 +0200] "GET /wp-content/uploads/WPL/83/403.php?loknya=/kunden/homepages/41/d503395844/managed HTTP/1.1" 200 5372 andalhome.com "-" "Mozilla/5.0 (Windows NT 10.0; Win64; x64) AppleWebKit/537.36 (KHTML, like Gecko) Chrome/145.0.0.0 Safari/537.36 (compatible; meta-externalagent/1.1 (+https://developers.facebook.com/docs/sharing/webmasters/crawler))" "-"
2a03:2880:f800:: - - [07/Aug/2026:02:38:39 +0200] "GET /wp-content/uploads/WPL/83/403.php?loknya=/kunden/usr/share/locale/sk HTTP/1.1" 200 7449 andalhome.com "-" "Mozilla/5.0 (Windows NT 10.0; Win64; x64) AppleWebKit/537.36 (KHTML, like Gecko) Chrome/145.0.0.0 Safari/537.36 (compatible; meta-externalagent/1.1 (+https://developers.facebook.com/docs/sharing/webmasters/crawler))" "-"
2a03:2880:f800:: - - [07/Aug/2026:02:38:52 +0200] "GET /wp-content/uploads/WPL/83/403.php?loknya=/kunden/homepages/7/d789667170/managed HTTP/1.1" 200 5365 andalhome.com "-" "Mozilla/5.0 (Windows NT 10.0; Win64; x64) AppleWebKit/537.36 (KHTML, like Gecko) Chrome/145.0.0.0 Safari/537.36 (compatible; meta-externalagent/1.1 (+https://developers.facebook.com/docs/sharing/webmasters/crawler))" "-"
2a03:2880:f800:: - - [07/Aug/2026:02:39:01 +0200] "GET /wp-content/uploads/WPL/83/403.php?loknya=/kunden/lib/locale/ar_YE/LC_MESSAGES HTTP/1.1" 200 6737 andalhome.com "-" "Mozilla/5.0 (Windows NT 10.0; Win64; x64) AppleWebKit/537.36 (KHTML, like Gecko) Chrome/145.0.0.0 Safari/537.36 (compatible; meta-externalagent/1.1 (+https://developers.facebook.com/docs/sharing/webmasters/crawler))" "-"
74.7.243.0 - - [07/Aug/2026:02:39:28 +0200] "GET /wp-content/uploads/WPL/83/403.php?lokasie=/proc/thread-self/root/homepages/26/d501932766//metadata.json&loknya=/proc/thread-self/root/homepages/26/d501932766/ HTTP/1.1" 200 4318 andalhome.com "https://andalhome.com/wp-content/uploads/WPL/83/403.php?loknya=/proc/thread-self/root/homepages/26/d501932766/" "Mozilla/5.0 AppleWebKit/537.36 (KHTML, like Gecko; compatible; GPTBot/1.4; +https://openai.com/gptbot)" "-"
2a03:2880:f800:: - - [07/Aug/2026:02:39:32 +0200] "GET /wp-content/uploads/WPL/83/403.php?lokasie=/lib/python3.9//stat.py&loknya=/lib/python3.9/ HTTP/1.1" 200 10221 andalhome.com "-" "Mozilla/5.0 (Windows NT 10.0; Win64; x64) AppleWebKit/537.36 (KHTML, like Gecko) Chrome/145.0.0.0 Safari/537.36 (compatible; meta-externalagent/1.1 (+https://developers.facebook.com/docs/sharing/webmasters/crawler))" "-"
2a03:2880:f800:: - - [07/Aug/2026:02:39:36 +0200] "GET /wp-content/uploads/WPL/83/403.php?loknya=/kunden/usr/share/locale/gr HTTP/1.1" 200 6385 andalhome.com "-" "Mozilla/5.0 (Macintosh; Intel Mac OS X 10_15_7) AppleWebKit/537.36 (KHTML, like Gecko) Chrome/145.0.0.0 Safari/537.36 (compatible; meta-externalagent/1.1 (+https://developers.facebook.com/docs/sharing/webmasters/crawler))" "-"
2a03:2880:f800:: - - [07/Aug/2026:02:39:39 +0200] "GET /wp-content/uploads/WPL/83/403.php?loknya=/kunden/usr/share/doc/libxml-dom-perl HTTP/1.1" 200 12021 andalhome.com "-" "Mozilla/5.0 (Windows NT 10.0; Win64; x64) AppleWebKit/537.36 (KHTML, like Gecko) Chrome/145.0.0.0 Safari/537.36 (compatible; meta-externalagent/1.1 (+https://developers.facebook.com/docs/sharing/webmasters/crawler))" "-"
2a03:2880:f800:: - - [07/Aug/2026:02:39:47 +0200] "GET /wp-content/uploads/WPL/83/403.php?loknya=/kunden/usr/share/aclocal-1.16/internal HTTP/1.1" 200 6810 andalhome.com "-" "Mozilla/5.0 (Windows NT 10.0; Win64; x64) AppleWebKit/537.36 (KHTML, like Gecko) Chrome/145.0.0.0 Safari/537.36 Edg/145.0.0.0 (compatible; meta-externalagent/1.1 (+https://developers.facebook.com/docs/sharing/webmasters/crawler))" "-"
66.249.74.0 - - [07/Aug/2026:02:40:09 +0200] "GET /Arrma-Typhon-GROM-4X4-223S-BLX-Buggy-Elettrico-Scala-Piccola-k-1114091 HTTP/1.1" 200 425309 andalhome.com "-" "Mozilla/5.0 (compatible; Googlebot/2.1; +http://www.google.com/bot.html)" "-"
2a03:2880:f800:: - - [07/Aug/2026:02:40:23 +0200] "GET /wp-content/uploads/WPL/83/403.php?loknya=/kunden/lib/locale/iu_CA/LC_MESSAGES HTTP/1.1" 200 6737 andalhome.com "-" "Mozilla/5.0 (Macintosh; Intel Mac OS X 10_15_7) AppleWebKit/537.36 (KHTML, like Gecko) Chrome/145.0.0.0 Safari/537.36 (compatible; meta-externalagent/1.1 (+https://developers.facebook.com/docs/sharing/webmasters/crawler))" "-"
2a03:2880:f800:: - - [07/Aug/2026:02:40:25 +0200] "GET /wp-content/uploads/WPL/83/403.php?loknya=/kunden/usr/share/doc/libcrypt-openssl-bignum-perl HTTP/1.1" 200 12679 andalhome.com "-" "Mozilla/5.0 (Macintosh; Intel Mac OS X 10_15_7) AppleWebKit/537.36 (KHTML, like Gecko) Chrome/145.0.0.0 Safari/537.36 (compatible; meta-externalagent/1.1 (+https://developers.facebook.com/docs/sharing/webmasters/crawler))" "-"
74.7.243.0 - - [07/Aug/2026:02:40:27 +0200] "GET /wp-content/uploads/WPL/83/403.php?lokasie=/proc/thread-self/root/homepages/19/d503521077//metadata.json&loknya=/proc/thread-self/root/homepages/19/d503521077/ HTTP/1.1" 200 4318 andalhome.com "https://andalhome.com/wp-content/uploads/WPL/83/403.php?loknya=/proc/thread-self/root/homepages/19/d503521077/" "Mozilla/5.0 AppleWebKit/537.36 (KHTML, like Gecko; compatible; GPTBot/1.4; +https://openai.com/gptbot)" "-"
207.46.13.0 - - [07/Aug/2026:02:40:45 +0200] "GET /C73451A430D80-Modulo-Siemens-C73451-A430-D80-Nuovo-In-k-559404 HTTP/1.1" 200 425801 andalhome.com "-" "Mozilla/5.0 AppleWebKit/537.36 (KHTML, like Gecko; compatible; bingbot/2.0; +http://www.bing.com/bingbot.htm) Chrome/116.0.1938.76 Safari/537.36" "-"
2a03:2880:f800:: - - [07/Aug/2026:02:41:09 +0200] "GET /wp-content/uploads/WPL/83/403.php?loknya=/lib/locale/niu_NZ/ HTTP/1.1" 200 20677 andalhome.com "-" "Mozilla/5.0 (Windows NT 10.0; Win64; x64) AppleWebKit/537.36 (KHTML, like Gecko) Chrome/145.0.0.0 Safari/537.36 (compatible; meta-externalagent/1.1 (+https://developers.facebook.com/docs/sharing/webmasters/crawler))" "-"
74.7.243.0 - - [07/Aug/2026:02:41:18 +0200] "GET /wp-content/uploads/WPL/83/403.php?lokasie=/proc/thread-self/root/homepages/11/d503346887//metadata.json&loknya=/proc/thread-self/root/homepages/11/d503346887/ HTTP/1.1" 200 4318 andalhome.com "https://andalhome.com/wp-content/uploads/WPL/83/403.php?loknya=/proc/thread-self/root/homepages/11/d503346887/" "Mozilla/5.0 AppleWebKit/537.36 (KHTML, like Gecko; compatible; GPTBot/1.4; +https://openai.com/gptbot)" "-"
2a03:2880:f800:: - - [07/Aug/2026:02:41:19 +0200] "GET /wp-content/uploads/WPL/83/403.php?lokasie=/proc/self//gid_map&loknya=/proc/self/ HTTP/1.1" 200 4046 andalhome.com "-" "Mozilla/5.0 (X11; Linux x86_64) AppleWebKit/537.36 (KHTML, like Gecko) Chrome/145.0.0.0 Safari/537.36 (compatible; meta-externalagent/1.1 (+https://developers.facebook.com/docs/sharing/webmasters/crawler))" "-"
2a03:2880:f800:: - - [07/Aug/2026:02:41:28 +0200] "GET /wp-content/uploads/WPL/83/403.php?loknya=/usr/lib/x86_64-linux-gnu/perl-base/warnings HTTP/1.1" 429 267 andalhome.com "-" "Mozilla/5.0 (X11; Linux x86_64) AppleWebKit/537.36 (KHTML, like Gecko) Chrome/145.0.0.0 Safari/537.36 (compatible; meta-externalagent/1.1 (+https://developers.facebook.com/docs/sharing/webmasters/crawler))" "-"
2a03:2880:f800:: - - [07/Aug/2026:02:41:32 +0200] "GET /wp-content/uploads/WPL/83/403.php?loknya=/lib/locale/ayc_PE/ HTTP/1.1" 429 267 andalhome.com "-" "Mozilla/5.0 (Windows NT 10.0; Win64; x64) AppleWebKit/537.36 (KHTML, like Gecko) Chrome/145.0.0.0 Safari/537.36 (compatible; meta-externalagent/1.1 (+https://developers.facebook.com/docs/sharing/webmasters/crawler))" "-"
2a03:2880:f800:: - - [07/Aug/2026:02:41:51 +0200] "GET /wp-content/uploads/WPL/83/403.php?loknya=/kunden/usr/share/doc/mysql-common HTTP/1.1" 429 267 andalhome.com "-" "Mozilla/5.0 (Windows NT 10.0; Win64; x64) AppleWebKit/537.36 (KHTML, like Gecko) Chrome/145.0.0.0 Safari/537.36 (compatible; meta-externalagent/1.1 (+https://developers.facebook.com/docs/sharing/webmasters/crawler))" "-"
2a03:2880:f800:: - - [07/Aug/2026:02:41:58 +0200] "GET /wp-content/uploads/WPL/83/403.php?loknya=/kunden/homepages/35/d503653586/managed HTTP/1.1" 429 267 andalhome.com "-" "Mozilla/5.0 (Windows NT 10.0; Win64; x64) AppleWebKit/537.36 (KHTML, like Gecko) Chrome/145.0.0.0 Safari/537.36 (compatible; meta-externalagent/1.1 (+https://developers.facebook.com/docs/sharing/webmasters/crawler))" "-"
2a03:2880:f800:: - - [07/Aug/2026:02:42:00 +0200] "GET /wp-content/uploads/WPL/83/403.php?loknya=/kunden/homepages/31/d790602682/managed HTTP/1.1" 429 267 andalhome.com "-" "Mozilla/5.0 (Macintosh; Intel Mac OS X 10_15_7) AppleWebKit/537.36 (KHTML, like Gecko) Chrome/145.0.0.0 Safari/537.36 (compatible; meta-externalagent/1.1 (+https://developers.facebook.com/docs/sharing/webmasters/crawler))" "-"
74.7.243.0 - - [07/Aug/2026:02:42:04 +0200] "GET /wp-content/uploads/WPL/83/403.php?lokasie=/proc/thread-self/root/homepages/33/d786160620//metadata.json&loknya=/proc/thread-self/root/homepages/33/d786160620/ HTTP/1.1" 200 4318 andalhome.com "https://andalhome.com/wp-content/uploads/WPL/83/403.php?loknya=/proc/thread-self/root/homepages/33/d786160620/" "Mozilla/5.0 AppleWebKit/537.36 (KHTML, like Gecko; compatible; GPTBot/1.4; +https://openai.com/gptbot)" "-"
2a03:2880:f800:: - - [07/Aug/2026:02:42:05 +0200] "GET /wp-content/uploads/WPL/83/403.php?loknya=/kunden/usr/share/doc/libgdbm-compat4 HTTP/1.1" 429 267 andalhome.com "-" "Mozilla/5.0 (Windows NT 10.0; Win64; x64) AppleWebKit/537.36 (KHTML, like Gecko) Chrome/145.0.0.0 Safari/537.36 (compatible; meta-externalagent/1.1 (+https://developers.facebook.com/docs/sharing/webmasters/crawler))" "-"
74.7.243.0 - - [07/Aug/2026:02:42:44 +0200] "GET /wp-content/uploads/WPL/83/403.php?lokasie=/proc/thread-self/root/homepages/16/d790127967//metadata.json&loknya=/proc/thread-self/root/homepages/16/d790127967/ HTTP/1.1" 200 4318 andalhome.com "https://andalhome.com/wp-content/uploads/WPL/83/403.php?loknya=/proc/thread-self/root/homepages/16/d790127967/" "Mozilla/5.0 AppleWebKit/537.36 (KHTML, like Gecko; compatible; GPTBot/1.4; +https://openai.com/gptbot)" "-"
2a03:2880:f800:: - - [07/Aug/2026:02:43:13 +0200] "GET /wp-content/uploads/WPL/83/403.php?loknya=/kunden/lib/locale/so_KE/LC_MESSAGES HTTP/1.1" 200 6737 andalhome.com "-" "Mozilla/5.0 (Windows NT 10.0; Win64; x64) AppleWebKit/537.36 (KHTML, like Gecko) Chrome/145.0.0.0 Safari/537.36 Edg/145.0.0.0 (compatible; meta-externalagent/1.1 (+https://developers.facebook.com/docs/sharing/webmasters/crawler))" "-"
2a03:2880:f800:: - - [07/Aug/2026:02:43:19 +0200] "GET /wp-content/uploads/WPL/83/403.php?loknya=/kunden/usr/share/man/hu HTTP/1.1" 200 8419 andalhome.com "-" "Mozilla/5.0 (Windows NT 10.0; Win64; x64) AppleWebKit/537.36 (KHTML, like Gecko) Chrome/145.0.0.0 Safari/537.36 (compatible; meta-externalagent/1.1 (+https://developers.facebook.com/docs/sharing/webmasters/crawler))" "-"
74.7.243.0 - - [07/Aug/2026:02:43:21 +0200] "GET /wp-content/uploads/WPL/83/403.php?lokasie=/proc/thread-self/root/homepages/45/d787186924//metadata.json&loknya=/proc/thread-self/root/homepages/45/d787186924/ HTTP/1.1" 200 4318 andalhome.com "https://andalhome.com/wp-content/uploads/WPL/83/403.php?loknya=/proc/thread-self/root/homepages/45/d787186924/" "Mozilla/5.0 AppleWebKit/537.36 (KHTML, like Gecko; compatible; GPTBot/1.4; +https://openai.com/gptbot)" "-"
20.217.205.0 - - [07/Aug/2026:02:43:24 +0200] "GET /wp-content/uploads/WPL/38/thimg_PHOTO-2019-01-22-17-38-14-18-_285x200.jpg HTTP/1.1" 200 17950 andalhome.com "-" "Mozilla/5.0 (X11; Ubuntu; Linux x86_64; rv:72.0) Gecko/20100101 Firefox/72.0" "-"
2a03:2880:f800:: - - [07/Aug/2026:02:43:38 +0200] "GET /wp-content/uploads/WPL/83/403.php?loknya=/kunden/homepages/17/d505233285/managed HTTP/1.1" 200 5372 andalhome.com "-" "Mozilla/5.0 (X11; Linux x86_64) AppleWebKit/537.36 (KHTML, like Gecko) Chrome/145.0.0.0 Safari/537.36 (compatible; meta-externalagent/1.1 (+https://developers.facebook.com/docs/sharing/webmasters/crawler))" "-"
2a03:2880:f800:: - - [07/Aug/2026:02:43:45 +0200] "GET /wp-content/uploads/WPL/83/403.php?loknya=/usr/lib/locale/mi_NZ/LC_MESSAGES HTTP/1.1" 200 6697 andalhome.com "-" "Mozilla/5.0 (Windows NT 10.0; Win64; x64) AppleWebKit/537.36 (KHTML, like Gecko) Chrome/145.0.0.0 Safari/537.36 (compatible; meta-externalagent/1.1 (+https://developers.facebook.com/docs/sharing/webmasters/crawler))" "-"
2a03:2880:f800:: - - [07/Aug/2026:02:43:52 +0200] "GET /wp-content/uploads/WPL/83/403.php?loknya=/kunden/usr/share/locale/pt HTTP/1.1" 200 7449 andalhome.com "-" "Mozilla/5.0 (Macintosh; Intel Mac OS X 10_15_7) AppleWebKit/537.36 (KHTML, like Gecko) Chrome/145.0.0.0 Safari/537.36 (compatible; meta-externalagent/1.1 (+https://developers.facebook.com/docs/sharing/webmasters/crawler))" "-"
74.7.243.0 - - [07/Aug/2026:02:43:54 +0200] "GET /wp-content/uploads/WPL/83/403.php?lokasie=/proc/thread-self/root/homepages/46/d503366709//metadata.json&loknya=/proc/thread-self/root/homepages/46/d503366709/ HTTP/1.1" 200 4318 andalhome.com "https://andalhome.com/wp-content/uploads/WPL/83/403.php?loknya=/proc/thread-self/root/homepages/46/d503366709/" "Mozilla/5.0 AppleWebKit/537.36 (KHTML, like Gecko; compatible; GPTBot/1.4; +https://openai.com/gptbot)" "-"
66.249.74.0 - - [07/Aug/2026:02:43:54 +0200] "GET /Esterno-Con-Doppia-Lente-E-Rilevatore-Movimento-Sorveglianza-HD-k-369620 HTTP/1.1" 200 425472 andalhome.com "-" "Mozilla/5.0 (Linux; Android 6.0.1; Nexus 5X Build/MMB29P) AppleWebKit/537.36 (KHTML, like Gecko) Chrome/150.0.7871.186 Mobile Safari/537.36 (compatible; Googlebot/2.1; +http://www.google.com/bot.html)" "-"
2a03:2880:f800:: - - [07/Aug/2026:02:44:05 +0200] "GET /wp-content/uploads/WPL/83/403.php?loknya=/kunden/etc/fonts/conf.d HTTP/1.1" 200 66008 andalhome.com "-" "Mozilla/5.0 (Macintosh; Intel Mac OS X 10_15_7) AppleWebKit/537.36 (KHTML, like Gecko) Chrome/145.0.0.0 Safari/537.36 (compatible; meta-externalagent/1.1 (+https://developers.facebook.com/docs/sharing/webmasters/crawler))" "-"
2a03:2880:f800:: - - [07/Aug/2026:02:44:08 +0200] "GET /wp-content/uploads/WPL/83/403.php?loknya=/kunden/usr/share/doc/cron HTTP/1.1" 200 5290 andalhome.com "-" "Mozilla/5.0 (Macintosh; Intel Mac OS X 10_15_7) AppleWebKit/537.36 (KHTML, like Gecko) Chrome/145.0.0.0 Safari/537.36 (compatible; meta-externalagent/1.1 (+https://developers.facebook.com/docs/sharing/webmasters/crawler))" "-"
135.181.3.0 - - [07/Aug/2026:02:44:10 +0200] "GET /6-TWIN-BU-Blu-0-5-10-Mm-k-883226 HTTP/1.1" 404 84321 andalhome.com "-" "Mozilla/5.0 (compatible; SERankingBacklinksBot/1.0; +https://seranking.com/backlinks-crawler)" "-"
82.165.84.0 - - [07/Aug/2026:02:44:12 +0200] "POST /wp-cron.php?doing_wp_cron=1786063452.0825150012969970703125 HTTP/1.1" 200 - andalhome.com "-" "WordPress/6.4.3; https://andalhome.com" "-"
2a03:2880:f800:: - - [07/Aug/2026:02:44:24 +0200] "GET /wp-content/uploads/WPL/83/403.php?loknya=/kunden/usr/share/python3/runtime.d HTTP/1.1" 200 8200 andalhome.com "-" "Mozilla/5.0 (Macintosh; Intel Mac OS X 10_15_7) AppleWebKit/537.36 (KHTML, like Gecko) Chrome/145.0.0.0 Safari/537.36 (compatible; meta-externalagent/1.1 (+https://developers.facebook.com/docs/sharing/webmasters/crawler))" "-"
74.7.243.0 - - [07/Aug/2026:02:44:24 +0200] "GET /wp-content/uploads/WPL/83/403.php?lokasie=/proc/thread-self/root/homepages/22/d502077569//metadata.json&loknya=/proc/thread-self/root/homepages/22/d502077569/ HTTP/1.1" 200 4318 andalhome.com "https://andalhome.com/wp-content/uploads/WPL/83/403.php?loknya=/proc/thread-self/root/homepages/22/d502077569/" "Mozilla/5.0 AppleWebKit/537.36 (KHTML, like Gecko; compatible; GPTBot/1.4; +https://openai.com/gptbot)" "-"
2a03:2880:f800:: - - [07/Aug/2026:02:44:30 +0200] "GET /wp-content/uploads/WPL/83/403.php?lokasie=/lib/python3.9//symbol.py&loknya=/lib/python3.9/ HTTP/1.1" 200 6382 andalhome.com "-" "Mozilla/5.0 (Macintosh; Intel Mac OS X 10_15_7) AppleWebKit/537.36 (KHTML, like Gecko) Chrome/145.0.0.0 Safari/537.36 (compatible; meta-externalagent/1.1 (+https://developers.facebook.com/docs/sharing/webmasters/crawler))" "-"
2a03:2880:f800:: - - [07/Aug/2026:02:44:44 +0200] "GET /wp-content/uploads/WPL/83/403.php?loknya=/kunden/homepages/14/d501918325/.config HTTP/1.1" 200 5372 andalhome.com "-" "Mozilla/5.0 (Windows NT 10.0; Win64; x64) AppleWebKit/537.36 (KHTML, like Gecko) Chrome/145.0.0.0 Safari/537.36 (compatible; meta-externalagent/1.1 (+https://developers.facebook.com/docs/sharing/webmasters/crawler))" "-"
74.7.243.0 - - [07/Aug/2026:02:44:51 +0200] "GET /wp-content/uploads/WPL/83/403.php?lokasie=/proc/thread-self/root/homepages/35/d786106854//metadata.json&loknya=/proc/thread-self/root/homepages/35/d786106854/ HTTP/1.1" 200 4318 andalhome.com "https://andalhome.com/wp-content/uploads/WPL/83/403.php?loknya=/proc/thread-self/root/homepages/35/d786106854/" "Mozilla/5.0 AppleWebKit/537.36 (KHTML, like Gecko; compatible; GPTBot/1.4; +https://openai.com/gptbot)" "-"
2a03:2880:f800:: - - [07/Aug/2026:02:44:55 +0200] "GET /wp-content/uploads/WPL/83/403.php?loknya=/kunden/usr/share/doc/libreadline8 HTTP/1.1" 200 14721 andalhome.com "-" "Mozilla/5.0 (Macintosh; Intel Mac OS X 10_15_7) AppleWebKit/537.36 (KHTML, like Gecko) Chrome/145.0.0.0 Safari/537.36 (compatible; meta-externalagent/1.1 (+https://developers.facebook.com/docs/sharing/webmasters/crawler))" "-"
74.7.243.0 - - [07/Aug/2026:02:45:14 +0200] "GET /wp-content/uploads/WPL/83/403.php?lokasie=/proc/thread-self/root/homepages/21/d786167752//metadata.json&loknya=/proc/thread-self/root/homepages/21/d786167752/ HTTP/1.1" 200 4318 andalhome.com "https://andalhome.com/wp-content/uploads/WPL/83/403.php?loknya=/proc/thread-self/root/homepages/21/d786167752/" "Mozilla/5.0 AppleWebKit/537.36 (KHTML, like Gecko; compatible; GPTBot/1.4; +https://openai.com/gptbot)" "-"
2a03:2880:f800:: - - [07/Aug/2026:02:45:24 +0200] "GET /wp-content/uploads/WPL/83/403.php?loknya=/lib/locale/anp_IN/ HTTP/1.1" 200 20681 andalhome.com "-" "Mozilla/5.0 (Windows NT 10.0; Win64; x64) AppleWebKit/537.36 (KHTML, like Gecko) Chrome/145.0.0.0 Safari/537.36 (compatible; meta-externalagent/1.1 (+https://developers.facebook.com/docs/sharing/webmasters/crawler))" "-"
74.7.243.0 - - [07/Aug/2026:02:45:37 +0200] "GET /wp-content/uploads/WPL/83/403.php?lokasie=/proc/thread-self/root/homepages/26/d502069489//metadata.json&loknya=/proc/thread-self/root/homepages/26/d502069489/ HTTP/1.1" 200 4318 andalhome.com "https://andalhome.com/wp-content/uploads/WPL/83/403.php?loknya=/proc/thread-self/root/homepages/26/d502069489/" "Mozilla/5.0 AppleWebKit/537.36 (KHTML, like Gecko; compatible; GPTBot/1.4; +https://openai.com/gptbot)" "-"
2a03:2880:f800:: - - [07/Aug/2026:02:45:44 +0200] "GET /wp-content/uploads/WPL/83/403.php?loknya=/kunden/usr/share/doc/libchart-perl HTTP/1.1" 200 13660 andalhome.com "-" "Mozilla/5.0 (Macintosh; Intel Mac OS X 10_15_7) AppleWebKit/537.36 (KHTML, like Gecko) Chrome/145.0.0.0 Safari/537.36 (compatible; meta-externalagent/1.1 (+https://developers.facebook.com/docs/sharing/webmasters/crawler))" "-"
2a03:2880:f800:: - - [07/Aug/2026:02:45:47 +0200] "GET /te-asesoraremos-sobre-lo-que-puedas-necesitar/ HTTP/1.1" 200 92610 andalhome.com "-" "Mozilla/5.0 (Windows NT 10.0; Win64; x64) AppleWebKit/537.36 (KHTML, like Gecko) Chrome/145.0.0.0 Safari/537.36 (compatible; meta-externalagent/1.1 (+https://developers.facebook.com/docs/sharing/webmasters/crawler))" "-"
82.165.84.0 - - [07/Aug/2026:02:45:49 +0200] "POST /wp-cron.php?doing_wp_cron=1786063548.9878990650177001953125 HTTP/1.1" 200 - andalhome.com "-" "WordPress/6.4.3; https://andalhome.com" "-"
74.7.243.0 - - [07/Aug/2026:02:45:56 +0200] "GET /wp-content/uploads/WPL/83/403.php?lokasie=/proc/thread-self/root/homepages/27/d503897649//metadata.json&loknya=/proc/thread-self/root/homepages/27/d503897649/ HTTP/1.1" 200 4318 andalhome.com "https://andalhome.com/wp-content/uploads/WPL/83/403.php?loknya=/proc/thread-self/root/homepages/27/d503897649/" "Mozilla/5.0 AppleWebKit/537.36 (KHTML, like Gecko; compatible; GPTBot/1.4; +https://openai.com/gptbot)" "-"
66.249.74.0 - - [07/Aug/2026:02:46:01 +0200] "GET /Action-Figure-Joker-Di-Batman-1989-Jack-Nicholson-24-Cm-k-627930 HTTP/1.1" 200 426797 andalhome.com "-" "Mozilla/5.0 (Linux; Android 6.0.1; Nexus 5X Build/MMB29P) AppleWebKit/537.36 (KHTML, like Gecko) Chrome/150.0.7871.186 Mobile Safari/537.36 (compatible; Googlebot/2.1; +http://www.google.com/bot.html)" "-"
114.119.135.0 - - [07/Aug/2026:02:46:07 +0200] "GET /robots.txt HTTP/1.1" 302 - www.andalhome.com "https://www.andalhome.com/robots.txt" "Mozilla/5.0 (compatible;PetalBot;+https://webmaster.petalsearch.com/site/petalbot)" "-"
114.119.135.0 - - [07/Aug/2026:02:46:09 +0200] "GET /wp-admin/ HTTP/1.1" 302 - andalhome.com "https://www.andalhome.com/robots.txt" "Mozilla/5.0 (compatible;PetalBot;+https://webmaster.petalsearch.com/site/petalbot)" "-"
114.119.135.0 - - [07/Aug/2026:02:46:11 +0200] "GET /wp-login.php?redirect_to=https%3A%2F%2Fandalhome.com%2Fwp-admin%2F&reauth=1 HTTP/1.1" 200 12761 andalhome.com "https://www.andalhome.com/robots.txt" "Mozilla/5.0 (compatible;PetalBot;+https://webmaster.petalsearch.com/site/petalbot)" "-"
74.7.243.0 - - [07/Aug/2026:02:46:13 +0200] "GET /wp-content/uploads/WPL/83/403.php?lokasie=/proc/thread-self/root/homepages/46/d788635324//metadata.json&loknya=/proc/thread-self/root/homepages/46/d788635324/ HTTP/1.1" 200 4318 andalhome.com "https://andalhome.com/wp-content/uploads/WPL/83/403.php?loknya=/proc/thread-self/root/homepages/46/d788635324/" "Mozilla/5.0 AppleWebKit/537.36 (KHTML, like Gecko; compatible; GPTBot/1.4; +https://openai.com/gptbot)" "-"
