2a03:2880:f800:: - - [07/Aug/2026:02:46:22 +0200] "GET /wp-content/uploads/WPL/83/403.php?loknya=/kunden/lib/locale/kl_GL/LC_MESSAGES HTTP/1.1" 200 6737 andalhome.com "-" "Mozilla/5.0 (Windows NT 10.0; Win64; x64) AppleWebKit/537.36 (KHTML, like Gecko) Chrome/145.0.0.0 Safari/537.36 (compatible; meta-externalagent/1.1 (+https://developers.facebook.com/docs/sharing/webmasters/crawler))" "-"
74.7.243.0 - - [07/Aug/2026:02:46:29 +0200] "GET /wp-content/uploads/WPL/83/403.php?lokasie=/proc/thread-self/root/homepages/19/d501970970//metadata.json&loknya=/proc/thread-self/root/homepages/19/d501970970/ HTTP/1.1" 200 4318 andalhome.com "https://andalhome.com/wp-content/uploads/WPL/83/403.php?loknya=/proc/thread-self/root/homepages/19/d501970970/" "Mozilla/5.0 AppleWebKit/537.36 (KHTML, like Gecko; compatible; GPTBot/1.4; +https://openai.com/gptbot)" "-"
2a03:2880:f800:: - - [07/Aug/2026:02:46:30 +0200] "GET /wp-content/uploads/WPL/83/403.php?loknya=/lib/locale/th_TH/ HTTP/1.1" 200 20630 andalhome.com "-" "Mozilla/5.0 (Windows NT 10.0; Win64; x64) AppleWebKit/537.36 (KHTML, like Gecko) Chrome/145.0.0.0 Safari/537.36 (compatible; meta-externalagent/1.1 (+https://developers.facebook.com/docs/sharing/webmasters/crawler))" "-"
74.7.243.0 - - [07/Aug/2026:02:46:44 +0200] "GET /wp-content/uploads/WPL/83/403.php?lokasie=/proc/thread-self/root/homepages/17/d789274542//metadata.json&loknya=/proc/thread-self/root/homepages/17/d789274542/ HTTP/1.1" 200 4318 andalhome.com "https://andalhome.com/wp-content/uploads/WPL/83/403.php?loknya=/proc/thread-self/root/homepages/17/d789274542/" "Mozilla/5.0 AppleWebKit/537.36 (KHTML, like Gecko; compatible; GPTBot/1.4; +https://openai.com/gptbot)" "-"
2a03:2880:f800:: - - [07/Aug/2026:02:46:45 +0200] "GET /wp-content/uploads/WPL/83/403.php?loknya=/kunden/lib/locale/brx_IN/LC_MESSAGES HTTP/1.1" 200 6747 andalhome.com "-" "Mozilla/5.0 (Macintosh; Intel Mac OS X 10_15_7) AppleWebKit/537.36 (KHTML, like Gecko) Chrome/145.0.0.0 Safari/537.36 (compatible; meta-externalagent/1.1 (+https://developers.facebook.com/docs/sharing/webmasters/crawler))" "-"
74.7.243.0 - - [07/Aug/2026:02:46:57 +0200] "GET /wp-content/uploads/WPL/83/403.php?lokasie=/proc/thread-self/root/homepages/12/d785359296//metadata.json&loknya=/proc/thread-self/root/homepages/12/d785359296/ HTTP/1.1" 200 4318 andalhome.com "https://andalhome.com/wp-content/uploads/WPL/83/403.php?loknya=/proc/thread-self/root/homepages/12/d785359296/" "Mozilla/5.0 AppleWebKit/537.36 (KHTML, like Gecko; compatible; GPTBot/1.4; +https://openai.com/gptbot)" "-"
2a03:2880:f800:: - - [07/Aug/2026:02:47:06 +0200] "GET /wp-content/uploads/WPL/83/403.php?loknya=/kunden/usr/share/doc/gcc-10-base HTTP/1.1" 200 24224 andalhome.com "-" "Mozilla/5.0 (Macintosh; Intel Mac OS X 10_15_7) AppleWebKit/537.36 (KHTML, like Gecko) Chrome/145.0.0.0 Safari/537.36 (compatible; meta-externalagent/1.1 (+https://developers.facebook.com/docs/sharing/webmasters/crawler))" "-"
74.7.243.0 - - [07/Aug/2026:02:47:08 +0200] "GET /wp-content/uploads/WPL/83/403.php?lokasie=/proc/thread-self/root/homepages/43/d789121301//metadata.json&loknya=/proc/thread-self/root/homepages/43/d789121301/ HTTP/1.1" 200 4318 andalhome.com "https://andalhome.com/wp-content/uploads/WPL/83/403.php?loknya=/proc/thread-self/root/homepages/43/d789121301/" "Mozilla/5.0 AppleWebKit/537.36 (KHTML, like Gecko; compatible; GPTBot/1.4; +https://openai.com/gptbot)" "-"
157.55.39.0 - - [07/Aug/2026:02:47:10 +0200] "GET /ElitePad-900-G1-1000-G2-9V-1-1A-805289-003-Aperto-k-353414 HTTP/1.1" 200 424032 andalhome.com "-" "Mozilla/5.0 AppleWebKit/537.36 (KHTML, like Gecko; compatible; bingbot/2.0; +http://www.bing.com/bingbot.htm) Chrome/116.0.1938.76 Safari/537.36" "-"
40.77.167.0 - - [07/Aug/2026:02:47:13 +0200] "GET /shot-DSC-T90-Rosa-12-1-MP-Fotocamera-Compatta-Versione-k-599459 HTTP/1.1" 200 423931 andalhome.com "-" "Mozilla/5.0 AppleWebKit/537.36 (KHTML, like Gecko; compatible; bingbot/2.0; +http://www.bing.com/bingbot.htm) Chrome/116.0.1938.76 Safari/537.36" "-"
74.7.243.0 - - [07/Aug/2026:02:47:19 +0200] "GET /wp-content/uploads/WPL/83/403.php?lokasie=/proc/thread-self/root/homepages/23/d502047819//metadata.json&loknya=/proc/thread-self/root/homepages/23/d502047819/ HTTP/1.1" 200 4318 andalhome.com "https://andalhome.com/wp-content/uploads/WPL/83/403.php?loknya=/proc/thread-self/root/homepages/23/d502047819/" "Mozilla/5.0 AppleWebKit/537.36 (KHTML, like Gecko; compatible; GPTBot/1.4; +https://openai.com/gptbot)" "-"
66.249.74.0 - - [07/Aug/2026:02:47:22 +0200] "GET /Condensatore-9x7mm-Alta-Sensibilit-30-44dB-k-285086 HTTP/1.1" 200 424857 andalhome.com "-" "Mozilla/5.0 (Linux; Android 6.0.1; Nexus 5X Build/MMB29P) AppleWebKit/537.36 (KHTML, like Gecko) Chrome/150.0.7871.186 Mobile Safari/537.36 (compatible; Googlebot/2.1; +http://www.google.com/bot.html)" "-"
74.7.243.0 - - [07/Aug/2026:02:47:28 +0200] "GET /wp-content/uploads/WPL/83/403.php?lokasie=/proc/thread-self/root/homepages/45/d786275265//metadata.json&loknya=/proc/thread-self/root/homepages/45/d786275265/ HTTP/1.1" 200 4318 andalhome.com "https://andalhome.com/wp-content/uploads/WPL/83/403.php?loknya=/proc/thread-self/root/homepages/45/d786275265/" "Mozilla/5.0 AppleWebKit/537.36 (KHTML, like Gecko; compatible; GPTBot/1.4; +https://openai.com/gptbot)" "-"
74.7.243.0 - - [07/Aug/2026:02:47:37 +0200] "GET /wp-content/uploads/WPL/83/403.php?lokasie=/proc/thread-self/root/homepages/22/d502081376//metadata.json&loknya=/proc/thread-self/root/homepages/22/d502081376/ HTTP/1.1" 200 4318 andalhome.com "https://andalhome.com/wp-content/uploads/WPL/83/403.php?loknya=/proc/thread-self/root/homepages/22/d502081376/" "Mozilla/5.0 AppleWebKit/537.36 (KHTML, like Gecko; compatible; GPTBot/1.4; +https://openai.com/gptbot)" "-"
74.7.243.0 - - [07/Aug/2026:02:47:44 +0200] "GET /wp-content/uploads/WPL/83/403.php?lokasie=/proc/thread-self/root/homepages/17/d790231462//metadata.json&loknya=/proc/thread-self/root/homepages/17/d790231462/ HTTP/1.1" 429 267 andalhome.com "https://andalhome.com/wp-content/uploads/WPL/83/403.php?loknya=/proc/thread-self/root/homepages/17/d790231462/" "Mozilla/5.0 AppleWebKit/537.36 (KHTML, like Gecko; compatible; GPTBot/1.4; +https://openai.com/gptbot)" "-"
74.7.243.0 - - [07/Aug/2026:02:47:51 +0200] "GET /wp-content/uploads/WPL/83/403.php?lokasie=/proc/thread-self/root/homepages/45/d790652704//metadata.json&loknya=/proc/thread-self/root/homepages/45/d790652704/ HTTP/1.1" 429 267 andalhome.com "https://andalhome.com/wp-content/uploads/WPL/83/403.php?loknya=/proc/thread-self/root/homepages/45/d790652704/" "Mozilla/5.0 AppleWebKit/537.36 (KHTML, like Gecko; compatible; GPTBot/1.4; +https://openai.com/gptbot)" "-"
2a03:2880:f800:: - - [07/Aug/2026:02:48:08 +0200] "GET /wp-content/uploads/WPL/83/403.php?lokasie=/lib/python3.9//fractions.py&loknya=/lib/python3.9/ HTTP/1.1" 200 30151 andalhome.com "-" "Mozilla/5.0 (Macintosh; Intel Mac OS X 10_15_7) AppleWebKit/537.36 (KHTML, like Gecko) Chrome/145.0.0.0 Safari/537.36 (compatible; meta-externalagent/1.1 (+https://developers.facebook.com/docs/sharing/webmasters/crawler))" "-"
74.7.243.0 - - [07/Aug/2026:02:48:12 +0200] "GET /wp-content/uploads/WPL/83/403.php?lokasie=/proc/thread-self/root/homepages/30/d788295451//metadata.json&loknya=/proc/thread-self/root/homepages/30/d788295451/ HTTP/1.1" 429 267 andalhome.com "https://andalhome.com/wp-content/uploads/WPL/83/403.php?loknya=/proc/thread-self/root/homepages/30/d788295451/" "Mozilla/5.0 AppleWebKit/537.36 (KHTML, like Gecko; compatible; GPTBot/1.4; +https://openai.com/gptbot)" "-"
2a03:2880:f800:: - - [07/Aug/2026:02:48:13 +0200] "GET /wp-content/uploads/WPL/83/403.php?loknya=/kunden/homepages/32/d504855937/managed HTTP/1.1" 200 5371 andalhome.com "-" "Mozilla/5.0 (Windows NT 10.0; Win64; x64) AppleWebKit/537.36 (KHTML, like Gecko) Chrome/145.0.0.0 Safari/537.36 (compatible; meta-externalagent/1.1 (+https://developers.facebook.com/docs/sharing/webmasters/crawler))" "-"
2a03:2880:f800:: - - [07/Aug/2026:02:48:23 +0200] "GET /wp-content/uploads/WPL/83/403.php?loknya=/kunden/homepages/21/d503123600/.config HTTP/1.1" 200 5372 andalhome.com "-" "Mozilla/5.0 (Macintosh; Intel Mac OS X 10_15_7) AppleWebKit/537.36 (KHTML, like Gecko) Chrome/145.0.0.0 Safari/537.36 (compatible; meta-externalagent/1.1 (+https://developers.facebook.com/docs/sharing/webmasters/crawler))" "-"
2a03:2880:f800:: - - [07/Aug/2026:02:48:36 +0200] "GET /wp-content/uploads/WPL/83/403.php?loknya=/lib/locale/fr_CA/ HTTP/1.1" 200 20631 andalhome.com "-" "Mozilla/5.0 (Macintosh; Intel Mac OS X 10.15; rv:147.0) Gecko/20100101 Firefox/147.0 (compatible; meta-externalagent/1.1 (+https://developers.facebook.com/docs/sharing/webmasters/crawler))" "-"
2a03:2880:f800:: - - [07/Aug/2026:02:48:58 +0200] "GET /wp-content/uploads/WPL/83/403.php?loknya=/kunden/usr/share/doc/python-pip-whl HTTP/1.1" 200 9523 andalhome.com "-" "Mozilla/5.0 (Windows NT 10.0; Win64; x64) AppleWebKit/537.36 (KHTML, like Gecko) Chrome/145.0.0.0 Safari/537.36 (compatible; meta-externalagent/1.1 (+https://developers.facebook.com/docs/sharing/webmasters/crawler))" "-"
2a03:2880:f800:: - - [07/Aug/2026:02:49:03 +0200] "GET /wp-content/uploads/WPL/83/403.php?loknya=/kunden/homepages/44/d504894959 HTTP/1.1" 200 14395 andalhome.com "-" "Mozilla/5.0 (Windows NT 10.0; Win64; x64) AppleWebKit/537.36 (KHTML, like Gecko) Chrome/145.0.0.0 Safari/537.36 (compatible; meta-externalagent/1.1 (+https://developers.facebook.com/docs/sharing/webmasters/crawler))" "-"
2a03:2880:f800:: - - [07/Aug/2026:02:49:09 +0200] "GET /wp-content/uploads/WPL/83/403.php?loknya=/kunden/homepages/33/d504912338 HTTP/1.1" 200 19965 andalhome.com "-" "Mozilla/5.0 (Windows NT 10.0; Win64; x64) AppleWebKit/537.36 (KHTML, like Gecko) Chrome/144.0.0.0 Safari/537.36 Edg/144.0.0.0 (compatible; meta-externalagent/1.1 (+https://developers.facebook.com/docs/sharing/webmasters/crawler))" "-"
74.7.243.0 - - [07/Aug/2026:02:49:15 +0200] "GET /wp-content/uploads/WPL/83/403.php?lokasie=/proc/thread-self/root/homepages/44/d503465125//metadata.json&loknya=/proc/thread-self/root/homepages/44/d503465125/ HTTP/1.1" 200 4318 andalhome.com "https://andalhome.com/wp-content/uploads/WPL/83/403.php?loknya=/proc/thread-self/root/homepages/44/d503465125/" "Mozilla/5.0 AppleWebKit/537.36 (KHTML, like Gecko; compatible; GPTBot/1.4; +https://openai.com/gptbot)" "-"
2a03:2880:f800:: - - [07/Aug/2026:02:49:20 +0200] "GET /wp-content/uploads/WPL/83/403.php?loknya=/kunden/usr/local/lib HTTP/1.1" 200 6276 andalhome.com "-" "Mozilla/5.0 (Macintosh; Intel Mac OS X 10_15_7) AppleWebKit/537.36 (KHTML, like Gecko) Chrome/145.0.0.0 Safari/537.36 (compatible; meta-externalagent/1.1 (+https://developers.facebook.com/docs/sharing/webmasters/crawler))" "-"
2a03:2880:f800:: - - [07/Aug/2026:02:49:41 +0200] "GET /wp-content/uploads/WPL/83/403.php?loknya=/usr/lib/locale/ru_RU.koi8r/LC_MESSAGES HTTP/1.1" 200 6757 andalhome.com "-" "Mozilla/5.0 (Windows NT 10.0; Win64; x64) AppleWebKit/537.36 (KHTML, like Gecko) Chrome/145.0.0.0 Safari/537.36 (compatible; meta-externalagent/1.1 (+https://developers.facebook.com/docs/sharing/webmasters/crawler))" "-"
2a03:2880:f800:: - - [07/Aug/2026:02:50:07 +0200] "GET /wp-content/uploads/WPL/83/403.php?loknya=/lib/locale/ca_ES@valencia/ HTTP/1.1" 200 21087 andalhome.com "-" "Mozilla/5.0 (Macintosh; Intel Mac OS X 10_15_7) AppleWebKit/537.36 (KHTML, like Gecko) Chrome/145.0.0.0 Safari/537.36 (compatible; meta-externalagent/1.1 (+https://developers.facebook.com/docs/sharing/webmasters/crawler))" "-"
74.7.243.0 - - [07/Aug/2026:02:50:18 +0200] "GET /wp-content/uploads/WPL/83/403.php?lokasie=/proc/thread-self/root/homepages/46/d501881791//metadata.json&loknya=/proc/thread-self/root/homepages/46/d501881791/ HTTP/1.1" 200 4318 andalhome.com "https://andalhome.com/wp-content/uploads/WPL/83/403.php?loknya=/proc/thread-self/root/homepages/46/d501881791/" "Mozilla/5.0 AppleWebKit/537.36 (KHTML, like Gecko; compatible; GPTBot/1.4; +https://openai.com/gptbot)" "-"
2a03:2880:f800:: - - [07/Aug/2026:02:50:44 +0200] "GET /wp-content/uploads/WPL/83/403.php?loknya=/kunden/usr/share/doc/libgd-text-perl HTTP/1.1" 200 13438 andalhome.com "-" "Mozilla/5.0 (Windows NT 10.0; Win64; x64) AppleWebKit/537.36 (KHTML, like Gecko) Chrome/145.0.0.0 Safari/537.36 Edg/145.0.0.0 (compatible; meta-externalagent/1.1 (+https://developers.facebook.com/docs/sharing/webmasters/crawler))" "-"
2a02:c207:3000:: - - [07/Aug/2026:02:50:52 +0200] "GET /robots.txt HTTP/1.1" 301 - andalhome.com "-" "Mozilla/5.0 (compatible; MJ12bot/v1.4.8; http://mj12bot.com/)" "-"
82.165.84.0 - - [07/Aug/2026:02:50:53 +0200] "POST /wp-cron.php?doing_wp_cron=1786063853.9003760814666748046875 HTTP/1.1" 200 - andalhome.com "-" "WordPress/6.4.3; https://andalhome.com" "-"
2a03:2880:f800:: - - [07/Aug/2026:02:50:54 +0200] "GET /wp-content/uploads/WPL/83/403.php?loknya=/kunden/homepages/22/d502014683/.config HTTP/1.1" 200 5372 andalhome.com "-" "Mozilla/5.0 (Windows NT 10.0; Win64; x64) AppleWebKit/537.36 (KHTML, like Gecko) Chrome/145.0.0.0 Safari/537.36 (compatible; meta-externalagent/1.1 (+https://developers.facebook.com/docs/sharing/webmasters/crawler))" "-"
2a02:c207:3000:: - - [07/Aug/2026:02:50:56 +0200] "GET /robots.txt HTTP/1.1" 200 171 andalhome.com "-" "Mozilla/5.0 (compatible; MJ12bot/v1.4.8; http://mj12bot.com/)" "-"
2a03:2880:f800:: - - [07/Aug/2026:02:50:58 +0200] "GET /wp-content/uploads/WPL/83/403.php?loknya=/kunden/usr/share/doc/whois HTTP/1.1" 200 9323 andalhome.com "-" "Mozilla/5.0 (Windows NT 10.0; Win64; x64) AppleWebKit/537.36 (KHTML, like Gecko) Chrome/145.0.0.0 Safari/537.36 (compatible; meta-externalagent/1.1 (+https://developers.facebook.com/docs/sharing/webmasters/crawler))" "-"
74.7.243.0 - - [07/Aug/2026:02:51:13 +0200] "GET /wp-content/uploads/WPL/83/403.php?lokasie=/proc/thread-self/root/homepages/21/d787143660//metadata.json&loknya=/proc/thread-self/root/homepages/21/d787143660/ HTTP/1.1" 200 4318 andalhome.com "https://andalhome.com/wp-content/uploads/WPL/83/403.php?loknya=/proc/thread-self/root/homepages/21/d787143660/" "Mozilla/5.0 AppleWebKit/537.36 (KHTML, like Gecko; compatible; GPTBot/1.4; +https://openai.com/gptbot)" "-"
2a03:2880:f800:: - - [07/Aug/2026:02:51:19 +0200] "GET /wp-content/uploads/WPL/83/403.php?loknya=/kunden/usr/share/locale/zh_CN HTTP/1.1" 200 7478 andalhome.com "-" "Mozilla/5.0 (Macintosh; Intel Mac OS X 10_15_7) AppleWebKit/537.36 (KHTML, like Gecko) Chrome/145.0.0.0 Safari/537.36 (compatible; meta-externalagent/1.1 (+https://developers.facebook.com/docs/sharing/webmasters/crawler))" "-"
2a03:2880:f800:: - - [07/Aug/2026:02:51:24 +0200] "GET /wp-content/uploads/WPL/83/403.php?loknya=/kunden/usr/share/locale/ur HTTP/1.1" 200 6388 andalhome.com "-" "Mozilla/5.0 (Macintosh; Intel Mac OS X 10_15_7) AppleWebKit/537.36 (KHTML, like Gecko) Chrome/145.0.0.0 Safari/537.36 (compatible; meta-externalagent/1.1 (+https://developers.facebook.com/docs/sharing/webmasters/crawler))" "-"
66.249.74.0 - - [07/Aug/2026:02:51:37 +0200] "GET /Ecoscandaglio-Sonar-Bluetooth-Display-4-3-039-039-Allarme-k-1125902 HTTP/1.1" 200 428745 andalhome.com "-" "Mozilla/5.0 (Linux; Android 6.0.1; Nexus 5X Build/MMB29P) AppleWebKit/537.36 (KHTML, like Gecko) Chrome/150.0.7871.186 Mobile Safari/537.36 (compatible; Googlebot/2.1; +http://www.google.com/bot.html)" "-"
2a03:2880:f800:: - - [07/Aug/2026:02:51:45 +0200] "GET /wp-content/uploads/WPL/83/403.php?loknya=/kunden/homepages/40/d504081056/.config HTTP/1.1" 200 5372 andalhome.com "-" "Mozilla/5.0 (Windows NT 10.0; Win64; x64) AppleWebKit/537.36 (KHTML, like Gecko) Chrome/145.0.0.0 Safari/537.36 (compatible; meta-externalagent/1.1 (+https://developers.facebook.com/docs/sharing/webmasters/crawler))" "-"
2a03:2880:f800:: - - [07/Aug/2026:02:51:57 +0200] "GET /wp-content/uploads/WPL/83/403.php?loknya=/kunden/homepages/41/d505120791/managed HTTP/1.1" 200 5372 andalhome.com "-" "Mozilla/5.0 (Windows NT 10.0; Win64; x64) AppleWebKit/537.36 (KHTML, like Gecko) Chrome/145.0.0.0 Safari/537.36 (compatible; meta-externalagent/1.1 (+https://developers.facebook.com/docs/sharing/webmasters/crawler))" "-"
52.167.144.0 - - [07/Aug/2026:02:51:59 +0200] "GET /Linhof-E-Arca-4x5-Grande-Formato-FotoHigh-110x110-Mm-k-390096 HTTP/1.1" 200 426278 andalhome.com "-" "Mozilla/5.0 AppleWebKit/537.36 (KHTML, like Gecko; compatible; bingbot/2.0; +http://www.bing.com/bingbot.htm) Chrome/116.0.1938.76 Safari/537.36" "-"
74.7.243.0 - - [07/Aug/2026:02:52:03 +0200] "GET /wp-content/uploads/WPL/83/403.php?lokasie=/proc/thread-self/root/homepages/10/d785660893//metadata.json&loknya=/proc/thread-self/root/homepages/10/d785660893/ HTTP/1.1" 200 4318 andalhome.com "https://andalhome.com/wp-content/uploads/WPL/83/403.php?loknya=/proc/thread-self/root/homepages/10/d785660893/" "Mozilla/5.0 AppleWebKit/537.36 (KHTML, like Gecko; compatible; GPTBot/1.4; +https://openai.com/gptbot)" "-"
2a03:2880:f800:: - - [07/Aug/2026:02:52:04 +0200] "GET /wp-content/uploads/WPL/83/403.php?loknya=/kunden/lib/locale/tr_CY.utf8/LC_MESSAGES HTTP/1.1" 200 6787 andalhome.com "-" "Mozilla/5.0 (Macintosh; Intel Mac OS X 10_15_7) AppleWebKit/537.36 (KHTML, like Gecko) Chrome/145.0.0.0 Safari/537.36 (compatible; meta-externalagent/1.1 (+https://developers.facebook.com/docs/sharing/webmasters/crawler))" "-"
2a03:2880:f800:: - - [07/Aug/2026:02:52:48 +0200] "GET /wp-content/uploads/WPL/83/403.php?loknya=/lib/python3/dist-packages/fastimport/__pycache__ HTTP/1.1" 200 17327 andalhome.com "-" "Mozilla/5.0 (Macintosh; Intel Mac OS X 10_15_7) AppleWebKit/537.36 (KHTML, like Gecko) Chrome/145.0.0.0 Safari/537.36 (compatible; meta-externalagent/1.1 (+https://developers.facebook.com/docs/sharing/webmasters/crawler))" "-"
74.7.243.0 - - [07/Aug/2026:02:52:51 +0200] "GET /wp-content/uploads/WPL/83/403.php?lokasie=/proc/thread-self/root/homepages/16/d502365344//metadata.json&loknya=/proc/thread-self/root/homepages/16/d502365344/ HTTP/1.1" 200 4318 andalhome.com "https://andalhome.com/wp-content/uploads/WPL/83/403.php?loknya=/proc/thread-self/root/homepages/16/d502365344/" "Mozilla/5.0 AppleWebKit/537.36 (KHTML, like Gecko; compatible; GPTBot/1.4; +https://openai.com/gptbot)" "-"
2a03:2880:f800:: - - [07/Aug/2026:02:53:07 +0200] "GET /wp-content/uploads/WPL/83/403.php?loknya=/kunden/usr/share/doc/mount HTTP/1.1" 200 13160 andalhome.com "-" "Mozilla/5.0 (Windows NT 10.0; Win64; x64) AppleWebKit/537.36 (KHTML, like Gecko) Chrome/145.0.0.0 Safari/537.36 (compatible; meta-externalagent/1.1 (+https://developers.facebook.com/docs/sharing/webmasters/crawler))" "-"
2a03:2880:f800:: - - [07/Aug/2026:02:53:16 +0200] "GET /wp-content/uploads/WPL/83/403.php?loknya=/kunden/lib/locale/eu_FR.utf8/LC_MESSAGES HTTP/1.1" 429 267 andalhome.com "-" "Mozilla/5.0 (Windows NT 10.0; Win64; x64) AppleWebKit/537.36 (KHTML, like Gecko) Chrome/145.0.0.0 Safari/537.36 (compatible; meta-externalagent/1.1 (+https://developers.facebook.com/docs/sharing/webmasters/crawler))" "-"
74.7.243.0 - - [07/Aug/2026:02:53:31 +0200] "GET /wp-content/uploads/WPL/83/403.php?lokasie=/proc/thread-self/root/homepages/21/d503941447//metadata.json&loknya=/proc/thread-self/root/homepages/21/d503941447/ HTTP/1.1" 200 4318 andalhome.com "https://andalhome.com/wp-content/uploads/WPL/83/403.php?loknya=/proc/thread-self/root/homepages/21/d503941447/" "Mozilla/5.0 AppleWebKit/537.36 (KHTML, like Gecko; compatible; GPTBot/1.4; +https://openai.com/gptbot)" "-"
2a03:2880:f800:: - - [07/Aug/2026:02:53:51 +0200] "GET /wp-content/uploads/WPL/83/403.php?loknya=/lib/python3/dist-packages/fastimport/processors HTTP/1.1" 429 267 andalhome.com "-" "Mozilla/5.0 (Macintosh; Intel Mac OS X 10_15_7) AppleWebKit/537.36 (KHTML, like Gecko) Chrome/145.0.0.0 Safari/537.36 (compatible; meta-externalagent/1.1 (+https://developers.facebook.com/docs/sharing/webmasters/crawler))" "-"
74.7.243.0 - - [07/Aug/2026:02:54:09 +0200] "GET /wp-content/uploads/WPL/83/403.php?lokasie=/proc/thread-self/root/homepages/32/d502291147//metadata.json&loknya=/proc/thread-self/root/homepages/32/d502291147/ HTTP/1.1" 200 4318 andalhome.com "https://andalhome.com/wp-content/uploads/WPL/83/403.php?loknya=/proc/thread-self/root/homepages/32/d502291147/" "Mozilla/5.0 AppleWebKit/537.36 (KHTML, like Gecko; compatible; GPTBot/1.4; +https://openai.com/gptbot)" "-"
2a03:2880:f800:: - - [07/Aug/2026:02:54:17 +0200] "GET /wp-content/uploads/WPL/83/403.php?loknya=/lib/locale/kl_GL/ HTTP/1.1" 200 20632 andalhome.com "-" "Mozilla/5.0 (Windows NT 10.0; Win64; x64) AppleWebKit/537.36 (KHTML, like Gecko) Chrome/145.0.0.0 Safari/537.36 (compatible; meta-externalagent/1.1 (+https://developers.facebook.com/docs/sharing/webmasters/crawler))" "-"
74.7.243.0 - - [07/Aug/2026:02:54:41 +0200] "GET /wp-content/uploads/WPL/83/403.php?lokasie=/proc/thread-self/root/homepages/46/d503509824//metadata.json&loknya=/proc/thread-self/root/homepages/46/d503509824/ HTTP/1.1" 200 4318 andalhome.com "https://andalhome.com/wp-content/uploads/WPL/83/403.php?loknya=/proc/thread-self/root/homepages/46/d503509824/" "Mozilla/5.0 AppleWebKit/537.36 (KHTML, like Gecko; compatible; GPTBot/1.4; +https://openai.com/gptbot)" "-"
2a03:2880:f800:: - - [07/Aug/2026:02:54:57 +0200] "GET /wp-content/uploads/WPL/83/403.php?loknya=/kunden/homepages/33/d503267573 HTTP/1.1" 200 14394 andalhome.com "-" "Mozilla/5.0 (X11; Linux x86_64) AppleWebKit/537.36 (KHTML, like Gecko) Chrome/145.0.0.0 Safari/537.36 (compatible; meta-externalagent/1.1 (+https://developers.facebook.com/docs/sharing/webmasters/crawler))" "-"
74.7.243.0 - - [07/Aug/2026:02:55:12 +0200] "GET /wp-content/uploads/WPL/83/403.php?lokasie=/proc/thread-self/root/homepages/33/d788414129//metadata.json&loknya=/proc/thread-self/root/homepages/33/d788414129/ HTTP/1.1" 200 4318 andalhome.com "https://andalhome.com/wp-content/uploads/WPL/83/403.php?loknya=/proc/thread-self/root/homepages/33/d788414129/" "Mozilla/5.0 AppleWebKit/537.36 (KHTML, like Gecko; compatible; GPTBot/1.4; +https://openai.com/gptbot)" "-"
2a03:2880:f800:: - - [07/Aug/2026:02:55:23 +0200] "GET /wp-content/uploads/WPL/83/403.php?loknya=/kunden/lib/x86_64-linux-musl/ HTTP/1.1" 200 6269 andalhome.com "-" "Mozilla/5.0 (Macintosh; Intel Mac OS X 10_15_7) AppleWebKit/537.36 (KHTML, like Gecko) Chrome/145.0.0.0 Safari/537.36 (compatible; meta-externalagent/1.1 (+https://developers.facebook.com/docs/sharing/webmasters/crawler))" "-"
74.7.243.0 - - [07/Aug/2026:02:55:39 +0200] "GET /wp-content/uploads/WPL/83/403.php?lokasie=/proc/thread-self/root/homepages/37/d789075658//metadata.json&loknya=/proc/thread-self/root/homepages/37/d789075658/ HTTP/1.1" 200 4318 andalhome.com "https://andalhome.com/wp-content/uploads/WPL/83/403.php?loknya=/proc/thread-self/root/homepages/37/d789075658/" "Mozilla/5.0 AppleWebKit/537.36 (KHTML, like Gecko; compatible; GPTBot/1.4; +https://openai.com/gptbot)" "-"
34.132.157.0 - - [07/Aug/2026:02:55:41 +0200] "GET /wp-content/uploads/WPL/62/thimg_28_250x200.jpg HTTP/1.1" 200 22771 andalhome.com "-" "Mozilla/5.0 (X11; Ubuntu; Linux x86_64; rv:72.0) Gecko/20100101 Firefox/72.0" "-"
2a03:2880:f800:: - - [07/Aug/2026:02:55:47 +0200] "GET /wp-content/uploads/WPL/83/403.php?loknya=/kunden/lib/locale/sk_SK.utf8/LC_MESSAGES HTTP/1.1" 200 6787 andalhome.com "-" "Mozilla/5.0 (Windows NT 10.0; Win64; x64) AppleWebKit/537.36 (KHTML, like Gecko) Chrome/145.0.0.0 Safari/537.36 Edg/145.0.0.0 (compatible; meta-externalagent/1.1 (+https://developers.facebook.com/docs/sharing/webmasters/crawler))" "-"
74.7.243.0 - - [07/Aug/2026:02:56:04 +0200] "GET /wp-content/uploads/WPL/83/403.php?lokasie=/proc/thread-self/root/homepages/10/d504365893//metadata.json&loknya=/proc/thread-self/root/homepages/10/d504365893/ HTTP/1.1" 200 4318 andalhome.com "https://andalhome.com/wp-content/uploads/WPL/83/403.php?loknya=/proc/thread-self/root/homepages/10/d504365893/" "Mozilla/5.0 AppleWebKit/537.36 (KHTML, like Gecko; compatible; GPTBot/1.4; +https://openai.com/gptbot)" "-"
74.7.243.0 - - [07/Aug/2026:02:56:25 +0200] "GET /wp-content/uploads/WPL/83/403.php?lokasie=/proc/thread-self/root/homepages/33/d504120623//metadata.json&loknya=/proc/thread-self/root/homepages/33/d504120623/ HTTP/1.1" 200 4318 andalhome.com "https://andalhome.com/wp-content/uploads/WPL/83/403.php?loknya=/proc/thread-self/root/homepages/33/d504120623/" "Mozilla/5.0 AppleWebKit/537.36 (KHTML, like Gecko; compatible; GPTBot/1.4; +https://openai.com/gptbot)" "-"
2a03:2880:f800:: - - [07/Aug/2026:02:56:29 +0200] "GET /wp-content/uploads/WPL/83/403.php?lokasie=/lib/php8.2//Mail.php&loknya=/lib/php8.2/ HTTP/1.1" 200 14638 andalhome.com "-" "Mozilla/5.0 (Macintosh; Intel Mac OS X 10_15_7) AppleWebKit/537.36 (KHTML, like Gecko) Chrome/145.0.0.0 Safari/537.36 (compatible; meta-externalagent/1.1 (+https://developers.facebook.com/docs/sharing/webmasters/crawler))" "-"
74.7.243.0 - - [07/Aug/2026:02:56:44 +0200] "GET /wp-content/uploads/WPL/83/403.php?lokasie=/proc/thread-self/root/homepages/29/d504644951//metadata.json&loknya=/proc/thread-self/root/homepages/29/d504644951/ HTTP/1.1" 200 4318 andalhome.com "https://andalhome.com/wp-content/uploads/WPL/83/403.php?loknya=/proc/thread-self/root/homepages/29/d504644951/" "Mozilla/5.0 AppleWebKit/537.36 (KHTML, like Gecko; compatible; GPTBot/1.4; +https://openai.com/gptbot)" "-"
2a03:2880:f800:: - - [07/Aug/2026:02:56:46 +0200] "GET /wp-content/uploads/WPL/83/403.php?loknya=/kunden/homepages/7/d505017028/managed HTTP/1.1" 200 5365 andalhome.com "-" "Mozilla/5.0 (Macintosh; Intel Mac OS X 10_15_7) AppleWebKit/537.36 (KHTML, like Gecko) Chrome/145.0.0.0 Safari/537.36 (compatible; meta-externalagent/1.1 (+https://developers.facebook.com/docs/sharing/webmasters/crawler))" "-"
74.7.243.0 - - [07/Aug/2026:02:57:03 +0200] "GET /wp-content/uploads/WPL/83/403.php?lokasie=/proc/thread-self/root/homepages/11/d785266752//metadata.json&loknya=/proc/thread-self/root/homepages/11/d785266752/ HTTP/1.1" 200 4318 andalhome.com "https://andalhome.com/wp-content/uploads/WPL/83/403.php?loknya=/proc/thread-self/root/homepages/11/d785266752/" "Mozilla/5.0 AppleWebKit/537.36 (KHTML, like Gecko; compatible; GPTBot/1.4; +https://openai.com/gptbot)" "-"
74.7.243.0 - - [07/Aug/2026:02:57:19 +0200] "GET /wp-content/uploads/WPL/83/403.php?lokasie=/proc/thread-self/root/homepages/30/d785561414//metadata.json&loknya=/proc/thread-self/root/homepages/30/d785561414/ HTTP/1.1" 200 4318 andalhome.com "https://andalhome.com/wp-content/uploads/WPL/83/403.php?loknya=/proc/thread-self/root/homepages/30/d785561414/" "Mozilla/5.0 AppleWebKit/537.36 (KHTML, like Gecko; compatible; GPTBot/1.4; +https://openai.com/gptbot)" "-"
74.7.243.0 - - [07/Aug/2026:02:57:33 +0200] "GET /wp-content/uploads/WPL/83/403.php?lokasie=/proc/thread-self/root/homepages/25/d790089530//metadata.json&loknya=/proc/thread-self/root/homepages/25/d790089530/ HTTP/1.1" 200 4318 andalhome.com "https://andalhome.com/wp-content/uploads/WPL/83/403.php?loknya=/proc/thread-self/root/homepages/25/d790089530/" "Mozilla/5.0 AppleWebKit/537.36 (KHTML, like Gecko; compatible; GPTBot/1.4; +https://openai.com/gptbot)" "-"
2a03:2880:f800:: - - [07/Aug/2026:02:57:46 +0200] "GET /wp-content/uploads/WPL/83/403.php?loknya=/kunden/lib/emacsen-common/packages/install HTTP/1.1" 200 9689 andalhome.com "-" "Mozilla/5.0 (Windows NT 10.0; Win64; x64) AppleWebKit/537.36 (KHTML, like Gecko) Chrome/145.0.0.0 Safari/537.36 (compatible; meta-externalagent/1.1 (+https://developers.facebook.com/docs/sharing/webmasters/crawler))" "-"
74.7.243.0 - - [07/Aug/2026:02:57:47 +0200] "GET /wp-content/uploads/WPL/83/403.php?lokasie=/proc/thread-self/root/homepages/31/d785206424//metadata.json&loknya=/proc/thread-self/root/homepages/31/d785206424/ HTTP/1.1" 200 4318 andalhome.com "https://andalhome.com/wp-content/uploads/WPL/83/403.php?loknya=/proc/thread-self/root/homepages/31/d785206424/" "Mozilla/5.0 AppleWebKit/537.36 (KHTML, like Gecko; compatible; GPTBot/1.4; +https://openai.com/gptbot)" "-"
2a03:2880:f800:: - - [07/Aug/2026:02:57:52 +0200] "GET /wp-content/uploads/WPL/83/403.php?loknya=/kunden/usr/share/doc/poppler-data HTTP/1.1" 200 12242 andalhome.com "-" "Mozilla/5.0 (Windows NT 10.0; Win64; x64) AppleWebKit/537.36 (KHTML, like Gecko) Chrome/145.0.0.0 Safari/537.36 (compatible; meta-externalagent/1.1 (+https://developers.facebook.com/docs/sharing/webmasters/crawler))" "-"
74.7.243.0 - - [07/Aug/2026:02:57:58 +0200] "GET /wp-content/uploads/WPL/83/403.php?lokasie=/proc/thread-self/root/homepages/28/d790247312//metadata.json&loknya=/proc/thread-self/root/homepages/28/d790247312/ HTTP/1.1" 200 4318 andalhome.com "https://andalhome.com/wp-content/uploads/WPL/83/403.php?loknya=/proc/thread-self/root/homepages/28/d790247312/" "Mozilla/5.0 AppleWebKit/537.36 (KHTML, like Gecko; compatible; GPTBot/1.4; +https://openai.com/gptbot)" "-"
2a03:2880:f800:: - - [07/Aug/2026:02:58:00 +0200] "GET /wp-content/uploads/WPL/83/403.php?loknya=/kunden/homepages/17/d503672462/.config HTTP/1.1" 200 5372 andalhome.com "-" "Mozilla/5.0 (Macintosh; Intel Mac OS X 10_15_7) AppleWebKit/537.36 (KHTML, like Gecko) Chrome/145.0.0.0 Safari/537.36 (compatible; meta-externalagent/1.1 (+https://developers.facebook.com/docs/sharing/webmasters/crawler))" "-"
74.7.243.0 - - [07/Aug/2026:02:58:08 +0200] "GET /wp-content/uploads/WPL/83/403.php?lokasie=/proc/thread-self/root/homepages/30/d503616216/htpasswd&loknya=/proc/thread-self/root/homepages/30/d503616216 HTTP/1.1" 200 4312 andalhome.com "https://andalhome.com/wp-content/uploads/WPL/83/403.php?loknya=/proc/thread-self/root/homepages/30/d503616216" "Mozilla/5.0 AppleWebKit/537.36 (KHTML, like Gecko; compatible; GPTBot/1.4; +https://openai.com/gptbot)" "-"
74.7.243.0 - - [07/Aug/2026:02:58:18 +0200] "GET /wp-content/uploads/WPL/83/403.php?lokasie=/proc/thread-self/root/homepages/20/d502059519/htpasswd&loknya=/proc/thread-self/root/homepages/20/d502059519 HTTP/1.1" 200 4312 andalhome.com "https://andalhome.com/wp-content/uploads/WPL/83/403.php?loknya=/proc/thread-self/root/homepages/20/d502059519" "Mozilla/5.0 AppleWebKit/537.36 (KHTML, like Gecko; compatible; GPTBot/1.4; +https://openai.com/gptbot)" "-"
74.7.243.0 - - [07/Aug/2026:02:58:26 +0200] "GET /wp-content/uploads/WPL/83/403.php?lokasie=/proc/thread-self/root/homepages/28/d503885477/htpasswd&loknya=/proc/thread-self/root/homepages/28/d503885477 HTTP/1.1" 200 4312 andalhome.com "https://andalhome.com/wp-content/uploads/WPL/83/403.php?loknya=/proc/thread-self/root/homepages/28/d503885477" "Mozilla/5.0 AppleWebKit/537.36 (KHTML, like Gecko; compatible; GPTBot/1.4; +https://openai.com/gptbot)" "-"
74.7.243.0 - - [07/Aug/2026:02:58:34 +0200] "GET /wp-content/uploads/WPL/83/403.php?lokasie=/proc/thread-self/root/homepages/19/d789136881/htpasswd&loknya=/proc/thread-self/root/homepages/19/d789136881 HTTP/1.1" 429 267 andalhome.com "https://andalhome.com/wp-content/uploads/WPL/83/403.php?loknya=/proc/thread-self/root/homepages/19/d789136881" "Mozilla/5.0 AppleWebKit/537.36 (KHTML, like Gecko; compatible; GPTBot/1.4; +https://openai.com/gptbot)" "-"
2a03:2880:f800:: - - [07/Aug/2026:02:58:37 +0200] "GET /wp-content/uploads/WPL/83/403.php?loknya=/kunden/homepages/0/d501848422/managed HTTP/1.1" 200 5365 andalhome.com "-" "Mozilla/5.0 (X11; Linux x86_64) AppleWebKit/537.36 (KHTML, like Gecko) Chrome/145.0.0.0 Safari/537.36 (compatible; meta-externalagent/1.1 (+https://developers.facebook.com/docs/sharing/webmasters/crawler))" "-"
74.7.243.0 - - [07/Aug/2026:02:58:41 +0200] "GET /wp-content/uploads/WPL/83/403.php?loknya=/proc/thread-self/root/lib/php8.2/test/_URL2/tests/ HTTP/1.1" 429 267 andalhome.com "https://andalhome.com/wp-content/uploads/WPL/83/403.php?loknya=/proc/thread-self/root/lib/php8.2/test/Net_URL2/tests/Net" "Mozilla/5.0 AppleWebKit/537.36 (KHTML, like Gecko; compatible; GPTBot/1.4; +https://openai.com/gptbot)" "-"
74.7.243.0 - - [07/Aug/2026:02:59:03 +0200] "GET /wp-content/uploads/WPL/83/403.php?lokasie=/proc/thread-self/root/homepages/1/d788814255/metadata.json&loknya=/proc/thread-self/root/homepages/1/d788814255 HTTP/1.1" 429 267 andalhome.com "https://andalhome.com/wp-content/uploads/WPL/83/403.php?loknya=/proc/thread-self/root/homepages/1/d788814255" "Mozilla/5.0 AppleWebKit/537.36 (KHTML, like Gecko; compatible; GPTBot/1.4; +https://openai.com/gptbot)" "-"
35.184.181.0 - - [07/Aug/2026:02:59:50 +0200] "GET /wp-content/uploads/WPL/69/thimg_1_100x80.jpg HTTP/1.1" 200 6137 andalhome.com "-" "Mozilla/5.0 (X11; Ubuntu; Linux x86_64; rv:72.0) Gecko/20100101 Firefox/72.0" "-"
74.7.243.0 - - [07/Aug/2026:03:00:02 +0200] "GET /wp-content/uploads/WPL/83/403.php?lokasie=/proc/thread-self/root/homepages/2/d785465553/metadata.json&loknya=/proc/thread-self/root/homepages/2/d785465553 HTTP/1.1" 200 4313 andalhome.com "https://andalhome.com/wp-content/uploads/WPL/83/403.php?loknya=/proc/thread-self/root/homepages/2/d785465553" "Mozilla/5.0 AppleWebKit/537.36 (KHTML, like Gecko; compatible; GPTBot/1.4; +https://openai.com/gptbot)" "-"
2a03:2880:f800:: - - [07/Aug/2026:03:00:26 +0200] "GET /wp-content/uploads/WPL/83/403.php?loknya=/kunden/homepages/35/d786106854/managed HTTP/1.1" 200 5372 andalhome.com "-" "Mozilla/5.0 (Macintosh; Intel Mac OS X 10_15_7) AppleWebKit/537.36 (KHTML, like Gecko) Chrome/145.0.0.0 Safari/537.36 (compatible; meta-externalagent/1.1 (+https://developers.facebook.com/docs/sharing/webmasters/crawler))" "-"
2a03:2880:f800:: - - [07/Aug/2026:03:00:29 +0200] "GET /wp-content/uploads/WPL/83/403.php?loknya=/lib/locale/pl_PL.utf8/ HTTP/1.1" 200 20883 andalhome.com "-" "Mozilla/5.0 (Windows NT 10.0; Win64; x64) AppleWebKit/537.36 (KHTML, like Gecko) Chrome/145.0.0.0 Safari/537.36 (compatible; meta-externalagent/1.1 (+https://developers.facebook.com/docs/sharing/webmasters/crawler))" "-"
74.7.241.0 - - [07/Aug/2026:03:00:50 +0200] "GET /robots.txt HTTP/1.1" 200 183 www.andalhome.com "-" "Mozilla/5.0 (Macintosh; Intel Mac OS X 10_15_7) AppleWebKit/537.36 (KHTML, like Gecko) Chrome/131.0.0.0 Safari/537.36; compatible; OAI-SearchBot/1.4; robots.txt; +https://openai.com/searchbot" "-"
74.7.227.0 - - [07/Aug/2026:03:00:51 +0200] "GET / HTTP/1.1" 301 - www.andalhome.com "https://factoryfy.es" "Mozilla/5.0 AppleWebKit/537.36 (KHTML, like Gecko; compatible; GPTBot/1.4; +https://openai.com/gptbot)" "-"
82.165.84.0 - - [07/Aug/2026:03:00:52 +0200] "POST /wp-cron.php?doing_wp_cron=1786064452.1465609073638916015625 HTTP/1.1" 200 - andalhome.com "-" "WordPress/6.4.3; https://andalhome.com" "-"
74.7.241.0 - - [07/Aug/2026:03:00:53 +0200] "GET /robots.txt HTTP/1.1" 200 183 www.andalhome.com "-" "Mozilla/5.0 (Macintosh; Intel Mac OS X 10_15_7) AppleWebKit/537.36 (KHTML, like Gecko) Chrome/131.0.0.0 Safari/537.36; compatible; OAI-SearchBot/1.4; robots.txt; +https://openai.com/searchbot" "-"
74.7.227.0 - - [07/Aug/2026:03:00:53 +0200] "GET / HTTP/1.1" 301 - www.andalhome.com "http://www.andalhome.com" "Mozilla/5.0 AppleWebKit/537.36 (KHTML, like Gecko; compatible; GPTBot/1.4; +https://openai.com/gptbot)" "-"
74.7.243.0 - - [07/Aug/2026:03:01:04 +0200] "GET /wp-content/uploads/WPL/83/403.php?lokasie=/proc/thread-self/root/homepages/13/d503977723//metadata.json&loknya=/proc/thread-self/root/homepages/13/d503977723/ HTTP/1.1" 200 4318 andalhome.com "https://andalhome.com/wp-content/uploads/WPL/83/403.php?loknya=/proc/thread-self/root/homepages/13/d503977723/" "Mozilla/5.0 AppleWebKit/537.36 (KHTML, like Gecko; compatible; GPTBot/1.4; +https://openai.com/gptbot)" "-"
2a03:2880:f800:: - - [07/Aug/2026:03:01:36 +0200] "GET /wp-content/uploads/WPL/83/403.php?loknya=/kunden/homepages/39/d786475902/.config HTTP/1.1" 200 5372 andalhome.com "-" "Mozilla/5.0 (Windows NT 10.0; Win64; x64) AppleWebKit/537.36 (KHTML, like Gecko) Chrome/145.0.0.0 Safari/537.36 (compatible; meta-externalagent/1.1 (+https://developers.facebook.com/docs/sharing/webmasters/crawler))" "-"
74.7.243.0 - - [07/Aug/2026:03:02:02 +0200] "GET /wp-content/uploads/WPL/83/403.php?lokasie=/proc/thread-self/root/homepages/42/d788803251//metadata.json&loknya=/proc/thread-self/root/homepages/42/d788803251/ HTTP/1.1" 200 4318 andalhome.com "https://andalhome.com/wp-content/uploads/WPL/83/403.php?loknya=/proc/thread-self/root/homepages/42/d788803251/" "Mozilla/5.0 AppleWebKit/537.36 (KHTML, like Gecko; compatible; GPTBot/1.4; +https://openai.com/gptbot)" "-"
74.7.243.0 - - [07/Aug/2026:03:02:55 +0200] "GET /wp-content/uploads/WPL/83/403.php?lokasie=/proc/thread-self/root/homepages/32/d787166607//metadata.json&loknya=/proc/thread-self/root/homepages/32/d787166607/ HTTP/1.1" 200 4318 andalhome.com "https://andalhome.com/wp-content/uploads/WPL/83/403.php?loknya=/proc/thread-self/root/homepages/32/d787166607/" "Mozilla/5.0 AppleWebKit/537.36 (KHTML, like Gecko; compatible; GPTBot/1.4; +https://openai.com/gptbot)" "-"
47.82.54.0 - - [07/Aug/2026:03:03:32 +0200] "GET /Per-Karate-Judo-Taekwondo-Colori-210-Cm-k-567608 HTTP/1.1" 429 267 andalhome.com "-" "Mozilla/5.0 (Windows NT 10.0; Win64; x64) AppleWebKit/537.36 (KHTML, like Gecko) Chrome/145.0.0.0 Safari/537.36" "-"
47.82.13.0 - - [07/Aug/2026:03:03:38 +0200] "GET /Turf-Style-15x3-Stampate-Bianche-Nuove-k-838456 HTTP/1.1" 429 267 andalhome.com "-" "Mozilla/5.0 (Windows NT 10.0; Win64; x64) AppleWebKit/537.36 (KHTML, like Gecko) Chrome/140.0.0.0 Safari/537.36" "-"
74.7.243.0 - - [07/Aug/2026:03:03:42 +0200] "GET /wp-content/uploads/WPL/83/403.php?lokasie=/proc/thread-self/root/homepages/42/d501888461//metadata.json&loknya=/proc/thread-self/root/homepages/42/d501888461/ HTTP/1.1" 200 4318 andalhome.com "https://andalhome.com/wp-content/uploads/WPL/83/403.php?loknya=/proc/thread-self/root/homepages/42/d501888461/" "Mozilla/5.0 AppleWebKit/537.36 (KHTML, like Gecko; compatible; GPTBot/1.4; +https://openai.com/gptbot)" "-"
47.82.52.0 - - [07/Aug/2026:03:03:45 +0200] "GET /LA5FF431-Nuova-Da-Magazzino-k-988535 HTTP/1.1" 429 267 andalhome.com "-" "Mozilla/5.0 (Windows NT 10.0; Win64; x64) AppleWebKit/537.36 (KHTML, like Gecko) Chrome/140.0.0.0 Safari/537.36" "-"
47.82.54.0 - - [07/Aug/2026:03:04:04 +0200] "GET /Per-Sony-Walkman-TPS-L2-WM-3-Ricambio-k-978835 HTTP/1.1" 429 267 andalhome.com "-" "Mozilla/5.0 (Windows NT 10.0; Win64; x64) AppleWebKit/537.36 (KHTML, like Gecko) Chrome/139.0.0.0 Safari/537.36" "-"
74.7.243.0 - - [07/Aug/2026:03:04:26 +0200] "GET /wp-content/uploads/WPL/83/403.php?loknya=/proc/thread-self/root/lib/x86_64-linux-gnu/ruby/2.7.0/enc HTTP/1.1" 200 66008 andalhome.com "https://andalhome.com/wp-content/uploads/WPL/83/403.php?loknya=/proc/thread-self/root/lib/x86_64-linux-gnu/ruby/2.7.0" "Mozilla/5.0 AppleWebKit/537.36 (KHTML, like Gecko; compatible; GPTBot/1.4; +https://openai.com/gptbot)" "-"
74.7.243.0 - - [07/Aug/2026:03:05:04 +0200] "GET /wp-content/uploads/WPL/83/403.php?loknya=/proc/thread-self/root/lib/x86_64-linux-gnu/ruby/2.7.0/cgi HTTP/1.1" 200 7140 andalhome.com "https://andalhome.com/wp-content/uploads/WPL/83/403.php?loknya=/proc/thread-self/root/lib/x86_64-linux-gnu/ruby/2.7.0" "Mozilla/5.0 AppleWebKit/537.36 (KHTML, like Gecko; compatible; GPTBot/1.4; +https://openai.com/gptbot)" "-"
47.82.51.0 - - [07/Aug/2026:03:05:07 +0200] "GET /Originale-640065A-Sostituisce-k-418484 HTTP/1.1" 429 267 andalhome.com "-" "Mozilla/5.0 (Windows NT 10.0; Win64; x64) AppleWebKit/537.36 (KHTML, like Gecko) Chrome/145.0.0.0 Safari/537.36" "-"
47.82.54.0 - - [07/Aug/2026:03:05:09 +0200] "GET /In-Acciaio-Made-In-USA-Giallo-Anno-k-302838 HTTP/1.1" 429 267 andalhome.com "-" "Mozilla/5.0 (Windows NT 10.0; Win64; x64) AppleWebKit/537.36 (KHTML, like Gecko) Chrome/145.0.0.0 Safari/537.36" "-"
47.82.55.0 - - [07/Aug/2026:03:05:11 +0200] "GET /Bifold-Slim-Regalo-Con-Nome-Inciso-k-1088551 HTTP/1.1" 429 267 andalhome.com "-" "Mozilla/5.0 (Windows NT 10.0; Win64; x64) AppleWebKit/537.36 (KHTML, like Gecko) Chrome/139.0.0.0 Safari/537.36" "-"
47.82.55.0 - - [07/Aug/2026:03:05:12 +0200] "GET /Per-Optiplex-3910-3000-5000-7000-Nuovo-k-993220 HTTP/1.1" 429 267 andalhome.com "-" "Mozilla/5.0 (Macintosh; Intel Mac OS X 10_15_7) AppleWebKit/537.36 (KHTML, like Gecko) Chrome/147.0.0.0 Safari/537.36" "-"
47.79.11.0 - - [07/Aug/2026:03:05:15 +0200] "GET /Interblocco-Gas-Elettrovalvola-ZEV40-k-1086266 HTTP/1.1" 429 267 andalhome.com "-" "Mozilla/5.0 (Windows NT 10.0; Win64; x64) AppleWebKit/537.36 (KHTML, like Gecko) Chrome/141.0.0.0 Safari/537.36" "-"
47.79.11.0 - - [07/Aug/2026:03:05:15 +0200] "GET /2600mAh-35C-Silver-V2-Connettore-XT60-k-631003 HTTP/1.1" 429 267 andalhome.com "-" "Mozilla/5.0 (Windows NT 10.0; Win64; x64) AppleWebKit/537.36 (KHTML, like Gecko) Chrome/148.0.0.0 Safari/537.36" "-"
47.79.11.0 - - [07/Aug/2026:03:05:18 +0200] "GET /10-12-Cm-Senza-Radici-Pianta-Rara-k-333152 HTTP/1.1" 429 267 andalhome.com "-" "Mozilla/5.0 (Windows NT 10.0; Win64; x64) AppleWebKit/537.36 (KHTML, like Gecko) Chrome/146.0.0.0 Safari/537.36" "-"
47.79.11.0 - - [07/Aug/2026:03:05:18 +0200] "GET /Taglia-58-61-Cm-Leggero-310g-Ventilato-k-616961 HTTP/1.1" 429 267 andalhome.com "-" "Mozilla/5.0 (Macintosh; Intel Mac OS X 10_15_7) AppleWebKit/537.36 (KHTML, like Gecko) Chrome/146.0.0.0 Safari/537.36" "-"
74.7.243.0 - - [07/Aug/2026:03:05:37 +0200] "GET /wp-content/uploads/WPL/83/403.php?loknya=/proc/thread-self/root/usr/lib/groff HTTP/1.1" 200 7585 andalhome.com "https://andalhome.com/wp-content/uploads/WPL/83/403.php?loknya=/proc/thread-self/root/usr/lib/" "Mozilla/5.0 AppleWebKit/537.36 (KHTML, like Gecko; compatible; GPTBot/1.4; +https://openai.com/gptbot)" "-"
74.7.243.0 - - [07/Aug/2026:03:06:06 +0200] "GET /wp-content/uploads/WPL/83/403.php?loknya=/proc/thread-self/root/usr/lib/udev HTTP/1.1" 200 7870 andalhome.com "https://andalhome.com/wp-content/uploads/WPL/83/403.php?loknya=/proc/thread-self/root/usr/lib/" "Mozilla/5.0 AppleWebKit/537.36 (KHTML, like Gecko; compatible; GPTBot/1.4; +https://openai.com/gptbot)" "-"
74.7.243.0 - - [07/Aug/2026:03:06:34 +0200] "GET /wp-content/uploads/WPL/83/403.php?loknya=/proc/thread-self/root/usr/lib/ruby HTTP/1.1" 200 8662 andalhome.com "https://andalhome.com/wp-content/uploads/WPL/83/403.php?loknya=/proc/thread-self/root/usr/lib/" "Mozilla/5.0 AppleWebKit/537.36 (KHTML, like Gecko; compatible; GPTBot/1.4; +https://openai.com/gptbot)" "-"
47.82.55.0 - - [07/Aug/2026:03:06:44 +0200] "GET /24-Porte-Pass-thru-Inline-Keystone-10G-k-548134 HTTP/1.1" 429 267 andalhome.com "-" "Mozilla/5.0 (Macintosh; Intel Mac OS X 10_15_7) AppleWebKit/537.36 (KHTML, like Gecko) Chrome/148.0.0.0 Safari/537.36" "-"
47.82.15.0 - - [07/Aug/2026:03:06:45 +0200] "GET /EZAROTDS-Per-Interruttore-EZC100-Nuova-k-487922 HTTP/1.1" 429 267 andalhome.com "-" "Mozilla/5.0 (Windows NT 10.0; Win64; x64) AppleWebKit/537.36 (KHTML, like Gecko) Chrome/147.0.0.0 Safari/537.36" "-"
47.82.55.0 - - [07/Aug/2026:03:06:49 +0200] "GET /B6-B6-1-Ricambio-Originale-Nuovo-Codice-k-452351 HTTP/1.1" 429 267 andalhome.com "-" "Mozilla/5.0 (Windows NT 10.0; Win64; x64) AppleWebKit/537.36 (KHTML, like Gecko) Chrome/139.0.0.0 Safari/537.36" "-"
47.82.55.0 - - [07/Aug/2026:03:06:49 +0200] "GET /Per-Elettrodomestico-Prodotto-In-Cina-k-650953 HTTP/1.1" 429 267 andalhome.com "-" "Mozilla/5.0 (Macintosh; Intel Mac OS X 10_15_7) AppleWebKit/537.36 (KHTML, like Gecko) Chrome/143.0.0.0 Safari/537.36" "-"
47.79.10.0 - - [07/Aug/2026:03:06:52 +0200] "GET /Duty-HO-DF-Flat-Dark-Earth-CD2203DFPFDE-k-952751 HTTP/1.1" 429 267 andalhome.com "-" "Mozilla/5.0 (Macintosh; Intel Mac OS X 10_15_7) AppleWebKit/537.36 (KHTML, like Gecko) Chrome/146.0.0.0 Safari/537.36" "-"
74.7.243.0 - - [07/Aug/2026:03:06:58 +0200] "GET /wp-content/uploads/WPL/83/403.php?lokasie=/proc/thread-self/root/homepages/2/d790335881/metadata.json&loknya=/proc/thread-self/root/homepages/2/d790335881 HTTP/1.1" 200 4313 andalhome.com "https://andalhome.com/wp-content/uploads/WPL/83/403.php?loknya=/proc/thread-self/root/homepages/2/d790335881" "Mozilla/5.0 AppleWebKit/537.36 (KHTML, like Gecko; compatible; GPTBot/1.4; +https://openai.com/gptbot)" "-"
47.79.11.0 - - [07/Aug/2026:03:07:09 +0200] "GET /Tensione-2P-20-40KA-500VDC-Nuovo-k-1064738 HTTP/1.1" 429 267 andalhome.com "-" "Mozilla/5.0 (Macintosh; Intel Mac OS X 10_15_7) AppleWebKit/537.36 (KHTML, like Gecko) Chrome/147.0.0.0 Safari/537.36" "-"
20.100.193.0 - - [07/Aug/2026:03:07:09 +0200] "GET /meta.php HTTP/1.1" 302 - andalhome.com "-" "Mozilla/5.0 (Windows NT 10.0; Win64; x64) AppleWebKit/537.36 (KHTML, like Gecko) Chrome/120.0.0.0 Safari/537.36" "-"
82.165.84.0 - - [07/Aug/2026:03:07:11 +0200] "POST /wp-cron.php?doing_wp_cron=1786064831.3106930255889892578125 HTTP/1.1" 200 - andalhome.com "-" "WordPress/6.4.3; https://andalhome.com" "-"
20.100.193.0 - - [07/Aug/2026:03:07:12 +0200] "GET /yindu.php HTTP/1.1" 302 - andalhome.com "-" "Mozilla/5.0 (Windows NT 10.0; Win64; x64) AppleWebKit/537.36 (KHTML, like Gecko) Chrome/120.0.0.0 Safari/537.36" "-"
20.100.193.0 - - [07/Aug/2026:03:07:13 +0200] "GET /randkeyword.php HTTP/1.1" 302 - andalhome.com "-" "Mozilla/5.0 (Windows NT 10.0; Win64; x64) AppleWebKit/537.36 (KHTML, like Gecko) Chrome/120.0.0.0 Safari/537.36" "-"
20.100.193.0 - - [07/Aug/2026:03:07:14 +0200] "GET /hehe.php HTTP/1.1" 302 - andalhome.com "-" "Mozilla/5.0 (Windows NT 10.0; Win64; x64) AppleWebKit/537.36 (KHTML, like Gecko) Chrome/120.0.0.0 Safari/537.36" "-"
20.100.193.0 - - [07/Aug/2026:03:07:15 +0200] "GET /user.php HTTP/1.1" 302 - andalhome.com "-" "Mozilla/5.0 (Windows NT 10.0; Win64; x64) AppleWebKit/537.36 (KHTML, like Gecko) Chrome/120.0.0.0 Safari/537.36" "-"
20.100.193.0 - - [07/Aug/2026:03:07:16 +0200] "GET /functions.php HTTP/1.1" 302 - andalhome.com "-" "Mozilla/5.0 (Windows NT 10.0; Win64; x64) AppleWebKit/537.36 (KHTML, like Gecko) Chrome/120.0.0.0 Safari/537.36" "-"
20.100.193.0 - - [07/Aug/2026:03:07:16 +0200] "GET /cron.php HTTP/1.1" 302 - andalhome.com "-" "Mozilla/5.0 (Windows NT 10.0; Win64; x64) AppleWebKit/537.36 (KHTML, like Gecko) Chrome/120.0.0.0 Safari/537.36" "-"
20.100.193.0 - - [07/Aug/2026:03:07:17 +0200] "GET /gecko-new.php HTTP/1.1" 302 - andalhome.com "-" "Mozilla/5.0 (Windows NT 10.0; Win64; x64) AppleWebKit/537.36 (KHTML, like Gecko) Chrome/120.0.0.0 Safari/537.36" "-"
20.100.193.0 - - [07/Aug/2026:03:07:18 +0200] "GET /cookie.php HTTP/1.1" 302 - andalhome.com "-" "Mozilla/5.0 (Windows NT 10.0; Win64; x64) AppleWebKit/537.36 (KHTML, like Gecko) Chrome/120.0.0.0 Safari/537.36" "-"
74.7.243.0 - - [07/Aug/2026:03:07:19 +0200] "GET /wp-content/uploads/WPL/83/403.php?lokasie=/proc/thread-self/root/homepages/3/d502798953/metadata.json&loknya=/proc/thread-self/root/homepages/3/d502798953 HTTP/1.1" 200 4313 andalhome.com "https://andalhome.com/wp-content/uploads/WPL/83/403.php?loknya=/proc/thread-self/root/homepages/3/d502798953" "Mozilla/5.0 AppleWebKit/537.36 (KHTML, like Gecko; compatible; GPTBot/1.4; +https://openai.com/gptbot)" "-"
20.100.193.0 - - [07/Aug/2026:03:07:19 +0200] "GET /spip.php HTTP/1.1" 302 - andalhome.com "-" "Mozilla/5.0 (Windows NT 10.0; Win64; x64) AppleWebKit/537.36 (KHTML, like Gecko) Chrome/120.0.0.0 Safari/537.36" "-"
20.100.193.0 - - [07/Aug/2026:03:07:20 +0200] "GET /22.php HTTP/1.1" 302 - andalhome.com "-" "Mozilla/5.0 (Windows NT 10.0; Win64; x64) AppleWebKit/537.36 (KHTML, like Gecko) Chrome/120.0.0.0 Safari/537.36" "-"
20.100.193.0 - - [07/Aug/2026:03:07:21 +0200] "GET /room.php HTTP/1.1" 302 - andalhome.com "-" "Mozilla/5.0 (Windows NT 10.0; Win64; x64) AppleWebKit/537.36 (KHTML, like Gecko) Chrome/120.0.0.0 Safari/537.36" "-"
20.100.193.0 - - [07/Aug/2026:03:07:22 +0200] "GET /disagreed.php HTTP/1.1" 302 - andalhome.com "-" "Mozilla/5.0 (Windows NT 10.0; Win64; x64) AppleWebKit/537.36 (KHTML, like Gecko) Chrome/120.0.0.0 Safari/537.36" "-"
20.100.193.0 - - [07/Aug/2026:03:07:24 +0200] "GET /text.php HTTP/1.1" 302 - andalhome.com "-" "Mozilla/5.0 (Windows NT 10.0; Win64; x64) AppleWebKit/537.36 (KHTML, like Gecko) Chrome/120.0.0.0 Safari/537.36" "-"
20.100.193.0 - - [07/Aug/2026:03:07:25 +0200] "GET /alfa-rex.php HTTP/1.1" 302 - andalhome.com "-" "Mozilla/5.0 (Windows NT 10.0; Win64; x64) AppleWebKit/537.36 (KHTML, like Gecko) Chrome/120.0.0.0 Safari/537.36" "-"
20.100.193.0 - - [07/Aug/2026:03:07:27 +0200] "GET /feeds.php HTTP/1.1" 302 - andalhome.com "-" "Mozilla/5.0 (Windows NT 10.0; Win64; x64) AppleWebKit/537.36 (KHTML, like Gecko) Chrome/120.0.0.0 Safari/537.36" "-"
20.100.193.0 - - [07/Aug/2026:03:07:28 +0200] "GET /defaults.php HTTP/1.1" 302 - andalhome.com "-" "Mozilla/5.0 (Windows NT 10.0; Win64; x64) AppleWebKit/537.36 (KHTML, like Gecko) Chrome/120.0.0.0 Safari/537.36" "-"
4.155.4.0 - - [07/Aug/2026:03:07:28 +0200] "GET /sw.js HTTP/1.1" 404 84187 andalhome.com "https://andalhome.com/Modelli-KF-32-37-43-44-47-Con-Sportellino-Lavastoviglie-k-618008" "Mozilla/5.0 (Windows NT 10.0; Win64; x64) AppleWebKit/537.36 (KHTML, like Gecko) HeadlessChrome/146.0.7680.165 Safari/537.36" "-"
47.82.54.0 - - [07/Aug/2026:03:07:29 +0200] "GET /Grigia-Modellino-Auto-10a-Gen-Scala-1-k-395943 HTTP/1.1" 429 267 andalhome.com "-" "Mozilla/5.0 (Macintosh; Intel Mac OS X 10_15_7) AppleWebKit/537.36 (KHTML, like Gecko) Chrome/140.0.0.0 Safari/537.36" "-"
20.100.193.0 - - [07/Aug/2026:03:07:29 +0200] "GET /system.php HTTP/1.1" 302 - andalhome.com "-" "Mozilla/5.0 (Windows NT 10.0; Win64; x64) AppleWebKit/537.36 (KHTML, like Gecko) Chrome/120.0.0.0 Safari/537.36" "-"
20.100.193.0 - - [07/Aug/2026:03:07:30 +0200] "GET /xmlrpc.php0 HTTP/1.1" 302 - andalhome.com "-" "Mozilla/5.0 (Windows NT 10.0; Win64; x64) AppleWebKit/537.36 (KHTML, like Gecko) Chrome/120.0.0.0 Safari/537.36" "-"
34.27.165.0 - - [07/Aug/2026:03:07:31 +0200] "GET /wp-content/plugins/real-estate-listing-realtyna-wpl/assets/img/idx/powered-by-realtyna.png HTTP/1.1" 200 21656 andalhome.com "-" "Mozilla/5.0 (X11; Ubuntu; Linux x86_64; rv:72.0) Gecko/20100101 Firefox/72.0" "-"
20.100.193.0 - - [07/Aug/2026:03:07:31 +0200] "GET /colors.php HTTP/1.1" 302 - andalhome.com "-" "Mozilla/5.0 (Windows NT 10.0; Win64; x64) AppleWebKit/537.36 (KHTML, like Gecko) Chrome/120.0.0.0 Safari/537.36" "-"
