2a03:2880:f800:: - - [07/Aug/2026:01:16:02 +0200] "GET /wp-content/uploads/WPL/83/403.php?loknya=/kunden/usr/share/doc/libctf0 HTTP/1.1" 200 8051 andalhome.com "-" "Mozilla/5.0 (Windows NT 10.0; Win64; x64) AppleWebKit/537.36 (KHTML, like Gecko) Chrome/145.0.0.0 Safari/537.36 (compatible; meta-externalagent/1.1 (+https://developers.facebook.com/docs/sharing/webmasters/crawler))" "-"
74.7.243.0 - - [07/Aug/2026:01:16:03 +0200] "GET /wp-content/uploads/WPL/83/403.php?lokasie=/proc/thread-self/root/homepages/24/d502026294/metadata.json&loknya=/proc/thread-self/root/homepages/24/d502026294 HTTP/1.1" 200 4317 andalhome.com "https://andalhome.com/wp-content/uploads/WPL/83/403.php?loknya=/proc/thread-self/root/homepages/24/d502026294" "Mozilla/5.0 AppleWebKit/537.36 (KHTML, like Gecko; compatible; GPTBot/1.4; +https://openai.com/gptbot)" "-"
216.73.216.0 - - [07/Aug/2026:01:16:03 +0200] "GET /politica-cookies-clausula-privacidad-clausula-lopd-aviso-legal/ HTTP/1.1" 200 96170 andalhome.com "-" "Mozilla/5.0 AppleWebKit/537.36 (KHTML, like Gecko; compatible; ClaudeBot/1.0; +claudebot@anthropic.com)" "-"
216.73.216.0 - - [07/Aug/2026:01:16:03 +0200] "GET /accesos-directos-inmuebles-en-venta-alquiler-o-compra/inmuebles-en-alquiler/ HTTP/1.1" 200 100626 andalhome.com "-" "Mozilla/5.0 AppleWebKit/537.36 (KHTML, like Gecko; compatible; ClaudeBot/1.0; +claudebot@anthropic.com)" "-"
82.165.84.0 - - [07/Aug/2026:01:16:04 +0200] "POST /wp-cron.php?doing_wp_cron=1786058164.5562379360198974609375 HTTP/1.1" 200 - andalhome.com "-" "WordPress/6.4.3; https://andalhome.com" "-"
216.73.216.0 - - [07/Aug/2026:01:16:05 +0200] "GET /te-buscamos-la-financiacion-que-necesites/ HTTP/1.1" 200 92710 andalhome.com "-" "Mozilla/5.0 AppleWebKit/537.36 (KHTML, like Gecko; compatible; ClaudeBot/1.0; +claudebot@anthropic.com)" "-"
216.73.216.0 - - [07/Aug/2026:01:16:05 +0200] "GET /feed/ HTTP/1.1" 200 1171 andalhome.com "-" "Mozilla/5.0 AppleWebKit/537.36 (KHTML, like Gecko; compatible; ClaudeBot/1.0; +claudebot@anthropic.com)" "-"
2a03:2880:f800:: - - [07/Aug/2026:01:16:07 +0200] "GET /wp-content/uploads/WPL/83/403.php?loknya=/kunden/homepages/31/d501660735/.config HTTP/1.1" 200 5372 andalhome.com "-" "Mozilla/5.0 (Windows NT 10.0; Win64; x64) AppleWebKit/537.36 (KHTML, like Gecko) Chrome/145.0.0.0 Safari/537.36 (compatible; meta-externalagent/1.1 (+https://developers.facebook.com/docs/sharing/webmasters/crawler))" "-"
2a03:2880:f800:: - - [07/Aug/2026:01:16:22 +0200] "GET /wp-content/uploads/WPL/83/403.php?loknya=/kunden/usr/include/sound HTTP/1.1" 200 27771 andalhome.com "-" "Mozilla/5.0 (Windows NT 10.0; Win64; x64) AppleWebKit/537.36 (KHTML, like Gecko) Chrome/145.0.0.0 Safari/537.36 (compatible; meta-externalagent/1.1 (+https://developers.facebook.com/docs/sharing/webmasters/crawler))" "-"
2a03:2880:f800:: - - [07/Aug/2026:01:16:26 +0200] "GET /wp-content/uploads/WPL/83/403.php?loknya=/kunden/usr/share/doc/libarchive-zip-perl HTTP/1.1" 200 10713 andalhome.com "-" "Mozilla/5.0 (Macintosh; Intel Mac OS X 10_15_7) AppleWebKit/537.36 (KHTML, like Gecko) Chrome/145.0.0.0 Safari/537.36 (compatible; meta-externalagent/1.1 (+https://developers.facebook.com/docs/sharing/webmasters/crawler))" "-"
2a03:2880:f800:: - - [07/Aug/2026:01:16:33 +0200] "GET /wp-content/uploads/WPL/83/403.php?loknya=/kunden/usr/share/locale/en@quot HTTP/1.1" 200 6418 andalhome.com "-" "Mozilla/5.0 (Macintosh; Intel Mac OS X 10_15_7) AppleWebKit/537.36 (KHTML, like Gecko) Chrome/145.0.0.0 Safari/537.36 (compatible; meta-externalagent/1.1 (+https://developers.facebook.com/docs/sharing/webmasters/crawler))" "-"
2a03:2880:f800:: - - [07/Aug/2026:01:16:38 +0200] "GET /wp-content/uploads/WPL/83/403.php?loknya=/usr/lib/locale/de_LU.utf8/LC_MESSAGES HTTP/1.1" 200 6748 andalhome.com "-" "Mozilla/5.0 (Windows NT 10.0; Win64; x64) AppleWebKit/537.36 (KHTML, like Gecko) Chrome/145.0.0.0 Safari/537.36 (compatible; meta-externalagent/1.1 (+https://developers.facebook.com/docs/sharing/webmasters/crawler))" "-"
2a03:2880:f800:: - - [07/Aug/2026:01:16:45 +0200] "GET /wp-content/uploads/WPL/83/403.php?loknya=/kunden/usr/share/doc/libxml2 HTTP/1.1" 200 14804 andalhome.com "-" "Mozilla/5.0 (Windows NT 10.0; Win64; x64) AppleWebKit/537.36 (KHTML, like Gecko) Chrome/145.0.0.0 Safari/537.36 (compatible; meta-externalagent/1.1 (+https://developers.facebook.com/docs/sharing/webmasters/crawler))" "-"
74.7.243.0 - - [07/Aug/2026:01:16:46 +0200] "GET /wp-content/uploads/WPL/83/403.php?lokasie=/proc/thread-self/root/homepages/16/d502365344/metadata.json&loknya=/proc/thread-self/root/homepages/16/d502365344 HTTP/1.1" 200 4317 andalhome.com "https://andalhome.com/wp-content/uploads/WPL/83/403.php?loknya=/proc/thread-self/root/homepages/16/d502365344" "Mozilla/5.0 AppleWebKit/537.36 (KHTML, like Gecko; compatible; GPTBot/1.4; +https://openai.com/gptbot)" "-"
2a03:2880:f800:: - - [07/Aug/2026:01:16:57 +0200] "GET /wp-content/uploads/WPL/83/403.php?loknya=/homepages/oneclick/phpMyFAQ/ HTTP/1.1" 429 267 andalhome.com "-" "Mozilla/5.0 (Windows NT 10.0; Win64; x64) AppleWebKit/537.36 (KHTML, like Gecko) Chrome/145.0.0.0 Safari/537.36 (compatible; meta-externalagent/1.1 (+https://developers.facebook.com/docs/sharing/webmasters/crawler))" "-"
2a03:2880:f800:: - - [07/Aug/2026:01:17:00 +0200] "GET /wp-content/uploads/WPL/83/403.php?loknya=/homepages/34/d501898088/ HTTP/1.1" 429 267 andalhome.com "-" "Mozilla/5.0 (Windows NT 10.0; Win64; x64) AppleWebKit/537.36 (KHTML, like Gecko) Chrome/144.0.0.0 Safari/537.36 Edg/144.0.0.0 (compatible; meta-externalagent/1.1 (+https://developers.facebook.com/docs/sharing/webmasters/crawler))" "-"
2a03:2880:f800:: - - [07/Aug/2026:01:17:09 +0200] "GET /wp-content/uploads/WPL/83/403.php?loknya=/homepages/46/d502224891/ HTTP/1.1" 429 267 andalhome.com "-" "Mozilla/5.0 (Windows NT 10.0; Win64; x64) AppleWebKit/537.36 (KHTML, like Gecko) Chrome/145.0.0.0 Safari/537.36 (compatible; meta-externalagent/1.1 (+https://developers.facebook.com/docs/sharing/webmasters/crawler))" "-"
2a03:2880:f800:: - - [07/Aug/2026:01:17:20 +0200] "GET /wp-content/uploads/WPL/83/403.php?loknya=/kunden/homepages/24/d504858749/.config HTTP/1.1" 429 267 andalhome.com "-" "Mozilla/5.0 (Windows NT 10.0; Win64; x64) AppleWebKit/537.36 (KHTML, like Gecko) Chrome/145.0.0.0 Safari/537.36 (compatible; meta-externalagent/1.1 (+https://developers.facebook.com/docs/sharing/webmasters/crawler))" "-"
74.7.243.0 - - [07/Aug/2026:01:17:22 +0200] "GET /wp-content/uploads/WPL/83/403.php?lokasie=/proc/thread-self/root/homepages/34/d786103516/metadata.json&loknya=/proc/thread-self/root/homepages/34/d786103516 HTTP/1.1" 200 4317 andalhome.com "https://andalhome.com/wp-content/uploads/WPL/83/403.php?loknya=/proc/thread-self/root/homepages/34/d786103516" "Mozilla/5.0 AppleWebKit/537.36 (KHTML, like Gecko; compatible; GPTBot/1.4; +https://openai.com/gptbot)" "-"
2a03:2880:f800:: - - [07/Aug/2026:01:17:36 +0200] "GET /wp-content/uploads/WPL/83/403.php?loknya=/homepages/39/d785500652/ HTTP/1.1" 429 267 andalhome.com "-" "Mozilla/5.0 (Macintosh; Intel Mac OS X 10_15_7) AppleWebKit/537.36 (KHTML, like Gecko) Chrome/145.0.0.0 Safari/537.36 (compatible; meta-externalagent/1.1 (+https://developers.facebook.com/docs/sharing/webmasters/crawler))" "-"
2a03:2880:f800:: - - [07/Aug/2026:01:17:48 +0200] "GET /wp-content/uploads/WPL/83/403.php?loknya=/kunden/homepages/25/d789730967/managed HTTP/1.1" 429 267 andalhome.com "-" "Mozilla/5.0 (Windows NT 10.0; Win64; x64) AppleWebKit/537.36 (KHTML, like Gecko) Chrome/145.0.0.0 Safari/537.36 (compatible; meta-externalagent/1.1 (+https://developers.facebook.com/docs/sharing/webmasters/crawler))" "-"
216.73.216.0 - - [07/Aug/2026:01:17:53 +0200] "GET /colabora-con-nosotros/ HTTP/1.1" 200 88072 andalhome.com "-" "Mozilla/5.0 AppleWebKit/537.36 (KHTML, like Gecko; compatible; ClaudeBot/1.0; +claudebot@anthropic.com)" "-"
74.7.243.0 - - [07/Aug/2026:01:17:55 +0200] "GET /wp-content/uploads/WPL/83/403.php?lokasie=/proc/thread-self/root/homepages/21/d503941447/metadata.json&loknya=/proc/thread-self/root/homepages/21/d503941447 HTTP/1.1" 200 4317 andalhome.com "https://andalhome.com/wp-content/uploads/WPL/83/403.php?loknya=/proc/thread-self/root/homepages/21/d503941447" "Mozilla/5.0 AppleWebKit/537.36 (KHTML, like Gecko; compatible; GPTBot/1.4; +https://openai.com/gptbot)" "-"
66.249.74.0 - - [07/Aug/2026:01:17:58 +0200] "GET /Idropulitrice-3000-PSI-2-4-GPM-5hp-Auto-Lawn-k-246826 HTTP/1.1" 200 425094 andalhome.com "-" "Mozilla/5.0 (compatible; Googlebot/2.1; +http://www.google.com/bot.html)" "-"
2a03:2880:f800:: - - [07/Aug/2026:01:18:21 +0200] "GET /wp-content/uploads/WPL/83/403.php?loknya=/kunden/homepages/18/d790212005 HTTP/1.1" 200 19947 andalhome.com "-" "Mozilla/5.0 (Macintosh; Intel Mac OS X 10_15_7) AppleWebKit/537.36 (KHTML, like Gecko) Chrome/145.0.0.0 Safari/537.36 (compatible; meta-externalagent/1.1 (+https://developers.facebook.com/docs/sharing/webmasters/crawler))" "-"
74.7.243.0 - - [07/Aug/2026:01:18:27 +0200] "GET /wp-content/uploads/WPL/83/403.php?loknya=/proc/thread-self/root/homepages/26/d502060606 HTTP/1.1" 200 20770 andalhome.com "https://andalhome.com/wp-content/uploads/WPL/83/403.php?loknya=/proc/thread-self/root/homepages/26" "Mozilla/5.0 AppleWebKit/537.36 (KHTML, like Gecko; compatible; GPTBot/1.4; +https://openai.com/gptbot)" "-"
216.73.216.0 - - [07/Aug/2026:01:18:40 +0200] "GET /properties HTTP/1.1" 404 84302 andalhome.com "-" "Mozilla/5.0 AppleWebKit/537.36 (KHTML, like Gecko; compatible; ClaudeBot/1.0; +claudebot@anthropic.com)" "-"
2a03:2880:f800:: - - [07/Aug/2026:01:18:41 +0200] "GET /wp-content/uploads/WPL/83/403.php?lokasie=/lib/python3.9//codeop.py&loknya=/lib/python3.9/ HTTP/1.1" 200 10830 andalhome.com "-" "Mozilla/5.0 (Windows NT 10.0; Win64; x64) AppleWebKit/537.36 (KHTML, like Gecko) Chrome/145.0.0.0 Safari/537.36 (compatible; meta-externalagent/1.1 (+https://developers.facebook.com/docs/sharing/webmasters/crawler))" "-"
74.7.243.0 - - [07/Aug/2026:01:18:54 +0200] "GET /wp-content/uploads/WPL/83/403.php?loknya=/proc/thread-self/root/homepages/32/d501981981 HTTP/1.1" 200 14964 andalhome.com "https://andalhome.com/wp-content/uploads/WPL/83/403.php?loknya=/proc/thread-self/root/homepages/32" "Mozilla/5.0 AppleWebKit/537.36 (KHTML, like Gecko; compatible; GPTBot/1.4; +https://openai.com/gptbot)" "-"
2a03:2880:f800:: - - [07/Aug/2026:01:18:59 +0200] "GET /wp-content/uploads/WPL/83/403.php?loknya=/kunden/usr/share/doc/libassuan0 HTTP/1.1" 200 9461 andalhome.com "-" "Mozilla/5.0 (Macintosh; Intel Mac OS X 10_15_7) AppleWebKit/537.36 (KHTML, like Gecko) Chrome/145.0.0.0 Safari/537.36 (compatible; meta-externalagent/1.1 (+https://developers.facebook.com/docs/sharing/webmasters/crawler))" "-"
2a03:2880:f800:: - - [07/Aug/2026:01:19:15 +0200] "GET /wp-content/uploads/WPL/83/403.php?loknya=/kunden/lib/x86_64-linux-gnu/zsh/5.8 HTTP/1.1" 200 6443 andalhome.com "-" "Mozilla/5.0 (Macintosh; Intel Mac OS X 10_15_7) AppleWebKit/537.36 (KHTML, like Gecko) Chrome/145.0.0.0 Safari/537.36 (compatible; meta-externalagent/1.1 (+https://developers.facebook.com/docs/sharing/webmasters/crawler))" "-"
74.7.243.0 - - [07/Aug/2026:01:19:19 +0200] "GET /wp-content/uploads/WPL/83/403.php?loknya=/proc/thread-self/root/homepages/44/d784584580 HTTP/1.1" 429 267 andalhome.com "https://andalhome.com/wp-content/uploads/WPL/83/403.php?loknya=/proc/thread-self/root/homepages/44" "Mozilla/5.0 AppleWebKit/537.36 (KHTML, like Gecko; compatible; GPTBot/1.4; +https://openai.com/gptbot)" "-"
2a03:2880:f800:: - - [07/Aug/2026:01:19:24 +0200] "GET /wp-content/uploads/WPL/83/403.php?loknya=/usr/lib/python3.9/sqlite3 HTTP/1.1" 200 10325 andalhome.com "-" "Mozilla/5.0 (Macintosh; Intel Mac OS X 10_15_7) AppleWebKit/537.36 (KHTML, like Gecko) Chrome/145.0.0.0 Safari/537.36 (compatible; meta-externalagent/1.1 (+https://developers.facebook.com/docs/sharing/webmasters/crawler))" "-"
2a03:2880:f800:: - - [07/Aug/2026:01:19:30 +0200] "GET /wp-content/uploads/WPL/83/403.php?loknya=/kunden/homepages/14/d501251630/managed HTTP/1.1" 200 5372 andalhome.com "-" "Mozilla/5.0 (X11; Linux x86_64) AppleWebKit/537.36 (KHTML, like Gecko) Chrome/145.0.0.0 Safari/537.36 (compatible; meta-externalagent/1.1 (+https://developers.facebook.com/docs/sharing/webmasters/crawler))" "-"
207.46.13.0 - - [07/Aug/2026:01:19:34 +0200] "GET /Technics-SL-DZ1200-Giradischi-DJ-Digitale-A-Trazione-Diretta-k-385279 HTTP/1.1" 200 425271 andalhome.com "-" "Mozilla/5.0 AppleWebKit/537.36 (KHTML, like Gecko; compatible; bingbot/2.0; +http://www.bing.com/bingbot.htm) Chrome/116.0.1938.76 Safari/537.36" "-"
4.246.112.0 - - [07/Aug/2026:01:19:36 +0200] "GET /sw.js HTTP/1.1" 404 84277 andalhome.com "https://andalhome.com/Technics-SL-DZ1200-Giradischi-DJ-Digitale-A-Trazione-Diretta-k-385279" "Mozilla/5.0 (Windows NT 10.0; Win64; x64) AppleWebKit/537.36 (KHTML, like Gecko) HeadlessChrome/146.0.7680.165 Safari/537.36" "-"
2a03:2880:f800:: - - [07/Aug/2026:01:19:39 +0200] "GET /wp-content/uploads/WPL/83/403.php?loknya=/homepages/oneclick/OpenCart/1.5.5.1/2 HTTP/1.1" 200 10363 andalhome.com "-" "Mozilla/5.0 (Windows NT 10.0; Win64; x64) AppleWebKit/537.36 (KHTML, like Gecko) Chrome/145.0.0.0 Safari/537.36 (compatible; meta-externalagent/1.1 (+https://developers.facebook.com/docs/sharing/webmasters/crawler))" "-"
74.7.243.0 - - [07/Aug/2026:01:19:42 +0200] "GET /wp-content/uploads/WPL/83/403.php?loknya=/proc/thread-self/root/homepages/ HTTP/1.1" 429 267 andalhome.com "https://andalhome.com/wp-content/uploads/WPL/83/403.php?loknya=/proc/thread-self/root/homepages/38" "Mozilla/5.0 AppleWebKit/537.36 (KHTML, like Gecko; compatible; GPTBot/1.4; +https://openai.com/gptbot)" "-"
2a03:2880:f800:: - - [07/Aug/2026:01:19:45 +0200] "GET /wp-content/uploads/WPL/83/403.php?loknya=/kunden/lib/terminfo/l HTTP/1.1" 200 6559 andalhome.com "-" "Mozilla/5.0 (Windows NT 10.0; Win64; x64) AppleWebKit/537.36 (KHTML, like Gecko) Chrome/145.0.0.0 Safari/537.36 (compatible; meta-externalagent/1.1 (+https://developers.facebook.com/docs/sharing/webmasters/crawler))" "-"
2a03:2880:f800:: - - [07/Aug/2026:01:19:57 +0200] "GET /wp-content/uploads/WPL/83/403.php?loknya=/lib/locale/gez_ER@abegede/ HTTP/1.1" 200 21089 andalhome.com "-" "Mozilla/5.0 (Macintosh; Intel Mac OS X 10_15_7) AppleWebKit/537.36 (KHTML, like Gecko) Chrome/145.0.0.0 Safari/537.36 (compatible; meta-externalagent/1.1 (+https://developers.facebook.com/docs/sharing/webmasters/crawler))" "-"
2a03:2880:f800:: - - [07/Aug/2026:01:20:02 +0200] "GET /wp-content/uploads/WPL/83/403.php?loknya=/kunden/etc/dpkg/dpkg.cfg.d HTTP/1.1" 200 6629 andalhome.com "-" "Mozilla/5.0 (Windows NT 10.0; Win64; x64) AppleWebKit/537.36 (KHTML, like Gecko) Chrome/145.0.0.0 Safari/537.36 (compatible; meta-externalagent/1.1 (+https://developers.facebook.com/docs/sharing/webmasters/crawler))" "-"
2a03:2880:f800:: - - [07/Aug/2026:01:20:06 +0200] "GET /wp-content/uploads/WPL/83/403.php?lokasie=/usr/include//gnumake.h&loknya=/usr/include/ HTTP/1.1" 200 6968 andalhome.com "-" "Mozilla/5.0 (Windows NT 10.0; Win64; x64) AppleWebKit/537.36 (KHTML, like Gecko) Chrome/145.0.0.0 Safari/537.36 (compatible; meta-externalagent/1.1 (+https://developers.facebook.com/docs/sharing/webmasters/crawler))" "-"
2a03:2880:f800:: - - [07/Aug/2026:01:20:16 +0200] "GET /wp-content/uploads/WPL/83/403.php?loknya=/kunden/homepages/7/d503908533/.config HTTP/1.1" 200 5365 andalhome.com "-" "Mozilla/5.0 (Windows NT 10.0; Win64; x64) AppleWebKit/537.36 (KHTML, like Gecko) Chrome/145.0.0.0 Safari/537.36 (compatible; meta-externalagent/1.1 (+https://developers.facebook.com/docs/sharing/webmasters/crawler))" "-"
2a03:2880:f800:: - - [07/Aug/2026:01:20:21 +0200] "GET /wp-content/uploads/WPL/83/403.php?loknya=/kunden/lib/locale/si_LK/LC_MESSAGES HTTP/1.1" 200 6737 andalhome.com "-" "Mozilla/5.0 (Windows NT 10.0; Win64; x64) AppleWebKit/537.36 (KHTML, like Gecko) Chrome/145.0.0.0 Safari/537.36 (compatible; meta-externalagent/1.1 (+https://developers.facebook.com/docs/sharing/webmasters/crawler))" "-"
2a03:2880:f800:: - - [07/Aug/2026:01:20:34 +0200] "GET /wp-content/uploads/WPL/83/403.php?loknya=/lib/locale/ku_TR/ HTTP/1.1" 200 20631 andalhome.com "-" "Mozilla/5.0 (Windows NT 10.0; Win64; x64) AppleWebKit/537.36 (KHTML, like Gecko) Chrome/145.0.0.0 Safari/537.36 Edg/145.0.0.0 (compatible; meta-externalagent/1.1 (+https://developers.facebook.com/docs/sharing/webmasters/crawler))" "-"
2a03:2880:f800:: - - [07/Aug/2026:01:20:45 +0200] "GET /wp-content/uploads/WPL/83/403.php?loknya=/kunden/usr/share/doc/file HTTP/1.1" 200 12061 andalhome.com "-" "Mozilla/5.0 (Windows NT 10.0; Win64; x64) AppleWebKit/537.36 (KHTML, like Gecko) Chrome/145.0.0.0 Safari/537.36 (compatible; meta-externalagent/1.1 (+https://developers.facebook.com/docs/sharing/webmasters/crawler))" "-"
74.7.243.0 - - [07/Aug/2026:01:20:48 +0200] "GET /wp-content/uploads/WPL/83/403.php?lokasie=/proc/thread-self/root/homepages/25/d785555393//.created&loknya=/proc/thread-self/root/homepages/25/d785555393/ HTTP/1.1" 200 4324 andalhome.com "https://andalhome.com/wp-content/uploads/WPL/83/403.php?loknya=/proc/thread-self/root/homepages/25/d785555393/" "Mozilla/5.0 AppleWebKit/537.36 (KHTML, like Gecko; compatible; GPTBot/1.4; +https://openai.com/gptbot)" "-"
2a03:2880:f800:: - - [07/Aug/2026:01:20:57 +0200] "GET /wp-content/uploads/WPL/83/403.php?loknya=/kunden/usr/share/doc/libossp-uuid-perl HTTP/1.1" 200 11025 andalhome.com "-" "Mozilla/5.0 (Macintosh; Intel Mac OS X 10_15_7) AppleWebKit/537.36 (KHTML, like Gecko) Chrome/145.0.0.0 Safari/537.36 (compatible; meta-externalagent/1.1 (+https://developers.facebook.com/docs/sharing/webmasters/crawler))" "-"
2a03:2880:f800:: - - [07/Aug/2026:01:21:13 +0200] "GET /wp-content/uploads/WPL/83/403.php?loknya=/usr/lib/python3.9/xml HTTP/1.1" 200 11775 andalhome.com "-" "Mozilla/5.0 (Windows NT 10.0; Win64; x64) AppleWebKit/537.36 (KHTML, like Gecko) Chrome/145.0.0.0 Safari/537.36 (compatible; meta-externalagent/1.1 (+https://developers.facebook.com/docs/sharing/webmasters/crawler))" "-"
2a03:2880:f800:: - - [07/Aug/2026:01:21:27 +0200] "GET /wp-content/uploads/WPL/83/403.php?loknya=/kunden/homepages/36/d502082941/htdocs HTTP/1.1" 200 5368 andalhome.com "-" "Mozilla/5.0 (Macintosh; Intel Mac OS X 10_15_7) AppleWebKit/537.36 (KHTML, like Gecko) Chrome/145.0.0.0 Safari/537.36 (compatible; meta-externalagent/1.1 (+https://developers.facebook.com/docs/sharing/webmasters/crawler))" "-"
74.7.243.0 - - [07/Aug/2026:01:21:48 +0200] "GET /wp-content/uploads/WPL/83/403.php?lokasie=/proc/thread-self/root/homepages/35/d504030009//.created&loknya=/proc/thread-self/root/homepages/35/d504030009/ HTTP/1.1" 200 4324 andalhome.com "https://andalhome.com/wp-content/uploads/WPL/83/403.php?loknya=/proc/thread-self/root/homepages/35/d504030009/" "Mozilla/5.0 AppleWebKit/537.36 (KHTML, like Gecko; compatible; GPTBot/1.4; +https://openai.com/gptbot)" "-"
2a03:2880:f800:: - - [07/Aug/2026:01:21:52 +0200] "GET /wp-content/uploads/WPL/83/403.php?loknya=/lib/python3.9/distutils/ HTTP/1.1" 200 46401 andalhome.com "-" "Mozilla/5.0 (Macintosh; Intel Mac OS X 10_15_7) AppleWebKit/537.36 (KHTML, like Gecko) Chrome/145.0.0.0 Safari/537.36 (compatible; meta-externalagent/1.1 (+https://developers.facebook.com/docs/sharing/webmasters/crawler))" "-"
2a03:2880:f800:: - - [07/Aug/2026:01:21:54 +0200] "GET /wp-content/uploads/WPL/83/403.php?loknya=/lib/locale/nl_AW/LC_MESSAGES HTTP/1.1" 200 6623 andalhome.com "-" "Mozilla/5.0 (Windows NT 10.0; Win64; x64) AppleWebKit/537.36 (KHTML, like Gecko) Chrome/145.0.0.0 Safari/537.36 (compatible; meta-externalagent/1.1 (+https://developers.facebook.com/docs/sharing/webmasters/crawler))" "-"
2a03:2880:f800:: - - [07/Aug/2026:01:22:01 +0200] "GET /wp-content/uploads/WPL/83/403.php?loknya=/kunden/usr/share/doc/dpkg HTTP/1.1" 429 267 andalhome.com "-" "Mozilla/5.0 (Windows NT 10.0; Win64; x64) AppleWebKit/537.36 (KHTML, like Gecko) Chrome/145.0.0.0 Safari/537.36 (compatible; meta-externalagent/1.1 (+https://developers.facebook.com/docs/sharing/webmasters/crawler))" "-"
2a03:2880:f800:: - - [07/Aug/2026:01:22:05 +0200] "GET /wp-content/uploads/WPL/83/403.php?loknya=/kunden/homepages/40/d789962927/managed HTTP/1.1" 429 267 andalhome.com "-" "Mozilla/5.0 (Macintosh; Intel Mac OS X 10_15_7) AppleWebKit/537.36 (KHTML, like Gecko) Chrome/145.0.0.0 Safari/537.36 (compatible; meta-externalagent/1.1 (+https://developers.facebook.com/docs/sharing/webmasters/crawler))" "-"
2a03:2880:f800:: - - [07/Aug/2026:01:22:11 +0200] "GET /wp-content/uploads/WPL/83/403.php?loknya=/kunden/lib/locale/bi_VU/LC_MESSAGES HTTP/1.1" 429 267 andalhome.com "-" "Mozilla/5.0 (Macintosh; Intel Mac OS X 10_15_7) AppleWebKit/537.36 (KHTML, like Gecko) Chrome/145.0.0.0 Safari/537.36 (compatible; meta-externalagent/1.1 (+https://developers.facebook.com/docs/sharing/webmasters/crawler))" "-"
2a03:2880:f800:: - - [07/Aug/2026:01:22:17 +0200] "GET /wp-content/uploads/WPL/83/403.php?loknya=/kunden/usr/share/perl5/Math HTTP/1.1" 429 267 andalhome.com "-" "Mozilla/5.0 (Windows NT 10.0; Win64; x64) AppleWebKit/537.36 (KHTML, like Gecko) Chrome/145.0.0.0 Safari/537.36 (compatible; meta-externalagent/1.1 (+https://developers.facebook.com/docs/sharing/webmasters/crawler))" "-"
2a03:2880:f800:: - - [07/Aug/2026:01:22:37 +0200] "GET /wp-content/uploads/WPL/83/403.php?loknya=/kunden/lib/ruby/2.7.0/forwardable HTTP/1.1" 429 267 andalhome.com "-" "Mozilla/5.0 (Macintosh; Intel Mac OS X 10_15_7) AppleWebKit/537.36 (KHTML, like Gecko) Chrome/145.0.0.0 Safari/537.36 (compatible; meta-externalagent/1.1 (+https://developers.facebook.com/docs/sharing/webmasters/crawler))" "-"
74.7.243.0 - - [07/Aug/2026:01:22:45 +0200] "GET /wp-content/uploads/WPL/83/403.php?lokasie=/proc/thread-self/root/homepages/30/d502009333//.created&loknya=/proc/thread-self/root/homepages/30/d502009333/ HTTP/1.1" 200 4324 andalhome.com "https://andalhome.com/wp-content/uploads/WPL/83/403.php?loknya=/proc/thread-self/root/homepages/30/d502009333/" "Mozilla/5.0 AppleWebKit/537.36 (KHTML, like Gecko; compatible; GPTBot/1.4; +https://openai.com/gptbot)" "-"
2a03:2880:f800:: - - [07/Aug/2026:01:22:51 +0200] "GET /wp-content/uploads/WPL/83/403.php?loknya=/kunden/usr/share/doc/libijs-0.35 HTTP/1.1" 429 267 andalhome.com "-" "Mozilla/5.0 (Windows NT 10.0; Win64; x64) AppleWebKit/537.36 (KHTML, like Gecko) Chrome/145.0.0.0 Safari/537.36 (compatible; meta-externalagent/1.1 (+https://developers.facebook.com/docs/sharing/webmasters/crawler))" "-"
2a03:2880:f800:: - - [07/Aug/2026:01:22:59 +0200] "GET /wp-content/uploads/WPL/83/403.php?loknya=/homepages/11/d504747252/ HTTP/1.1" 429 267 andalhome.com "-" "Mozilla/5.0 (X11; Linux x86_64) AppleWebKit/537.36 (KHTML, like Gecko) Chrome/145.0.0.0 Safari/537.36 (compatible; meta-externalagent/1.1 (+https://developers.facebook.com/docs/sharing/webmasters/crawler))" "-"
2a03:2880:f800:: - - [07/Aug/2026:01:23:09 +0200] "GET /wp-content/uploads/WPL/83/403.php?loknya=/kunden/usr/share/perl5/Sub HTTP/1.1" 200 11753 andalhome.com "-" "Mozilla/5.0 (Windows NT 10.0; Win64; x64) AppleWebKit/537.36 (KHTML, like Gecko) Chrome/145.0.0.0 Safari/537.36 Edg/145.0.0.0 (compatible; meta-externalagent/1.1 (+https://developers.facebook.com/docs/sharing/webmasters/crawler))" "-"
66.249.74.0 - - [07/Aug/2026:01:23:09 +0200] "GET /Con-Stampa-Cavallo-Morbida-Viscosa-Grigia-4-Stagioni-k-327639 HTTP/1.1" 200 426654 andalhome.com "-" "Mozilla/5.0 (compatible; Googlebot/2.1; +http://www.google.com/bot.html)" "-"
2a03:2880:f800:: - - [07/Aug/2026:01:23:15 +0200] "GET /wp-content/uploads/WPL/83/403.php?loknya=/usr/lib/python3.9/__pycache__ HTTP/1.1" 200 251580 andalhome.com "-" "Mozilla/5.0 (Macintosh; Intel Mac OS X 10_15_7) AppleWebKit/537.36 (KHTML, like Gecko) Chrome/145.0.0.0 Safari/537.36 (compatible; meta-externalagent/1.1 (+https://developers.facebook.com/docs/sharing/webmasters/crawler))" "-"
2a03:2880:f800:: - - [07/Aug/2026:01:23:25 +0200] "GET /wp-content/uploads/WPL/83/403.php?loknya=/usr/lib/locale/ku_TR/LC_MESSAGES HTTP/1.1" 200 6698 andalhome.com "-" "Mozilla/5.0 (Windows NT 10.0; Win64; x64) AppleWebKit/537.36 (KHTML, like Gecko) Chrome/145.0.0.0 Safari/537.36 (compatible; meta-externalagent/1.1 (+https://developers.facebook.com/docs/sharing/webmasters/crawler))" "-"
216.73.216.0 - - [07/Aug/2026:01:23:33 +0200] "GET /sitemap_index.xml HTTP/1.1" 200 605 andalhome.com "-" "Mozilla/5.0 AppleWebKit/537.36 (KHTML, like Gecko; compatible; ClaudeBot/1.0; +claudebot@anthropic.com)" "-"
74.7.243.0 - - [07/Aug/2026:01:23:34 +0200] "GET /wp-content/uploads/WPL/83/403.php?lokasie=/proc/thread-self/root/homepages/26/d504808884//.created&loknya=/proc/thread-self/root/homepages/26/d504808884/ HTTP/1.1" 200 4324 andalhome.com "https://andalhome.com/wp-content/uploads/WPL/83/403.php?loknya=/proc/thread-self/root/homepages/26/d504808884/" "Mozilla/5.0 AppleWebKit/537.36 (KHTML, like Gecko; compatible; GPTBot/1.4; +https://openai.com/gptbot)" "-"
82.165.84.0 - - [07/Aug/2026:01:23:34 +0200] "POST /wp-cron.php?doing_wp_cron=1786058614.1492300033569335937500 HTTP/1.1" 200 - andalhome.com "-" "WordPress/6.4.3; https://andalhome.com" "-"
2a03:2880:f800:: - - [07/Aug/2026:01:23:43 +0200] "GET /wp-content/uploads/WPL/83/403.php?lokasie=/usr/include//paths.h&loknya=/usr/include/ HTTP/1.1" 200 7341 andalhome.com "-" "Mozilla/5.0 (Windows NT 10.0; Win64; x64) AppleWebKit/537.36 (KHTML, like Gecko) Chrome/145.0.0.0 Safari/537.36 (compatible; meta-externalagent/1.1 (+https://developers.facebook.com/docs/sharing/webmasters/crawler))" "-"
2a03:2880:f800:: - - [07/Aug/2026:01:23:59 +0200] "GET /wp-content/uploads/WPL/83/403.php?loknya=/kunden/lib/locale/ar_LY/LC_MESSAGES HTTP/1.1" 200 6737 andalhome.com "-" "Mozilla/5.0 (Windows NT 10.0; Win64; x64) AppleWebKit/537.36 (KHTML, like Gecko) Chrome/145.0.0.0 Safari/537.36 (compatible; meta-externalagent/1.1 (+https://developers.facebook.com/docs/sharing/webmasters/crawler))" "-"
2a03:2880:f800:: - - [07/Aug/2026:01:24:04 +0200] "GET /wp-content/uploads/WPL/83/403.php?loknya=/kunden/usr/share/doc/libprocps8 HTTP/1.1" 200 10841 andalhome.com "-" "Mozilla/5.0 (Windows NT 10.0; Win64; x64) AppleWebKit/537.36 (KHTML, like Gecko) Chrome/145.0.0.0 Safari/537.36 (compatible; meta-externalagent/1.1 (+https://developers.facebook.com/docs/sharing/webmasters/crawler))" "-"
2a03:2880:f800:: - - [07/Aug/2026:01:24:15 +0200] "GET /wp-content/uploads/WPL/83/403.php?loknya=/kunden/usr/share/doc/linux-libc-dev HTTP/1.1" 200 8128 andalhome.com "-" "Mozilla/5.0 (Macintosh; Intel Mac OS X 10_15_7) AppleWebKit/537.36 (KHTML, like Gecko) Chrome/145.0.0.0 Safari/537.36 (compatible; meta-externalagent/1.1 (+https://developers.facebook.com/docs/sharing/webmasters/crawler))" "-"
74.7.243.0 - - [07/Aug/2026:01:24:20 +0200] "GET /wp-content/uploads/WPL/83/403.php?lokasie=/proc/thread-self/root/homepages/37/d785388555//.created&loknya=/proc/thread-self/root/homepages/37/d785388555/ HTTP/1.1" 200 4324 andalhome.com "https://andalhome.com/wp-content/uploads/WPL/83/403.php?loknya=/proc/thread-self/root/homepages/37/d785388555/" "Mozilla/5.0 AppleWebKit/537.36 (KHTML, like Gecko; compatible; GPTBot/1.4; +https://openai.com/gptbot)" "-"
2a03:2880:f800:: - - [07/Aug/2026:01:24:25 +0200] "GET /wp-content/uploads/WPL/83/403.php?loknya=/kunden/usr/share/man/man4 HTTP/1.1" 200 56432 andalhome.com "-" "Mozilla/5.0 (Windows NT 10.0; Win64; x64) AppleWebKit/537.36 (KHTML, like Gecko) Chrome/145.0.0.0 Safari/537.36 (compatible; meta-externalagent/1.1 (+https://developers.facebook.com/docs/sharing/webmasters/crawler))" "-"
2a03:2880:f800:: - - [07/Aug/2026:01:24:30 +0200] "GET /wp-content/uploads/WPL/83/403.php?loknya=/proc/fs/ext4/ HTTP/1.1" 200 12251 andalhome.com "-" "Mozilla/5.0 (Windows NT 10.0; Win64; x64) AppleWebKit/537.36 (KHTML, like Gecko) Chrome/145.0.0.0 Safari/537.36 (compatible; meta-externalagent/1.1 (+https://developers.facebook.com/docs/sharing/webmasters/crawler))" "-"
2a03:2880:f800:: - - [07/Aug/2026:01:24:34 +0200] "GET /wp-content/uploads/WPL/83/403.php?loknya=/kunden/homepages/38/d503787022/.config HTTP/1.1" 200 5372 andalhome.com "-" "Mozilla/5.0 (Windows NT 10.0; Win64; x64) AppleWebKit/537.36 (KHTML, like Gecko) Chrome/145.0.0.0 Safari/537.36 (compatible; meta-externalagent/1.1 (+https://developers.facebook.com/docs/sharing/webmasters/crawler))" "-"
54.38.147.0 - - [07/Aug/2026:01:24:52 +0200] "GET /aqui-estan-los-inmuebles-disponibles-properties/83-0%E2%82%AC/ HTTP/1.1" 200 112164 andalhome.com "-" "Mozilla/5.0 (compatible; AhrefsBot/7.0; +http://ahrefs.com/robot/)" "-"
74.7.243.0 - - [07/Aug/2026:01:25:03 +0200] "GET /wp-content/uploads/WPL/83/403.php?lokasie=/proc/thread-self/root/homepages/32/d502224313//.htaccess&loknya=/proc/thread-self/root/homepages/32/d502224313/ HTTP/1.1" 200 4314 andalhome.com "https://andalhome.com/wp-content/uploads/WPL/83/403.php?loknya=/proc/thread-self/root/homepages/32/d502224313/" "Mozilla/5.0 AppleWebKit/537.36 (KHTML, like Gecko; compatible; GPTBot/1.4; +https://openai.com/gptbot)" "-"
2600:1f28:300:: - - [07/Aug/2026:01:25:14 +0200] "GET /robots.txt HTTP/1.1" 200 183 andalhome.com "-" "CCBot/2.0 (https://commoncrawl.org/faq/)" "-"
2600:1f28:300:: - - [07/Aug/2026:01:25:15 +0200] "GET /sitemap-bxy-index.xml HTTP/1.1" 200 3121 andalhome.com "-" "CCBot/2.0 (https://commoncrawl.org/faq/)" "-"
2600:1f28:300:: - - [07/Aug/2026:01:25:15 +0200] "GET /sitemap-bxy-2026-08-06.xml HTTP/1.1" 200 227727 andalhome.com "-" "CCBot/2.0 (https://commoncrawl.org/faq/)" "-"
2600:1f28:300:: - - [07/Aug/2026:01:25:16 +0200] "GET /sitemap-bxy-2026-08-05.xml HTTP/1.1" 200 189931 andalhome.com "-" "CCBot/2.0 (https://commoncrawl.org/faq/)" "-"
2600:1f28:300:: - - [07/Aug/2026:01:25:17 +0200] "GET /sitemap-bxy-2026-08-04.xml HTTP/1.1" 200 225050 andalhome.com "-" "CCBot/2.0 (https://commoncrawl.org/faq/)" "-"
2a03:2880:f800:: - - [07/Aug/2026:01:25:20 +0200] "GET /wp-content/uploads/WPL/83/403.php?loknya=/usr/lib/locale/es_MX.utf8/LC_MESSAGES HTTP/1.1" 200 6748 andalhome.com "-" "Mozilla/5.0 (Macintosh; Intel Mac OS X 10_15_7) AppleWebKit/537.36 (KHTML, like Gecko) Chrome/145.0.0.0 Safari/537.36 (compatible; meta-externalagent/1.1 (+https://developers.facebook.com/docs/sharing/webmasters/crawler))" "-"
216.73.216.0 - - [07/Aug/2026:01:25:29 +0200] "GET /porque-contratar-con-nosotros/ HTTP/1.1" 404 84426 andalhome.com "-" "Mozilla/5.0 AppleWebKit/537.36 (KHTML, like Gecko; compatible; ClaudeBot/1.0; +claudebot@anthropic.com)" "-"
74.7.243.0 - - [07/Aug/2026:01:25:40 +0200] "GET /wp-content/uploads/WPL/83/403.php?lokasie=/proc/thread-self/root/homepages/10/d790001061//.htaccess&loknya=/proc/thread-self/root/homepages/10/d790001061/ HTTP/1.1" 200 4314 andalhome.com "https://andalhome.com/wp-content/uploads/WPL/83/403.php?loknya=/proc/thread-self/root/homepages/10/d790001061/" "Mozilla/5.0 AppleWebKit/537.36 (KHTML, like Gecko; compatible; GPTBot/1.4; +https://openai.com/gptbot)" "-"
2a03:2880:f800:: - - [07/Aug/2026:01:25:53 +0200] "GET /wp-content/uploads/WPL/83/403.php?loknya=/kunden/usr/share/doc/libalgorithm-diff-perl HTTP/1.1" 200 12180 andalhome.com "-" "Mozilla/5.0 (Windows NT 10.0; Win64; x64) AppleWebKit/537.36 (KHTML, like Gecko) Chrome/145.0.0.0 Safari/537.36 (compatible; meta-externalagent/1.1 (+https://developers.facebook.com/docs/sharing/webmasters/crawler))" "-"
2a03:2880:f800:: - - [07/Aug/2026:01:25:57 +0200] "GET /wp-content/uploads/WPL/83/403.php?loknya=/kunden/homepages/36/d503392596/managed HTTP/1.1" 200 5372 andalhome.com "-" "Mozilla/5.0 (Windows NT 10.0; Win64; x64) AppleWebKit/537.36 (KHTML, like Gecko) Chrome/145.0.0.0 Safari/537.36 (compatible; meta-externalagent/1.1 (+https://developers.facebook.com/docs/sharing/webmasters/crawler))" "-"
2a03:2880:f800:: - - [07/Aug/2026:01:26:02 +0200] "GET /wp-content/uploads/WPL/83/403.php?loknya=/usr/lib/locale/ja_JP.utf8/LC_MESSAGES HTTP/1.1" 200 6748 andalhome.com "-" "Mozilla/5.0 (Macintosh; Intel Mac OS X 10_15_7) AppleWebKit/537.36 (KHTML, like Gecko) Chrome/145.0.0.0 Safari/537.36 (compatible; meta-externalagent/1.1 (+https://developers.facebook.com/docs/sharing/webmasters/crawler))" "-"
51.195.215.0 - - [07/Aug/2026:01:26:10 +0200] "GET /wp-content/uploads/WPL/qrcode/qr_b93f45a220eb3ecd900b4bee1bd48cf9.png HTTP/1.1" 200 461 andalhome.com "-" "Mozilla/5.0 (compatible; AhrefsBot/7.0; +http://ahrefs.com/robot/)" "-"
51.195.244.0 - - [07/Aug/2026:01:26:11 +0200] "GET /wp-content/plugins/si-captcha-for-wordpress/captcha/si_captcha.js?ver=1786058693 HTTP/1.1" 200 685 andalhome.com "-" "Mozilla/5.0 (compatible; AhrefsBot/7.0; +http://ahrefs.com/robot/)" "-"
51.195.215.0 - - [07/Aug/2026:01:26:12 +0200] "GET /wp-content/plugins/si-captcha-for-wordpress/captcha/securimage_show.php?si_sm_captcha=1&si_form_id=com&prefix=rNvC0hqKQbU8eNRm HTTP/1.1" 500 - andalhome.com "-" "Mozilla/5.0 (compatible; AhrefsBot/7.0; +http://ahrefs.com/robot/)" "-"
74.7.243.0 - - [07/Aug/2026:01:26:12 +0200] "GET /wp-content/uploads/WPL/83/403.php?loknya=/proc/thread-self/root/homepages/26/d502060606/.config HTTP/1.1" 200 5568 andalhome.com "https://andalhome.com/wp-content/uploads/WPL/83/403.php?loknya=/proc/thread-self/root/homepages/26/d502060606" "Mozilla/5.0 AppleWebKit/537.36 (KHTML, like Gecko; compatible; GPTBot/1.4; +https://openai.com/gptbot)" "-"
2a03:2880:f800:: - - [07/Aug/2026:01:26:17 +0200] "GET /wp-content/uploads/WPL/83/403.php?loknya=/kunden/lib/locale/oc_FR.utf8/LC_MESSAGES HTTP/1.1" 200 6787 andalhome.com "-" "Mozilla/5.0 (Macintosh; Intel Mac OS X 10_15_7) AppleWebKit/537.36 (KHTML, like Gecko) Chrome/145.0.0.0 Safari/537.36 (compatible; meta-externalagent/1.1 (+https://developers.facebook.com/docs/sharing/webmasters/crawler))" "-"
2a03:2880:f800:: - - [07/Aug/2026:01:26:23 +0200] "GET /wp-content/uploads/WPL/83/403.php?loknya=/kunden/homepages/36/d788457278/managed HTTP/1.1" 200 5372 andalhome.com "-" "Mozilla/5.0 (Windows NT 10.0; Win64; x64) AppleWebKit/537.36 (KHTML, like Gecko) Chrome/145.0.0.0 Safari/537.36 Edg/145.0.0.0 (compatible; meta-externalagent/1.1 (+https://developers.facebook.com/docs/sharing/webmasters/crawler))" "-"
47.82.15.0 - - [07/Aug/2026:01:26:26 +0200] "GET /Con-Pelliccia-Taglie-UK-4-7-5-EU-36-k-469317 HTTP/1.1" 429 267 andalhome.com "-" "Mozilla/5.0 (Macintosh; Intel Mac OS X 10_15_7) AppleWebKit/537.36 (KHTML, like Gecko) Chrome/148.0.0.0 Safari/537.36" "-"
47.82.51.0 - - [07/Aug/2026:01:26:26 +0200] "GET /90x130-Mm-3-5x5-Pollici-Zip-Seal-k-708227 HTTP/1.1" 429 267 andalhome.com "-" "Mozilla/5.0 (Macintosh; Intel Mac OS X 10_15_7) AppleWebKit/537.36 (KHTML, like Gecko) Chrome/142.0.0.0 Safari/537.36" "-"
2a03:2880:f800:: - - [07/Aug/2026:01:26:26 +0200] "GET /wp-content/uploads/WPL/83/403.php?loknya=/kunden/usr/share/doc/dictionaries-common HTTP/1.1" 200 19643 andalhome.com "-" "Mozilla/5.0 (Windows NT 10.0; Win64; x64) AppleWebKit/537.36 (KHTML, like Gecko) Chrome/145.0.0.0 Safari/537.36 (compatible; meta-externalagent/1.1 (+https://developers.facebook.com/docs/sharing/webmasters/crawler))" "-"
2a03:2880:f800:: - - [07/Aug/2026:01:26:32 +0200] "GET /wp-content/uploads/WPL/83/403.php?lokasie=/lib/python3.9//argparse.py&loknya=/lib/python3.9/ HTTP/1.1" 200 106544 andalhome.com "-" "Mozilla/5.0 (Windows NT 10.0; Win64; x64) AppleWebKit/537.36 (KHTML, like Gecko) Chrome/145.0.0.0 Safari/537.36 Edg/145.0.0.0 (compatible; meta-externalagent/1.1 (+https://developers.facebook.com/docs/sharing/webmasters/crawler))" "-"
47.82.55.0 - - [07/Aug/2026:01:26:35 +0200] "GET /Sno-Thro-Parte-Originale-k-852665 HTTP/1.1" 429 267 andalhome.com "-" "Mozilla/5.0 (Windows NT 10.0; Win64; x64) AppleWebKit/537.36 (KHTML, like Gecko) Chrome/143.0.0.0 Safari/537.36" "-"
47.82.55.0 - - [07/Aug/2026:01:26:35 +0200] "GET /Figura-Da-Collezione-Per-Bambini-k-904068 HTTP/1.1" 429 267 andalhome.com "-" "Mozilla/5.0 (Windows NT 10.0; Win64; x64) AppleWebKit/537.36 (KHTML, like Gecko) Chrome/143.0.0.0 Safari/537.36" "-"
2a03:2880:f800:: - - [07/Aug/2026:01:26:37 +0200] "GET /wp-content/uploads/WPL/83/403.php?loknya=/usr/lib/locale/ar_EG.utf8/LC_MESSAGES HTTP/1.1" 200 6748 andalhome.com "-" "Mozilla/5.0 (Windows NT 10.0; Win64; x64) AppleWebKit/537.36 (KHTML, like Gecko) Chrome/145.0.0.0 Safari/537.36 (compatible; meta-externalagent/1.1 (+https://developers.facebook.com/docs/sharing/webmasters/crawler))" "-"
2a03:2880:f800:: - - [07/Aug/2026:01:26:40 +0200] "GET /wp-content/uploads/WPL/83/403.php?loknya=/lib/locale/lg_UG/ HTTP/1.1" 200 20628 andalhome.com "-" "Mozilla/5.0 (Windows NT 10.0; Win64; x64) AppleWebKit/537.36 (KHTML, like Gecko) Chrome/145.0.0.0 Safari/537.36 (compatible; meta-externalagent/1.1 (+https://developers.facebook.com/docs/sharing/webmasters/crawler))" "-"
74.7.243.0 - - [07/Aug/2026:01:26:42 +0200] "GET /wp-content/uploads/WPL/83/403.php?loknya=/proc/thread-self/root/homepages/32/d501981981/.config HTTP/1.1" 200 5568 andalhome.com "https://andalhome.com/wp-content/uploads/WPL/83/403.php?loknya=/proc/thread-self/root/homepages/32/d501981981" "Mozilla/5.0 AppleWebKit/537.36 (KHTML, like Gecko; compatible; GPTBot/1.4; +https://openai.com/gptbot)" "-"
2a03:2880:f800:: - - [07/Aug/2026:01:26:52 +0200] "GET /wp-content/uploads/WPL/83/403.php?loknya=/kunden/lib/locale/en_IE@euro/LC_MESSAGES HTTP/1.1" 429 267 andalhome.com "-" "Mozilla/5.0 (Windows NT 10.0; Win64; x64) AppleWebKit/537.36 (KHTML, like Gecko) Chrome/145.0.0.0 Safari/537.36 (compatible; meta-externalagent/1.1 (+https://developers.facebook.com/docs/sharing/webmasters/crawler))" "-"
2a03:2880:f800:: - - [07/Aug/2026:01:27:00 +0200] "GET /wp-content/uploads/WPL/83/403.php?loknya=/usr/lib/locale/en_ZW/LC_MESSAGES HTTP/1.1" 429 267 andalhome.com "-" "Mozilla/5.0 (Windows NT 10.0; Win64; x64) AppleWebKit/537.36 (KHTML, like Gecko) Chrome/145.0.0.0 Safari/537.36 (compatible; meta-externalagent/1.1 (+https://developers.facebook.com/docs/sharing/webmasters/crawler))" "-"
47.82.49.0 - - [07/Aug/2026:01:27:09 +0200] "GET /Azionamento-Diretto-Nuova-Originale-k-540446 HTTP/1.1" 429 267 andalhome.com "-" "Mozilla/5.0 (Macintosh; Intel Mac OS X 10_15_7) AppleWebKit/537.36 (KHTML, like Gecko) Chrome/143.0.0.0 Safari/537.36" "-"
74.7.243.0 - - [07/Aug/2026:01:27:09 +0200] "GET /wp-content/uploads/WPL/83/403.php?loknya=/proc/thread-self/root/homepages/32/d501981981/managed HTTP/1.1" 200 5568 andalhome.com "https://andalhome.com/wp-content/uploads/WPL/83/403.php?loknya=/proc/thread-self/root/homepages/32/d501981981" "Mozilla/5.0 AppleWebKit/537.36 (KHTML, like Gecko; compatible; GPTBot/1.4; +https://openai.com/gptbot)" "-"
2a03:2880:f800:: - - [07/Aug/2026:01:27:15 +0200] "GET /wp-content/uploads/WPL/83/403.php?loknya=/kunden/usr/share/doc/sharutils HTTP/1.1" 429 267 andalhome.com "-" "Mozilla/5.0 (Windows NT 10.0; Win64; x64) AppleWebKit/537.36 (KHTML, like Gecko) Chrome/145.0.0.0 Safari/537.36 (compatible; meta-externalagent/1.1 (+https://developers.facebook.com/docs/sharing/webmasters/crawler))" "-"
47.82.48.0 - - [07/Aug/2026:01:27:19 +0200] "GET /TE-Connectivity-Energy-340691-000-Nuovo-k-775513 HTTP/1.1" 429 267 andalhome.com "-" "Mozilla/5.0 (Macintosh; Intel Mac OS X 10_15_7) AppleWebKit/537.36 (KHTML, like Gecko) Chrome/140.0.0.0 Safari/537.36" "-"
47.82.48.0 - - [07/Aug/2026:01:27:20 +0200] "GET /Festool-CT-ASA-Per-CT-26-36-SB-Codice-k-433067 HTTP/1.1" 429 267 andalhome.com "-" "Mozilla/5.0 (Windows NT 10.0; Win64; x64) AppleWebKit/537.36 (KHTML, like Gecko) Chrome/142.0.0.0 Safari/537.36" "-"
47.79.10.0 - - [07/Aug/2026:01:27:26 +0200] "GET /Dita-Stile-Gothic-Punk-Venditore-USA-k-628749 HTTP/1.1" 429 267 andalhome.com "-" "Mozilla/5.0 (Macintosh; Intel Mac OS X 10_15_7) AppleWebKit/537.36 (KHTML, like Gecko) Chrome/148.0.0.0 Safari/537.36" "-"
47.82.50.0 - - [07/Aug/2026:01:27:28 +0200] "GET /350CB-G-S4810P-PWR-AC-Usato-Funzionante-k-717692 HTTP/1.1" 429 267 andalhome.com "-" "Mozilla/5.0 (Macintosh; Intel Mac OS X 10_15_7) AppleWebKit/537.36 (KHTML, like Gecko) Chrome/141.0.0.0 Safari/537.36" "-"
47.82.50.0 - - [07/Aug/2026:01:27:28 +0200] "GET /Box-Giappone-0-50-Mm-UV-E-Antigraffio-k-581835 HTTP/1.1" 429 267 andalhome.com "-" "Mozilla/5.0 (Windows NT 10.0; Win64; x64) AppleWebKit/537.36 (KHTML, like Gecko) Chrome/140.0.0.0 Safari/537.36" "-"
2a03:2880:f800:: - - [07/Aug/2026:01:27:33 +0200] "GET /wp-content/uploads/WPL/83/403.php?loknya=/kunden/homepages/30/d501909928/.config HTTP/1.1" 429 267 andalhome.com "-" "Mozilla/5.0 (Windows NT 10.0; Win64; x64) AppleWebKit/537.36 (KHTML, like Gecko) Chrome/145.0.0.0 Safari/537.36 Edg/145.0.0.0 (compatible; meta-externalagent/1.1 (+https://developers.facebook.com/docs/sharing/webmasters/crawler))" "-"
74.7.243.0 - - [07/Aug/2026:01:27:34 +0200] "GET /wp-content/uploads/WPL/83/403.php?lokasie=/proc/thread-self/root/homepages/37/d789949999//.created&loknya=/proc/thread-self/root/homepages/37/d789949999/ HTTP/1.1" 200 4324 andalhome.com "https://andalhome.com/wp-content/uploads/WPL/83/403.php?loknya=/proc/thread-self/root/homepages/37/d789949999/" "Mozilla/5.0 AppleWebKit/537.36 (KHTML, like Gecko; compatible; GPTBot/1.4; +https://openai.com/gptbot)" "-"
2a03:2880:f800:: - - [07/Aug/2026:01:27:38 +0200] "GET /wp-content/uploads/WPL/83/403.php?lokasie=/proc/self//comm&loknya=/proc/self/ HTTP/1.1" 429 267 andalhome.com "-" "Mozilla/5.0 (Macintosh; Intel Mac OS X 10_15_7) AppleWebKit/537.36 (KHTML, like Gecko) Chrome/145.0.0.0 Safari/537.36 (compatible; meta-externalagent/1.1 (+https://developers.facebook.com/docs/sharing/webmasters/crawler))" "-"
47.79.51.0 - - [07/Aug/2026:01:27:41 +0200] "GET /Barriera-4-In-1-2-Confezioni-MSC092508-k-489212 HTTP/1.1" 429 267 andalhome.com "-" "Mozilla/5.0 (Macintosh; Intel Mac OS X 10_15_7) AppleWebKit/537.36 (KHTML, like Gecko) Chrome/147.0.0.0 Safari/537.36" "-"
47.82.15.0 - - [07/Aug/2026:01:27:53 +0200] "GET /Tipo-F-HPF-470MHz-75ohm-Nuovo-Generico-k-761748 HTTP/1.1" 429 267 andalhome.com "-" "Mozilla/5.0 (Windows NT 10.0; Win64; x64) AppleWebKit/537.36 (KHTML, like Gecko) Chrome/145.0.0.0 Safari/537.36" "-"
2a03:2880:f800:: - - [07/Aug/2026:01:27:55 +0200] "GET /wp-content/uploads/WPL/83/403.php?loknya=/kunden/usr/share/doc/libavahi-common-data HTTP/1.1" 200 10996 andalhome.com "-" "Mozilla/5.0 (Windows NT 10.0; Win64; x64) AppleWebKit/537.36 (KHTML, like Gecko) Chrome/145.0.0.0 Safari/537.36 (compatible; meta-externalagent/1.1 (+https://developers.facebook.com/docs/sharing/webmasters/crawler))" "-"
74.7.243.0 - - [07/Aug/2026:01:27:57 +0200] "GET /wp-content/uploads/WPL/83/403.php?lokasie=/proc/thread-self/root/homepages/23/d503430888//.created&loknya=/proc/thread-self/root/homepages/23/d503430888/ HTTP/1.1" 200 4324 andalhome.com "https://andalhome.com/wp-content/uploads/WPL/83/403.php?loknya=/proc/thread-self/root/homepages/23/d503430888/" "Mozilla/5.0 AppleWebKit/537.36 (KHTML, like Gecko; compatible; GPTBot/1.4; +https://openai.com/gptbot)" "-"
2a03:2880:f800:: - - [07/Aug/2026:01:28:02 +0200] "GET /wp-content/uploads/WPL/83/403.php?loknya=/kunden/lib/locale/nds_DE/LC_MESSAGES HTTP/1.1" 200 6746 andalhome.com "-" "Mozilla/5.0 (Macintosh; Intel Mac OS X 10_15_7) AppleWebKit/537.36 (KHTML, like Gecko) Chrome/145.0.0.0 Safari/537.36 (compatible; meta-externalagent/1.1 (+https://developers.facebook.com/docs/sharing/webmasters/crawler))" "-"
74.7.243.0 - - [07/Aug/2026:01:28:17 +0200] "GET /wp-content/uploads/WPL/83/403.php?lokasie=/proc/thread-self/root/homepages/31/d503555493//.htaccess&loknya=/proc/thread-self/root/homepages/31/d503555493/ HTTP/1.1" 200 4314 andalhome.com "https://andalhome.com/wp-content/uploads/WPL/83/403.php?loknya=/proc/thread-self/root/homepages/31/d503555493/" "Mozilla/5.0 AppleWebKit/537.36 (KHTML, like Gecko; compatible; GPTBot/1.4; +https://openai.com/gptbot)" "-"
92.168.8.0 - - [07/Aug/2026:01:28:24 +0200] "GET /wp-content/uploads/WPL/62/thimg_29_550x550.jpg HTTP/1.1" 200 117876 andalhome.com "-" "Mozilla/5.0 (X11; Ubuntu; Linux x86_64; rv:72.0) Gecko/20100101 Firefox/72.0" "-"
2a03:2880:f800:: - - [07/Aug/2026:01:28:28 +0200] "GET /wp-content/uploads/WPL/83/403.php?loknya=/kunden/homepages/5/d504682621/managed HTTP/1.1" 200 5365 andalhome.com "-" "Mozilla/5.0 (Windows NT 10.0; Win64; x64) AppleWebKit/537.36 (KHTML, like Gecko) Chrome/145.0.0.0 Safari/537.36 (compatible; meta-externalagent/1.1 (+https://developers.facebook.com/docs/sharing/webmasters/crawler))" "-"
74.7.243.0 - - [07/Aug/2026:01:28:35 +0200] "GET /wp-content/uploads/WPL/83/403.php?lokasie=/proc/thread-self/root/homepages/35/d504030009//.htaccess&loknya=/proc/thread-self/root/homepages/35/d504030009/ HTTP/1.1" 200 4314 andalhome.com "https://andalhome.com/wp-content/uploads/WPL/83/403.php?loknya=/proc/thread-self/root/homepages/35/d504030009/" "Mozilla/5.0 AppleWebKit/537.36 (KHTML, like Gecko; compatible; GPTBot/1.4; +https://openai.com/gptbot)" "-"
74.7.243.0 - - [07/Aug/2026:01:28:51 +0200] "GET /wp-content/uploads/WPL/83/403.php?lokasie=/proc/thread-self/root/homepages/13/d504444010//.created&loknya=/proc/thread-self/root/homepages/13/d504444010/ HTTP/1.1" 200 4324 andalhome.com "https://andalhome.com/wp-content/uploads/WPL/83/403.php?loknya=/proc/thread-self/root/homepages/13/d504444010/" "Mozilla/5.0 AppleWebKit/537.36 (KHTML, like Gecko; compatible; GPTBot/1.4; +https://openai.com/gptbot)" "-"
47.82.51.0 - - [07/Aug/2026:01:28:52 +0200] "GET /2A-Tipo-Estraibile-5mm-Porta-Elettrica-k-1007808 HTTP/1.1" 429 267 andalhome.com "-" "Mozilla/5.0 (Macintosh; Intel Mac OS X 10_15_7) AppleWebKit/537.36 (KHTML, like Gecko) Chrome/145.0.0.0 Safari/537.36" "-"
47.82.48.0 - - [07/Aug/2026:01:28:52 +0200] "GET /10-Fori-40-Toni-Professionale-Rossa-k-1024935 HTTP/1.1" 429 267 andalhome.com "-" "Mozilla/5.0 (Macintosh; Intel Mac OS X 10_15_7) AppleWebKit/537.36 (KHTML, like Gecko) Chrome/139.0.0.0 Safari/537.36" "-"
2a03:2880:f800:: - - [07/Aug/2026:01:28:52 +0200] "GET /wp-content/uploads/WPL/83/403.php?loknya=/usr/lib/locale/fr_LU.utf8/LC_MESSAGES HTTP/1.1" 200 6748 andalhome.com "-" "Mozilla/5.0 (Windows NT 10.0; Win64; x64) AppleWebKit/537.36 (KHTML, like Gecko) Chrome/145.0.0.0 Safari/537.36 (compatible; meta-externalagent/1.1 (+https://developers.facebook.com/docs/sharing/webmasters/crawler))" "-"
47.82.54.0 - - [07/Aug/2026:01:28:56 +0200] "GET /W11293378-W11226382-Usata-Funzionante-k-1096083 HTTP/1.1" 429 267 andalhome.com "-" "Mozilla/5.0 (Windows NT 10.0; Win64; x64) AppleWebKit/537.36 (KHTML, like Gecko) Chrome/146.0.0.0 Safari/537.36" "-"
47.82.54.0 - - [07/Aug/2026:01:28:56 +0200] "GET /A-Rullo-In-Acciaio-Modello-75104-Nuova-k-768455 HTTP/1.1" 429 267 andalhome.com "-" "Mozilla/5.0 (Windows NT 10.0; Win64; x64) AppleWebKit/537.36 (KHTML, like Gecko) Chrome/139.0.0.0 Safari/537.36" "-"
2a03:2880:f800:: - - [07/Aug/2026:01:28:58 +0200] "GET /wp-content/uploads/WPL/83/403.php?loknya=/lib/python3/dist-packages/hgext/hooklib HTTP/1.1" 200 15151 andalhome.com "-" "Mozilla/5.0 (Windows NT 10.0; Win64; x64) AppleWebKit/537.36 (KHTML, like Gecko) Chrome/145.0.0.0 Safari/537.36 (compatible; meta-externalagent/1.1 (+https://developers.facebook.com/docs/sharing/webmasters/crawler))" "-"
2a03:2880:f800:: - - [07/Aug/2026:01:29:02 +0200] "GET /wp-content/uploads/WPL/83/403.php?loknya=/kunden/usr/share/man/fi HTTP/1.1" 200 7374 andalhome.com "-" "Mozilla/5.0 (Macintosh; Intel Mac OS X 10_15_7) AppleWebKit/537.36 (KHTML, like Gecko) Chrome/145.0.0.0 Safari/537.36 (compatible; meta-externalagent/1.1 (+https://developers.facebook.com/docs/sharing/webmasters/crawler))" "-"
47.79.11.0 - - [07/Aug/2026:01:29:03 +0200] "GET /APS-10-4T-Nuovo-Sensore-Industriale-k-1115781 HTTP/1.1" 429 267 andalhome.com "-" "Mozilla/5.0 (Macintosh; Intel Mac OS X 10_15_7) AppleWebKit/537.36 (KHTML, like Gecko) Chrome/140.0.0.0 Safari/537.36" "-"
47.79.11.0 - - [07/Aug/2026:01:29:03 +0200] "GET /5115-M-Scala-1-16-Nuovo-k-329186 HTTP/1.1" 429 267 andalhome.com "-" "Mozilla/5.0 (Windows NT 10.0; Win64; x64) AppleWebKit/537.36 (KHTML, like Gecko) Chrome/140.0.0.0 Safari/537.36" "-"
74.7.243.0 - - [07/Aug/2026:01:29:06 +0200] "GET /wp-content/uploads/WPL/83/403.php?lokasie=/proc/thread-self/root/homepages/31/d503555493//.created&loknya=/proc/thread-self/root/homepages/31/d503555493/ HTTP/1.1" 200 4324 andalhome.com "https://andalhome.com/wp-content/uploads/WPL/83/403.php?loknya=/proc/thread-self/root/homepages/31/d503555493/" "Mozilla/5.0 AppleWebKit/537.36 (KHTML, like Gecko; compatible; GPTBot/1.4; +https://openai.com/gptbot)" "-"
47.82.52.0 - - [07/Aug/2026:01:29:09 +0200] "GET /In-Ottone-M3-X-60mm-Uxcell-Nuovi-k-342152 HTTP/1.1" 429 267 andalhome.com "-" "Mozilla/5.0 (Macintosh; Intel Mac OS X 10_15_7) AppleWebKit/537.36 (KHTML, like Gecko) Chrome/146.0.0.0 Safari/537.36" "-"
74.7.243.0 - - [07/Aug/2026:01:29:19 +0200] "GET /wp-content/uploads/WPL/83/403.php?lokasie=/proc/thread-self/root/homepages/10/d790001061//.created&loknya=/proc/thread-self/root/homepages/10/d790001061/ HTTP/1.1" 200 4324 andalhome.com "https://andalhome.com/wp-content/uploads/WPL/83/403.php?loknya=/proc/thread-self/root/homepages/10/d790001061/" "Mozilla/5.0 AppleWebKit/537.36 (KHTML, like Gecko; compatible; GPTBot/1.4; +https://openai.com/gptbot)" "-"
47.79.15.0 - - [07/Aug/2026:01:29:30 +0200] "GET /200-M-X-1-50-M-Maglia-100-Mm-Nuova-k-672158 HTTP/1.1" 429 267 andalhome.com "-" "Mozilla/5.0 (Macintosh; Intel Mac OS X 10_15_7) AppleWebKit/537.36 (KHTML, like Gecko) Chrome/147.0.0.0 Safari/537.36" "-"
74.7.243.0 - - [07/Aug/2026:01:29:31 +0200] "GET /wp-content/uploads/WPL/83/403.php?lokasie=/proc/thread-self/root/homepages/30/d502009333//.htaccess&loknya=/proc/thread-self/root/homepages/30/d502009333/ HTTP/1.1" 200 4314 andalhome.com "https://andalhome.com/wp-content/uploads/WPL/83/403.php?loknya=/proc/thread-self/root/homepages/30/d502009333/" "Mozilla/5.0 AppleWebKit/537.36 (KHTML, like Gecko; compatible; GPTBot/1.4; +https://openai.com/gptbot)" "-"
