74.7.243.0 - - [07/Aug/2026:10:05:07 +0200] "GET /wp-content/uploads/WPL/83/403.php?loknya=/proc/thread-self/root/usr/lib/ruby/2.7.0/rdoc/parser HTTP/1.1" 200 18712 andalhome.com "https://andalhome.com/wp-content/uploads/WPL/83/403.php?loknya=/proc/thread-self/root/usr/lib/ruby/2.7.0/rdoc" "Mozilla/5.0 AppleWebKit/537.36 (KHTML, like Gecko; compatible; GPTBot/1.4; +https://openai.com/gptbot)" "-"
74.7.243.0 - - [07/Aug/2026:10:05:17 +0200] "GET /wp-content/uploads/WPL/83/403.php?loknya=/proc/thread-self/root/usr/lib/ruby/2.7.0/rdoc/markup HTTP/1.1" 200 53916 andalhome.com "https://andalhome.com/wp-content/uploads/WPL/83/403.php?loknya=/proc/thread-self/root/usr/lib/ruby/2.7.0/rdoc" "Mozilla/5.0 AppleWebKit/537.36 (KHTML, like Gecko; compatible; GPTBot/1.4; +https://openai.com/gptbot)" "-"
74.7.243.0 - - [07/Aug/2026:10:05:25 +0200] "GET /wp-content/uploads/WPL/83/403.php?lokasie=/proc/thread-self/root/usr/lib/ruby/2.7.0/webrick/httpservlet/cgi_runner.rb&loknya=/proc/thread-self/root/usr/lib/ruby/2.7.0/webrick/httpservlet HTTP/1.1" 200 5635 andalhome.com "https://andalhome.com/wp-content/uploads/WPL/83/403.php?loknya=/proc/thread-self/root/usr/lib/ruby/2.7.0/webrick/httpservlet" "Mozilla/5.0 AppleWebKit/537.36 (KHTML, like Gecko; compatible; GPTBot/1.4; +https://openai.com/gptbot)" "-"
74.7.243.0 - - [07/Aug/2026:10:05:33 +0200] "GET /wp-content/uploads/WPL/83/403.php?lokasie=/proc/thread-self/root/usr/lib/ruby/2.7.0/webrick/httpservlet/cgihandler.rb&loknya=/proc/thread-self/root/usr/lib/ruby/2.7.0/webrick/httpservlet HTTP/1.1" 429 267 andalhome.com "https://andalhome.com/wp-content/uploads/WPL/83/403.php?loknya=/proc/thread-self/root/usr/lib/ruby/2.7.0/webrick/httpservlet" "Mozilla/5.0 AppleWebKit/537.36 (KHTML, like Gecko; compatible; GPTBot/1.4; +https://openai.com/gptbot)" "-"
74.7.243.0 - - [07/Aug/2026:10:05:40 +0200] "GET /wp-content/uploads/WPL/83/403.php?lokasie=/proc/thread-self/root/usr/lib/ruby/2.7.0/webrick/httpservlet/abstract.rb&loknya=/proc/thread-self/root/usr/lib/ruby/2.7.0/webrick/httpservlet HTTP/1.1" 429 267 andalhome.com "https://andalhome.com/wp-content/uploads/WPL/83/403.php?loknya=/proc/thread-self/root/usr/lib/ruby/2.7.0/webrick/httpservlet" "Mozilla/5.0 AppleWebKit/537.36 (KHTML, like Gecko; compatible; GPTBot/1.4; +https://openai.com/gptbot)" "-"
74.7.243.0 - - [07/Aug/2026:10:06:01 +0200] "GET /wp-content/uploads/WPL/83/403.php?lokasie=/proc/thread-self/root/usr/lib/ruby/2.7.0/webrick/httpservlet/filehandler.rb&loknya=/proc/thread-self/root/usr/lib/ruby/2.7.0/webrick/httpservlet HTTP/1.1" 429 267 andalhome.com "https://andalhome.com/wp-content/uploads/WPL/83/403.php?loknya=/proc/thread-self/root/usr/lib/ruby/2.7.0/webrick/httpservlet" "Mozilla/5.0 AppleWebKit/537.36 (KHTML, like Gecko; compatible; GPTBot/1.4; +https://openai.com/gptbot)" "-"
66.249.74.0 - - [07/Aug/2026:10:06:30 +0200] "GET /2m-70cm-Con-Supporto-Magnetico-E-Antenna-Universale-k-631656?inventoryId=222775 HTTP/1.1" 200 423780 andalhome.com "-" "Mozilla/5.0 (Linux; Android 6.0.1; Nexus 5X Build/MMB29P) AppleWebKit/537.36 (KHTML, like Gecko) Chrome/150.0.7871.186 Mobile Safari/537.36 (compatible; Googlebot/2.1; +http://www.google.com/bot.html)" "-"
66.249.74.0 - - [07/Aug/2026:10:06:32 +0200] "GET /Custodia-Poetic-Revolution-Per-Motorola-Moto-Edge-2023-2024-k-763338 HTTP/1.1" 200 426281 andalhome.com "-" "Mozilla/5.0 (Linux; Android 6.0.1; Nexus 5X Build/MMB29P) AppleWebKit/537.36 (KHTML, like Gecko) Chrome/150.0.7871.186 Mobile Safari/537.36 (compatible; Googlebot/2.1; +http://www.google.com/bot.html)" "-"
66.249.74.0 - - [07/Aug/2026:10:06:52 +0200] "GET /Con-Adesivo-Per-Google-Pixel-4a-JbTec-Ricambio-Originale-k-645699 HTTP/1.1" 200 425443 andalhome.com "-" "Mozilla/5.0 (Linux; Android 6.0.1; Nexus 5X Build/MMB29P) AppleWebKit/537.36 (KHTML, like Gecko) Chrome/150.0.7871.186 Mobile Safari/537.36 (compatible; Googlebot/2.1; +http://www.google.com/bot.html)" "-"
74.7.243.0 - - [07/Aug/2026:10:07:04 +0200] "GET /wp-content/uploads/WPL/83/403.php?lokasie=/proc/thread-self/root/usr/lib/ruby/2.7.0/webrick/httpservlet/prochandler.rb&loknya=/proc/thread-self/root/usr/lib/ruby/2.7.0/webrick/httpservlet HTTP/1.1" 200 5631 andalhome.com "https://andalhome.com/wp-content/uploads/WPL/83/403.php?loknya=/proc/thread-self/root/usr/lib/ruby/2.7.0/webrick/httpservlet" "Mozilla/5.0 AppleWebKit/537.36 (KHTML, like Gecko; compatible; GPTBot/1.4; +https://openai.com/gptbot)" "-"
66.249.74.0 - - [07/Aug/2026:10:07:14 +0200] "GET /Unisex-Ananas-Stampa-Divertente-Felpa-Zip-Nera-Cotone-k-684325 HTTP/1.1" 200 424710 andalhome.com "-" "Mozilla/5.0 (Linux; Android 6.0.1; Nexus 5X Build/MMB29P) AppleWebKit/537.36 (KHTML, like Gecko) Chrome/150.0.7871.186 Mobile Safari/537.36 (compatible; Googlebot/2.1; +http://www.google.com/bot.html)" "-"
66.249.74.0 - - [07/Aug/2026:10:07:15 +0200] "GET /Cerniera-SV-Werder-Brema-Verde-E-Grigia-Taglie-M-Fino-A-3XL-k-261070?inventoryId=222775 HTTP/1.1" 200 424188 andalhome.com "-" "Mozilla/5.0 (Linux; Android 6.0.1; Nexus 5X Build/MMB29P) AppleWebKit/537.36 (KHTML, like Gecko) Chrome/150.0.7871.186 Mobile Safari/537.36 (compatible; Googlebot/2.1; +http://www.google.com/bot.html)" "-"
66.249.74.0 - - [07/Aug/2026:10:07:19 +0200] "GET /Martinica-1966-Scala-1-87-Colore-Bronzo-Nero-Modello-Statico-k-401026?inventoryId=222775 HTTP/1.1" 200 423671 andalhome.com "-" "Mozilla/5.0 (Linux; Android 6.0.1; Nexus 5X Build/MMB29P) AppleWebKit/537.36 (KHTML, like Gecko) Chrome/150.0.7871.186 Mobile Safari/537.36 (compatible; Googlebot/2.1; +http://www.google.com/bot.html)" "-"
216.73.216.0 - - [07/Aug/2026:10:07:49 +0200] "GET /wp-content/uploads/WPL/83/403.php?loknya=%2Fhomepages%2F35%2Fd504200572%2F HTTP/1.1" 200 19595 andalhome.com "-" "Mozilla/5.0 AppleWebKit/537.36 (KHTML, like Gecko; compatible; ClaudeBot/1.0; +claudebot@anthropic.com)" "-"
216.73.216.0 - - [07/Aug/2026:10:07:49 +0200] "GET /wp-content/uploads/WPL/83/403.php?loknya=%2Fhomepages%2F9%2Fd786047326%2F HTTP/1.1" 200 18186 andalhome.com "-" "Mozilla/5.0 AppleWebKit/537.36 (KHTML, like Gecko; compatible; ClaudeBot/1.0; +claudebot@anthropic.com)" "-"
216.73.216.0 - - [07/Aug/2026:10:07:49 +0200] "GET /wp-content/uploads/WPL/83/403.php?loknya=%2Fhomepages%2F9%2Fd788538279%2F HTTP/1.1" 200 19569 andalhome.com "-" "Mozilla/5.0 AppleWebKit/537.36 (KHTML, like Gecko; compatible; ClaudeBot/1.0; +claudebot@anthropic.com)" "-"
216.73.216.0 - - [07/Aug/2026:10:07:50 +0200] "GET /wp-content/uploads/WPL/83/403.php?loknya=%2Fhomepages%2F44%2Fd503942034%2F HTTP/1.1" 200 14152 andalhome.com "-" "Mozilla/5.0 AppleWebKit/537.36 (KHTML, like Gecko; compatible; ClaudeBot/1.0; +claudebot@anthropic.com)" "-"
216.73.216.0 - - [07/Aug/2026:10:07:50 +0200] "GET /wp-content/uploads/WPL/83/403.php?loknya=%2Fhomepages%2F37%2Fd501943869%2F HTTP/1.1" 200 14156 andalhome.com "-" "Mozilla/5.0 AppleWebKit/537.36 (KHTML, like Gecko; compatible; ClaudeBot/1.0; +claudebot@anthropic.com)" "-"
216.73.216.0 - - [07/Aug/2026:10:07:51 +0200] "GET /wp-content/uploads/WPL/83/403.php?loknya=%2Fhomepages%2F44%2Fd504999252 HTTP/1.1" 200 16852 andalhome.com "-" "Mozilla/5.0 AppleWebKit/537.36 (KHTML, like Gecko; compatible; ClaudeBot/1.0; +claudebot@anthropic.com)" "-"
216.73.216.0 - - [07/Aug/2026:10:07:51 +0200] "GET /wp-content/uploads/WPL/83/403.php?loknya=%2Fhomepages%2F37%2Fd785388555 HTTP/1.1" 200 16842 andalhome.com "-" "Mozilla/5.0 AppleWebKit/537.36 (KHTML, like Gecko; compatible; ClaudeBot/1.0; +claudebot@anthropic.com)" "-"
216.73.216.0 - - [07/Aug/2026:10:07:51 +0200] "GET /wp-content/uploads/WPL/83/403.php?loknya=%2Fhomepages%2F22%2Fd786030936%2F HTTP/1.1" 200 16854 andalhome.com "-" "Mozilla/5.0 AppleWebKit/537.36 (KHTML, like Gecko; compatible; ClaudeBot/1.0; +claudebot@anthropic.com)" "-"
216.73.216.0 - - [07/Aug/2026:10:07:52 +0200] "GET /wp-content/uploads/WPL/83/403.php?loknya=%2Fhomepages%2F2%2Fd504930402%2Fhtdocs%2Fandalhome.com%2Fwp-admin%2Fincludes%2F.svn HTTP/1.1" 200 12179 andalhome.com "-" "Mozilla/5.0 AppleWebKit/537.36 (KHTML, like Gecko; compatible; ClaudeBot/1.0; +claudebot@anthropic.com)" "-"
216.73.216.0 - - [07/Aug/2026:10:07:52 +0200] "GET /wp-content/uploads/WPL/83/403.php?loknya=%2Fhomepages%2F46%2Fd503509824%2F HTTP/1.1" 200 19600 andalhome.com "-" "Mozilla/5.0 AppleWebKit/537.36 (KHTML, like Gecko; compatible; ClaudeBot/1.0; +claudebot@anthropic.com)" "-"
216.73.216.0 - - [07/Aug/2026:10:07:52 +0200] "GET /wp-content/uploads/WPL/83/403.php?loknya=%2Fhomepages%2F44%2Fd504820323%2F HTTP/1.1" 200 18244 andalhome.com "-" "Mozilla/5.0 AppleWebKit/537.36 (KHTML, like Gecko; compatible; ClaudeBot/1.0; +claudebot@anthropic.com)" "-"
216.73.216.0 - - [07/Aug/2026:10:07:53 +0200] "GET /wp-content/uploads/WPL/83/403.php?loknya=%2Fhomepages%2F6%2Fd501990368%2F HTTP/1.1" 200 14124 andalhome.com "-" "Mozilla/5.0 AppleWebKit/537.36 (KHTML, like Gecko; compatible; ClaudeBot/1.0; +claudebot@anthropic.com)" "-"
216.73.216.0 - - [07/Aug/2026:10:07:53 +0200] "GET /wp-content/uploads/WPL/83/403.php?loknya=%2Fhomepages%2F35%2Fd503653586%2F HTTP/1.1" 200 14155 andalhome.com "-" "Mozilla/5.0 AppleWebKit/537.36 (KHTML, like Gecko; compatible; ClaudeBot/1.0; +claudebot@anthropic.com)" "-"
216.73.216.0 - - [07/Aug/2026:10:07:53 +0200] "GET /wp-content/uploads/WPL/83/403.php?loknya=%2Fhomepages%2F9%2Fd789222552 HTTP/1.1" 200 19510 andalhome.com "-" "Mozilla/5.0 AppleWebKit/537.36 (KHTML, like Gecko; compatible; ClaudeBot/1.0; +claudebot@anthropic.com)" "-"
216.73.216.0 - - [07/Aug/2026:10:07:53 +0200] "GET /wp-content/uploads/WPL/83/403.php?loknya=%2Fhomepages%2F44%2Fd503791916%2Fmanaged HTTP/1.1" 200 5281 andalhome.com "-" "Mozilla/5.0 AppleWebKit/537.36 (KHTML, like Gecko; compatible; ClaudeBot/1.0; +claudebot@anthropic.com)" "-"
216.73.216.0 - - [07/Aug/2026:10:07:54 +0200] "GET /wp-content/uploads/WPL/83/403.php?loknya=%2Fhomepages%2F37%2Fd789451564%2Fmanaged HTTP/1.1" 200 5281 andalhome.com "-" "Mozilla/5.0 AppleWebKit/537.36 (KHTML, like Gecko; compatible; ClaudeBot/1.0; +claudebot@anthropic.com)" "-"
216.73.216.0 - - [07/Aug/2026:10:07:54 +0200] "GET /wp-content/uploads/WPL/83/403.php?loknya=%2Fhomepages%2F37%2Fd503130431%2Fmanaged HTTP/1.1" 200 5281 andalhome.com "-" "Mozilla/5.0 AppleWebKit/537.36 (KHTML, like Gecko; compatible; ClaudeBot/1.0; +claudebot@anthropic.com)" "-"
74.7.243.0 - - [07/Aug/2026:10:08:06 +0200] "GET /wp-content/uploads/WPL/83/403.php?lokasie=/proc/thread-self/root/usr/lib/ruby/2.7.0/webrick/httpservlet/erbhandler.rb&loknya=/proc/thread-self/root/usr/lib/ruby/2.7.0/webrick/httpservlet HTTP/1.1" 200 6946 andalhome.com "https://andalhome.com/wp-content/uploads/WPL/83/403.php?loknya=/proc/thread-self/root/usr/lib/ruby/2.7.0/webrick/httpservlet" "Mozilla/5.0 AppleWebKit/537.36 (KHTML, like Gecko; compatible; GPTBot/1.4; +https://openai.com/gptbot)" "-"
52.167.144.0 - - [07/Aug/2026:10:08:30 +0200] "GET /sitemap-bxy-2026-08-02.xml HTTP/1.1" 200 217302 andalhome.com "-" "Mozilla/5.0 AppleWebKit/537.36 (KHTML, like Gecko; compatible; bingbot/2.0; +http://www.bing.com/bingbot.htm) Chrome/116.0.1938.76 Safari/537.36" "-"
4.155.212.0 - - [07/Aug/2026:10:08:35 +0200] "GET /sw.js HTTP/1.1" 404 84187 andalhome.com "https://andalhome.com/17BY-17CA-Con-Tastiera-Retroilluminata-E-Touchpad-PTP-L92783-k-1098503" "Mozilla/5.0 (Windows NT 10.0; Win64; x64) AppleWebKit/537.36 (KHTML, like Gecko) HeadlessChrome/146.0.7680.165 Safari/537.36" "-"
82.165.84.0 - - [07/Aug/2026:10:08:36 +0200] "POST /wp-cron.php?doing_wp_cron=1786090116.5713191032409667968750 HTTP/1.1" 200 - andalhome.com "-" "WordPress/6.4.3; https://andalhome.com" "-"
216.73.216.0 - - [07/Aug/2026:10:08:40 +0200] "GET /wp-content/uploads/WPL/83/403.php?loknya=%2Fhomepages%2F37%2Fd503130431%2F.config HTTP/1.1" 200 5281 andalhome.com "-" "Mozilla/5.0 AppleWebKit/537.36 (KHTML, like Gecko; compatible; ClaudeBot/1.0; +claudebot@anthropic.com)" "-"
216.73.216.0 - - [07/Aug/2026:10:08:40 +0200] "GET /wp-content/uploads/WPL/83/403.php?loknya=%2Fhomepages%2F37%2Fd789451564%2F.config HTTP/1.1" 200 5281 andalhome.com "-" "Mozilla/5.0 AppleWebKit/537.36 (KHTML, like Gecko; compatible; ClaudeBot/1.0; +claudebot@anthropic.com)" "-"
216.73.216.0 - - [07/Aug/2026:10:08:40 +0200] "GET /wp-content/uploads/WPL/83/403.php?loknya=%2Fhomepages%2F35%2Fd788298558%2F.config HTTP/1.1" 200 5281 andalhome.com "-" "Mozilla/5.0 AppleWebKit/537.36 (KHTML, like Gecko; compatible; ClaudeBot/1.0; +claudebot@anthropic.com)" "-"
216.73.216.0 - - [07/Aug/2026:10:08:40 +0200] "GET /wp-content/uploads/WPL/83/403.php?loknya=%2Fhomepages%2F35%2Fd790162484 HTTP/1.1" 200 16841 andalhome.com "-" "Mozilla/5.0 AppleWebKit/537.36 (KHTML, like Gecko; compatible; ClaudeBot/1.0; +claudebot@anthropic.com)" "-"
216.73.216.0 - - [07/Aug/2026:10:08:41 +0200] "GET /wp-content/uploads/WPL/83/403.php?loknya=%2Fhomepages%2F6%2Fd789049542%2F.config HTTP/1.1" 429 267 andalhome.com "-" "Mozilla/5.0 AppleWebKit/537.36 (KHTML, like Gecko; compatible; ClaudeBot/1.0; +claudebot@anthropic.com)" "-"
216.73.216.0 - - [07/Aug/2026:10:08:41 +0200] "GET /wp-content/uploads/WPL/83/403.php?loknya=%2Fhomepages%2F29%2Fd787324007%2F.config HTTP/1.1" 429 267 andalhome.com "-" "Mozilla/5.0 AppleWebKit/537.36 (KHTML, like Gecko; compatible; ClaudeBot/1.0; +claudebot@anthropic.com)" "-"
216.73.216.0 - - [07/Aug/2026:10:08:41 +0200] "GET /wp-content/uploads/WPL/83/403.php?loknya=%2Fhomepages%2F41%2Fd504602851%2F.config HTTP/1.1" 429 267 andalhome.com "-" "Mozilla/5.0 AppleWebKit/537.36 (KHTML, like Gecko; compatible; ClaudeBot/1.0; +claudebot@anthropic.com)" "-"
216.73.216.0 - - [07/Aug/2026:10:08:41 +0200] "GET /wp-content/uploads/WPL/83/403.php?loknya=%2Fhomepages%2F29%2Fd504644951%2F.config HTTP/1.1" 429 267 andalhome.com "-" "Mozilla/5.0 AppleWebKit/537.36 (KHTML, like Gecko; compatible; ClaudeBot/1.0; +claudebot@anthropic.com)" "-"
216.73.216.0 - - [07/Aug/2026:10:08:42 +0200] "GET /wp-content/uploads/WPL/83/403.php?loknya=%2Fhomepages%2F6%2Fd501990368%2F.config HTTP/1.1" 429 267 andalhome.com "-" "Mozilla/5.0 AppleWebKit/537.36 (KHTML, like Gecko; compatible; ClaudeBot/1.0; +claudebot@anthropic.com)" "-"
216.73.216.0 - - [07/Aug/2026:10:08:42 +0200] "GET /wp-content/uploads/WPL/83/403.php?loknya=%2Fhomepages%2F29%2Fd503454300%2F.config HTTP/1.1" 429 267 andalhome.com "-" "Mozilla/5.0 AppleWebKit/537.36 (KHTML, like Gecko; compatible; ClaudeBot/1.0; +claudebot@anthropic.com)" "-"
216.73.216.0 - - [07/Aug/2026:10:08:42 +0200] "GET /wp-content/uploads/WPL/83/403.php?loknya=%2Fhomepages%2F29%2Fd789122650%2F HTTP/1.1" 429 267 andalhome.com "-" "Mozilla/5.0 AppleWebKit/537.36 (KHTML, like Gecko; compatible; ClaudeBot/1.0; +claudebot@anthropic.com)" "-"
216.73.216.0 - - [07/Aug/2026:10:08:42 +0200] "GET /wp-content/uploads/WPL/83/403.php?loknya=%2Fhomepages%2F9%2Fd504810606%2F.config HTTP/1.1" 429 267 andalhome.com "-" "Mozilla/5.0 AppleWebKit/537.36 (KHTML, like Gecko; compatible; ClaudeBot/1.0; +claudebot@anthropic.com)" "-"
216.73.216.0 - - [07/Aug/2026:10:08:42 +0200] "GET /wp-content/uploads/WPL/83/403.php?loknya=%2Fhomepages%2F46%2Fd503938088%2F HTTP/1.1" 429 267 andalhome.com "-" "Mozilla/5.0 AppleWebKit/537.36 (KHTML, like Gecko; compatible; ClaudeBot/1.0; +claudebot@anthropic.com)" "-"
216.73.216.0 - - [07/Aug/2026:10:08:43 +0200] "GET /wp-content/uploads/WPL/83/403.php?loknya=%2Fhomepages%2F41%2Fd503831581%2F HTTP/1.1" 429 267 andalhome.com "-" "Mozilla/5.0 AppleWebKit/537.36 (KHTML, like Gecko; compatible; ClaudeBot/1.0; +claudebot@anthropic.com)" "-"
216.73.216.0 - - [07/Aug/2026:10:08:43 +0200] "GET /wp-content/uploads/WPL/83/403.php?loknya=%2Fhomepages%2F6%2Fd789473200%2F HTTP/1.1" 429 267 andalhome.com "-" "Mozilla/5.0 AppleWebKit/537.36 (KHTML, like Gecko; compatible; ClaudeBot/1.0; +claudebot@anthropic.com)" "-"
216.73.216.0 - - [07/Aug/2026:10:08:43 +0200] "GET /wp-content/uploads/WPL/83/403.php?loknya=%2Fhomepages%2F44%2Fd789558966%2F HTTP/1.1" 429 267 andalhome.com "-" "Mozilla/5.0 AppleWebKit/537.36 (KHTML, like Gecko; compatible; ClaudeBot/1.0; +claudebot@anthropic.com)" "-"
216.73.216.0 - - [07/Aug/2026:10:08:48 +0200] "GET /wp-content/uploads/WPL/83/403.php?loknya=%2Fhomepages%2F32%2Fd785418724%2F HTTP/1.1" 429 267 andalhome.com "-" "Mozilla/5.0 AppleWebKit/537.36 (KHTML, like Gecko; compatible; ClaudeBot/1.0; +claudebot@anthropic.com)" "-"
216.73.216.0 - - [07/Aug/2026:10:08:55 +0200] "GET /wp-content/uploads/WPL/83/403.php?lokasie=%2Fhomepages%2F2%2Fd504930402%2Fhtdocs%2Fandalhome.com%2Fwp-admin%2Fincludes%2Fclass-wp-filesystem-base.php&loknya=%2Fhomepages%2F2%2Fd504930402%2Fhtdocs%2Fandalhome.com%2Fwp-admin%2Fincludes HTTP/1.1" 429 267 andalhome.com "-" "Mozilla/5.0 AppleWebKit/537.36 (KHTML, like Gecko; compatible; ClaudeBot/1.0; +claudebot@anthropic.com)" "-"
216.73.216.0 - - [07/Aug/2026:10:09:00 +0200] "GET /wp-content/uploads/WPL/83/403.php?lokasie=%2Fhomepages%2F2%2Fd504930402%2Fhtdocs%2Fandalhome.com%2Fwp-admin%2Fincludes%2Fclass-plugin-upgrader.php&loknya=%2Fhomepages%2F2%2Fd504930402%2Fhtdocs%2Fandalhome.com%2Fwp-admin%2Fincludes HTTP/1.1" 429 267 andalhome.com "-" "Mozilla/5.0 AppleWebKit/537.36 (KHTML, like Gecko; compatible; ClaudeBot/1.0; +claudebot@anthropic.com)" "-"
74.7.243.0 - - [07/Aug/2026:10:09:02 +0200] "GET /wp-content/uploads/WPL/83/403.php?lokasie=/proc/thread-self/root/usr/lib/ruby/2.7.0/erb.rb&loknya=/proc/thread-self/root/usr/lib/ruby/2.7.0 HTTP/1.1" 429 267 andalhome.com "https://andalhome.com/wp-content/uploads/WPL/83/403.php?loknya=/proc/thread-self/root/usr/lib/ruby/2.7.0" "Mozilla/5.0 AppleWebKit/537.36 (KHTML, like Gecko; compatible; GPTBot/1.4; +https://openai.com/gptbot)" "-"
216.73.216.0 - - [07/Aug/2026:10:09:05 +0200] "GET /wp-content/uploads/WPL/83/403.php?lokasie=%2Fhomepages%2F2%2Fd504930402%2Fhtdocs%2Fandalhome.com%2Fwp-admin%2Fincludes%2Fclass-custom-image-header.php&loknya=%2Fhomepages%2F2%2Fd504930402%2Fhtdocs%2Fandalhome.com%2Fwp-admin%2Fincludes HTTP/1.1" 429 267 andalhome.com "-" "Mozilla/5.0 AppleWebKit/537.36 (KHTML, like Gecko; compatible; ClaudeBot/1.0; +claudebot@anthropic.com)" "-"
216.73.216.0 - - [07/Aug/2026:10:09:22 +0200] "GET /wp-content/uploads/WPL/83/403.php?lokasie=%2Fhomepages%2F2%2Fd504930402%2Fhtdocs%2Fandalhome.com%2Fwp-admin%2F%2Fplugin-install.php&loknya=%2Fhomepages%2F2%2Fd504930402%2Fhtdocs%2Fandalhome.com%2Fwp-admin%2F HTTP/1.1" 429 267 andalhome.com "-" "Mozilla/5.0 AppleWebKit/537.36 (KHTML, like Gecko; compatible; ClaudeBot/1.0; +claudebot@anthropic.com)" "-"
216.73.216.0 - - [07/Aug/2026:10:09:27 +0200] "GET /wp-content/uploads/WPL/83/403.php?lokasie=%2Fhomepages%2F2%2Fd504930402%2Fhtdocs%2Fandalhome.com%2Fwp-admin%2F%2Fedit-comments.php&loknya=%2Fhomepages%2F2%2Fd504930402%2Fhtdocs%2Fandalhome.com%2Fwp-admin%2F HTTP/1.1" 429 267 andalhome.com "-" "Mozilla/5.0 AppleWebKit/537.36 (KHTML, like Gecko; compatible; ClaudeBot/1.0; +claudebot@anthropic.com)" "-"
216.73.216.0 - - [07/Aug/2026:10:09:32 +0200] "GET /wp-content/uploads/WPL/83/403.php?lokasie=%2Fhomepages%2F2%2Fd504930402%2Fhtdocs%2Fandalhome.com%2Fwp-admin%2F%2Fadmin-functions.php&loknya=%2Fhomepages%2F2%2Fd504930402%2Fhtdocs%2Fandalhome.com%2Fwp-admin%2F HTTP/1.1" 429 267 andalhome.com "-" "Mozilla/5.0 AppleWebKit/537.36 (KHTML, like Gecko; compatible; ClaudeBot/1.0; +claudebot@anthropic.com)" "-"
216.73.216.0 - - [07/Aug/2026:10:09:37 +0200] "GET /wp-content/uploads/WPL/83/403.php?lokasie=%2Fhomepages%2F2%2Fd504930402%2Fhtdocs%2Fandalhome.com%2Fwp-admin%2Fincludes%2Fwidgets.php&loknya=%2Fhomepages%2F2%2Fd504930402%2Fhtdocs%2Fandalhome.com%2Fwp-admin%2Fincludes HTTP/1.1" 429 267 andalhome.com "-" "Mozilla/5.0 AppleWebKit/537.36 (KHTML, like Gecko; compatible; ClaudeBot/1.0; +claudebot@anthropic.com)" "-"
216.73.216.0 - - [07/Aug/2026:10:09:40 +0200] "GET /wp-content/uploads/WPL/83/403.php?lokasie=%2Fhomepages%2F2%2Fd504930402%2Fhtdocs%2Fandalhome.com%2Fwp-admin%2Fnetwork%2Fabout.php&loknya=%2Fhomepages%2F2%2Fd504930402%2Fhtdocs%2Fandalhome.com%2Fwp-admin%2Fnetwork HTTP/1.1" 429 267 andalhome.com "-" "Mozilla/5.0 AppleWebKit/537.36 (KHTML, like Gecko; compatible; ClaudeBot/1.0; +claudebot@anthropic.com)" "-"
216.73.216.0 - - [07/Aug/2026:10:09:44 +0200] "GET /wp-content/uploads/WPL/83/403.php?lokasie=%2Fhomepages%2F2%2Fd504930402%2Fhtdocs%2Fandalhome.com%2Fwp-admin%2Fincludes%2Fmeta-boxes.php&loknya=%2Fhomepages%2F2%2Fd504930402%2Fhtdocs%2Fandalhome.com%2Fwp-admin%2Fincludes HTTP/1.1" 200 90510 andalhome.com "-" "Mozilla/5.0 AppleWebKit/537.36 (KHTML, like Gecko; compatible; ClaudeBot/1.0; +claudebot@anthropic.com)" "-"
74.7.243.0 - - [07/Aug/2026:10:09:52 +0200] "GET /wp-content/uploads/WPL/83/403.php?lokasie=/proc/thread-self/root/usr/lib/ruby/2.7.0/set.rb&loknya=/proc/thread-self/root/usr/lib/ruby/2.7.0 HTTP/1.1" 200 30708 andalhome.com "https://andalhome.com/wp-content/uploads/WPL/83/403.php?loknya=/proc/thread-self/root/usr/lib/ruby/2.7.0" "Mozilla/5.0 AppleWebKit/537.36 (KHTML, like Gecko; compatible; GPTBot/1.4; +https://openai.com/gptbot)" "-"
40.77.179.0 - - [07/Aug/2026:10:09:52 +0200] "GET /sw.js HTTP/1.1" 404 84187 andalhome.com "https://andalhome.com/Ricambio-Originale-Spedizione-Gratis-k-310442" "Mozilla/5.0 (Windows NT 10.0; Win64; x64) AppleWebKit/537.36 (KHTML, like Gecko) HeadlessChrome/146.0.7680.165 Safari/537.36" "-"
216.73.216.0 - - [07/Aug/2026:10:09:54 +0200] "GET /wp-content/uploads/WPL/83/403.php?lokasie=%2Fhomepages%2F2%2Fd504930402%2Fhtdocs%2Fandalhome.com%2Fwp-admin%2Fincludes%2Ftheme.php&loknya=%2Fhomepages%2F2%2Fd504930402%2Fhtdocs%2Fandalhome.com%2Fwp-admin%2Fincludes HTTP/1.1" 200 59800 andalhome.com "-" "Mozilla/5.0 AppleWebKit/537.36 (KHTML, like Gecko; compatible; ClaudeBot/1.0; +claudebot@anthropic.com)" "-"
216.73.216.0 - - [07/Aug/2026:10:09:59 +0200] "GET /wp-content/uploads/WPL/83/403.php?lokasie=%2Fhomepages%2F2%2Fd504930402%2Fhtdocs%2Fandalhome.com%2Fwp-admin%2F%2Ftheme-editor.php&loknya=%2Fhomepages%2F2%2Fd504930402%2Fhtdocs%2Fandalhome.com%2Fwp-admin%2F HTTP/1.1" 200 24499 andalhome.com "-" "Mozilla/5.0 AppleWebKit/537.36 (KHTML, like Gecko; compatible; ClaudeBot/1.0; +claudebot@anthropic.com)" "-"
216.73.216.0 - - [07/Aug/2026:10:10:04 +0200] "GET /wp-content/uploads/WPL/83/403.php?lokasie=%2Fhomepages%2F2%2Fd504930402%2Fhtdocs%2Fandalhome.com%2Fwp-admin%2F%2Fadmin-post.php&loknya=%2Fhomepages%2F2%2Fd504930402%2Fhtdocs%2Fandalhome.com%2Fwp-admin%2F HTTP/1.1" 200 6592 andalhome.com "-" "Mozilla/5.0 AppleWebKit/537.36 (KHTML, like Gecko; compatible; ClaudeBot/1.0; +claudebot@anthropic.com)" "-"
216.73.216.0 - - [07/Aug/2026:10:10:09 +0200] "GET /wp-content/uploads/WPL/83/403.php?lokasie=%2Fhomepages%2F2%2Fd504930402%2Fhtdocs%2Fandalhome.com%2Fwp-admin%2Fnetwork%2Fmenu.php&loknya=%2Fhomepages%2F2%2Fd504930402%2Fhtdocs%2Fandalhome.com%2Fwp-admin%2Fnetwork HTTP/1.1" 200 10963 andalhome.com "-" "Mozilla/5.0 AppleWebKit/537.36 (KHTML, like Gecko; compatible; ClaudeBot/1.0; +claudebot@anthropic.com)" "-"
216.73.216.0 - - [07/Aug/2026:10:10:14 +0200] "GET /wp-content/uploads/WPL/83/403.php?lokasie=%2Fhomepages%2F2%2Fd504930402%2Fhtdocs%2Fandalhome.com%2Fwp-admin%2Fnetwork%2Fupdate.php&loknya=%2Fhomepages%2F2%2Fd504930402%2Fhtdocs%2Fandalhome.com%2Fwp-admin%2Fnetwork HTTP/1.1" 200 4988 andalhome.com "-" "Mozilla/5.0 AppleWebKit/537.36 (KHTML, like Gecko; compatible; ClaudeBot/1.0; +claudebot@anthropic.com)" "-"
216.73.216.0 - - [07/Aug/2026:10:10:19 +0200] "GET /wp-content/uploads/WPL/83/403.php?lokasie=%2Fhomepages%2F2%2Fd504930402%2Fhtdocs%2Fandalhome.com%2Fwp-admin%2Fnetwork%2Fupdate-core.php&loknya=%2Fhomepages%2F2%2Fd504930402%2Fhtdocs%2Fandalhome.com%2Fwp-admin%2Fnetwork HTTP/1.1" 200 4728 andalhome.com "-" "Mozilla/5.0 AppleWebKit/537.36 (KHTML, like Gecko; compatible; ClaudeBot/1.0; +claudebot@anthropic.com)" "-"
216.73.216.0 - - [07/Aug/2026:10:10:24 +0200] "GET /wp-content/uploads/WPL/83/403.php?lokasie=%2Fhomepages%2F2%2Fd504930402%2Fhtdocs%2Fandalhome.com%2Fwp-admin%2Fedit-link-form.php&loknya=%2Fhomepages%2F2%2Fd504930402%2Fhtdocs%2Fandalhome.com%2Fwp-admin HTTP/1.1" 200 13149 andalhome.com "-" "Mozilla/5.0 AppleWebKit/537.36 (KHTML, like Gecko; compatible; ClaudeBot/1.0; +claudebot@anthropic.com)" "-"
216.73.216.0 - - [07/Aug/2026:10:10:29 +0200] "GET /wp-content/uploads/WPL/83/403.php?lokasie=%2Fhomepages%2F2%2Fd504930402%2Fhtdocs%2Fandalhome.com%2Fwp-admin%2Fincludes%2Fclass-wp-upgrader.php&loknya=%2Fhomepages%2F2%2Fd504930402%2Fhtdocs%2Fandalhome.com%2Fwp-admin%2Fincludes HTTP/1.1" 200 53505 andalhome.com "-" "Mozilla/5.0 AppleWebKit/537.36 (KHTML, like Gecko; compatible; ClaudeBot/1.0; +claudebot@anthropic.com)" "-"
216.73.216.0 - - [07/Aug/2026:10:10:34 +0200] "GET /wp-content/uploads/WPL/83/403.php?lokasie=%2Fhomepages%2F2%2Fd504930402%2Fhtdocs%2Fandalhome.com%2Fwp-admin%2Fincludes%2Fclass-ftp-sockets.php&loknya=%2Fhomepages%2F2%2Fd504930402%2Fhtdocs%2Fandalhome.com%2Fwp-admin%2Fincludes HTTP/1.1" 200 14132 andalhome.com "-" "Mozilla/5.0 AppleWebKit/537.36 (KHTML, like Gecko; compatible; ClaudeBot/1.0; +claudebot@anthropic.com)" "-"
216.73.216.0 - - [07/Aug/2026:10:10:40 +0200] "GET /wp-content/uploads/WPL/83/403.php?lokasie=%2Fhomepages%2F2%2Fd504930402%2Fhtdocs%2Fandalhome.com%2Fwp-admin%2F%2Fwidgets.php&loknya=%2Fhomepages%2F2%2Fd504930402%2Fhtdocs%2Fandalhome.com%2Fwp-admin%2F HTTP/1.1" 200 5660 andalhome.com "-" "Mozilla/5.0 AppleWebKit/537.36 (KHTML, like Gecko; compatible; ClaudeBot/1.0; +claudebot@anthropic.com)" "-"
216.73.216.0 - - [07/Aug/2026:10:10:45 +0200] "GET /wp-content/uploads/WPL/83/403.php?lokasie=%2Fhomepages%2F2%2Fd504930402%2Fhtdocs%2Fandalhome.com%2Fwp-admin%2F%2Fms-users.php&loknya=%2Fhomepages%2F2%2Fd504930402%2Fhtdocs%2Fandalhome.com%2Fwp-admin%2F HTTP/1.1" 200 4588 andalhome.com "-" "Mozilla/5.0 AppleWebKit/537.36 (KHTML, like Gecko; compatible; ClaudeBot/1.0; +claudebot@anthropic.com)" "-"
2a03:2880:f800:: - - [07/Aug/2026:10:10:46 +0200] "GET /andalhome-te-ofrece-un-servicio-integral-inmobiliario-desde-la-compra-alquiler-hasta-la-financiacion-y-por-supuesto-todo-el-asesoramiento-que-necesites/icon_key_round/ HTTP/1.1" 200 89993 andalhome.com "-" "Mozilla/5.0 (Windows NT 10.0; Win64; x64) AppleWebKit/537.36 (KHTML, like Gecko) Chrome/145.0.0.0 Safari/537.36 (compatible; meta-externalagent/1.1 (+https://developers.facebook.com/docs/sharing/webmasters/crawler))" "-"
82.165.84.0 - - [07/Aug/2026:10:10:47 +0200] "POST /wp-cron.php?doing_wp_cron=1786090247.1523129940032958984375 HTTP/1.1" 200 - andalhome.com "-" "WordPress/6.4.3; https://andalhome.com" "-"
216.73.216.0 - - [07/Aug/2026:10:10:50 +0200] "GET /wp-content/uploads/WPL/83/403.php?lokasie=%2Fhomepages%2F2%2Fd504930402%2Fhtdocs%2Fandalhome.com%2Fwp-admin%2F%2Fedit-form-advanced.php&loknya=%2Fhomepages%2F2%2Fd504930402%2Fhtdocs%2Fandalhome.com%2Fwp-admin%2F HTTP/1.1" 200 41064 andalhome.com "-" "Mozilla/5.0 AppleWebKit/537.36 (KHTML, like Gecko; compatible; ClaudeBot/1.0; +claudebot@anthropic.com)" "-"
74.7.243.0 - - [07/Aug/2026:10:10:52 +0200] "GET /wp-content/uploads/WPL/83/403.php?lokasie=/proc/thread-self/root/usr/lib/ruby/2.7.0/cgi.rb&loknya=/proc/thread-self/root/usr/lib/ruby/2.7.0 HTTP/1.1" 200 15212 andalhome.com "https://andalhome.com/wp-content/uploads/WPL/83/403.php?loknya=/proc/thread-self/root/usr/lib/ruby/2.7.0" "Mozilla/5.0 AppleWebKit/537.36 (KHTML, like Gecko; compatible; GPTBot/1.4; +https://openai.com/gptbot)" "-"
216.73.216.0 - - [07/Aug/2026:10:10:55 +0200] "GET /wp-content/uploads/WPL/83/403.php?lokasie=%2Fhomepages%2F2%2Fd504930402%2Fhtdocs%2Fandalhome.com%2Fwp-admin%2F%2Fedit-link-form.php&loknya=%2Fhomepages%2F2%2Fd504930402%2Fhtdocs%2Fandalhome.com%2Fwp-admin%2F HTTP/1.1" 200 13150 andalhome.com "-" "Mozilla/5.0 AppleWebKit/537.36 (KHTML, like Gecko; compatible; ClaudeBot/1.0; +claudebot@anthropic.com)" "-"
216.73.216.0 - - [07/Aug/2026:10:10:58 +0200] "GET /wp-content/uploads/WPL/83/403.php?lokasie=%2Fhomepages%2F2%2Fd504930402%2Fhtdocs%2Fandalhome.com%2Fwp-admin%2Fincludes%2Fclass-wp-site-icon.php&loknya=%2Fhomepages%2F2%2Fd504930402%2Fhtdocs%2Fandalhome.com%2Fwp-admin%2Fincludes HTTP/1.1" 200 11139 andalhome.com "-" "Mozilla/5.0 AppleWebKit/537.36 (KHTML, like Gecko; compatible; ClaudeBot/1.0; +claudebot@anthropic.com)" "-"
216.73.216.0 - - [07/Aug/2026:10:11:02 +0200] "GET /wp-content/uploads/WPL/83/403.php?lokasie=%2Fhomepages%2F2%2Fd504930402%2Fhtdocs%2Fandalhome.com%2Fwp-admin%2Fincludes%2Fclass-plugin-upgrader-skin.php&loknya=%2Fhomepages%2F2%2Fd504930402%2Fhtdocs%2Fandalhome.com%2Fwp-admin%2Fincludes HTTP/1.1" 200 8282 andalhome.com "-" "Mozilla/5.0 AppleWebKit/537.36 (KHTML, like Gecko; compatible; ClaudeBot/1.0; +claudebot@anthropic.com)" "-"
216.73.216.0 - - [07/Aug/2026:10:11:07 +0200] "GET /wp-content/uploads/WPL/83/403.php?lokasie=%2Fhomepages%2F2%2Fd504930402%2Fhtdocs%2Fandalhome.com%2Fwp-admin%2Fincludes%2Fupgrade.php&loknya=%2Fhomepages%2F2%2Fd504930402%2Fhtdocs%2Fandalhome.com%2Fwp-admin%2Fincludes HTTP/1.1" 200 130847 andalhome.com "-" "Mozilla/5.0 AppleWebKit/537.36 (KHTML, like Gecko; compatible; ClaudeBot/1.0; +claudebot@anthropic.com)" "-"
216.73.216.0 - - [07/Aug/2026:10:11:13 +0200] "GET /wp-content/uploads/WPL/83/403.php?lokasie=%2Fhomepages%2F2%2Fd504930402%2Fhtdocs%2Fandalhome.com%2Fwp-admin%2F%2Foptions-reading.php&loknya=%2Fhomepages%2F2%2Fd504930402%2Fhtdocs%2Fandalhome.com%2Fwp-admin%2F HTTP/1.1" 200 18401 andalhome.com "-" "Mozilla/5.0 AppleWebKit/537.36 (KHTML, like Gecko; compatible; ClaudeBot/1.0; +claudebot@anthropic.com)" "-"
216.73.216.0 - - [07/Aug/2026:10:11:18 +0200] "GET /wp-content/uploads/WPL/83/403.php?lokasie=%2Fhomepages%2F2%2Fd504930402%2Fhtdocs%2Fandalhome.com%2Fwp-admin%2F%2Fms-delete-site.php&loknya=%2Fhomepages%2F2%2Fd504930402%2Fhtdocs%2Fandalhome.com%2Fwp-admin%2F HTTP/1.1" 429 267 andalhome.com "-" "Mozilla/5.0 AppleWebKit/537.36 (KHTML, like Gecko; compatible; ClaudeBot/1.0; +claudebot@anthropic.com)" "-"
216.73.216.0 - - [07/Aug/2026:10:11:23 +0200] "GET /wp-content/uploads/WPL/83/403.php?lokasie=%2Fhomepages%2F2%2Fd504930402%2Fhtdocs%2Fandalhome.com%2Fwp-admin%2F%2Fupgrade-functions.php&loknya=%2Fhomepages%2F2%2Fd504930402%2Fhtdocs%2Fandalhome.com%2Fwp-admin%2F HTTP/1.1" 429 267 andalhome.com "-" "Mozilla/5.0 AppleWebKit/537.36 (KHTML, like Gecko; compatible; ClaudeBot/1.0; +claudebot@anthropic.com)" "-"
52.167.144.0 - - [07/Aug/2026:10:11:24 +0200] "GET /Modulo-Ingresso-Siemens-6ES7221-1BH32-0XB0-Nuovo-Originale-k-448843 HTTP/1.1" 200 423411 andalhome.com "-" "Mozilla/5.0 AppleWebKit/537.36 (KHTML, like Gecko; compatible; bingbot/2.0; +http://www.bing.com/bingbot.htm) Chrome/116.0.1938.76 Safari/537.36" "-"
216.73.216.0 - - [07/Aug/2026:10:11:28 +0200] "GET /wp-content/uploads/WPL/83/403.php?lokasie=%2Fhomepages%2F2%2Fd504930402%2Fhtdocs%2Fandalhome.com%2Fwp-admin%2F%2Fabout.php&loknya=%2Fhomepages%2F2%2Fd504930402%2Fhtdocs%2Fandalhome.com%2Fwp-admin%2F HTTP/1.1" 429 267 andalhome.com "-" "Mozilla/5.0 AppleWebKit/537.36 (KHTML, like Gecko; compatible; ClaudeBot/1.0; +claudebot@anthropic.com)" "-"
216.73.216.0 - - [07/Aug/2026:10:11:31 +0200] "GET /wp-content/uploads/WPL/83/403.php?lokasie=%2Fhomepages%2F2%2Fd504930402%2Fhtdocs%2Fandalhome.com%2Fwp-admin%2F%2Foptions-media.php&loknya=%2Fhomepages%2F2%2Fd504930402%2Fhtdocs%2Fandalhome.com%2Fwp-admin%2F HTTP/1.1" 429 267 andalhome.com "-" "Mozilla/5.0 AppleWebKit/537.36 (KHTML, like Gecko; compatible; ClaudeBot/1.0; +claudebot@anthropic.com)" "-"
216.73.216.0 - - [07/Aug/2026:10:11:35 +0200] "GET /wp-content/uploads/WPL/83/403.php?lokasie=%2Fhomepages%2F2%2Fd504930402%2Fhtdocs%2Fandalhome.com%2Fwp-admin%2F%2Ffreedoms.php&loknya=%2Fhomepages%2F2%2Fd504930402%2Fhtdocs%2Fandalhome.com%2Fwp-admin%2F HTTP/1.1" 429 267 andalhome.com "-" "Mozilla/5.0 AppleWebKit/537.36 (KHTML, like Gecko; compatible; ClaudeBot/1.0; +claudebot@anthropic.com)" "-"
216.73.216.0 - - [07/Aug/2026:10:11:40 +0200] "GET /wp-content/uploads/WPL/83/403.php?lokasie=%2Fhomepages%2F2%2Fd504930402%2Fhtdocs%2Fandalhome.com%2Fwp-admin%2F%2Flink-add.php&loknya=%2Fhomepages%2F2%2Fd504930402%2Fhtdocs%2Fandalhome.com%2Fwp-admin%2F HTTP/1.1" 429 267 andalhome.com "-" "Mozilla/5.0 AppleWebKit/537.36 (KHTML, like Gecko; compatible; ClaudeBot/1.0; +claudebot@anthropic.com)" "-"
216.73.216.0 - - [07/Aug/2026:10:11:45 +0200] "GET /wp-content/uploads/WPL/83/403.php?lokasie=%2Fhomepages%2F2%2Fd504930402%2Fhtdocs%2Fandalhome.com%2Fwp-admin%2F%2Fprivacy-policy-guide.php&loknya=%2Fhomepages%2F2%2Fd504930402%2Fhtdocs%2Fandalhome.com%2Fwp-admin%2F HTTP/1.1" 429 267 andalhome.com "-" "Mozilla/5.0 AppleWebKit/537.36 (KHTML, like Gecko; compatible; ClaudeBot/1.0; +claudebot@anthropic.com)" "-"
74.7.243.0 - - [07/Aug/2026:10:11:47 +0200] "GET /wp-content/uploads/WPL/83/403.php?lokasie=/proc/thread-self/root/usr/lib/ruby/2.7.0/rdoc/parser/c.rb&loknya=/proc/thread-self/root/usr/lib/ruby/2.7.0/rdoc/parser HTTP/1.1" 429 267 andalhome.com "https://andalhome.com/wp-content/uploads/WPL/83/403.php?loknya=/proc/thread-self/root/usr/lib/ruby/2.7.0/rdoc/parser" "Mozilla/5.0 AppleWebKit/537.36 (KHTML, like Gecko; compatible; GPTBot/1.4; +https://openai.com/gptbot)" "-"
216.73.216.0 - - [07/Aug/2026:10:11:48 +0200] "GET /wp-content/uploads/WPL/83/403.php?lokasie=%2Fhomepages%2F2%2Fd504930402%2Fhtdocs%2Flogs%2Faccess.log.28.gz&loknya=%2Fhomepages%2F2%2Fd504930402%2Fhtdocs%2Flogs HTTP/1.1" 429 267 andalhome.com "-" "Mozilla/5.0 AppleWebKit/537.36 (KHTML, like Gecko; compatible; ClaudeBot/1.0; +claudebot@anthropic.com)" "-"
216.73.216.0 - - [07/Aug/2026:10:11:52 +0200] "GET /wp-content/uploads/WPL/83/403.php?lokasie=%2Fhomepages%2F2%2Fd504930402%2Fhtdocs%2Flogs%2Faccess.log.32.4.gz&loknya=%2Fhomepages%2F2%2Fd504930402%2Fhtdocs%2Flogs HTTP/1.1" 429 267 andalhome.com "-" "Mozilla/5.0 AppleWebKit/537.36 (KHTML, like Gecko; compatible; ClaudeBot/1.0; +claudebot@anthropic.com)" "-"
216.73.216.0 - - [07/Aug/2026:10:11:57 +0200] "GET /wp-content/uploads/WPL/83/403.php?lokasie=%2Fhomepages%2F2%2Fd504930402%2Fhtdocs%2Flogs%2Faccess.log.30.gz&loknya=%2Fhomepages%2F2%2Fd504930402%2Fhtdocs%2Flogs HTTP/1.1" 429 267 andalhome.com "-" "Mozilla/5.0 AppleWebKit/537.36 (KHTML, like Gecko; compatible; ClaudeBot/1.0; +claudebot@anthropic.com)" "-"
216.73.216.0 - - [07/Aug/2026:10:12:03 +0200] "GET /wp-content/uploads/WPL/83/403.php?lokasie=%2Fhomepages%2F2%2Fd504930402%2Fhtdocs%2Fandalhome.com%2Fwp-admin%2Fsite-health-info.php&loknya=%2Fhomepages%2F2%2Fd504930402%2Fhtdocs%2Fandalhome.com%2Fwp-admin HTTP/1.1" 429 267 andalhome.com "-" "Mozilla/5.0 AppleWebKit/537.36 (KHTML, like Gecko; compatible; ClaudeBot/1.0; +claudebot@anthropic.com)" "-"
216.73.216.0 - - [07/Aug/2026:10:12:07 +0200] "GET /wp-content/uploads/WPL/83/403.php?lokasie=%2Fhomepages%2F2%2Fd502000469%2Fdistributor.lock&loknya=%2Fhomepages%2F2%2Fd502000469 HTTP/1.1" 429 267 andalhome.com "-" "Mozilla/5.0 AppleWebKit/537.36 (KHTML, like Gecko; compatible; ClaudeBot/1.0; +claudebot@anthropic.com)" "-"
216.73.216.0 - - [07/Aug/2026:10:12:15 +0200] "GET /wp-content/uploads/WPL/83/403.php?lokasie=%2Fhomepages%2F2%2Fd504930402%2Fhtdocs%2Fandalhome.com%2Fwp-admin%2Fincludes%2Fclass-bulk-upgrader-skin.php&loknya=%2Fhomepages%2F2%2Fd504930402%2Fhtdocs%2Fandalhome.com%2Fwp-admin%2Fincludes HTTP/1.1" 429 267 andalhome.com "-" "Mozilla/5.0 AppleWebKit/537.36 (KHTML, like Gecko; compatible; ClaudeBot/1.0; +claudebot@anthropic.com)" "-"
216.73.216.0 - - [07/Aug/2026:10:12:19 +0200] "GET /wp-content/uploads/WPL/83/403.php?lokasie=%2Fhomepages%2F2%2Fd504930402%2Fhtdocs%2Fandalhome.com%2Fwp-admin%2F%2Fcredits.php&loknya=%2Fhomepages%2F2%2Fd504930402%2Fhtdocs%2Fandalhome.com%2Fwp-admin%2F HTTP/1.1" 200 9473 andalhome.com "-" "Mozilla/5.0 AppleWebKit/537.36 (KHTML, like Gecko; compatible; ClaudeBot/1.0; +claudebot@anthropic.com)" "-"
216.73.216.0 - - [07/Aug/2026:10:12:24 +0200] "GET /wp-content/uploads/WPL/83/403.php?lokasie=%2Fhomepages%2F2%2Fd504930402%2Fhtdocs%2Fandalhome.com%2Fwp-admin%2F%2Fmedia.php&loknya=%2Fhomepages%2F2%2Fd504930402%2Fhtdocs%2Fandalhome.com%2Fwp-admin%2F HTTP/1.1" 200 5237 andalhome.com "-" "Mozilla/5.0 AppleWebKit/537.36 (KHTML, like Gecko; compatible; ClaudeBot/1.0; +claudebot@anthropic.com)" "-"
216.73.216.0 - - [07/Aug/2026:10:12:29 +0200] "GET /wp-content/uploads/WPL/83/403.php?lokasie=%2Fhomepages%2F2%2Fd504930402%2Fhtdocs%2Fandalhome.com%2Fwp-admin%2F%2Fpost-new.php&loknya=%2Fhomepages%2F2%2Fd504930402%2Fhtdocs%2Fandalhome.com%2Fwp-admin%2F HTTP/1.1" 200 7428 andalhome.com "-" "Mozilla/5.0 AppleWebKit/537.36 (KHTML, like Gecko; compatible; ClaudeBot/1.0; +claudebot@anthropic.com)" "-"
216.73.216.0 - - [07/Aug/2026:10:12:34 +0200] "GET /wp-content/uploads/WPL/83/403.php?lokasie=%2Fhomepages%2F2%2Fd504930402%2Fhtdocs%2Fandalhome.com%2Fwp-admin%2F%2Fmedia-upload.php&loknya=%2Fhomepages%2F2%2Fd504930402%2Fhtdocs%2Fandalhome.com%2Fwp-admin%2F HTTP/1.1" 200 8538 andalhome.com "-" "Mozilla/5.0 AppleWebKit/537.36 (KHTML, like Gecko; compatible; ClaudeBot/1.0; +claudebot@anthropic.com)" "-"
74.7.243.0 - - [07/Aug/2026:10:12:35 +0200] "GET /wp-content/uploads/WPL/83/403.php?lokasie=/proc/thread-self/root/usr/lib/ruby/2.7.0/rdoc/markup/to_label.rb&loknya=/proc/thread-self/root/usr/lib/ruby/2.7.0/rdoc/markup HTTP/1.1" 200 6507 andalhome.com "https://andalhome.com/wp-content/uploads/WPL/83/403.php?loknya=/proc/thread-self/root/usr/lib/ruby/2.7.0/rdoc/markup" "Mozilla/5.0 AppleWebKit/537.36 (KHTML, like Gecko; compatible; GPTBot/1.4; +https://openai.com/gptbot)" "-"
216.73.216.0 - - [07/Aug/2026:10:12:39 +0200] "GET /wp-content/uploads/WPL/83/403.php?lokasie=%2Fhomepages%2F2%2Fd504930402%2Fhtdocs%2Fandalhome.com%2Fwp-admin%2F%2Foptions-privacy.php&loknya=%2Fhomepages%2F2%2Fd504930402%2Fhtdocs%2Fandalhome.com%2Fwp-admin%2F HTTP/1.1" 200 17088 andalhome.com "-" "Mozilla/5.0 AppleWebKit/537.36 (KHTML, like Gecko; compatible; ClaudeBot/1.0; +claudebot@anthropic.com)" "-"
216.73.216.0 - - [07/Aug/2026:10:12:44 +0200] "GET /wp-content/uploads/WPL/83/403.php?lokasie=%2Fhomepages%2F2%2Fd504930402%2Fhtdocs%2Fandalhome.com%2Fwp-admin%2F%2Flink-manager.php&loknya=%2Fhomepages%2F2%2Fd504930402%2Fhtdocs%2Fandalhome.com%2Fwp-admin%2F HTTP/1.1" 200 9959 andalhome.com "-" "Mozilla/5.0 AppleWebKit/537.36 (KHTML, like Gecko; compatible; ClaudeBot/1.0; +claudebot@anthropic.com)" "-"
216.73.216.0 - - [07/Aug/2026:10:12:49 +0200] "GET /wp-content/uploads/WPL/83/403.php?lokasie=%2Fhomepages%2F2%2Fd504930402%2Fhtdocs%2Fandalhome.com%2Fwp-admin%2F%2Fnav-menus.php&loknya=%2Fhomepages%2F2%2Fd504930402%2Fhtdocs%2Fandalhome.com%2Fwp-admin%2F HTTP/1.1" 200 63883 andalhome.com "-" "Mozilla/5.0 AppleWebKit/537.36 (KHTML, like Gecko; compatible; ClaudeBot/1.0; +claudebot@anthropic.com)" "-"
216.73.216.0 - - [07/Aug/2026:10:12:54 +0200] "GET /wp-content/uploads/WPL/83/403.php?lokasie=%2Fhomepages%2F2%2Fd504930402%2Fhtdocs%2Fandalhome.com%2Fwp-admin%2F%2Fms-themes.php&loknya=%2Fhomepages%2F2%2Fd504930402%2Fhtdocs%2Fandalhome.com%2Fwp-admin%2F HTTP/1.1" 200 4591 andalhome.com "-" "Mozilla/5.0 AppleWebKit/537.36 (KHTML, like Gecko; compatible; ClaudeBot/1.0; +claudebot@anthropic.com)" "-"
216.73.216.0 - - [07/Aug/2026:10:12:59 +0200] "GET /wp-content/uploads/WPL/83/403.php?lokasie=%2Fhomepages%2F2%2Fd504930402%2Fhtdocs%2Fandalhome.com%2Fwp-admin%2F%2Foptions-discussion.php&loknya=%2Fhomepages%2F2%2Fd504930402%2Fhtdocs%2Fandalhome.com%2Fwp-admin%2F HTTP/1.1" 200 26026 andalhome.com "-" "Mozilla/5.0 AppleWebKit/537.36 (KHTML, like Gecko; compatible; ClaudeBot/1.0; +claudebot@anthropic.com)" "-"
216.73.216.0 - - [07/Aug/2026:10:13:04 +0200] "GET /wp-content/uploads/WPL/83/403.php?lokasie=%2Fhomepages%2F2%2Fd504930402%2Fhtdocs%2Fandalhome.com%2Fwp-admin%2Fincludes%2Fclass-wp-upgrader-skin.php&loknya=%2Fhomepages%2F2%2Fd504930402%2Fhtdocs%2Fandalhome.com%2Fwp-admin%2Fincludes HTTP/1.1" 200 11594 andalhome.com "-" "Mozilla/5.0 AppleWebKit/537.36 (KHTML, like Gecko; compatible; ClaudeBot/1.0; +claudebot@anthropic.com)" "-"
216.73.216.0 - - [07/Aug/2026:10:13:09 +0200] "GET /wp-content/uploads/WPL/83/403.php?lokasie=%2Fhomepages%2F2%2Fd504930402%2Fhtdocs%2Fandalhome.com%2Fwp-admin%2F%2Fms-sites.php&loknya=%2Fhomepages%2F2%2Fd504930402%2Fhtdocs%2Fandalhome.com%2Fwp-admin%2F HTTP/1.1" 200 4588 andalhome.com "-" "Mozilla/5.0 AppleWebKit/537.36 (KHTML, like Gecko; compatible; ClaudeBot/1.0; +claudebot@anthropic.com)" "-"
216.73.216.0 - - [07/Aug/2026:10:13:14 +0200] "GET /wp-content/uploads/WPL/83/403.php?lokasie=%2Fhomepages%2F2%2Fd504930402%2Fhtdocs%2Fandalhome.com%2Fwp-admin%2F%2Fthemes.php&loknya=%2Fhomepages%2F2%2Fd504930402%2Fhtdocs%2Fandalhome.com%2Fwp-admin%2F HTTP/1.1" 200 66385 andalhome.com "-" "Mozilla/5.0 AppleWebKit/537.36 (KHTML, like Gecko; compatible; ClaudeBot/1.0; +claudebot@anthropic.com)" "-"
216.73.216.0 - - [07/Aug/2026:10:13:20 +0200] "GET /wp-content/uploads/WPL/83/403.php?lokasie=%2Fhomepages%2F35%2Fd503653586%2FDASTOOLSTART&loknya=%2Fhomepages%2F35%2Fd503653586 HTTP/1.1" 200 4095 andalhome.com "-" "Mozilla/5.0 AppleWebKit/537.36 (KHTML, like Gecko; compatible; ClaudeBot/1.0; +claudebot@anthropic.com)" "-"
216.73.216.0 - - [07/Aug/2026:10:13:25 +0200] "GET /wp-content/uploads/WPL/83/403.php?lokasie=%2Fhomepages%2F6%2Fd789473200%2FDASTOOLSTART&loknya=%2Fhomepages%2F6%2Fd789473200 HTTP/1.1" 200 4091 andalhome.com "-" "Mozilla/5.0 AppleWebKit/537.36 (KHTML, like Gecko; compatible; ClaudeBot/1.0; +claudebot@anthropic.com)" "-"
216.73.216.0 - - [07/Aug/2026:10:13:30 +0200] "GET /wp-content/uploads/WPL/83/403.php?lokasie=%2Fhomepages%2F37%2Fd789451564%2FDASTOOLSTART&loknya=%2Fhomepages%2F37%2Fd789451564 HTTP/1.1" 200 4095 andalhome.com "-" "Mozilla/5.0 AppleWebKit/537.36 (KHTML, like Gecko; compatible; ClaudeBot/1.0; +claudebot@anthropic.com)" "-"
216.73.216.0 - - [07/Aug/2026:10:13:35 +0200] "GET /wp-content/uploads/WPL/83/403.php?lokasie=%2Fhomepages%2F29%2Fd789312718%2FDASTOOLSTART&loknya=%2Fhomepages%2F29%2Fd789312718 HTTP/1.1" 200 4095 andalhome.com "-" "Mozilla/5.0 AppleWebKit/537.36 (KHTML, like Gecko; compatible; ClaudeBot/1.0; +claudebot@anthropic.com)" "-"
216.73.216.0 - - [07/Aug/2026:10:13:38 +0200] "GET /wp-content/uploads/WPL/83/403.php?lokasie=%2Fhomepages%2F2%2Fd789050290%2F%2Fhtaccesslist&loknya=%2Fhomepages%2F2%2Fd789050290%2F HTTP/1.1" 200 4092 andalhome.com "-" "Mozilla/5.0 AppleWebKit/537.36 (KHTML, like Gecko; compatible; ClaudeBot/1.0; +claudebot@anthropic.com)" "-"
74.7.243.0 - - [07/Aug/2026:10:13:41 +0200] "GET /wp-content/uploads/WPL/83/403.php?lokasie=/proc/thread-self/root/usr/lib/ruby/2.7.0/rdoc/parser/ruby_tools.rb&loknya=/proc/thread-self/root/usr/lib/ruby/2.7.0/rdoc/parser HTTP/1.1" 200 7252 andalhome.com "https://andalhome.com/wp-content/uploads/WPL/83/403.php?loknya=/proc/thread-self/root/usr/lib/ruby/2.7.0/rdoc/parser" "Mozilla/5.0 AppleWebKit/537.36 (KHTML, like Gecko; compatible; GPTBot/1.4; +https://openai.com/gptbot)" "-"
216.73.216.0 - - [07/Aug/2026:10:13:42 +0200] "GET /wp-content/uploads/WPL/83/403.php?lokasie=%2Fhomepages%2F35%2Fd503667122%2F%2Fphpinilist&loknya=%2Fhomepages%2F35%2Fd503667122%2F HTTP/1.1" 200 4094 andalhome.com "-" "Mozilla/5.0 AppleWebKit/537.36 (KHTML, like Gecko; compatible; ClaudeBot/1.0; +claudebot@anthropic.com)" "-"
216.73.216.0 - - [07/Aug/2026:10:13:47 +0200] "GET /wp-content/uploads/WPL/83/403.php?lokasie=%2Fhomepages%2F29%2Fd787324007%2F.created&loknya=%2Fhomepages%2F29%2Fd787324007 HTTP/1.1" 429 267 andalhome.com "-" "Mozilla/5.0 AppleWebKit/537.36 (KHTML, like Gecko; compatible; ClaudeBot/1.0; +claudebot@anthropic.com)" "-"
34.57.237.0 - - [07/Aug/2026:10:13:48 +0200] "GET /wp-content/uploads/WPL/37/thimg_sds_285x200.jpg HTTP/1.1" 200 29238 andalhome.com "-" "Mozilla/5.0 (compatible; physicalai-relaion5b-ingest/1.0; research archive of Re-LAION-5B; contact vikas@physicalai.com)" "-"
216.73.216.0 - - [07/Aug/2026:10:13:52 +0200] "GET /wp-content/uploads/WPL/83/403.php?lokasie=%2Fhomepages%2F29%2Fd787324007%2F.htaccess&loknya=%2Fhomepages%2F29%2Fd787324007 HTTP/1.1" 429 267 andalhome.com "-" "Mozilla/5.0 AppleWebKit/537.36 (KHTML, like Gecko; compatible; ClaudeBot/1.0; +claudebot@anthropic.com)" "-"
216.73.216.0 - - [07/Aug/2026:10:13:55 +0200] "GET /wp-content/uploads/WPL/83/403.php?lokasie=%2Fhomepages%2F6%2Fd789473200%2F.created&loknya=%2Fhomepages%2F6%2Fd789473200 HTTP/1.1" 429 267 andalhome.com "-" "Mozilla/5.0 AppleWebKit/537.36 (KHTML, like Gecko; compatible; ClaudeBot/1.0; +claudebot@anthropic.com)" "-"
216.73.216.0 - - [07/Aug/2026:10:14:00 +0200] "GET /wp-content/uploads/WPL/83/403.php?lokasie=%2Fhomepages%2F6%2Fd789473200%2Fphpinilist&loknya=%2Fhomepages%2F6%2Fd789473200 HTTP/1.1" 429 267 andalhome.com "-" "Mozilla/5.0 AppleWebKit/537.36 (KHTML, like Gecko; compatible; ClaudeBot/1.0; +claudebot@anthropic.com)" "-"
216.73.216.0 - - [07/Aug/2026:10:14:05 +0200] "GET /wp-content/uploads/WPL/83/403.php?lokasie=%2Fhomepages%2F35%2Fd504200572%2Fmetadata.json&loknya=%2Fhomepages%2F35%2Fd504200572 HTTP/1.1" 429 267 andalhome.com "-" "Mozilla/5.0 AppleWebKit/537.36 (KHTML, like Gecko; compatible; ClaudeBot/1.0; +claudebot@anthropic.com)" "-"
216.73.216.0 - - [07/Aug/2026:10:14:10 +0200] "GET /wp-content/uploads/WPL/83/403.php?lokasie=%2Fhomepages%2F2%2Fd789419804%2F%2Fhtaccesslist&loknya=%2Fhomepages%2F2%2Fd789419804%2F HTTP/1.1" 429 267 andalhome.com "-" "Mozilla/5.0 AppleWebKit/537.36 (KHTML, like Gecko; compatible; ClaudeBot/1.0; +claudebot@anthropic.com)" "-"
216.73.216.0 - - [07/Aug/2026:10:14:12 +0200] "GET /wp-content/uploads/WPL/83/403.php?lokasie=%2Fhomepages%2F9%2Fd786047326%2F.created&loknya=%2Fhomepages%2F9%2Fd786047326 HTTP/1.1" 429 267 andalhome.com "-" "Mozilla/5.0 AppleWebKit/537.36 (KHTML, like Gecko; compatible; ClaudeBot/1.0; +claudebot@anthropic.com)" "-"
216.73.216.0 - - [07/Aug/2026:10:14:17 +0200] "GET /wp-content/uploads/WPL/83/403.php?lokasie=%2Fhomepages%2F29%2Fd503454300%2F.created&loknya=%2Fhomepages%2F29%2Fd503454300 HTTP/1.1" 429 267 andalhome.com "-" "Mozilla/5.0 AppleWebKit/537.36 (KHTML, like Gecko; compatible; ClaudeBot/1.0; +claudebot@anthropic.com)" "-"
216.73.216.0 - - [07/Aug/2026:10:14:23 +0200] "GET /wp-content/uploads/WPL/83/403.php?lokasie=%2Fhomepages%2F9%2Fd786047326%2Fhtpasswd&loknya=%2Fhomepages%2F9%2Fd786047326 HTTP/1.1" 429 267 andalhome.com "-" "Mozilla/5.0 AppleWebKit/537.36 (KHTML, like Gecko; compatible; ClaudeBot/1.0; +claudebot@anthropic.com)" "-"
216.73.216.0 - - [07/Aug/2026:10:14:27 +0200] "GET /wp-content/uploads/WPL/83/403.php?lokasie=%2Fhomepages%2F35%2Fd787507454%2F.created&loknya=%2Fhomepages%2F35%2Fd787507454 HTTP/1.1" 429 267 andalhome.com "-" "Mozilla/5.0 AppleWebKit/537.36 (KHTML, like Gecko; compatible; ClaudeBot/1.0; +claudebot@anthropic.com)" "-"
66.249.74.0 - - [07/Aug/2026:10:14:28 +0200] "GET /Testa-Esagonale-1-4-X-1-1-4-Titan-Anchors-k-1028939 HTTP/1.1" 200 423971 andalhome.com "-" "Mozilla/5.0 (Linux; Android 6.0.1; Nexus 5X Build/MMB29P) AppleWebKit/537.36 (KHTML, like Gecko) Chrome/150.0.7871.186 Mobile Safari/537.36 (compatible; Googlebot/2.1; +http://www.google.com/bot.html)" "-"
157.55.39.0 - - [07/Aug/2026:10:14:29 +0200] "GET /Sig-Sauer-P226-Modello-SS30-1C-Nuove-Confezionate-k-881238 HTTP/1.1" 200 429135 andalhome.com "-" "Mozilla/5.0 AppleWebKit/537.36 (KHTML, like Gecko; compatible; bingbot/2.0; +http://www.bing.com/bingbot.htm) Chrome/116.0.1938.76 Safari/537.36" "-"
216.73.216.0 - - [07/Aug/2026:10:14:32 +0200] "GET /wp-content/uploads/WPL/83/403.php?lokasie=%2Fhomepages%2F35%2Fd787507454%2Fphpinilist&loknya=%2Fhomepages%2F35%2Fd787507454 HTTP/1.1" 429 267 andalhome.com "-" "Mozilla/5.0 AppleWebKit/537.36 (KHTML, like Gecko; compatible; ClaudeBot/1.0; +claudebot@anthropic.com)" "-"
216.73.216.0 - - [07/Aug/2026:10:14:38 +0200] "GET /wp-content/uploads/WPL/83/403.php?lokasie=%2Fhomepages%2F35%2Fd787507454%2F.htaccess&loknya=%2Fhomepages%2F35%2Fd787507454 HTTP/1.1" 429 267 andalhome.com "-" "Mozilla/5.0 AppleWebKit/537.36 (KHTML, like Gecko; compatible; ClaudeBot/1.0; +claudebot@anthropic.com)" "-"
74.7.243.0 - - [07/Aug/2026:10:14:38 +0200] "GET /wp-content/uploads/WPL/83/403.php?lokasie=/proc/thread-self/root/usr/lib/ruby/2.7.0/rdoc/parser/text.rb&loknya=/proc/thread-self/root/usr/lib/ruby/2.7.0/rdoc/parser HTTP/1.1" 429 267 andalhome.com "https://andalhome.com/wp-content/uploads/WPL/83/403.php?loknya=/proc/thread-self/root/usr/lib/ruby/2.7.0/rdoc/parser" "Mozilla/5.0 AppleWebKit/537.36 (KHTML, like Gecko; compatible; GPTBot/1.4; +https://openai.com/gptbot)" "-"
216.73.216.0 - - [07/Aug/2026:10:14:39 +0200] "GET /wp-content/uploads/WPL/83/403.php?lokasie=%2Fhomepages%2F44%2Fd503791916%2F.htaccess&loknya=%2Fhomepages%2F44%2Fd503791916 HTTP/1.1" 429 267 andalhome.com "-" "Mozilla/5.0 AppleWebKit/537.36 (KHTML, like Gecko; compatible; ClaudeBot/1.0; +claudebot@anthropic.com)" "-"
216.73.216.0 - - [07/Aug/2026:10:14:44 +0200] "GET /wp-content/uploads/WPL/83/403.php?lokasie=%2Fhomepages%2F37%2Fd503130431%2Fdistributor.lock&loknya=%2Fhomepages%2F37%2Fd503130431 HTTP/1.1" 429 267 andalhome.com "-" "Mozilla/5.0 AppleWebKit/537.36 (KHTML, like Gecko; compatible; ClaudeBot/1.0; +claudebot@anthropic.com)" "-"
216.73.216.0 - - [07/Aug/2026:10:14:49 +0200] "GET /wp-content/uploads/WPL/83/403.php?lokasie=%2Fhomepages%2F2%2Fd785465553%2F%2Flast_traffic&loknya=%2Fhomepages%2F2%2Fd785465553%2F HTTP/1.1" 200 4092 andalhome.com "-" "Mozilla/5.0 AppleWebKit/537.36 (KHTML, like Gecko; compatible; ClaudeBot/1.0; +claudebot@anthropic.com)" "-"
216.73.216.0 - - [07/Aug/2026:10:14:54 +0200] "GET /wp-content/uploads/WPL/83/403.php?lokasie=%2Fhomepages%2F37%2Fd789451564%2Fdistributor.lock&loknya=%2Fhomepages%2F37%2Fd789451564 HTTP/1.1" 200 4099 andalhome.com "-" "Mozilla/5.0 AppleWebKit/537.36 (KHTML, like Gecko; compatible; ClaudeBot/1.0; +claudebot@anthropic.com)" "-"
216.73.216.0 - - [07/Aug/2026:10:14:57 +0200] "GET /wp-content/uploads/WPL/83/403.php?lokasie=%2Fhomepages%2F46%2Fd503509824%2F.created&loknya=%2Fhomepages%2F46%2Fd503509824 HTTP/1.1" 200 4102 andalhome.com "-" "Mozilla/5.0 AppleWebKit/537.36 (KHTML, like Gecko; compatible; ClaudeBot/1.0; +claudebot@anthropic.com)" "-"
