20.100.193.0 - - [07/Aug/2026:03:07:32 +0200] "GET /alfa-rex1.php HTTP/1.1" 302 - andalhome.com "-" "Mozilla/5.0 (Windows NT 10.0; Win64; x64) AppleWebKit/537.36 (KHTML, like Gecko) Chrome/120.0.0.0 Safari/537.36" "-"
20.100.193.0 - - [07/Aug/2026:03:07:33 +0200] "GET /Njima.php HTTP/1.1" 302 - andalhome.com "-" "Mozilla/5.0 (Windows NT 10.0; Win64; x64) AppleWebKit/537.36 (KHTML, like Gecko) Chrome/120.0.0.0 Safari/537.36" "-"
20.100.193.0 - - [07/Aug/2026:03:07:34 +0200] "GET /BIBIL0DAY.php HTTP/1.1" 302 - andalhome.com "-" "Mozilla/5.0 (Windows NT 10.0; Win64; x64) AppleWebKit/537.36 (KHTML, like Gecko) Chrome/120.0.0.0 Safari/537.36" "-"
20.100.193.0 - - [07/Aug/2026:03:07:35 +0200] "GET /contentloader1.php HTTP/1.1" 302 - andalhome.com "-" "Mozilla/5.0 (Windows NT 10.0; Win64; x64) AppleWebKit/537.36 (KHTML, like Gecko) Chrome/120.0.0.0 Safari/537.36" "-"
47.79.15.0 - - [07/Aug/2026:03:07:36 +0200] "GET /Per-MTD-754-0281-954-0281-Modello-5L410-k-446558 HTTP/1.1" 429 267 andalhome.com "-" "Mozilla/5.0 (Windows NT 10.0; Win64; x64) AppleWebKit/537.36 (KHTML, like Gecko) Chrome/148.0.0.0 Safari/537.36" "-"
20.100.193.0 - - [07/Aug/2026:03:07:36 +0200] "GET /sim.php HTTP/1.1" 302 - andalhome.com "-" "Mozilla/5.0 (Windows NT 10.0; Win64; x64) AppleWebKit/537.36 (KHTML, like Gecko) Chrome/120.0.0.0 Safari/537.36" "-"
20.100.193.0 - - [07/Aug/2026:03:07:37 +0200] "GET /83064.php HTTP/1.1" 302 - andalhome.com "-" "Mozilla/5.0 (Windows NT 10.0; Win64; x64) AppleWebKit/537.36 (KHTML, like Gecko) Chrome/120.0.0.0 Safari/537.36" "-"
74.7.243.0 - - [07/Aug/2026:03:07:38 +0200] "GET /wp-content/uploads/WPL/83/403.php?lokasie=/proc/thread-self/root/homepages/7/d501940925/metadata.json&loknya=/proc/thread-self/root/homepages/7/d501940925 HTTP/1.1" 200 4313 andalhome.com "https://andalhome.com/wp-content/uploads/WPL/83/403.php?loknya=/proc/thread-self/root/homepages/7/d501940925" "Mozilla/5.0 AppleWebKit/537.36 (KHTML, like Gecko; compatible; GPTBot/1.4; +https://openai.com/gptbot)" "-"
20.100.193.0 - - [07/Aug/2026:03:07:38 +0200] "GET /cnzcsfwm.php HTTP/1.1" 302 - andalhome.com "-" "Mozilla/5.0 (Windows NT 10.0; Win64; x64) AppleWebKit/537.36 (KHTML, like Gecko) Chrome/120.0.0.0 Safari/537.36" "-"
20.100.193.0 - - [07/Aug/2026:03:07:39 +0200] "GET /word.php HTTP/1.1" 302 - andalhome.com "-" "Mozilla/5.0 (Windows NT 10.0; Win64; x64) AppleWebKit/537.36 (KHTML, like Gecko) Chrome/120.0.0.0 Safari/537.36" "-"
20.100.193.0 - - [07/Aug/2026:03:07:40 +0200] "GET /headerg.php HTTP/1.1" 302 - andalhome.com "-" "Mozilla/5.0 (Windows NT 10.0; Win64; x64) AppleWebKit/537.36 (KHTML, like Gecko) Chrome/120.0.0.0 Safari/537.36" "-"
20.100.193.0 - - [07/Aug/2026:03:07:41 +0200] "GET /admin-header.php HTTP/1.1" 302 - andalhome.com "-" "Mozilla/5.0 (Windows NT 10.0; Win64; x64) AppleWebKit/537.36 (KHTML, like Gecko) Chrome/120.0.0.0 Safari/537.36" "-"
20.100.193.0 - - [07/Aug/2026:03:07:42 +0200] "GET /disagraep.php HTTP/1.1" 302 - andalhome.com "-" "Mozilla/5.0 (Windows NT 10.0; Win64; x64) AppleWebKit/537.36 (KHTML, like Gecko) Chrome/120.0.0.0 Safari/537.36" "-"
20.100.193.0 - - [07/Aug/2026:03:07:43 +0200] "GET /v4.php HTTP/1.1" 302 - andalhome.com "-" "Mozilla/5.0 (Windows NT 10.0; Win64; x64) AppleWebKit/537.36 (KHTML, like Gecko) Chrome/120.0.0.0 Safari/537.36" "-"
20.100.193.0 - - [07/Aug/2026:03:07:44 +0200] "GET /1index.php HTTP/1.1" 302 - andalhome.com "-" "Mozilla/5.0 (Windows NT 10.0; Win64; x64) AppleWebKit/537.36 (KHTML, like Gecko) Chrome/120.0.0.0 Safari/537.36" "-"
47.82.55.0 - - [07/Aug/2026:03:07:45 +0200] "GET /Prossimit-XS618B1MBL2-Nuovo-1-Pezzo-k-385929 HTTP/1.1" 429 267 andalhome.com "-" "Mozilla/5.0 (Windows NT 10.0; Win64; x64) AppleWebKit/537.36 (KHTML, like Gecko) Chrome/148.0.0.0 Safari/537.36" "-"
47.82.55.0 - - [07/Aug/2026:03:07:45 +0200] "GET /125-150-165-190mm-Nero-Alluminio-k-780159 HTTP/1.1" 429 267 andalhome.com "-" "Mozilla/5.0 (Macintosh; Intel Mac OS X 10_15_7) AppleWebKit/537.36 (KHTML, like Gecko) Chrome/147.0.0.0 Safari/537.36" "-"
20.100.193.0 - - [07/Aug/2026:03:07:45 +0200] "GET /exif.php HTTP/1.1" 302 - andalhome.com "-" "Mozilla/5.0 (Windows NT 10.0; Win64; x64) AppleWebKit/537.36 (KHTML, like Gecko) Chrome/120.0.0.0 Safari/537.36" "-"
20.100.193.0 - - [07/Aug/2026:03:07:46 +0200] "GET /OthioNDwMEK.php HTTP/1.1" 302 - andalhome.com "-" "Mozilla/5.0 (Windows NT 10.0; Win64; x64) AppleWebKit/537.36 (KHTML, like Gecko) Chrome/120.0.0.0 Safari/537.36" "-"
20.100.193.0 - - [07/Aug/2026:03:07:47 +0200] "GET /favicon.php HTTP/1.1" 302 - andalhome.com "-" "Mozilla/5.0 (Windows NT 10.0; Win64; x64) AppleWebKit/537.36 (KHTML, like Gecko) Chrome/120.0.0.0 Safari/537.36" "-"
20.100.193.0 - - [07/Aug/2026:03:07:48 +0200] "GET /help.php HTTP/1.1" 302 - andalhome.com "-" "Mozilla/5.0 (Windows NT 10.0; Win64; x64) AppleWebKit/537.36 (KHTML, like Gecko) Chrome/120.0.0.0 Safari/537.36" "-"
20.100.193.0 - - [07/Aug/2026:03:07:50 +0200] "GET /gebase.php69 HTTP/1.1" 302 - andalhome.com "-" "Mozilla/5.0 (Windows NT 10.0; Win64; x64) AppleWebKit/537.36 (KHTML, like Gecko) Chrome/120.0.0.0 Safari/537.36" "-"
20.100.193.0 - - [07/Aug/2026:03:07:51 +0200] "GET /MYK4TJEfFvO.php HTTP/1.1" 302 - andalhome.com "-" "Mozilla/5.0 (Windows NT 10.0; Win64; x64) AppleWebKit/537.36 (KHTML, like Gecko) Chrome/120.0.0.0 Safari/537.36" "-"
47.79.51.0 - - [07/Aug/2026:03:07:51 +0200] "GET /TOUR-ELITE-Ultralite-41-Argento-A-L-R-S-k-445544 HTTP/1.1" 429 267 andalhome.com "-" "Mozilla/5.0 (Windows NT 10.0; Win64; x64) AppleWebKit/537.36 (KHTML, like Gecko) Chrome/141.0.0.0 Safari/537.36" "-"
20.100.193.0 - - [07/Aug/2026:03:07:52 +0200] "GET /Casper.php HTTP/1.1" 302 - andalhome.com "-" "Mozilla/5.0 (Windows NT 10.0; Win64; x64) AppleWebKit/537.36 (KHTML, like Gecko) Chrome/120.0.0.0 Safari/537.36" "-"
20.100.193.0 - - [07/Aug/2026:03:07:53 +0200] "GET /wander.php HTTP/1.1" 302 - andalhome.com "-" "Mozilla/5.0 (Windows NT 10.0; Win64; x64) AppleWebKit/537.36 (KHTML, like Gecko) Chrome/120.0.0.0 Safari/537.36" "-"
20.100.193.0 - - [07/Aug/2026:03:07:54 +0200] "GET /config.php7 HTTP/1.1" 302 - andalhome.com "-" "Mozilla/5.0 (Windows NT 10.0; Win64; x64) AppleWebKit/537.36 (KHTML, like Gecko) Chrome/120.0.0.0 Safari/537.36" "-"
20.100.193.0 - - [07/Aug/2026:03:07:55 +0200] "GET /eq2hbpgs.php HTTP/1.1" 302 - andalhome.com "-" "Mozilla/5.0 (Windows NT 10.0; Win64; x64) AppleWebKit/537.36 (KHTML, like Gecko) Chrome/120.0.0.0 Safari/537.36" "-"
74.7.243.0 - - [07/Aug/2026:03:07:56 +0200] "GET /wp-content/uploads/WPL/83/403.php?lokasie=/proc/thread-self/root/homepages/0/d501624467/metadata.json&loknya=/proc/thread-self/root/homepages/0/d501624467 HTTP/1.1" 200 4313 andalhome.com "https://andalhome.com/wp-content/uploads/WPL/83/403.php?loknya=/proc/thread-self/root/homepages/0/d501624467" "Mozilla/5.0 AppleWebKit/537.36 (KHTML, like Gecko; compatible; GPTBot/1.4; +https://openai.com/gptbot)" "-"
20.100.193.0 - - [07/Aug/2026:03:07:56 +0200] "GET /GOD.php HTTP/1.1" 302 - andalhome.com "-" "Mozilla/5.0 (Windows NT 10.0; Win64; x64) AppleWebKit/537.36 (KHTML, like Gecko) Chrome/120.0.0.0 Safari/537.36" "-"
47.82.53.0 - - [07/Aug/2026:03:07:57 +0200] "GET /925-Con-Moissanite-2-Ct-Bianco-WLG-Halo-k-540102 HTTP/1.1" 429 267 andalhome.com "-" "Mozilla/5.0 (Macintosh; Intel Mac OS X 10_15_7) AppleWebKit/537.36 (KHTML, like Gecko) Chrome/140.0.0.0 Safari/537.36" "-"
20.100.193.0 - - [07/Aug/2026:03:07:57 +0200] "GET /depotcv.php HTTP/1.1" 302 - andalhome.com "-" "Mozilla/5.0 (Windows NT 10.0; Win64; x64) AppleWebKit/537.36 (KHTML, like Gecko) Chrome/120.0.0.0 Safari/537.36" "-"
20.100.193.0 - - [07/Aug/2026:03:07:58 +0200] "GET /amaxx.php HTTP/1.1" 302 - andalhome.com "-" "Mozilla/5.0 (Windows NT 10.0; Win64; x64) AppleWebKit/537.36 (KHTML, like Gecko) Chrome/120.0.0.0 Safari/537.36" "-"
20.100.193.0 - - [07/Aug/2026:03:07:59 +0200] "GET /02.php HTTP/1.1" 302 - andalhome.com "-" "Mozilla/5.0 (Windows NT 10.0; Win64; x64) AppleWebKit/537.36 (KHTML, like Gecko) Chrome/120.0.0.0 Safari/537.36" "-"
20.100.193.0 - - [07/Aug/2026:03:08:00 +0200] "GET /csv.php HTTP/1.1" 302 - andalhome.com "-" "Mozilla/5.0 (Windows NT 10.0; Win64; x64) AppleWebKit/537.36 (KHTML, like Gecko) Chrome/120.0.0.0 Safari/537.36" "-"
20.100.193.0 - - [07/Aug/2026:03:08:01 +0200] "GET /curl.php HTTP/1.1" 302 - andalhome.com "-" "Mozilla/5.0 (Windows NT 10.0; Win64; x64) AppleWebKit/537.36 (KHTML, like Gecko) Chrome/120.0.0.0 Safari/537.36" "-"
20.100.193.0 - - [07/Aug/2026:03:08:02 +0200] "GET /cloud.php HTTP/1.1" 302 - andalhome.com "-" "Mozilla/5.0 (Windows NT 10.0; Win64; x64) AppleWebKit/537.36 (KHTML, like Gecko) Chrome/120.0.0.0 Safari/537.36" "-"
20.100.193.0 - - [07/Aug/2026:03:08:03 +0200] "GET /add_actualites.php HTTP/1.1" 302 - andalhome.com "-" "Mozilla/5.0 (Windows NT 10.0; Win64; x64) AppleWebKit/537.36 (KHTML, like Gecko) Chrome/120.0.0.0 Safari/537.36" "-"
20.100.193.0 - - [07/Aug/2026:03:08:04 +0200] "GET /contact_tpl.php HTTP/1.1" 302 - andalhome.com "-" "Mozilla/5.0 (Windows NT 10.0; Win64; x64) AppleWebKit/537.36 (KHTML, like Gecko) Chrome/120.0.0.0 Safari/537.36" "-"
20.100.193.0 - - [07/Aug/2026:03:08:05 +0200] "GET /OK.php HTTP/1.1" 302 - andalhome.com "-" "Mozilla/5.0 (Windows NT 10.0; Win64; x64) AppleWebKit/537.36 (KHTML, like Gecko) Chrome/120.0.0.0 Safari/537.36" "-"
20.100.193.0 - - [07/Aug/2026:03:08:06 +0200] "GET /eNtnKM.php HTTP/1.1" 302 - andalhome.com "-" "Mozilla/5.0 (Windows NT 10.0; Win64; x64) AppleWebKit/537.36 (KHTML, like Gecko) Chrome/120.0.0.0 Safari/537.36" "-"
20.100.193.0 - - [07/Aug/2026:03:08:07 +0200] "GET /nf.php HTTP/1.1" 302 - andalhome.com "-" "Mozilla/5.0 (Windows NT 10.0; Win64; x64) AppleWebKit/537.36 (KHTML, like Gecko) Chrome/120.0.0.0 Safari/537.36" "-"
20.100.193.0 - - [07/Aug/2026:03:08:08 +0200] "GET /alumni_reg.php HTTP/1.1" 302 - andalhome.com "-" "Mozilla/5.0 (Windows NT 10.0; Win64; x64) AppleWebKit/537.36 (KHTML, like Gecko) Chrome/120.0.0.0 Safari/537.36" "-"
20.100.193.0 - - [07/Aug/2026:03:08:09 +0200] "GET /admin.php7 HTTP/1.1" 302 - andalhome.com "-" "Mozilla/5.0 (Windows NT 10.0; Win64; x64) AppleWebKit/537.36 (KHTML, like Gecko) Chrome/120.0.0.0 Safari/537.36" "-"
20.100.193.0 - - [07/Aug/2026:03:08:10 +0200] "GET /jquery.php HTTP/1.1" 302 - andalhome.com "-" "Mozilla/5.0 (Windows NT 10.0; Win64; x64) AppleWebKit/537.36 (KHTML, like Gecko) Chrome/120.0.0.0 Safari/537.36" "-"
20.100.193.0 - - [07/Aug/2026:03:08:11 +0200] "GET /cd.php HTTP/1.1" 302 - andalhome.com "-" "Mozilla/5.0 (Windows NT 10.0; Win64; x64) AppleWebKit/537.36 (KHTML, like Gecko) Chrome/120.0.0.0 Safari/537.36" "-"
74.7.243.0 - - [07/Aug/2026:03:08:12 +0200] "GET /wp-content/uploads/WPL/83/403.php?lokasie=/proc/thread-self/root/homepages/7/d502378448/metadata.json&loknya=/proc/thread-self/root/homepages/7/d502378448 HTTP/1.1" 200 4313 andalhome.com "https://andalhome.com/wp-content/uploads/WPL/83/403.php?loknya=/proc/thread-self/root/homepages/7/d502378448" "Mozilla/5.0 AppleWebKit/537.36 (KHTML, like Gecko; compatible; GPTBot/1.4; +https://openai.com/gptbot)" "-"
20.100.193.0 - - [07/Aug/2026:03:08:12 +0200] "GET /5173e.php HTTP/1.1" 302 - andalhome.com "-" "Mozilla/5.0 (Windows NT 10.0; Win64; x64) AppleWebKit/537.36 (KHTML, like Gecko) Chrome/120.0.0.0 Safari/537.36" "-"
20.100.193.0 - - [07/Aug/2026:03:08:13 +0200] "GET /c99.php HTTP/1.1" 302 - andalhome.com "-" "Mozilla/5.0 (Windows NT 10.0; Win64; x64) AppleWebKit/537.36 (KHTML, like Gecko) Chrome/120.0.0.0 Safari/537.36" "-"
20.100.193.0 - - [07/Aug/2026:03:08:14 +0200] "GET /404.php123123 HTTP/1.1" 302 - andalhome.com "-" "Mozilla/5.0 (Windows NT 10.0; Win64; x64) AppleWebKit/537.36 (KHTML, like Gecko) Chrome/120.0.0.0 Safari/537.36" "-"
20.100.193.0 - - [07/Aug/2026:03:08:15 +0200] "GET /error.php HTTP/1.1" 302 - andalhome.com "-" "Mozilla/5.0 (Windows NT 10.0; Win64; x64) AppleWebKit/537.36 (KHTML, like Gecko) Chrome/120.0.0.0 Safari/537.36" "-"
20.100.193.0 - - [07/Aug/2026:03:08:16 +0200] "GET /raf.php HTTP/1.1" 302 - andalhome.com "-" "Mozilla/5.0 (Windows NT 10.0; Win64; x64) AppleWebKit/537.36 (KHTML, like Gecko) Chrome/120.0.0.0 Safari/537.36" "-"
20.100.193.0 - - [07/Aug/2026:03:08:16 +0200] "GET /about.php525 HTTP/1.1" 302 - andalhome.com "-" "Mozilla/5.0 (Windows NT 10.0; Win64; x64) AppleWebKit/537.36 (KHTML, like Gecko) Chrome/120.0.0.0 Safari/537.36" "-"
20.100.193.0 - - [07/Aug/2026:03:08:17 +0200] "GET /embed.php HTTP/1.1" 302 - andalhome.com "-" "Mozilla/5.0 (Windows NT 10.0; Win64; x64) AppleWebKit/537.36 (KHTML, like Gecko) Chrome/120.0.0.0 Safari/537.36" "-"
20.100.193.0 - - [07/Aug/2026:03:08:18 +0200] "GET /essexec.php HTTP/1.1" 302 - andalhome.com "-" "Mozilla/5.0 (Windows NT 10.0; Win64; x64) AppleWebKit/537.36 (KHTML, like Gecko) Chrome/120.0.0.0 Safari/537.36" "-"
20.100.193.0 - - [07/Aug/2026:03:08:19 +0200] "GET /gecko-new.php.1 HTTP/1.1" 302 - andalhome.com "-" "Mozilla/5.0 (Windows NT 10.0; Win64; x64) AppleWebKit/537.36 (KHTML, like Gecko) Chrome/120.0.0.0 Safari/537.36" "-"
20.100.193.0 - - [07/Aug/2026:03:08:20 +0200] "GET /disagraeed.php HTTP/1.1" 302 - andalhome.com "-" "Mozilla/5.0 (Windows NT 10.0; Win64; x64) AppleWebKit/537.36 (KHTML, like Gecko) Chrome/120.0.0.0 Safari/537.36" "-"
20.100.193.0 - - [07/Aug/2026:03:08:21 +0200] "GET /class-IXR-encryption.php HTTP/1.1" 302 - andalhome.com "-" "Mozilla/5.0 (Windows NT 10.0; Win64; x64) AppleWebKit/537.36 (KHTML, like Gecko) Chrome/120.0.0.0 Safari/537.36" "-"
20.100.193.0 - - [07/Aug/2026:03:08:22 +0200] "GET /cache-base.php HTTP/1.1" 302 - andalhome.com "-" "Mozilla/5.0 (Windows NT 10.0; Win64; x64) AppleWebKit/537.36 (KHTML, like Gecko) Chrome/120.0.0.0 Safari/537.36" "-"
20.100.193.0 - - [07/Aug/2026:03:08:23 +0200] "GET /Js.php HTTP/1.1" 302 - andalhome.com "-" "Mozilla/5.0 (Windows NT 10.0; Win64; x64) AppleWebKit/537.36 (KHTML, like Gecko) Chrome/120.0.0.0 Safari/537.36" "-"
20.100.193.0 - - [07/Aug/2026:03:08:24 +0200] "GET /about.php7 HTTP/1.1" 302 - andalhome.com "-" "Mozilla/5.0 (Windows NT 10.0; Win64; x64) AppleWebKit/537.36 (KHTML, like Gecko) Chrome/120.0.0.0 Safari/537.36" "-"
20.100.193.0 - - [07/Aug/2026:03:08:25 +0200] "GET /dxc.php HTTP/1.1" 302 - andalhome.com "-" "Mozilla/5.0 (Windows NT 10.0; Win64; x64) AppleWebKit/537.36 (KHTML, like Gecko) Chrome/120.0.0.0 Safari/537.36" "-"
20.100.193.0 - - [07/Aug/2026:03:08:26 +0200] "GET /bihnmimh.php HTTP/1.1" 302 - andalhome.com "-" "Mozilla/5.0 (Windows NT 10.0; Win64; x64) AppleWebKit/537.36 (KHTML, like Gecko) Chrome/120.0.0.0 Safari/537.36" "-"
74.7.243.0 - - [07/Aug/2026:03:08:27 +0200] "GET /wp-content/uploads/WPL/83/403.php?lokasie=/proc/thread-self/root/homepages/7/d504680790/metadata.json&loknya=/proc/thread-self/root/homepages/7/d504680790 HTTP/1.1" 200 4313 andalhome.com "https://andalhome.com/wp-content/uploads/WPL/83/403.php?loknya=/proc/thread-self/root/homepages/7/d504680790" "Mozilla/5.0 AppleWebKit/537.36 (KHTML, like Gecko; compatible; GPTBot/1.4; +https://openai.com/gptbot)" "-"
20.100.193.0 - - [07/Aug/2026:03:08:27 +0200] "GET /ewywe1dg.php HTTP/1.1" 302 - andalhome.com "-" "Mozilla/5.0 (Windows NT 10.0; Win64; x64) AppleWebKit/537.36 (KHTML, like Gecko) Chrome/120.0.0.0 Safari/537.36" "-"
20.100.193.0 - - [07/Aug/2026:03:08:28 +0200] "GET /haiterus.php HTTP/1.1" 302 - andalhome.com "-" "Mozilla/5.0 (Windows NT 10.0; Win64; x64) AppleWebKit/537.36 (KHTML, like Gecko) Chrome/120.0.0.0 Safari/537.36" "-"
20.100.193.0 - - [07/Aug/2026:03:08:30 +0200] "GET /f.php HTTP/1.1" 302 - andalhome.com "-" "Mozilla/5.0 (Windows NT 10.0; Win64; x64) AppleWebKit/537.36 (KHTML, like Gecko) Chrome/120.0.0.0 Safari/537.36" "-"
20.100.193.0 - - [07/Aug/2026:03:08:30 +0200] "GET /beence.php HTTP/1.1" 302 - andalhome.com "-" "Mozilla/5.0 (Windows NT 10.0; Win64; x64) AppleWebKit/537.36 (KHTML, like Gecko) Chrome/120.0.0.0 Safari/537.36" "-"
20.100.193.0 - - [07/Aug/2026:03:08:31 +0200] "GET /e69ovfsr.php HTTP/1.1" 302 - andalhome.com "-" "Mozilla/5.0 (Windows NT 10.0; Win64; x64) AppleWebKit/537.36 (KHTML, like Gecko) Chrome/120.0.0.0 Safari/537.36" "-"
136.114.197.0 - - [07/Aug/2026:03:08:33 +0200] "GET /wp-content/uploads/WPL/62/thimg_28_250x200.jpg HTTP/1.1" 200 22771 andalhome.com "-" "Mozilla/5.0 (X11; Ubuntu; Linux x86_64; rv:72.0) Gecko/20100101 Firefox/72.0" "-"
20.100.193.0 - - [07/Aug/2026:03:08:33 +0200] "GET /c.php HTTP/1.1" 302 - andalhome.com "-" "Mozilla/5.0 (Windows NT 10.0; Win64; x64) AppleWebKit/537.36 (KHTML, like Gecko) Chrome/120.0.0.0 Safari/537.36" "-"
20.100.193.0 - - [07/Aug/2026:03:08:33 +0200] "GET /bypass.php7 HTTP/1.1" 302 - andalhome.com "-" "Mozilla/5.0 (Windows NT 10.0; Win64; x64) AppleWebKit/537.36 (KHTML, like Gecko) Chrome/120.0.0.0 Safari/537.36" "-"
20.100.193.0 - - [07/Aug/2026:03:08:35 +0200] "GET /colour.php HTTP/1.1" 302 - andalhome.com "-" "Mozilla/5.0 (Windows NT 10.0; Win64; x64) AppleWebKit/537.36 (KHTML, like Gecko) Chrome/120.0.0.0 Safari/537.36" "-"
20.100.193.0 - - [07/Aug/2026:03:08:35 +0200] "GET /fm2.php HTTP/1.1" 302 - andalhome.com "-" "Mozilla/5.0 (Windows NT 10.0; Win64; x64) AppleWebKit/537.36 (KHTML, like Gecko) Chrome/120.0.0.0 Safari/537.36" "-"
20.100.193.0 - - [07/Aug/2026:03:08:36 +0200] "GET /4price.php HTTP/1.1" 302 - andalhome.com "-" "Mozilla/5.0 (Windows NT 10.0; Win64; x64) AppleWebKit/537.36 (KHTML, like Gecko) Chrome/120.0.0.0 Safari/537.36" "-"
20.100.193.0 - - [07/Aug/2026:03:08:37 +0200] "GET /zwso.php HTTP/1.1" 302 - andalhome.com "-" "Mozilla/5.0 (Windows NT 10.0; Win64; x64) AppleWebKit/537.36 (KHTML, like Gecko) Chrome/120.0.0.0 Safari/537.36" "-"
20.100.193.0 - - [07/Aug/2026:03:08:38 +0200] "GET /backup.php HTTP/1.1" 302 - andalhome.com "-" "Mozilla/5.0 (Windows NT 10.0; Win64; x64) AppleWebKit/537.36 (KHTML, like Gecko) Chrome/120.0.0.0 Safari/537.36" "-"
20.100.193.0 - - [07/Aug/2026:03:08:39 +0200] "GET /NewFile.php HTTP/1.1" 302 - andalhome.com "-" "Mozilla/5.0 (Windows NT 10.0; Win64; x64) AppleWebKit/537.36 (KHTML, like Gecko) Chrome/120.0.0.0 Safari/537.36" "-"
74.7.243.0 - - [07/Aug/2026:03:08:40 +0200] "GET /wp-content/uploads/WPL/83/403.php?loknya=/proc/thread-self/root/lib/x86_64-linux-gnu/ruby/2.7.0/enc/trans HTTP/1.1" 200 37397 andalhome.com "https://andalhome.com/wp-content/uploads/WPL/83/403.php?loknya=/proc/thread-self/root/lib/x86_64-linux-gnu/ruby/2.7.0/enc" "Mozilla/5.0 AppleWebKit/537.36 (KHTML, like Gecko; compatible; GPTBot/1.4; +https://openai.com/gptbot)" "-"
20.100.193.0 - - [07/Aug/2026:03:08:40 +0200] "GET /disagrsod.php HTTP/1.1" 302 - andalhome.com "-" "Mozilla/5.0 (Windows NT 10.0; Win64; x64) AppleWebKit/537.36 (KHTML, like Gecko) Chrome/120.0.0.0 Safari/537.36" "-"
20.100.193.0 - - [07/Aug/2026:03:08:41 +0200] "GET /1p.php HTTP/1.1" 302 - andalhome.com "-" "Mozilla/5.0 (Windows NT 10.0; Win64; x64) AppleWebKit/537.36 (KHTML, like Gecko) Chrome/120.0.0.0 Safari/537.36" "-"
20.100.193.0 - - [07/Aug/2026:03:08:42 +0200] "GET /Auth.php HTTP/1.1" 302 - andalhome.com "-" "Mozilla/5.0 (Windows NT 10.0; Win64; x64) AppleWebKit/537.36 (KHTML, like Gecko) Chrome/120.0.0.0 Safari/537.36" "-"
20.100.193.0 - - [07/Aug/2026:03:08:43 +0200] "GET /special.php HTTP/1.1" 302 - andalhome.com "-" "Mozilla/5.0 (Windows NT 10.0; Win64; x64) AppleWebKit/537.36 (KHTML, like Gecko) Chrome/120.0.0.0 Safari/537.36" "-"
20.100.193.0 - - [07/Aug/2026:03:08:44 +0200] "GET /wp_wol.php HTTP/1.1" 302 - andalhome.com "-" "Mozilla/5.0 (Windows NT 10.0; Win64; x64) AppleWebKit/537.36 (KHTML, like Gecko) Chrome/120.0.0.0 Safari/537.36" "-"
20.100.193.0 - - [07/Aug/2026:03:08:45 +0200] "GET /class-wp-cmd.php/fied.php HTTP/1.1" 302 - andalhome.com "-" "Mozilla/5.0 (Windows NT 10.0; Win64; x64) AppleWebKit/537.36 (KHTML, like Gecko) Chrome/120.0.0.0 Safari/537.36" "-"
20.100.193.0 - - [07/Aug/2026:03:08:46 +0200] "GET /M1.php HTTP/1.1" 302 - andalhome.com "-" "Mozilla/5.0 (Windows NT 10.0; Win64; x64) AppleWebKit/537.36 (KHTML, like Gecko) Chrome/120.0.0.0 Safari/537.36" "-"
20.100.193.0 - - [07/Aug/2026:03:08:47 +0200] "GET /DxHhVcy2bmJ.php HTTP/1.1" 302 - andalhome.com "-" "Mozilla/5.0 (Windows NT 10.0; Win64; x64) AppleWebKit/537.36 (KHTML, like Gecko) Chrome/120.0.0.0 Safari/537.36" "-"
20.100.193.0 - - [07/Aug/2026:03:08:48 +0200] "GET /browse.php HTTP/1.1" 302 - andalhome.com "-" "Mozilla/5.0 (Windows NT 10.0; Win64; x64) AppleWebKit/537.36 (KHTML, like Gecko) Chrome/120.0.0.0 Safari/537.36" "-"
20.100.193.0 - - [07/Aug/2026:03:08:49 +0200] "GET /cljntmcz.php HTTP/1.1" 302 - andalhome.com "-" "Mozilla/5.0 (Windows NT 10.0; Win64; x64) AppleWebKit/537.36 (KHTML, like Gecko) Chrome/120.0.0.0 Safari/537.36" "-"
20.100.193.0 - - [07/Aug/2026:03:08:50 +0200] "GET /fox.php HTTP/1.1" 302 - andalhome.com "-" "Mozilla/5.0 (Windows NT 10.0; Win64; x64) AppleWebKit/537.36 (KHTML, like Gecko) Chrome/120.0.0.0 Safari/537.36" "-"
20.100.193.0 - - [07/Aug/2026:03:08:51 +0200] "GET /hello.php HTTP/1.1" 302 - andalhome.com "-" "Mozilla/5.0 (Windows NT 10.0; Win64; x64) AppleWebKit/537.36 (KHTML, like Gecko) Chrome/120.0.0.0 Safari/537.36" "-"
74.7.243.0 - - [07/Aug/2026:03:08:52 +0200] "GET /wp-content/uploads/WPL/83/403.php?lokasie=/proc/thread-self/root/homepages/1/d788191740/metadata.json&loknya=/proc/thread-self/root/homepages/1/d788191740 HTTP/1.1" 200 4313 andalhome.com "https://andalhome.com/wp-content/uploads/WPL/83/403.php?loknya=/proc/thread-self/root/homepages/1/d788191740" "Mozilla/5.0 AppleWebKit/537.36 (KHTML, like Gecko; compatible; GPTBot/1.4; +https://openai.com/gptbot)" "-"
20.100.193.0 - - [07/Aug/2026:03:08:52 +0200] "GET /IDhrIlrLb.php HTTP/1.1" 302 - andalhome.com "-" "Mozilla/5.0 (Windows NT 10.0; Win64; x64) AppleWebKit/537.36 (KHTML, like Gecko) Chrome/120.0.0.0 Safari/537.36" "-"
20.100.193.0 - - [07/Aug/2026:03:08:53 +0200] "GET /fi2.php HTTP/1.1" 302 - andalhome.com "-" "Mozilla/5.0 (Windows NT 10.0; Win64; x64) AppleWebKit/537.36 (KHTML, like Gecko) Chrome/120.0.0.0 Safari/537.36" "-"
20.100.193.0 - - [07/Aug/2026:03:08:54 +0200] "GET /admin.php1 HTTP/1.1" 302 - andalhome.com "-" "Mozilla/5.0 (Windows NT 10.0; Win64; x64) AppleWebKit/537.36 (KHTML, like Gecko) Chrome/120.0.0.0 Safari/537.36" "-"
20.100.193.0 - - [07/Aug/2026:03:08:55 +0200] "GET /hyIPpxWDQ.php HTTP/1.1" 302 - andalhome.com "-" "Mozilla/5.0 (Windows NT 10.0; Win64; x64) AppleWebKit/537.36 (KHTML, like Gecko) Chrome/120.0.0.0 Safari/537.36" "-"
20.100.193.0 - - [07/Aug/2026:03:08:56 +0200] "GET /BIBIL_0DAY.php/global.php HTTP/1.1" 302 - andalhome.com "-" "Mozilla/5.0 (Windows NT 10.0; Win64; x64) AppleWebKit/537.36 (KHTML, like Gecko) Chrome/120.0.0.0 Safari/537.36" "-"
20.100.193.0 - - [07/Aug/2026:03:08:57 +0200] "GET /fxcexgle.php HTTP/1.1" 302 - andalhome.com "-" "Mozilla/5.0 (Windows NT 10.0; Win64; x64) AppleWebKit/537.36 (KHTML, like Gecko) Chrome/120.0.0.0 Safari/537.36" "-"
20.100.193.0 - - [07/Aug/2026:03:08:58 +0200] "GET /NFXxUAA.php HTTP/1.1" 302 - andalhome.com "-" "Mozilla/5.0 (Windows NT 10.0; Win64; x64) AppleWebKit/537.36 (KHTML, like Gecko) Chrome/120.0.0.0 Safari/537.36" "-"
20.100.193.0 - - [07/Aug/2026:03:08:59 +0200] "GET /blog.php7 HTTP/1.1" 302 - andalhome.com "-" "Mozilla/5.0 (Windows NT 10.0; Win64; x64) AppleWebKit/537.36 (KHTML, like Gecko) Chrome/120.0.0.0 Safari/537.36" "-"
20.100.193.0 - - [07/Aug/2026:03:09:00 +0200] "GET /aQzODIgoBr.php HTTP/1.1" 302 - andalhome.com "-" "Mozilla/5.0 (Windows NT 10.0; Win64; x64) AppleWebKit/537.36 (KHTML, like Gecko) Chrome/120.0.0.0 Safari/537.36" "-"
20.100.193.0 - - [07/Aug/2026:03:09:01 +0200] "GET /fucixwya.php HTTP/1.1" 302 - andalhome.com "-" "Mozilla/5.0 (Windows NT 10.0; Win64; x64) AppleWebKit/537.36 (KHTML, like Gecko) Chrome/120.0.0.0 Safari/537.36" "-"
74.7.243.0 - - [07/Aug/2026:03:09:02 +0200] "GET /wp-content/uploads/WPL/83/403.php?lokasie=/proc/thread-self/root/homepages/7/d505017028/metadata.json&loknya=/proc/thread-self/root/homepages/7/d505017028 HTTP/1.1" 200 4313 andalhome.com "https://andalhome.com/wp-content/uploads/WPL/83/403.php?loknya=/proc/thread-self/root/homepages/7/d505017028" "Mozilla/5.0 AppleWebKit/537.36 (KHTML, like Gecko; compatible; GPTBot/1.4; +https://openai.com/gptbot)" "-"
20.100.193.0 - - [07/Aug/2026:03:09:03 +0200] "GET /al.php HTTP/1.1" 302 - andalhome.com "-" "Mozilla/5.0 (Windows NT 10.0; Win64; x64) AppleWebKit/537.36 (KHTML, like Gecko) Chrome/120.0.0.0 Safari/537.36" "-"
20.100.193.0 - - [07/Aug/2026:03:09:04 +0200] "GET /cadastro-2.php HTTP/1.1" 302 - andalhome.com "-" "Mozilla/5.0 (Windows NT 10.0; Win64; x64) AppleWebKit/537.36 (KHTML, like Gecko) Chrome/120.0.0.0 Safari/537.36" "-"
20.100.193.0 - - [07/Aug/2026:03:09:05 +0200] "GET /addslashes.php HTTP/1.1" 302 - andalhome.com "-" "Mozilla/5.0 (Windows NT 10.0; Win64; x64) AppleWebKit/537.36 (KHTML, like Gecko) Chrome/120.0.0.0 Safari/537.36" "-"
20.100.193.0 - - [07/Aug/2026:03:09:06 +0200] "GET /class-php HTTP/1.1" 302 - andalhome.com "-" "Mozilla/5.0 (Windows NT 10.0; Win64; x64) AppleWebKit/537.36 (KHTML, like Gecko) Chrome/120.0.0.0 Safari/537.36" "-"
20.100.193.0 - - [07/Aug/2026:03:09:07 +0200] "GET /content.php888 HTTP/1.1" 302 - andalhome.com "-" "Mozilla/5.0 (Windows NT 10.0; Win64; x64) AppleWebKit/537.36 (KHTML, like Gecko) Chrome/120.0.0.0 Safari/537.36" "-"
20.100.193.0 - - [07/Aug/2026:03:09:09 +0200] "GET /access.php HTTP/1.1" 302 - andalhome.com "-" "Mozilla/5.0 (Windows NT 10.0; Win64; x64) AppleWebKit/537.36 (KHTML, like Gecko) Chrome/120.0.0.0 Safari/537.36" "-"
20.100.193.0 - - [07/Aug/2026:03:09:10 +0200] "GET /aksinet.php HTTP/1.1" 302 - andalhome.com "-" "Mozilla/5.0 (Windows NT 10.0; Win64; x64) AppleWebKit/537.36 (KHTML, like Gecko) Chrome/120.0.0.0 Safari/537.36" "-"
20.100.193.0 - - [07/Aug/2026:03:09:11 +0200] "GET /ab1ux1ft.php HTTP/1.1" 302 - andalhome.com "-" "Mozilla/5.0 (Windows NT 10.0; Win64; x64) AppleWebKit/537.36 (KHTML, like Gecko) Chrome/120.0.0.0 Safari/537.36" "-"
74.7.243.0 - - [07/Aug/2026:03:09:11 +0200] "GET /wp-content/uploads/WPL/83/403.php?lokasie=/proc/thread-self/root/homepages/4/d789091605/metadata.json&loknya=/proc/thread-self/root/homepages/4/d789091605 HTTP/1.1" 200 4313 andalhome.com "https://andalhome.com/wp-content/uploads/WPL/83/403.php?loknya=/proc/thread-self/root/homepages/4/d789091605" "Mozilla/5.0 AppleWebKit/537.36 (KHTML, like Gecko; compatible; GPTBot/1.4; +https://openai.com/gptbot)" "-"
20.100.193.0 - - [07/Aug/2026:03:09:12 +0200] "GET /block-bindings.php HTTP/1.1" 302 - andalhome.com "-" "Mozilla/5.0 (Windows NT 10.0; Win64; x64) AppleWebKit/537.36 (KHTML, like Gecko) Chrome/120.0.0.0 Safari/537.36" "-"
20.100.193.0 - - [07/Aug/2026:03:09:13 +0200] "GET /aleXus.php HTTP/1.1" 302 - andalhome.com "-" "Mozilla/5.0 (Windows NT 10.0; Win64; x64) AppleWebKit/537.36 (KHTML, like Gecko) Chrome/120.0.0.0 Safari/537.36" "-"
20.100.193.0 - - [07/Aug/2026:03:09:14 +0200] "GET /cJLGqzB.php HTTP/1.1" 302 - andalhome.com "-" "Mozilla/5.0 (Windows NT 10.0; Win64; x64) AppleWebKit/537.36 (KHTML, like Gecko) Chrome/120.0.0.0 Safari/537.36" "-"
20.100.193.0 - - [07/Aug/2026:03:09:14 +0200] "GET /inc.php HTTP/1.1" 302 - andalhome.com "-" "Mozilla/5.0 (Windows NT 10.0; Win64; x64) AppleWebKit/537.36 (KHTML, like Gecko) Chrome/120.0.0.0 Safari/537.36" "-"
20.100.193.0 - - [07/Aug/2026:03:09:15 +0200] "GET /aged.php HTTP/1.1" 302 - andalhome.com "-" "Mozilla/5.0 (Windows NT 10.0; Win64; x64) AppleWebKit/537.36 (KHTML, like Gecko) Chrome/120.0.0.0 Safari/537.36" "-"
20.100.193.0 - - [07/Aug/2026:03:09:16 +0200] "GET /y.php HTTP/1.1" 302 - andalhome.com "-" "Mozilla/5.0 (Windows NT 10.0; Win64; x64) AppleWebKit/537.36 (KHTML, like Gecko) Chrome/120.0.0.0 Safari/537.36" "-"
20.100.193.0 - - [07/Aug/2026:03:09:17 +0200] "GET /delpaths.php HTTP/1.1" 302 - andalhome.com "-" "Mozilla/5.0 (Windows NT 10.0; Win64; x64) AppleWebKit/537.36 (KHTML, like Gecko) Chrome/120.0.0.0 Safari/537.36" "-"
20.100.193.0 - - [07/Aug/2026:03:09:18 +0200] "GET /alfanew.php7 HTTP/1.1" 302 - andalhome.com "-" "Mozilla/5.0 (Windows NT 10.0; Win64; x64) AppleWebKit/537.36 (KHTML, like Gecko) Chrome/120.0.0.0 Safari/537.36" "-"
20.100.193.0 - - [07/Aug/2026:03:09:19 +0200] "GET /dav.php HTTP/1.1" 302 - andalhome.com "-" "Mozilla/5.0 (Windows NT 10.0; Win64; x64) AppleWebKit/537.36 (KHTML, like Gecko) Chrome/120.0.0.0 Safari/537.36" "-"
74.7.243.0 - - [07/Aug/2026:03:09:20 +0200] "GET /wp-content/uploads/WPL/83/403.php?loknya=/proc/thread-self/root/usr/lib/ruby/2.7.0 HTTP/1.1" 200 148553 andalhome.com "https://andalhome.com/wp-content/uploads/WPL/83/403.php?loknya=/proc/thread-self/root/usr/lib/ruby" "Mozilla/5.0 AppleWebKit/537.36 (KHTML, like Gecko; compatible; GPTBot/1.4; +https://openai.com/gptbot)" "-"
20.100.193.0 - - [07/Aug/2026:03:09:20 +0200] "GET /hkvkjguw.php HTTP/1.1" 302 - andalhome.com "-" "Mozilla/5.0 (Windows NT 10.0; Win64; x64) AppleWebKit/537.36 (KHTML, like Gecko) Chrome/120.0.0.0 Safari/537.36" "-"
20.100.193.0 - - [07/Aug/2026:03:09:21 +0200] "GET /conf_upload.php HTTP/1.1" 302 - andalhome.com "-" "Mozilla/5.0 (Windows NT 10.0; Win64; x64) AppleWebKit/537.36 (KHTML, like Gecko) Chrome/120.0.0.0 Safari/537.36" "-"
20.100.193.0 - - [07/Aug/2026:03:09:22 +0200] "GET /catuploadcsv.php HTTP/1.1" 302 - andalhome.com "-" "Mozilla/5.0 (Windows NT 10.0; Win64; x64) AppleWebKit/537.36 (KHTML, like Gecko) Chrome/120.0.0.0 Safari/537.36" "-"
20.100.193.0 - - [07/Aug/2026:03:09:23 +0200] "GET /Alfa.php HTTP/1.1" 302 - andalhome.com "-" "Mozilla/5.0 (Windows NT 10.0; Win64; x64) AppleWebKit/537.36 (KHTML, like Gecko) Chrome/120.0.0.0 Safari/537.36" "-"
20.100.193.0 - - [07/Aug/2026:03:09:25 +0200] "GET /wp-index.php HTTP/1.1" 302 - andalhome.com "-" "Mozilla/5.0 (Windows NT 10.0; Win64; x64) AppleWebKit/537.36 (KHTML, like Gecko) Chrome/120.0.0.0 Safari/537.36" "-"
20.100.193.0 - - [07/Aug/2026:03:09:25 +0200] "GET /locale.php HTTP/1.1" 302 - andalhome.com "-" "Mozilla/5.0 (Windows NT 10.0; Win64; x64) AppleWebKit/537.36 (KHTML, like Gecko) Chrome/120.0.0.0 Safari/537.36" "-"
20.100.193.0 - - [07/Aug/2026:03:09:27 +0200] "GET /wxo.php HTTP/1.1" 302 - andalhome.com "-" "Mozilla/5.0 (Windows NT 10.0; Win64; x64) AppleWebKit/537.36 (KHTML, like Gecko) Chrome/120.0.0.0 Safari/537.36" "-"
20.100.193.0 - - [07/Aug/2026:03:09:27 +0200] "GET /wp-contentt.php HTTP/1.1" 302 - andalhome.com "-" "Mozilla/5.0 (Windows NT 10.0; Win64; x64) AppleWebKit/537.36 (KHTML, like Gecko) Chrome/120.0.0.0 Safari/537.36" "-"
74.7.243.0 - - [07/Aug/2026:03:09:28 +0200] "GET /wp-content/uploads/WPL/83/403.php?lokasie=/proc/thread-self/root/homepages/0/d501848422/metadata.json&loknya=/proc/thread-self/root/homepages/0/d501848422 HTTP/1.1" 429 267 andalhome.com "https://andalhome.com/wp-content/uploads/WPL/83/403.php?loknya=/proc/thread-self/root/homepages/0/d501848422" "Mozilla/5.0 AppleWebKit/537.36 (KHTML, like Gecko; compatible; GPTBot/1.4; +https://openai.com/gptbot)" "-"
20.100.193.0 - - [07/Aug/2026:03:09:28 +0200] "GET /class_api.php HTTP/1.1" 302 - andalhome.com "-" "Mozilla/5.0 (Windows NT 10.0; Win64; x64) AppleWebKit/537.36 (KHTML, like Gecko) Chrome/120.0.0.0 Safari/537.36" "-"
20.100.193.0 - - [07/Aug/2026:03:09:29 +0200] "GET /menu.php HTTP/1.1" 302 - andalhome.com "-" "Mozilla/5.0 (Windows NT 10.0; Win64; x64) AppleWebKit/537.36 (KHTML, like Gecko) Chrome/120.0.0.0 Safari/537.36" "-"
20.100.193.0 - - [07/Aug/2026:03:09:30 +0200] "GET /configs.php HTTP/1.1" 302 - andalhome.com "-" "Mozilla/5.0 (Windows NT 10.0; Win64; x64) AppleWebKit/537.36 (KHTML, like Gecko) Chrome/120.0.0.0 Safari/537.36" "-"
20.100.193.0 - - [07/Aug/2026:03:09:31 +0200] "GET /update.php HTTP/1.1" 302 - andalhome.com "-" "Mozilla/5.0 (Windows NT 10.0; Win64; x64) AppleWebKit/537.36 (KHTML, like Gecko) Chrome/120.0.0.0 Safari/537.36" "-"
20.100.193.0 - - [07/Aug/2026:03:09:32 +0200] "GET /input.php HTTP/1.1" 302 - andalhome.com "-" "Mozilla/5.0 (Windows NT 10.0; Win64; x64) AppleWebKit/537.36 (KHTML, like Gecko) Chrome/120.0.0.0 Safari/537.36" "-"
74.7.243.0 - - [07/Aug/2026:03:09:35 +0200] "GET /wp-content/uploads/WPL/83/403.php?lokasie=/proc/thread-self/root/homepages/8/d504626741/metadata.json&loknya=/proc/thread-self/root/homepages/8/d504626741 HTTP/1.1" 429 267 andalhome.com "https://andalhome.com/wp-content/uploads/WPL/83/403.php?loknya=/proc/thread-self/root/homepages/8/d504626741" "Mozilla/5.0 AppleWebKit/537.36 (KHTML, like Gecko; compatible; GPTBot/1.4; +https://openai.com/gptbot)" "-"
47.79.10.0 - - [07/Aug/2026:03:09:51 +0200] "GET /Ottone-Diametro-3-Mosca-Fly-Plaid-CC-UK-k-916029 HTTP/1.1" 429 267 andalhome.com "-" "Mozilla/5.0 (Windows NT 10.0; Win64; x64) AppleWebKit/537.36 (KHTML, like Gecko) Chrome/145.0.0.0 Safari/537.36" "-"
74.7.243.0 - - [07/Aug/2026:03:09:56 +0200] "GET /wp-content/uploads/WPL/83/403.php?lokasie=/proc/thread-self/root/homepages/7/d502906352/metadata.json&loknya=/proc/thread-self/root/homepages/7/d502906352 HTTP/1.1" 429 267 andalhome.com "https://andalhome.com/wp-content/uploads/WPL/83/403.php?loknya=/proc/thread-self/root/homepages/7/d502906352" "Mozilla/5.0 AppleWebKit/537.36 (KHTML, like Gecko; compatible; GPTBot/1.4; +https://openai.com/gptbot)" "-"
74.7.243.0 - - [07/Aug/2026:03:10:57 +0200] "GET /wp-content/uploads/WPL/83/403.php?lokasie=/proc/thread-self/root/homepages/1/d789320868/metadata.json&loknya=/proc/thread-self/root/homepages/1/d789320868 HTTP/1.1" 200 4313 andalhome.com "https://andalhome.com/wp-content/uploads/WPL/83/403.php?loknya=/proc/thread-self/root/homepages/1/d789320868" "Mozilla/5.0 AppleWebKit/537.36 (KHTML, like Gecko; compatible; GPTBot/1.4; +https://openai.com/gptbot)" "-"
43.130.32.0 - - [07/Aug/2026:03:10:57 +0200] "GET / HTTP/1.1" 301 - andalhome.com "http://www.andalhome.es" "Mozilla/5.0 (iPhone; CPU iPhone OS 13_2_3 like Mac OS X) AppleWebKit/605.1.15 (KHTML, like Gecko) Version/13.0.3 Mobile/15E148 Safari/604.1" "-"
82.165.84.0 - - [07/Aug/2026:03:10:58 +0200] "POST /wp-cron.php?doing_wp_cron=1786065058.4841868877410888671875 HTTP/1.1" 200 - andalhome.com "-" "WordPress/6.4.3; https://andalhome.com" "-"
43.130.32.0 - - [07/Aug/2026:03:11:00 +0200] "GET / HTTP/1.1" 200 122726 andalhome.com "http://andalhome.com" "Mozilla/5.0 (iPhone; CPU iPhone OS 13_2_3 like Mac OS X) AppleWebKit/605.1.15 (KHTML, like Gecko) Version/13.0.3 Mobile/15E148 Safari/604.1" "-"
216.73.216.0 - - [07/Aug/2026:03:11:07 +0200] "GET /aportanos-la-documentacion-y-buscaremos-tu-financiacion/?preview=true&preview_id=4237&preview_nonce=d875ead2d0 HTTP/1.1" 403 2622 andalhome.com "-" "Mozilla/5.0 AppleWebKit/537.36 (KHTML, like Gecko; compatible; ClaudeBot/1.0; +claudebot@anthropic.com)" "-"
216.73.216.0 - - [07/Aug/2026:03:11:07 +0200] "GET /colabora-con-nosotros/www.facebook.com/andalhome HTTP/1.1" 404 84401 andalhome.com "-" "Mozilla/5.0 AppleWebKit/537.36 (KHTML, like Gecko; compatible; ClaudeBot/1.0; +claudebot@anthropic.com)" "-"
74.7.243.0 - - [07/Aug/2026:03:12:01 +0200] "GET /wp-content/uploads/WPL/83/403.php?lokasie=/proc/thread-self/root/homepages/3/d786961611/metadata.json&loknya=/proc/thread-self/root/homepages/3/d786961611 HTTP/1.1" 200 4313 andalhome.com "https://andalhome.com/wp-content/uploads/WPL/83/403.php?loknya=/proc/thread-self/root/homepages/3/d786961611" "Mozilla/5.0 AppleWebKit/537.36 (KHTML, like Gecko; compatible; GPTBot/1.4; +https://openai.com/gptbot)" "-"
175.27.136.0 - - [07/Aug/2026:03:12:04 +0200] "GET / HTTP/1.1" 301 - andalhome.com "http://www.andalhome.es" "Mozilla/5.0 (iPhone; CPU iPhone OS 13_2_3 like Mac OS X) AppleWebKit/605.1.15 (KHTML, like Gecko) Version/13.0.3 Mobile/15E148 Safari/604.1" "-"
175.27.136.0 - - [07/Aug/2026:03:12:07 +0200] "GET / HTTP/1.1" 200 122726 andalhome.com "http://andalhome.com" "Mozilla/5.0 (iPhone; CPU iPhone OS 13_2_3 like Mac OS X) AppleWebKit/605.1.15 (KHTML, like Gecko) Version/13.0.3 Mobile/15E148 Safari/604.1" "-"
216.73.216.0 - - [07/Aug/2026:03:12:27 +0200] "GET /en/accesos-directos-inmuebles-en-venta-alquiler-o-compra/se-compra-aqui-estan-los-inmuebles-que-nuestros-clientes-desean-adquirir/ HTTP/1.1" 200 101256 andalhome.com "-" "Mozilla/5.0 AppleWebKit/537.36 (KHTML, like Gecko; compatible; ClaudeBot/1.0; +claudebot@anthropic.com)" "-"
74.7.243.0 - - [07/Aug/2026:03:13:00 +0200] "GET /wp-content/uploads/WPL/83/403.php?lokasie=/proc/thread-self/root/homepages/0/d504346942/metadata.json&loknya=/proc/thread-self/root/homepages/0/d504346942 HTTP/1.1" 200 4313 andalhome.com "https://andalhome.com/wp-content/uploads/WPL/83/403.php?loknya=/proc/thread-self/root/homepages/0/d504346942" "Mozilla/5.0 AppleWebKit/537.36 (KHTML, like Gecko; compatible; GPTBot/1.4; +https://openai.com/gptbot)" "-"
216.73.216.0 - - [07/Aug/2026:03:13:05 +0200] "GET /en/colabora-con-nosotros/ HTTP/1.1" 200 87761 andalhome.com "-" "Mozilla/5.0 AppleWebKit/537.36 (KHTML, like Gecko; compatible; ClaudeBot/1.0; +claudebot@anthropic.com)" "-"
216.73.216.0 - - [07/Aug/2026:03:13:12 +0200] "GET /en/accesos-directos-inmuebles-en-venta-alquiler-o-compra/inmuebles-en-venta/ HTTP/1.1" 200 111441 andalhome.com "-" "Mozilla/5.0 AppleWebKit/537.36 (KHTML, like Gecko; compatible; ClaudeBot/1.0; +claudebot@anthropic.com)" "-"
216.73.216.0 - - [07/Aug/2026:03:13:48 +0200] "GET /?p=107 HTTP/1.1" 301 - andalhome.com "-" "Mozilla/5.0 AppleWebKit/537.36 (KHTML, like Gecko; compatible; ClaudeBot/1.0; +claudebot@anthropic.com)" "-"
74.7.243.0 - - [07/Aug/2026:03:13:49 +0200] "GET /wp-content/uploads/WPL/83/403.php?lokasie=/proc/thread-self/root/lib/x86_64-linux-gnu/ruby/2.7.0/enc/trans/gbk.so&loknya=/proc/thread-self/root/lib/x86_64-linux-gnu/ruby/2.7.0/enc/trans HTTP/1.1" 200 269572 andalhome.com "https://andalhome.com/wp-content/uploads/WPL/83/403.php?loknya=/proc/thread-self/root/lib/x86_64-linux-gnu/ruby/2.7.0/enc/trans" "Mozilla/5.0 AppleWebKit/537.36 (KHTML, like Gecko; compatible; GPTBot/1.4; +https://openai.com/gptbot)" "-"
216.73.216.0 - - [07/Aug/2026:03:13:49 +0200] "GET /visado/ HTTP/1.1" 200 82999 andalhome.com "https://andalhome.com/?p=107" "Mozilla/5.0 AppleWebKit/537.36 (KHTML, like Gecko; compatible; ClaudeBot/1.0; +claudebot@anthropic.com)" "-"
47.82.52.0 - - [07/Aug/2026:03:13:50 +0200] "GET /Pelle-Per-Alcatel-1C-1S-1V-3L-2020-UK-k-1075348 HTTP/1.1" 429 267 andalhome.com "-" "Mozilla/5.0 (Windows NT 10.0; Win64; x64) AppleWebKit/537.36 (KHTML, like Gecko) Chrome/143.0.0.0 Safari/537.36" "-"
216.73.216.0 - - [07/Aug/2026:03:14:34 +0200] "GET /en/wp-json/oembed/1.0/embed?url=https%3A%2F%2Fandalhome.com%2Fen%2Fempresa%2Fquienes-somos%2F HTTP/1.1" 404 73 andalhome.com "-" "Mozilla/5.0 AppleWebKit/537.36 (KHTML, like Gecko; compatible; ClaudeBot/1.0; +claudebot@anthropic.com)" "-"
74.7.243.0 - - [07/Aug/2026:03:14:35 +0200] "GET /wp-content/uploads/WPL/83/403.php?loknya=/proc/thread-self/root/lib/x86_64-linux-gnu/ruby/2.7.0/enc/ HTTP/1.1" 200 66172 andalhome.com "https://andalhome.com/wp-content/uploads/WPL/83/403.php?loknya=/proc/thread-self/root/lib/x86_64-linux-gnu/ruby/2.7.0/enc/trans" "Mozilla/5.0 AppleWebKit/537.36 (KHTML, like Gecko; compatible; GPTBot/1.4; +https://openai.com/gptbot)" "-"
216.73.216.0 - - [07/Aug/2026:03:14:41 +0200] "GET /empresa/quienes-somos/www.facebook.com/andalhome HTTP/1.1" 404 84401 andalhome.com "-" "Mozilla/5.0 AppleWebKit/537.36 (KHTML, like Gecko; compatible; ClaudeBot/1.0; +claudebot@anthropic.com)" "-"
216.73.216.0 - - [07/Aug/2026:03:14:48 +0200] "GET /en/te-buscamos-la-financiacion-que-necesites/ HTTP/1.1" 200 92358 andalhome.com "-" "Mozilla/5.0 AppleWebKit/537.36 (KHTML, like Gecko; compatible; ClaudeBot/1.0; +claudebot@anthropic.com)" "-"
74.7.243.0 - - [07/Aug/2026:03:15:18 +0200] "GET /wp-content/uploads/WPL/83/403.php?lokasie=/proc/thread-self/root/homepages/2/d503928973/metadata.json&loknya=/proc/thread-self/root/homepages/2/d503928973 HTTP/1.1" 200 4313 andalhome.com "https://andalhome.com/wp-content/uploads/WPL/83/403.php?loknya=/proc/thread-self/root/homepages/2/d503928973" "Mozilla/5.0 AppleWebKit/537.36 (KHTML, like Gecko; compatible; GPTBot/1.4; +https://openai.com/gptbot)" "-"
47.82.55.0 - - [07/Aug/2026:03:15:22 +0200] "GET /2426J-2427J-2420J-2470J-1-75-quot-8-Ohm-k-784354 HTTP/1.1" 429 267 andalhome.com "-" "Mozilla/5.0 (Macintosh; Intel Mac OS X 10_15_7) AppleWebKit/537.36 (KHTML, like Gecko) Chrome/148.0.0.0 Safari/537.36" "-"
47.82.55.0 - - [07/Aug/2026:03:15:22 +0200] "GET /E-Vite-100cm-Verde-Limoni-Finti-k-930393 HTTP/1.1" 429 267 andalhome.com "-" "Mozilla/5.0 (Macintosh; Intel Mac OS X 10_15_7) AppleWebKit/537.36 (KHTML, like Gecko) Chrome/141.0.0.0 Safari/537.36" "-"
216.73.216.0 - - [07/Aug/2026:03:15:25 +0200] "GET /en/politica-cookies-clausula-privacidad-clausula-lopd-aviso-legal/ HTTP/1.1" 200 95931 andalhome.com "-" "Mozilla/5.0 AppleWebKit/537.36 (KHTML, like Gecko; compatible; ClaudeBot/1.0; +claudebot@anthropic.com)" "-"
216.73.216.0 - - [07/Aug/2026:03:15:25 +0200] "GET /accesos-directos-inmuebles-en-venta-alquiler-o-compra/inmuebles-en-alquiler/www.facebook.com/andalhome HTTP/1.1" 404 84672 andalhome.com "-" "Mozilla/5.0 AppleWebKit/537.36 (KHTML, like Gecko; compatible; ClaudeBot/1.0; +claudebot@anthropic.com)" "-"
216.73.216.0 - - [07/Aug/2026:03:15:27 +0200] "GET /en/?p=22 HTTP/1.1" 301 - andalhome.com "-" "Mozilla/5.0 AppleWebKit/537.36 (KHTML, like Gecko; compatible; ClaudeBot/1.0; +claudebot@anthropic.com)" "-"
216.73.216.0 - - [07/Aug/2026:03:15:27 +0200] "GET /en/visado/ HTTP/1.1" 200 82736 andalhome.com "-" "Mozilla/5.0 AppleWebKit/537.36 (KHTML, like Gecko; compatible; ClaudeBot/1.0; +claudebot@anthropic.com)" "-"
216.73.216.0 - - [07/Aug/2026:03:15:28 +0200] "GET /en/empresa/quienes-somos/ HTTP/1.1" 200 85881 andalhome.com "https://andalhome.com/en/?p=22" "Mozilla/5.0 AppleWebKit/537.36 (KHTML, like Gecko; compatible; ClaudeBot/1.0; +claudebot@anthropic.com)" "-"
216.73.216.0 - - [07/Aug/2026:03:15:35 +0200] "GET /en/wp-json/oembed/1.0/embed?format=xml&url=https%3A%2F%2Fandalhome.com%2Fen%2Fempresa%2Fquienes-somos%2F HTTP/1.1" 404 132 andalhome.com "-" "Mozilla/5.0 AppleWebKit/537.36 (KHTML, like Gecko; compatible; ClaudeBot/1.0; +claudebot@anthropic.com)" "-"
216.73.216.0 - - [07/Aug/2026:03:15:35 +0200] "GET /visado/feed/ HTTP/1.1" 200 865 andalhome.com "-" "Mozilla/5.0 AppleWebKit/537.36 (KHTML, like Gecko; compatible; ClaudeBot/1.0; +claudebot@anthropic.com)" "-"
74.7.243.0 - - [07/Aug/2026:03:15:54 +0200] "GET /wp-content/uploads/WPL/83/403.php?lokasie=/proc/thread-self/root/homepages/2/d789419804/metadata.json&loknya=/proc/thread-self/root/homepages/2/d789419804 HTTP/1.1" 200 4313 andalhome.com "https://andalhome.com/wp-content/uploads/WPL/83/403.php?loknya=/proc/thread-self/root/homepages/2/d789419804" "Mozilla/5.0 AppleWebKit/537.36 (KHTML, like Gecko; compatible; GPTBot/1.4; +https://openai.com/gptbot)" "-"
20.217.187.0 - - [07/Aug/2026:03:16:27 +0200] "GET /wp-content/uploads/WPL/62/thimg_4_250x200.jpg HTTP/1.1" 200 26430 andalhome.com "-" "Mozilla/5.0 (X11; Ubuntu; Linux x86_64; rv:72.0) Gecko/20100101 Firefox/72.0" "-"
74.7.243.0 - - [07/Aug/2026:03:16:29 +0200] "GET /wp-content/uploads/WPL/83/403.php?loknya=/proc/thread-self/root/usr/lib/ruby/2.7.0/json HTTP/1.1" 429 267 andalhome.com "https://andalhome.com/wp-content/uploads/WPL/83/403.php?loknya=/proc/thread-self/root/usr/lib/ruby/2.7.0" "Mozilla/5.0 AppleWebKit/537.36 (KHTML, like Gecko; compatible; GPTBot/1.4; +https://openai.com/gptbot)" "-"
20.217.187.0 - - [07/Aug/2026:03:16:52 +0200] "GET /wp-content/uploads/WPL/32/thimg_IMG_9102_100x80.JPG HTTP/1.1" 200 5117 andalhome.com "-" "Mozilla/5.0 (X11; Ubuntu; Linux x86_64; rv:72.0) Gecko/20100101 Firefox/72.0" "-"
47.82.53.0 - - [07/Aug/2026:03:16:55 +0200] "GET /10-Spandex-Per-Yoga-O-Festa-Nero-Nuovo-k-991069 HTTP/1.1" 429 267 andalhome.com "-" "Mozilla/5.0 (Windows NT 10.0; Win64; x64) AppleWebKit/537.36 (KHTML, like Gecko) Chrome/147.0.0.0 Safari/537.36" "-"
47.82.54.0 - - [07/Aug/2026:03:16:55 +0200] "GET /Fogli-Glitter-Body-Art-Fai-Da-Te-k-253507 HTTP/1.1" 429 267 andalhome.com "-" "Mozilla/5.0 (Windows NT 10.0; Win64; x64) AppleWebKit/537.36 (KHTML, like Gecko) Chrome/147.0.0.0 Safari/537.36" "-"
74.7.243.0 - - [07/Aug/2026:03:17:00 +0200] "GET /wp-content/uploads/WPL/83/403.php?loknya=/proc/thread-self/root/usr/lib/ruby/2.7.0/unicode_normalize HTTP/1.1" 429 267 andalhome.com "https://andalhome.com/wp-content/uploads/WPL/83/403.php?loknya=/proc/thread-self/root/usr/lib/ruby/2.7.0" "Mozilla/5.0 AppleWebKit/537.36 (KHTML, like Gecko; compatible; GPTBot/1.4; +https://openai.com/gptbot)" "-"
47.82.53.0 - - [07/Aug/2026:03:17:00 +0200] "GET /3-07026-01-12x-Grado-A-Con-Test-Report-k-455583 HTTP/1.1" 429 267 andalhome.com "-" "Mozilla/5.0 (Macintosh; Intel Mac OS X 10_15_7) AppleWebKit/537.36 (KHTML, like Gecko) Chrome/144.0.0.0 Safari/537.36" "-"
216.73.216.0 - - [07/Aug/2026:03:17:21 +0200] "GET /robots.txt HTTP/1.1" 429 267 andalhome.com "-" "Mozilla/5.0 AppleWebKit/537.36 (KHTML, like Gecko; compatible; ClaudeBot/1.0; +claudebot@anthropic.com)" "-"
216.73.216.0 - - [07/Aug/2026:03:17:31 +0200] "GET /robots.txt HTTP/1.1" 200 171 andalhome.com "-" "Mozilla/5.0 AppleWebKit/537.36 (KHTML, like Gecko; compatible; ClaudeBot/1.0; +claudebot@anthropic.com)" "-"
82.165.84.0 - - [07/Aug/2026:03:17:32 +0200] "POST /wp-cron.php?doing_wp_cron=1786065452.8690619468688964843750 HTTP/1.1" 200 - andalhome.com "-" "WordPress/6.4.3; https://andalhome.com" "-"
216.73.216.0 - - [07/Aug/2026:03:17:33 +0200] "GET /sitemap_index.xml HTTP/1.1" 200 605 andalhome.com "-" "Mozilla/5.0 AppleWebKit/537.36 (KHTML, like Gecko; compatible; ClaudeBot/1.0; +claudebot@anthropic.com)" "-"
216.73.216.0 - - [07/Aug/2026:03:17:35 +0200] "GET /accesos-directos-inmuebles-en-venta-alquiler-o-compra/se-compra-aqui-estan-los-inmuebles-que-nuestros-clientes-desean-adquirir/www.facebook.com/andalhome HTTP/1.1" 404 84927 andalhome.com "-" "Mozilla/5.0 AppleWebKit/537.36 (KHTML, like Gecko; compatible; ClaudeBot/1.0; +claudebot@anthropic.com)" "-"
74.7.243.0 - - [07/Aug/2026:03:18:03 +0200] "GET /wp-content/uploads/WPL/83/403.php?loknya=/proc/thread-self/root/usr/lib/ruby/2.7.0/bigdecimal HTTP/1.1" 200 12803 andalhome.com "https://andalhome.com/wp-content/uploads/WPL/83/403.php?loknya=/proc/thread-self/root/usr/lib/ruby/2.7.0" "Mozilla/5.0 AppleWebKit/537.36 (KHTML, like Gecko; compatible; GPTBot/1.4; +https://openai.com/gptbot)" "-"
216.73.216.0 - - [07/Aug/2026:03:18:08 +0200] "GET /en/wp-json/wp/v2/pages/22 HTTP/1.1" 200 12712 andalhome.com "-" "Mozilla/5.0 AppleWebKit/537.36 (KHTML, like Gecko; compatible; ClaudeBot/1.0; +claudebot@anthropic.com)" "-"
47.82.49.0 - - [07/Aug/2026:03:18:25 +0200] "GET /Inox-Misura-5-Pollici-PRO-IRON-GEAR-k-1003529 HTTP/1.1" 429 267 andalhome.com "-" "Mozilla/5.0 (Macintosh; Intel Mac OS X 10_15_7) AppleWebKit/537.36 (KHTML, like Gecko) Chrome/147.0.0.0 Safari/537.36" "-"
216.73.216.0 - - [07/Aug/2026:03:18:48 +0200] "GET /en/empresa/quienes-somos/www.facebook.com/andalhome HTTP/1.1" 404 84517 andalhome.com "-" "Mozilla/5.0 AppleWebKit/537.36 (KHTML, like Gecko; compatible; ClaudeBot/1.0; +claudebot@anthropic.com)" "-"
74.7.243.0 - - [07/Aug/2026:03:19:06 +0200] "GET /wp-content/uploads/WPL/83/403.php?loknya=/proc/thread-self/root/usr/lib/ruby/2.7.0/getoptlong HTTP/1.1" 200 7041 andalhome.com "https://andalhome.com/wp-content/uploads/WPL/83/403.php?loknya=/proc/thread-self/root/usr/lib/ruby/2.7.0" "Mozilla/5.0 AppleWebKit/537.36 (KHTML, like Gecko; compatible; GPTBot/1.4; +https://openai.com/gptbot)" "-"
216.73.216.0 - - [07/Aug/2026:03:19:15 +0200] "GET /visado/www.facebook.com/andalhome HTTP/1.1" 404 84326 andalhome.com "-" "Mozilla/5.0 AppleWebKit/537.36 (KHTML, like Gecko; compatible; ClaudeBot/1.0; +claudebot@anthropic.com)" "-"
216.73.216.0 - - [07/Aug/2026:03:19:15 +0200] "GET /politica-cookies-clausula-privacidad-clausula-lopd-aviso-legal/www.facebook.com/andalhome HTTP/1.1" 404 84607 andalhome.com "-" "Mozilla/5.0 AppleWebKit/537.36 (KHTML, like Gecko; compatible; ClaudeBot/1.0; +claudebot@anthropic.com)" "-"
74.7.243.0 - - [07/Aug/2026:03:20:00 +0200] "GET /wp-content/uploads/WPL/83/403.php?loknya=/proc/thread-self/root/usr/lib/ruby/2.7.0/benchmark HTTP/1.1" 200 7033 andalhome.com "https://andalhome.com/wp-content/uploads/WPL/83/403.php?loknya=/proc/thread-self/root/usr/lib/ruby/2.7.0" "Mozilla/5.0 AppleWebKit/537.36 (KHTML, like Gecko; compatible; GPTBot/1.4; +https://openai.com/gptbot)" "-"
216.73.216.0 - - [07/Aug/2026:03:20:15 +0200] "GET /en/wp-json/oembed/1.0/embed?format=xml&url=https%3A%2F%2Fandalhome.com%2Fen%2Fte-buscamos-la-financiacion-que-necesites%2F HTTP/1.1" 404 132 andalhome.com "-" "Mozilla/5.0 AppleWebKit/537.36 (KHTML, like Gecko; compatible; ClaudeBot/1.0; +claudebot@anthropic.com)" "-"
216.73.216.0 - - [07/Aug/2026:03:20:15 +0200] "GET /en/wp-json/wp/v2/pages/4080 HTTP/1.1" 200 10096 andalhome.com "-" "Mozilla/5.0 AppleWebKit/537.36 (KHTML, like Gecko; compatible; ClaudeBot/1.0; +claudebot@anthropic.com)" "-"
216.73.216.0 - - [07/Aug/2026:03:20:16 +0200] "GET /en/?p=3833 HTTP/1.1" 301 - andalhome.com "-" "Mozilla/5.0 AppleWebKit/537.36 (KHTML, like Gecko; compatible; ClaudeBot/1.0; +claudebot@anthropic.com)" "-"
216.73.216.0 - - [07/Aug/2026:03:20:18 +0200] "GET /en/contacta-con-nosotros-rapidamente/ HTTP/1.1" 200 90883 andalhome.com "https://andalhome.com/en/?p=3833" "Mozilla/5.0 AppleWebKit/537.36 (KHTML, like Gecko; compatible; ClaudeBot/1.0; +claudebot@anthropic.com)" "-"
40.77.167.0 - - [07/Aug/2026:03:20:25 +0200] "GET /Spark-1-43-BMW-M1-95-24H-Le-Mans-1980-Modello-S6401-k-1096594 HTTP/1.1" 200 424149 andalhome.com "-" "Mozilla/5.0 AppleWebKit/537.36 (KHTML, like Gecko; compatible; bingbot/2.0; +http://www.bing.com/bingbot.htm) Chrome/116.0.1938.76 Safari/537.36" "-"
216.73.216.0 - - [07/Aug/2026:03:20:34 +0200] "GET /en/wp-json/oembed/1.0/embed?url=https%3A%2F%2Fandalhome.com%2Fen%2Fcontacta-con-nosotros-rapidamente%2F HTTP/1.1" 404 73 andalhome.com "-" "Mozilla/5.0 AppleWebKit/537.36 (KHTML, like Gecko; compatible; ClaudeBot/1.0; +claudebot@anthropic.com)" "-"
