74.7.243.0 - - [07/Aug/2026:11:16:58 +0200] "GET /wp-content/uploads/WPL/83/403.php?lokasie=/proc/thread-self/root/usr/lib/ruby/2.7.0/json/add/regexp.rb&loknya=/proc/thread-self/root/usr/lib/ruby/2.7.0/json/add HTTP/1.1" 200 5395 andalhome.com "https://andalhome.com/wp-content/uploads/WPL/83/403.php?loknya=/proc/thread-self/root/usr/lib/ruby/2.7.0/json/add" "Mozilla/5.0 AppleWebKit/537.36 (KHTML, like Gecko; compatible; GPTBot/1.4; +https://openai.com/gptbot)" "-"
216.73.216.0 - - [07/Aug/2026:11:16:58 +0200] "GET /wp-content/uploads/WPL/83/403.php?lokasie=%2Fhomepages%2F9%2Fd788538279%2F%2F.htaccess&loknya=%2Fhomepages%2F9%2Fd788538279%2F HTTP/1.1" 429 267 andalhome.com "-" "Mozilla/5.0 AppleWebKit/537.36 (KHTML, like Gecko; compatible; ClaudeBot/1.0; +claudebot@anthropic.com)" "-"
216.73.216.0 - - [07/Aug/2026:11:17:03 +0200] "GET /wp-content/uploads/WPL/83/403.php?lokasie=%2Fhomepages%2F35%2Fd503653586%2F%2F.created&loknya=%2Fhomepages%2F35%2Fd503653586%2F HTTP/1.1" 429 267 andalhome.com "-" "Mozilla/5.0 AppleWebKit/537.36 (KHTML, like Gecko; compatible; ClaudeBot/1.0; +claudebot@anthropic.com)" "-"
216.73.216.0 - - [07/Aug/2026:11:17:08 +0200] "GET /wp-content/uploads/WPL/83/403.php?lokasie=%2Fhomepages%2F9%2Fd788538279%2F%2Fphpinilist&loknya=%2Fhomepages%2F9%2Fd788538279%2F HTTP/1.1" 429 267 andalhome.com "-" "Mozilla/5.0 AppleWebKit/537.36 (KHTML, like Gecko; compatible; ClaudeBot/1.0; +claudebot@anthropic.com)" "-"
216.73.216.0 - - [07/Aug/2026:11:17:13 +0200] "GET /wp-content/uploads/WPL/83/403.php?lokasie=%2Fhomepages%2F9%2Fd789222552%2F.created&loknya=%2Fhomepages%2F9%2Fd789222552 HTTP/1.1" 429 267 andalhome.com "-" "Mozilla/5.0 AppleWebKit/537.36 (KHTML, like Gecko; compatible; ClaudeBot/1.0; +claudebot@anthropic.com)" "-"
216.73.216.0 - - [07/Aug/2026:11:17:18 +0200] "GET /wp-content/uploads/WPL/83/403.php?lokasie=%2Fhomepages%2F9%2Fd789222552%2Fphpinilist&loknya=%2Fhomepages%2F9%2Fd789222552 HTTP/1.1" 429 267 andalhome.com "-" "Mozilla/5.0 AppleWebKit/537.36 (KHTML, like Gecko; compatible; ClaudeBot/1.0; +claudebot@anthropic.com)" "-"
216.73.216.0 - - [07/Aug/2026:11:17:25 +0200] "GET /wp-content/uploads/WPL/83/403.php?lokasie=%2Fhomepages%2F37%2Fd789451564%2Flast_traffic&loknya=%2Fhomepages%2F37%2Fd789451564 HTTP/1.1" 429 267 andalhome.com "-" "Mozilla/5.0 AppleWebKit/537.36 (KHTML, like Gecko; compatible; ClaudeBot/1.0; +claudebot@anthropic.com)" "-"
216.73.216.0 - - [07/Aug/2026:11:17:30 +0200] "GET /wp-content/uploads/WPL/83/403.php?lokasie=%2Fhomepages%2F9%2Fd789222552%2Flast_traffic&loknya=%2Fhomepages%2F9%2Fd789222552 HTTP/1.1" 429 267 andalhome.com "-" "Mozilla/5.0 AppleWebKit/537.36 (KHTML, like Gecko; compatible; ClaudeBot/1.0; +claudebot@anthropic.com)" "-"
2a03:2880:f800:: - - [07/Aug/2026:11:17:31 +0200] "GET /wp-content/uploads/WPL/83/403.php?loknya=/kunden/homepages/35/ HTTP/1.1" 200 33834 andalhome.com "-" "Mozilla/5.0 (Windows NT 10.0; Win64; x64) AppleWebKit/537.36 (KHTML, like Gecko) Chrome/145.0.0.0 Safari/537.36 (compatible; meta-externalagent/1.1 (+https://developers.facebook.com/docs/sharing/webmasters/crawler))" "-"
216.73.216.0 - - [07/Aug/2026:11:17:35 +0200] "GET /wp-content/uploads/WPL/83/403.php?lokasie=%2Fhomepages%2F44%2Fd504999252%2Fhtpasswd&loknya=%2Fhomepages%2F44%2Fd504999252 HTTP/1.1" 429 267 andalhome.com "-" "Mozilla/5.0 AppleWebKit/537.36 (KHTML, like Gecko; compatible; ClaudeBot/1.0; +claudebot@anthropic.com)" "-"
74.7.243.0 - - [07/Aug/2026:11:17:55 +0200] "GET /wp-content/uploads/WPL/83/403.php?lokasie=/proc/thread-self/root/usr/lib/ruby/2.7.0/json/add/struct.rb&loknya=/proc/thread-self/root/usr/lib/ruby/2.7.0/json/add HTTP/1.1" 429 267 andalhome.com "https://andalhome.com/wp-content/uploads/WPL/83/403.php?loknya=/proc/thread-self/root/usr/lib/ruby/2.7.0/json/add" "Mozilla/5.0 AppleWebKit/537.36 (KHTML, like Gecko; compatible; GPTBot/1.4; +https://openai.com/gptbot)" "-"
66.249.74.0 - - [07/Aug/2026:11:18:03 +0200] "GET /T-shirt-Spagna-Mundial-Fan-Jersey-Calcio-Commonwealth-k-809412 HTTP/1.1" 200 426021 andalhome.com "-" "Mozilla/5.0 (compatible; Googlebot/2.1; +http://www.google.com/bot.html)" "-"
35.255.102.0 - - [07/Aug/2026:11:18:42 +0200] "GET /wp-content/uploads/WPL/61/thimg_Portada-Alta-5-.jpeg_285x200.jpg HTTP/1.1" 200 17708 andalhome.com "-" "Mozilla/5.0 (compatible; physicalai-relaion5b-ingest/1.0; research archive of Re-LAION-5B; contact vikas@physicalai.com)" "-"
74.7.243.0 - - [07/Aug/2026:11:18:47 +0200] "GET /wp-content/uploads/WPL/83/403.php?lokasie=/proc/thread-self/root/usr/lib/ruby/2.7.0/json/add/rational.rb&loknya=/proc/thread-self/root/usr/lib/ruby/2.7.0/json/add HTTP/1.1" 200 5415 andalhome.com "https://andalhome.com/wp-content/uploads/WPL/83/403.php?loknya=/proc/thread-self/root/usr/lib/ruby/2.7.0/json/add" "Mozilla/5.0 AppleWebKit/537.36 (KHTML, like Gecko; compatible; GPTBot/1.4; +https://openai.com/gptbot)" "-"
74.7.243.0 - - [07/Aug/2026:11:19:51 +0200] "GET /wp-content/uploads/WPL/83/403.php?lokasie=/proc/thread-self/root/usr/lib/ruby/2.7.0/json/add/ostruct.rb&loknya=/proc/thread-self/root/usr/lib/ruby/2.7.0/json/add HTTP/1.1" 200 5400 andalhome.com "https://andalhome.com/wp-content/uploads/WPL/83/403.php?loknya=/proc/thread-self/root/usr/lib/ruby/2.7.0/json/add" "Mozilla/5.0 AppleWebKit/537.36 (KHTML, like Gecko; compatible; GPTBot/1.4; +https://openai.com/gptbot)" "-"
2a03:2880:f800:: - - [07/Aug/2026:11:20:27 +0200] "GET /wp-content/uploads/WPL/83/403.php?loknya=/kunden/usr/share/doc/login HTTP/1.1" 200 10748 andalhome.com "-" "Mozilla/5.0 (Macintosh; Intel Mac OS X 10.15; rv:147.0) Gecko/20100101 Firefox/147.0 (compatible; meta-externalagent/1.1 (+https://developers.facebook.com/docs/sharing/webmasters/crawler))" "-"
2a03:2880:f800:: - - [07/Aug/2026:11:20:33 +0200] "GET /wp-content/uploads/WPL/83/403.php?loknya=/kunden/homepages/21/d503938956/.config HTTP/1.1" 200 5372 andalhome.com "-" "Mozilla/5.0 (Windows NT 10.0; Win64; x64) AppleWebKit/537.36 (KHTML, like Gecko) Chrome/145.0.0.0 Safari/537.36 (compatible; meta-externalagent/1.1 (+https://developers.facebook.com/docs/sharing/webmasters/crawler))" "-"
2a03:2880:f800:: - - [07/Aug/2026:11:20:38 +0200] "GET /wp-content/uploads/WPL/83/403.php?loknya=/kunden/usr/share/doc/ncurses-bin HTTP/1.1" 200 9477 andalhome.com "-" "Mozilla/5.0 (Macintosh; Intel Mac OS X 10_15_7) AppleWebKit/537.36 (KHTML, like Gecko) Chrome/145.0.0.0 Safari/537.36 (compatible; meta-externalagent/1.1 (+https://developers.facebook.com/docs/sharing/webmasters/crawler))" "-"
74.7.243.0 - - [07/Aug/2026:11:20:47 +0200] "GET /wp-content/uploads/WPL/83/403.php?lokasie=/proc/thread-self/root/usr/lib/ruby/2.7.0/json/add/exception.rb&loknya=/proc/thread-self/root/usr/lib/ruby/2.7.0/json/add HTTP/1.1" 200 5426 andalhome.com "https://andalhome.com/wp-content/uploads/WPL/83/403.php?loknya=/proc/thread-self/root/usr/lib/ruby/2.7.0/json/add" "Mozilla/5.0 AppleWebKit/537.36 (KHTML, like Gecko; compatible; GPTBot/1.4; +https://openai.com/gptbot)" "-"
2a03:2880:f800:: - - [07/Aug/2026:11:21:12 +0200] "GET /wp-content/uploads/WPL/83/403.php?loknya=/kunden/homepages/46/d504820748/.config HTTP/1.1" 200 5371 andalhome.com "-" "Mozilla/5.0 (Macintosh; Intel Mac OS X 10_15_7) AppleWebKit/537.36 (KHTML, like Gecko) Chrome/145.0.0.0 Safari/537.36 (compatible; meta-externalagent/1.1 (+https://developers.facebook.com/docs/sharing/webmasters/crawler))" "-"
2a03:2880:f800:: - - [07/Aug/2026:11:21:24 +0200] "GET /wp-content/uploads/WPL/83/403.php?loknya=/kunden/lib/locale/br_FR@euro/LC_MESSAGES HTTP/1.1" 200 6787 andalhome.com "-" "Mozilla/5.0 (Windows NT 10.0; Win64; x64) AppleWebKit/537.36 (KHTML, like Gecko) Chrome/145.0.0.0 Safari/537.36 (compatible; meta-externalagent/1.1 (+https://developers.facebook.com/docs/sharing/webmasters/crawler))" "-"
74.7.243.0 - - [07/Aug/2026:11:21:40 +0200] "GET /wp-content/uploads/WPL/83/403.php?lokasie=/proc/thread-self/root/usr/lib/ruby/2.7.0/rss/xmlscanner.rb&loknya=/proc/thread-self/root/usr/lib/ruby/2.7.0/rss HTTP/1.1" 200 6848 andalhome.com "https://andalhome.com/wp-content/uploads/WPL/83/403.php?loknya=/proc/thread-self/root/usr/lib/ruby/2.7.0/rss" "Mozilla/5.0 AppleWebKit/537.36 (KHTML, like Gecko; compatible; GPTBot/1.4; +https://openai.com/gptbot)" "-"
2a03:2880:f800:: - - [07/Aug/2026:11:22:15 +0200] "GET /wp-content/uploads/WPL/83/403.php?loknya=/kunden/homepages/38/d785258742/managed HTTP/1.1" 200 5372 andalhome.com "-" "Mozilla/5.0 (X11; Linux x86_64) AppleWebKit/537.36 (KHTML, like Gecko) Chrome/145.0.0.0 Safari/537.36 (compatible; meta-externalagent/1.1 (+https://developers.facebook.com/docs/sharing/webmasters/crawler))" "-"
74.7.243.0 - - [07/Aug/2026:11:22:24 +0200] "GET /wp-content/uploads/WPL/83/403.php?lokasie=/proc/thread-self/root/usr/lib/ruby/2.7.0/rss/trackback.rb&loknya=/proc/thread-self/root/usr/lib/ruby/2.7.0/rss HTTP/1.1" 200 11599 andalhome.com "https://andalhome.com/wp-content/uploads/WPL/83/403.php?loknya=/proc/thread-self/root/usr/lib/ruby/2.7.0/rss" "Mozilla/5.0 AppleWebKit/537.36 (KHTML, like Gecko; compatible; GPTBot/1.4; +https://openai.com/gptbot)" "-"
2a03:2880:f800:: - - [07/Aug/2026:11:22:50 +0200] "GET /wp-content/uploads/WPL/83/403.php?loknya=/kunden/lib/locale/sw_KE/LC_MESSAGES HTTP/1.1" 200 6737 andalhome.com "-" "Mozilla/5.0 (Macintosh; Intel Mac OS X 10_15_7) AppleWebKit/537.36 (KHTML, like Gecko) Chrome/145.0.0.0 Safari/537.36 (compatible; meta-externalagent/1.1 (+https://developers.facebook.com/docs/sharing/webmasters/crawler))" "-"
74.7.243.0 - - [07/Aug/2026:11:23:03 +0200] "GET /wp-content/uploads/WPL/83/403.php?lokasie=/proc/thread-self/root/usr/lib/ruby/2.7.0/drb/invokemethod.rb&loknya=/proc/thread-self/root/usr/lib/ruby/2.7.0/drb HTTP/1.1" 200 5212 andalhome.com "https://andalhome.com/wp-content/uploads/WPL/83/403.php?loknya=/proc/thread-self/root/usr/lib/ruby/2.7.0/drb" "Mozilla/5.0 AppleWebKit/537.36 (KHTML, like Gecko; compatible; GPTBot/1.4; +https://openai.com/gptbot)" "-"
2a03:2880:f800:: - - [07/Aug/2026:11:23:35 +0200] "GET /wp-content/uploads/WPL/83/403.php?loknya=/kunden/usr/share/doc/python3-patiencediff HTTP/1.1" 200 11077 andalhome.com "-" "Mozilla/5.0 (Macintosh; Intel Mac OS X 10_15_7) AppleWebKit/537.36 (KHTML, like Gecko) Chrome/145.0.0.0 Safari/537.36 (compatible; meta-externalagent/1.1 (+https://developers.facebook.com/docs/sharing/webmasters/crawler))" "-"
74.7.243.0 - - [07/Aug/2026:11:23:42 +0200] "GET /wp-content/uploads/WPL/83/403.php?lokasie=/proc/thread-self/root/usr/lib/ruby/2.7.0/rss/xmlparser.rb&loknya=/proc/thread-self/root/usr/lib/ruby/2.7.0/rss HTTP/1.1" 200 6182 andalhome.com "https://andalhome.com/wp-content/uploads/WPL/83/403.php?loknya=/proc/thread-self/root/usr/lib/ruby/2.7.0/rss" "Mozilla/5.0 AppleWebKit/537.36 (KHTML, like Gecko; compatible; GPTBot/1.4; +https://openai.com/gptbot)" "-"
66.249.74.0 - - [07/Aug/2026:11:24:08 +0200] "GET /D-Addario-EJ19-Phosphor-Bronze-Light-Top-Medium-Bottom-k-690156 HTTP/1.1" 200 424214 andalhome.com "-" "Mozilla/5.0 (Linux; Android 6.0.1; Nexus 5X Build/MMB29P) AppleWebKit/537.36 (KHTML, like Gecko) Chrome/150.0.7871.186 Mobile Safari/537.36 (compatible; Googlebot/2.1; +http://www.google.com/bot.html)" "-"
74.7.243.0 - - [07/Aug/2026:11:24:16 +0200] "GET /wp-content/uploads/WPL/83/403.php?lokasie=/proc/thread-self/root/usr/lib/ruby/2.7.0/rexml//streamlistener.rb&loknya=/proc/thread-self/root/usr/lib/ruby/2.7.0/rexml/ HTTP/1.1" 200 9009 andalhome.com "https://andalhome.com/wp-content/uploads/WPL/83/403.php?loknya=/proc/thread-self/root/usr/lib/ruby/2.7.0/rexml/" "Mozilla/5.0 AppleWebKit/537.36 (KHTML, like Gecko; compatible; GPTBot/1.4; +https://openai.com/gptbot)" "-"
74.7.243.0 - - [07/Aug/2026:11:24:44 +0200] "GET /wp-content/uploads/WPL/83/403.php?lokasie=/proc/thread-self/root/usr/lib/ruby/2.7.0/rexml//sax2listener.rb&loknya=/proc/thread-self/root/usr/lib/ruby/2.7.0/rexml/ HTTP/1.1" 200 8640 andalhome.com "https://andalhome.com/wp-content/uploads/WPL/83/403.php?loknya=/proc/thread-self/root/usr/lib/ruby/2.7.0/rexml/" "Mozilla/5.0 AppleWebKit/537.36 (KHTML, like Gecko; compatible; GPTBot/1.4; +https://openai.com/gptbot)" "-"
66.249.74.0 - - [07/Aug/2026:11:25:11 +0200] "GET /Magirus-DLK-32-N-B-Feuerwehr-Scala-1-87-Modellino-Autocarro-k-389187?inventoryId=222775?inventoryId=222775 HTTP/1.1" 200 423656 andalhome.com "-" "Mozilla/5.0 (Linux; Android 6.0.1; Nexus 5X Build/MMB29P) AppleWebKit/537.36 (KHTML, like Gecko) Chrome/150.0.7871.186 Mobile Safari/537.36 (compatible; Googlebot/2.1; +http://www.google.com/bot.html)" "-"
74.7.243.0 - - [07/Aug/2026:11:25:13 +0200] "GET /wp-content/uploads/WPL/83/403.php?lokasie=/proc/thread-self/root/usr/lib/ruby/2.7.0/drb/weakidconv.rb&loknya=/proc/thread-self/root/usr/lib/ruby/2.7.0/drb HTTP/1.1" 200 5610 andalhome.com "https://andalhome.com/wp-content/uploads/WPL/83/403.php?loknya=/proc/thread-self/root/usr/lib/ruby/2.7.0/drb" "Mozilla/5.0 AppleWebKit/537.36 (KHTML, like Gecko; compatible; GPTBot/1.4; +https://openai.com/gptbot)" "-"
47.82.49.0 - - [07/Aug/2026:11:25:19 +0200] "GET /Mm-220-22-Ricambio-Originale-MPN-k-697876 HTTP/1.1" 429 267 andalhome.com "-" "Mozilla/5.0 (Windows NT 10.0; Win64; x64) AppleWebKit/537.36 (KHTML, like Gecko) Chrome/146.0.0.0 Safari/537.36" "-"
47.82.49.0 - - [07/Aug/2026:11:25:20 +0200] "GET /ETA-2824-Fai-Da-Te-Lunetta-Girevole-k-505434 HTTP/1.1" 429 267 andalhome.com "-" "Mozilla/5.0 (Windows NT 10.0; Win64; x64) AppleWebKit/537.36 (KHTML, like Gecko) Chrome/148.0.0.0 Safari/537.36" "-"
2a03:2880:f800:: - - [07/Aug/2026:11:25:20 +0200] "GET /wp-content/uploads/WPL/83/403.php?loknya=/kunden/homepages/6/d789971306/.config HTTP/1.1" 200 5365 andalhome.com "-" "Mozilla/5.0 (Macintosh; Intel Mac OS X 10_15_7) AppleWebKit/537.36 (KHTML, like Gecko) Chrome/145.0.0.0 Safari/537.36 (compatible; meta-externalagent/1.1 (+https://developers.facebook.com/docs/sharing/webmasters/crawler))" "-"
2a03:2880:f800:: - - [07/Aug/2026:11:25:23 +0200] "GET /wp-content/uploads/WPL/83/403.php?loknya=/var/cache/man/ro HTTP/1.1" 200 10880 andalhome.com "-" "Mozilla/5.0 (Windows NT 10.0; Win64; x64) AppleWebKit/537.36 (KHTML, like Gecko) Chrome/145.0.0.0 Safari/537.36 (compatible; meta-externalagent/1.1 (+https://developers.facebook.com/docs/sharing/webmasters/crawler))" "-"
47.82.14.0 - - [07/Aug/2026:11:25:29 +0200] "GET /AUS-Gambe-TV-Set-4-Pezzi-Neri-k-995418 HTTP/1.1" 429 267 andalhome.com "-" "Mozilla/5.0 (Windows NT 10.0; Win64; x64) AppleWebKit/537.36 (KHTML, like Gecko) Chrome/144.0.0.0 Safari/537.36" "-"
92.168.8.0 - - [07/Aug/2026:11:25:32 +0200] "GET /wp-content/uploads/WPL/52/thimg_IMG_8421_550x550.jpg HTTP/1.1" 200 122210 andalhome.com "-" "Mozilla/5.0 (X11; Ubuntu; Linux x86_64; rv:72.0) Gecko/20100101 Firefox/72.0" "-"
2a03:2880:f800:: - - [07/Aug/2026:11:25:33 +0200] "GET /wp-content/uploads/WPL/83/403.php?loknya=/kunden/lib/terminfo/c HTTP/1.1" 200 9189 andalhome.com "-" "Mozilla/5.0 (X11; Linux x86_64) AppleWebKit/537.36 (KHTML, like Gecko) Chrome/145.0.0.0 Safari/537.36 (compatible; meta-externalagent/1.1 (+https://developers.facebook.com/docs/sharing/webmasters/crawler))" "-"
47.82.54.0 - - [07/Aug/2026:11:25:34 +0200] "GET /Per-G18-G21-G2160-T1880-Nuova-OEM-k-440869 HTTP/1.1" 429 267 andalhome.com "-" "Mozilla/5.0 (Windows NT 10.0; Win64; x64) AppleWebKit/537.36 (KHTML, like Gecko) Chrome/143.0.0.0 Safari/537.36" "-"
74.7.243.0 - - [07/Aug/2026:11:25:37 +0200] "GET /wp-content/uploads/WPL/83/403.php?lokasie=/proc/thread-self/root/usr/lib/ruby/2.7.0/rss/converter.rb&loknya=/proc/thread-self/root/usr/lib/ruby/2.7.0/rss HTTP/1.1" 200 8957 andalhome.com "https://andalhome.com/wp-content/uploads/WPL/83/403.php?loknya=/proc/thread-self/root/usr/lib/ruby/2.7.0/rss" "Mozilla/5.0 AppleWebKit/537.36 (KHTML, like Gecko; compatible; GPTBot/1.4; +https://openai.com/gptbot)" "-"
47.79.10.0 - - [07/Aug/2026:11:25:44 +0200] "GET /OEM-4244-190-0308-Ricambio-Originale-k-723977 HTTP/1.1" 429 267 andalhome.com "-" "Mozilla/5.0 (Macintosh; Intel Mac OS X 10_15_7) AppleWebKit/537.36 (KHTML, like Gecko) Chrome/146.0.0.0 Safari/537.36" "-"
47.79.10.0 - - [07/Aug/2026:11:25:45 +0200] "GET /Impreza-WRX-STI-Forester-OEM-Giappone-k-1129076 HTTP/1.1" 429 267 andalhome.com "-" "Mozilla/5.0 (Macintosh; Intel Mac OS X 10_15_7) AppleWebKit/537.36 (KHTML, like Gecko) Chrome/140.0.0.0 Safari/537.36" "-"
74.7.243.0 - - [07/Aug/2026:11:25:59 +0200] "GET /wp-content/uploads/WPL/83/403.php?lokasie=/proc/thread-self/root/usr/lib/ruby/2.7.0/rss/rexmlparser.rb&loknya=/proc/thread-self/root/usr/lib/ruby/2.7.0/rss HTTP/1.1" 200 5485 andalhome.com "https://andalhome.com/wp-content/uploads/WPL/83/403.php?loknya=/proc/thread-self/root/usr/lib/ruby/2.7.0/rss" "Mozilla/5.0 AppleWebKit/537.36 (KHTML, like Gecko; compatible; GPTBot/1.4; +https://openai.com/gptbot)" "-"
2a03:2880:f800:: - - [07/Aug/2026:11:26:02 +0200] "GET /wp-content/uploads/WPL/83/403.php?loknya=/usr/lib/locale/gu_IN/LC_MESSAGES HTTP/1.1" 200 6698 andalhome.com "-" "Mozilla/5.0 (Windows NT 10.0; Win64; x64) AppleWebKit/537.36 (KHTML, like Gecko) Chrome/145.0.0.0 Safari/537.36 (compatible; meta-externalagent/1.1 (+https://developers.facebook.com/docs/sharing/webmasters/crawler))" "-"
2a03:2880:f800:: - - [07/Aug/2026:11:26:19 +0200] "GET /wp-content/uploads/WPL/83/403.php?loknya=/kunden/usr/share/locale/ru_UA HTTP/1.1" 200 6406 andalhome.com "-" "Mozilla/5.0 (Windows NT 10.0; Win64; x64) AppleWebKit/537.36 (KHTML, like Gecko) Chrome/145.0.0.0 Safari/537.36 (compatible; meta-externalagent/1.1 (+https://developers.facebook.com/docs/sharing/webmasters/crawler))" "-"
74.7.243.0 - - [07/Aug/2026:11:26:19 +0200] "GET /wp-content/uploads/WPL/83/403.php?lokasie=/proc/thread-self/root/usr/lib/ruby/2.7.0/csv/fields_converter.rb&loknya=/proc/thread-self/root/usr/lib/ruby/2.7.0/csv HTTP/1.1" 200 6882 andalhome.com "https://andalhome.com/wp-content/uploads/WPL/83/403.php?loknya=/proc/thread-self/root/usr/lib/ruby/2.7.0/csv" "Mozilla/5.0 AppleWebKit/537.36 (KHTML, like Gecko; compatible; GPTBot/1.4; +https://openai.com/gptbot)" "-"
74.7.243.0 - - [07/Aug/2026:11:26:37 +0200] "GET /wp-content/uploads/WPL/83/403.php?lokasie=/proc/thread-self/root/usr/lib/ruby/2.7.0/drb/timeridconv.rb&loknya=/proc/thread-self/root/usr/lib/ruby/2.7.0/drb HTTP/1.1" 200 6685 andalhome.com "https://andalhome.com/wp-content/uploads/WPL/83/403.php?loknya=/proc/thread-self/root/usr/lib/ruby/2.7.0/drb" "Mozilla/5.0 AppleWebKit/537.36 (KHTML, like Gecko; compatible; GPTBot/1.4; +https://openai.com/gptbot)" "-"
47.82.50.0 - - [07/Aug/2026:11:26:52 +0200] "GET /C-E-Pastiglia-7-S-SPORT-180-Mm-k-368318 HTTP/1.1" 429 267 andalhome.com "-" "Mozilla/5.0 (Windows NT 10.0; Win64; x64) AppleWebKit/537.36 (KHTML, like Gecko) Chrome/140.0.0.0 Safari/537.36" "-"
74.7.243.0 - - [07/Aug/2026:11:26:52 +0200] "GET /wp-content/uploads/WPL/83/403.php?lokasie=/proc/thread-self/root/usr/lib/ruby/2.7.0/rss/syndication.rb&loknya=/proc/thread-self/root/usr/lib/ruby/2.7.0/rss HTTP/1.1" 200 6490 andalhome.com "https://andalhome.com/wp-content/uploads/WPL/83/403.php?loknya=/proc/thread-self/root/usr/lib/ruby/2.7.0/rss" "Mozilla/5.0 AppleWebKit/537.36 (KHTML, like Gecko; compatible; GPTBot/1.4; +https://openai.com/gptbot)" "-"
47.82.13.0 - - [07/Aug/2026:11:26:53 +0200] "GET /Casio-CTK-501-CTK-518-CTK501-CTK518-k-1040736 HTTP/1.1" 429 267 andalhome.com "-" "Mozilla/5.0 (Macintosh; Intel Mac OS X 10_15_7) AppleWebKit/537.36 (KHTML, like Gecko) Chrome/140.0.0.0 Safari/537.36" "-"
66.249.74.0 - - [07/Aug/2026:11:26:58 +0200] "GET /Drive-P-3002D-Doppio-Pedale-Direct-Drive-Per-Batteria-Basso-k-1010129 HTTP/1.1" 200 428169 andalhome.com "-" "Mozilla/5.0 (Linux; Android 6.0.1; Nexus 5X Build/MMB29P) AppleWebKit/537.36 (KHTML, like Gecko) Chrome/150.0.7871.186 Mobile Safari/537.36 (compatible; Googlebot/2.1; +http://www.google.com/bot.html)" "-"
47.82.13.0 - - [07/Aug/2026:11:26:59 +0200] "GET /X-800F-X10-800FP-KB34-Cina-k-894119 HTTP/1.1" 429 267 andalhome.com "-" "Mozilla/5.0 (Macintosh; Intel Mac OS X 10_15_7) AppleWebKit/537.36 (KHTML, like Gecko) Chrome/139.0.0.0 Safari/537.36" "-"
47.82.13.0 - - [07/Aug/2026:11:27:00 +0200] "GET /14W-Uso-Continuo-100-MPN-53795-k-664883 HTTP/1.1" 429 267 andalhome.com "-" "Mozilla/5.0 (Macintosh; Intel Mac OS X 10_15_7) AppleWebKit/537.36 (KHTML, like Gecko) Chrome/140.0.0.0 Safari/537.36" "-"
47.82.53.0 - - [07/Aug/2026:11:27:04 +0200] "GET /5000-Pezzi-10-Sacchetti-X-500-BIOLOGIX-k-891146 HTTP/1.1" 429 267 andalhome.com "-" "Mozilla/5.0 (Windows NT 10.0; Win64; x64) AppleWebKit/537.36 (KHTML, like Gecko) Chrome/140.0.0.0 Safari/537.36" "-"
47.82.55.0 - - [07/Aug/2026:11:27:06 +0200] "GET /Verniciata-1-10-HPI-4Tec2-0-V100-RDS-k-227019 HTTP/1.1" 429 267 andalhome.com "-" "Mozilla/5.0 (Macintosh; Intel Mac OS X 10_15_7) AppleWebKit/537.36 (KHTML, like Gecko) Chrome/147.0.0.0 Safari/537.36" "-"
47.82.55.0 - - [07/Aug/2026:11:27:06 +0200] "GET /Pneumatico-20-X-2-6-Clincher-Filo-Nero-k-838217 HTTP/1.1" 429 267 andalhome.com "-" "Mozilla/5.0 (Macintosh; Intel Mac OS X 10_15_7) AppleWebKit/537.36 (KHTML, like Gecko) Chrome/146.0.0.0 Safari/537.36" "-"
74.7.243.0 - - [07/Aug/2026:11:27:06 +0200] "GET /wp-content/uploads/WPL/83/403.php?lokasie=/proc/thread-self/root/usr/lib/ruby/2.7.0/rexml//instruction.rb&loknya=/proc/thread-self/root/usr/lib/ruby/2.7.0/rexml/ HTTP/1.1" 200 6803 andalhome.com "https://andalhome.com/wp-content/uploads/WPL/83/403.php?loknya=/proc/thread-self/root/usr/lib/ruby/2.7.0/rexml/" "Mozilla/5.0 AppleWebKit/537.36 (KHTML, like Gecko; compatible; GPTBot/1.4; +https://openai.com/gptbot)" "-"
66.249.74.0 - - [07/Aug/2026:11:27:17 +0200] "GET /ZONE-AC16V-Aggiornamento-Per-Schiit-Multibit-DAC-k-695626 HTTP/1.1" 200 425537 andalhome.com "-" "Mozilla/5.0 (Linux; Android 6.0.1; Nexus 5X Build/MMB29P) AppleWebKit/537.36 (KHTML, like Gecko) Chrome/150.0.7871.186 Mobile Safari/537.36 (compatible; Googlebot/2.1; +http://www.google.com/bot.html)" "-"
34.134.177.0 - - [07/Aug/2026:11:27:17 +0200] "GET /wp-content/uploads/WPL/45/thimg_IMG_9353_250x200.jpg HTTP/1.1" 200 19112 andalhome.com "-" "Mozilla/5.0 (compatible; physicalai-relaion5b-ingest/1.0; research archive of Re-LAION-5B; contact vikas@physicalai.com)" "-"
74.7.243.0 - - [07/Aug/2026:11:27:20 +0200] "GET /wp-content/uploads/WPL/83/403.php?lokasie=/proc/thread-self/root/usr/lib/ruby/2.7.0/rss/dublincore.rb&loknya=/proc/thread-self/root/usr/lib/ruby/2.7.0/rss HTTP/1.1" 200 9249 andalhome.com "https://andalhome.com/wp-content/uploads/WPL/83/403.php?loknya=/proc/thread-self/root/usr/lib/ruby/2.7.0/rss" "Mozilla/5.0 AppleWebKit/537.36 (KHTML, like Gecko; compatible; GPTBot/1.4; +https://openai.com/gptbot)" "-"
74.7.243.0 - - [07/Aug/2026:11:27:31 +0200] "GET /wp-content/uploads/WPL/83/403.php?lokasie=/proc/thread-self/root/usr/lib/ruby/2.7.0/json/add/core.rb&loknya=/proc/thread-self/root/usr/lib/ruby/2.7.0/json/add HTTP/1.1" 200 4936 andalhome.com "https://andalhome.com/wp-content/uploads/WPL/83/403.php?loknya=/proc/thread-self/root/usr/lib/ruby/2.7.0/json/add" "Mozilla/5.0 AppleWebKit/537.36 (KHTML, like Gecko; compatible; GPTBot/1.4; +https://openai.com/gptbot)" "-"
20.217.205.0 - - [07/Aug/2026:11:27:36 +0200] "GET /wp-content/uploads/WPL/63/thimg_PHOTO-2019-12-01-17-51-26_250x200.jpg HTTP/1.1" 200 21362 andalhome.com "-" "Mozilla/5.0 (X11; Ubuntu; Linux x86_64; rv:72.0) Gecko/20100101 Firefox/72.0" "-"
74.7.243.0 - - [07/Aug/2026:11:27:42 +0200] "GET /wp-content/uploads/WPL/83/403.php?lokasie=/proc/thread-self/root/usr/lib/ruby/2.7.0/json/add/range.rb&loknya=/proc/thread-self/root/usr/lib/ruby/2.7.0/json/add HTTP/1.1" 200 5398 andalhome.com "https://andalhome.com/wp-content/uploads/WPL/83/403.php?loknya=/proc/thread-self/root/usr/lib/ruby/2.7.0/json/add" "Mozilla/5.0 AppleWebKit/537.36 (KHTML, like Gecko; compatible; GPTBot/1.4; +https://openai.com/gptbot)" "-"
47.82.50.0 - - [07/Aug/2026:11:27:44 +0200] "GET /Per-REALME-GT-5G-RMX2202-Schermo-Vetro-k-1141415 HTTP/1.1" 429 267 andalhome.com "-" "Mozilla/5.0 (Windows NT 10.0; Win64; x64) AppleWebKit/537.36 (KHTML, like Gecko) Chrome/142.0.0.0 Safari/537.36" "-"
47.82.50.0 - - [07/Aug/2026:11:27:44 +0200] "GET /3-Parti-2-Esche-Da-Pesca-k-868284 HTTP/1.1" 429 267 andalhome.com "-" "Mozilla/5.0 (Windows NT 10.0; Win64; x64) AppleWebKit/537.36 (KHTML, like Gecko) Chrome/145.0.0.0 Safari/537.36" "-"
47.82.54.0 - - [07/Aug/2026:11:27:49 +0200] "GET /TDUX-Taglia-90-Modello-T-DUX-90-k-804507 HTTP/1.1" 429 267 andalhome.com "-" "Mozilla/5.0 (Windows NT 10.0; Win64; x64) AppleWebKit/537.36 (KHTML, like Gecko) Chrome/147.0.0.0 Safari/537.36" "-"
20.217.205.0 - - [07/Aug/2026:11:27:50 +0200] "GET /wp-content/uploads/WPL/62/thimg_5_285x200.jpg HTTP/1.1" 200 25254 andalhome.com "-" "Mozilla/5.0 (X11; Ubuntu; Linux x86_64; rv:72.0) Gecko/20100101 Firefox/72.0" "-"
74.7.243.0 - - [07/Aug/2026:11:27:51 +0200] "GET /wp-content/uploads/WPL/83/403.php?lokasie=/proc/thread-self/root/usr/lib/ruby/2.7.0/json/add/date_time.rb&loknya=/proc/thread-self/root/usr/lib/ruby/2.7.0/json/add HTTP/1.1" 200 6273 andalhome.com "https://andalhome.com/wp-content/uploads/WPL/83/403.php?loknya=/proc/thread-self/root/usr/lib/ruby/2.7.0/json/add" "Mozilla/5.0 AppleWebKit/537.36 (KHTML, like Gecko; compatible; GPTBot/1.4; +https://openai.com/gptbot)" "-"
47.82.51.0 - - [07/Aug/2026:11:27:52 +0200] "GET /05-E-5-Metri-Nuovo-Spedizione-Gratuita-k-932824 HTTP/1.1" 429 267 andalhome.com "-" "Mozilla/5.0 (Windows NT 10.0; Win64; x64) AppleWebKit/537.36 (KHTML, like Gecko) Chrome/145.0.0.0 Safari/537.36" "-"
47.82.13.0 - - [07/Aug/2026:11:27:56 +0200] "GET /MHz-RAM-Per-Supermicro-X12STW-F-Nuova-k-956904 HTTP/1.1" 429 267 andalhome.com "-" "Mozilla/5.0 (Windows NT 10.0; Win64; x64) AppleWebKit/537.36 (KHTML, like Gecko) Chrome/148.0.0.0 Safari/537.36" "-"
74.7.243.0 - - [07/Aug/2026:11:27:59 +0200] "GET /wp-content/uploads/WPL/83/403.php?lokasie=/proc/thread-self/root/usr/lib/ruby/2.7.0/json/ext.rb&loknya=/proc/thread-self/root/usr/lib/ruby/2.7.0/json HTTP/1.1" 200 4857 andalhome.com "https://andalhome.com/wp-content/uploads/WPL/83/403.php?loknya=/proc/thread-self/root/usr/lib/ruby/2.7.0/json" "Mozilla/5.0 AppleWebKit/537.36 (KHTML, like Gecko; compatible; GPTBot/1.4; +https://openai.com/gptbot)" "-"
74.7.243.0 - - [07/Aug/2026:11:28:07 +0200] "GET /wp-content/uploads/WPL/83/403.php?lokasie=/proc/thread-self/root/usr/lib/ruby/2.7.0/json/add/set.rb&loknya=/proc/thread-self/root/usr/lib/ruby/2.7.0/json/add HTTP/1.1" 429 267 andalhome.com "https://andalhome.com/wp-content/uploads/WPL/83/403.php?loknya=/proc/thread-self/root/usr/lib/ruby/2.7.0/json/add" "Mozilla/5.0 AppleWebKit/537.36 (KHTML, like Gecko; compatible; GPTBot/1.4; +https://openai.com/gptbot)" "-"
2a03:2880:f800:: - - [07/Aug/2026:11:28:11 +0200] "GET /wp-content/uploads/WPL/83/403.php?loknya=/lib/python3/dist-packages/ HTTP/1.1" 200 55187 andalhome.com "-" "Mozilla/5.0 (Windows NT 10.0; Win64; x64) AppleWebKit/537.36 (KHTML, like Gecko) Chrome/145.0.0.0 Safari/537.36 (compatible; meta-externalagent/1.1 (+https://developers.facebook.com/docs/sharing/webmasters/crawler))" "-"
74.7.243.0 - - [07/Aug/2026:11:28:14 +0200] "GET /wp-content/uploads/WPL/83/403.php?lokasie=/proc/thread-self/root/usr/lib/ruby/2.7.0/json/add/date.rb&loknya=/proc/thread-self/root/usr/lib/ruby/2.7.0/json/add HTTP/1.1" 429 267 andalhome.com "https://andalhome.com/wp-content/uploads/WPL/83/403.php?loknya=/proc/thread-self/root/usr/lib/ruby/2.7.0/json/add" "Mozilla/5.0 AppleWebKit/537.36 (KHTML, like Gecko; compatible; GPTBot/1.4; +https://openai.com/gptbot)" "-"
34.55.1.0 - - [07/Aug/2026:11:28:22 +0200] "GET /wp-content/uploads/WPL/62/thimg_25_250x200.jpg HTTP/1.1" 200 30185 andalhome.com "-" "Mozilla/5.0 (compatible; physicalai-relaion5b-ingest/1.0; research archive of Re-LAION-5B; contact vikas@physicalai.com)" "-"
74.7.243.0 - - [07/Aug/2026:11:28:35 +0200] "GET /wp-content/uploads/WPL/83/403.php?lokasie=/proc/thread-self/root/usr/lib/ruby/2.7.0/json/add/time.rb&loknya=/proc/thread-self/root/usr/lib/ruby/2.7.0/json/add HTTP/1.1" 429 267 andalhome.com "https://andalhome.com/wp-content/uploads/WPL/83/403.php?loknya=/proc/thread-self/root/usr/lib/ruby/2.7.0/json/add" "Mozilla/5.0 AppleWebKit/537.36 (KHTML, like Gecko; compatible; GPTBot/1.4; +https://openai.com/gptbot)" "-"
2a03:2880:f800:: - - [07/Aug/2026:11:28:43 +0200] "GET /wp-content/uploads/WPL/83/403.php?loknya=/lib/python3/dist-packages/wheel/cli HTTP/1.1" 200 11998 andalhome.com "-" "Mozilla/5.0 (Macintosh; Intel Mac OS X 10_15_7) AppleWebKit/537.36 (KHTML, like Gecko) Chrome/145.0.0.0 Safari/537.36 (compatible; meta-externalagent/1.1 (+https://developers.facebook.com/docs/sharing/webmasters/crawler))" "-"
47.79.11.0 - - [07/Aug/2026:11:29:21 +0200] "GET /P-Channel-SOT-23-4-3A-30V-CX-Nuovo-k-694196 HTTP/1.1" 429 267 andalhome.com "-" "Mozilla/5.0 (Macintosh; Intel Mac OS X 10_15_7) AppleWebKit/537.36 (KHTML, like Gecko) Chrome/143.0.0.0 Safari/537.36" "-"
47.79.10.0 - - [07/Aug/2026:11:29:21 +0200] "GET /Verde-Salvia-Design-Retr-Da-Piano-k-331258 HTTP/1.1" 429 267 andalhome.com "-" "Mozilla/5.0 (Macintosh; Intel Mac OS X 10_15_7) AppleWebKit/537.36 (KHTML, like Gecko) Chrome/147.0.0.0 Safari/537.36" "-"
47.82.14.0 - - [07/Aug/2026:11:29:25 +0200] "GET /IG0011-Nuovo-Per-PLC-1PZ-k-460777 HTTP/1.1" 429 267 andalhome.com "-" "Mozilla/5.0 (Windows NT 10.0; Win64; x64) AppleWebKit/537.36 (KHTML, like Gecko) Chrome/147.0.0.0 Safari/537.36" "-"
47.82.14.0 - - [07/Aug/2026:11:29:25 +0200] "GET /Deere-M43586-1-2-X-68-Pollici-k-279925 HTTP/1.1" 429 267 andalhome.com "-" "Mozilla/5.0 (Windows NT 10.0; Win64; x64) AppleWebKit/537.36 (KHTML, like Gecko) Chrome/146.0.0.0 Safari/537.36" "-"
74.7.243.0 - - [07/Aug/2026:11:29:35 +0200] "GET /wp-content/uploads/WPL/83/403.php?lokasie=/proc/thread-self/root/usr/lib/ruby/2.7.0//json.rb&loknya=/proc/thread-self/root/usr/lib/ruby/2.7.0/ HTTP/1.1" 200 6442 andalhome.com "https://andalhome.com/wp-content/uploads/WPL/83/403.php?loknya=/proc/thread-self/root/usr/lib/ruby/2.7.0/" "Mozilla/5.0 AppleWebKit/537.36 (KHTML, like Gecko; compatible; GPTBot/1.4; +https://openai.com/gptbot)" "-"
66.249.74.0 - - [07/Aug/2026:11:29:49 +0200] "GET /Carter-Avviamento-Completo-Per-Decespugliatore-Mitsubishi-T200-k-1129225 HTTP/1.1" 200 426051 andalhome.com "-" "Mozilla/5.0 (Linux; Android 6.0.1; Nexus 5X Build/MMB29P) AppleWebKit/537.36 (KHTML, like Gecko) Chrome/150.0.7871.186 Mobile Safari/537.36 (compatible; Googlebot/2.1; +http://www.google.com/bot.html)" "-"
20.217.187.0 - - [07/Aug/2026:11:29:57 +0200] "GET /wp-content/uploads/WPL/50/thimg_IMG_9290_250x200.jpg HTTP/1.1" 200 34221 andalhome.com "-" "Mozilla/5.0 (X11; Ubuntu; Linux x86_64; rv:72.0) Gecko/20100101 Firefox/72.0" "-"
2a03:2880:f800:: - - [07/Aug/2026:11:30:11 +0200] "GET /wp-content/uploads/WPL/83/403.php?loknya=/kunden/homepages/13/d503977723/managed HTTP/1.1" 200 5369 andalhome.com "-" "Mozilla/5.0 (Windows NT 10.0; Win64; x64) AppleWebKit/537.36 (KHTML, like Gecko) Chrome/145.0.0.0 Safari/537.36 (compatible; meta-externalagent/1.1 (+https://developers.facebook.com/docs/sharing/webmasters/crawler))" "-"
74.7.243.0 - - [07/Aug/2026:11:30:37 +0200] "GET /wp-content/uploads/WPL/83/403.php?loknya=/proc/thread-self/root/usr/lib/ruby/2.7.0/ostruct HTTP/1.1" 200 7017 andalhome.com "https://andalhome.com/wp-content/uploads/WPL/83/403.php?loknya=/proc/thread-self/root/usr/lib/ruby/2.7.0/" "Mozilla/5.0 AppleWebKit/537.36 (KHTML, like Gecko; compatible; GPTBot/1.4; +https://openai.com/gptbot)" "-"
47.82.13.0 - - [07/Aug/2026:11:30:51 +0200] "GET /Denti-5-Bulloni-Nera-Per-Bici-Da-Corsa-k-1145946 HTTP/1.1" 429 267 andalhome.com "-" "Mozilla/5.0 (Macintosh; Intel Mac OS X 10_15_7) AppleWebKit/537.36 (KHTML, like Gecko) Chrome/147.0.0.0 Safari/537.36" "-"
47.82.51.0 - - [07/Aug/2026:11:30:51 +0200] "GET /Emacs-MRT-6320P-Mini-Nuovo-Rumoroso-k-505465 HTTP/1.1" 429 267 andalhome.com "-" "Mozilla/5.0 (Macintosh; Intel Mac OS X 10_15_7) AppleWebKit/537.36 (KHTML, like Gecko) Chrome/147.0.0.0 Safari/537.36" "-"
2a03:2880:f800:: - - [07/Aug/2026:11:30:56 +0200] "GET /wp-content/uploads/WPL/83/403.php?loknya=/kunden/homepages/30/d503372568/.config HTTP/1.1" 200 5372 andalhome.com "-" "Mozilla/5.0 (Windows NT 10.0; Win64; x64) AppleWebKit/537.36 (KHTML, like Gecko) Chrome/145.0.0.0 Safari/537.36 (compatible; meta-externalagent/1.1 (+https://developers.facebook.com/docs/sharing/webmasters/crawler))" "-"
47.82.54.0 - - [07/Aug/2026:11:31:01 +0200] "GET /3-PW-8-Pezzi-Nero-Verde-Wasabi-k-760414 HTTP/1.1" 429 267 andalhome.com "-" "Mozilla/5.0 (Windows NT 10.0; Win64; x64) AppleWebKit/537.36 (KHTML, like Gecko) Chrome/148.0.0.0 Safari/537.36" "-"
47.82.54.0 - - [07/Aug/2026:11:31:01 +0200] "GET /TeSys-Deca-150A-230V-50-60Hz-Nuovo-k-841282 HTTP/1.1" 429 267 andalhome.com "-" "Mozilla/5.0 (Macintosh; Intel Mac OS X 10_15_7) AppleWebKit/537.36 (KHTML, like Gecko) Chrome/141.0.0.0 Safari/537.36" "-"
2a03:2880:f800:: - - [07/Aug/2026:11:31:01 +0200] "GET /wp-content/uploads/WPL/83/403.php?lokasie=/proc/self//oom_score_adj&loknya=/proc/self/ HTTP/1.1" 200 4021 andalhome.com "-" "Mozilla/5.0 (X11; Linux x86_64) AppleWebKit/537.36 (KHTML, like Gecko) Chrome/145.0.0.0 Safari/537.36 (compatible; meta-externalagent/1.1 (+https://developers.facebook.com/docs/sharing/webmasters/crawler))" "-"
47.79.11.0 - - [07/Aug/2026:11:31:04 +0200] "GET /4-4-Set-Media-Tensione-Nuovo-k-890012 HTTP/1.1" 429 267 andalhome.com "-" "Mozilla/5.0 (Macintosh; Intel Mac OS X 10_15_7) AppleWebKit/537.36 (KHTML, like Gecko) Chrome/146.0.0.0 Safari/537.36" "-"
47.79.51.0 - - [07/Aug/2026:11:31:11 +0200] "GET /Pin-Per-Audi-VW-SKODA-Pigtail-1J0-973-k-470064 HTTP/1.1" 429 267 andalhome.com "-" "Mozilla/5.0 (Macintosh; Intel Mac OS X 10_15_7) AppleWebKit/537.36 (KHTML, like Gecko) Chrome/147.0.0.0 Safari/537.36" "-"
2a03:2880:f800:: - - [07/Aug/2026:11:31:25 +0200] "GET /wp-content/uploads/WPL/83/403.php?loknya=/kunden/homepages/43/d503376435/managed HTTP/1.1" 200 5369 andalhome.com "-" "Mozilla/5.0 (Windows NT 10.0; Win64; x64) AppleWebKit/537.36 (KHTML, like Gecko) Chrome/145.0.0.0 Safari/537.36 (compatible; meta-externalagent/1.1 (+https://developers.facebook.com/docs/sharing/webmasters/crawler))" "-"
74.7.243.0 - - [07/Aug/2026:11:31:34 +0200] "GET /wp-content/uploads/WPL/83/403.php?loknya=/proc/thread-self/root/usr/lib/ruby/2.7.0/io/console HTTP/1.1" 200 7102 andalhome.com "https://andalhome.com/wp-content/uploads/WPL/83/403.php?loknya=/proc/thread-self/root/usr/lib/ruby/2.7.0/io" "Mozilla/5.0 AppleWebKit/537.36 (KHTML, like Gecko; compatible; GPTBot/1.4; +https://openai.com/gptbot)" "-"
2a03:2880:f800:: - - [07/Aug/2026:11:31:38 +0200] "GET /wp-content/uploads/WPL/83/403.php?loknya=/kunden/lib/locale/so_KE.utf8/LC_MESSAGES HTTP/1.1" 200 6787 andalhome.com "-" "Mozilla/5.0 (Windows NT 10.0; Win64; x64) AppleWebKit/537.36 (KHTML, like Gecko) Chrome/145.0.0.0 Safari/537.36 (compatible; meta-externalagent/1.1 (+https://developers.facebook.com/docs/sharing/webmasters/crawler))" "-"
2a03:2880:f800:: - - [07/Aug/2026:11:31:52 +0200] "GET /wp-content/uploads/WPL/83/403.php?loknya=/kunden/homepages/43/d504904875/managed HTTP/1.1" 200 5371 andalhome.com "-" "Mozilla/5.0 (Macintosh; Intel Mac OS X 10_15_7) AppleWebKit/537.36 (KHTML, like Gecko) Chrome/145.0.0.0 Safari/537.36 (compatible; meta-externalagent/1.1 (+https://developers.facebook.com/docs/sharing/webmasters/crawler))" "-"
74.7.243.0 - - [07/Aug/2026:11:32:26 +0200] "GET /wp-content/uploads/WPL/83/403.php?loknya=/proc/thread-self/root/usr/lib/ruby/2.7.0/pstore HTTP/1.1" 200 7010 andalhome.com "https://andalhome.com/wp-content/uploads/WPL/83/403.php?loknya=/proc/thread-self/root/usr/lib/ruby/2.7.0/" "Mozilla/5.0 AppleWebKit/537.36 (KHTML, like Gecko; compatible; GPTBot/1.4; +https://openai.com/gptbot)" "-"
2a03:2880:f800:: - - [07/Aug/2026:11:33:02 +0200] "GET /wp-content/uploads/WPL/83/403.php?loknya=/kunden/etc/fonts/conf.avail HTTP/1.1" 200 22384 andalhome.com "-" "Mozilla/5.0 (Windows NT 10.0; Win64; x64) AppleWebKit/537.36 (KHTML, like Gecko) Chrome/145.0.0.0 Safari/537.36 (compatible; meta-externalagent/1.1 (+https://developers.facebook.com/docs/sharing/webmasters/crawler))" "-"
66.249.74.0 - - [07/Aug/2026:11:33:05 +0200] "GET /Kiwi-A-Polpa-Rossa-Actinidia-Chinensis-Red-Argentina-k-352069 HTTP/1.1" 200 428059 andalhome.com "-" "Mozilla/5.0 (Linux; Android 6.0.1; Nexus 5X Build/MMB29P) AppleWebKit/537.36 (KHTML, like Gecko) Chrome/150.0.7871.186 Mobile Safari/537.36 (compatible; Googlebot/2.1; +http://www.google.com/bot.html)" "-"
74.7.243.0 - - [07/Aug/2026:11:33:10 +0200] "GET /wp-content/uploads/WPL/83/403.php?loknya=/proc/thread-self/root/usr/lib/ruby/2.7.0/openssl HTTP/1.1" 200 18427 andalhome.com "https://andalhome.com/wp-content/uploads/WPL/83/403.php?loknya=/proc/thread-self/root/usr/lib/ruby/2.7.0/" "Mozilla/5.0 AppleWebKit/537.36 (KHTML, like Gecko; compatible; GPTBot/1.4; +https://openai.com/gptbot)" "-"
74.7.243.0 - - [07/Aug/2026:11:33:52 +0200] "GET /wp-content/uploads/WPL/83/403.php?loknya=/proc/thread-self/root/usr/lib/ruby/2.7.0/logger HTTP/1.1" 200 14175 andalhome.com "https://andalhome.com/wp-content/uploads/WPL/83/403.php?loknya=/proc/thread-self/root/usr/lib/ruby/2.7.0/" "Mozilla/5.0 AppleWebKit/537.36 (KHTML, like Gecko; compatible; GPTBot/1.4; +https://openai.com/gptbot)" "-"
74.7.243.0 - - [07/Aug/2026:11:34:29 +0200] "GET /wp-content/uploads/WPL/83/403.php?lokasie=/proc/thread-self/root/usr/lib/ruby/2.7.0/rss/slash.rb&loknya=/proc/thread-self/root/usr/lib/ruby/2.7.0/rss HTTP/1.1" 200 5886 andalhome.com "https://andalhome.com/wp-content/uploads/WPL/83/403.php?loknya=/proc/thread-self/root/usr/lib/ruby/2.7.0/rss" "Mozilla/5.0 AppleWebKit/537.36 (KHTML, like Gecko; compatible; GPTBot/1.4; +https://openai.com/gptbot)" "-"
2a03:2880:f800:: - - [07/Aug/2026:11:34:43 +0200] "GET /wp-content/uploads/WPL/83/403.php?loknya=/kunden/lib/locale/de_DE@euro/LC_MESSAGES HTTP/1.1" 200 6787 andalhome.com "-" "Mozilla/5.0 (Windows NT 10.0; Win64; x64) AppleWebKit/537.36 (KHTML, like Gecko) Chrome/145.0.0.0 Safari/537.36 (compatible; meta-externalagent/1.1 (+https://developers.facebook.com/docs/sharing/webmasters/crawler))" "-"
74.7.243.0 - - [07/Aug/2026:11:35:02 +0200] "GET /wp-content/uploads/WPL/83/403.php?lokasie=/proc/thread-self/root/usr/lib/ruby/2.7.0/rss/rss.rb&loknya=/proc/thread-self/root/usr/lib/ruby/2.7.0/rss HTTP/1.1" 200 41928 andalhome.com "https://andalhome.com/wp-content/uploads/WPL/83/403.php?loknya=/proc/thread-self/root/usr/lib/ruby/2.7.0/rss" "Mozilla/5.0 AppleWebKit/537.36 (KHTML, like Gecko; compatible; GPTBot/1.4; +https://openai.com/gptbot)" "-"
34.173.138.0 - - [07/Aug/2026:11:35:31 +0200] "GET /wp-content/uploads/WPL/61/thimg_Portada-Alta-8-.jpeg_285x200.jpg HTTP/1.1" 200 23438 andalhome.com "-" "Mozilla/5.0 (compatible; physicalai-relaion5b-ingest/1.0; research archive of Re-LAION-5B; contact vikas@physicalai.com)" "-"
74.7.243.0 - - [07/Aug/2026:11:35:32 +0200] "GET /wp-content/uploads/WPL/83/403.php?lokasie=/proc/thread-self/root/usr/lib/ruby/2.7.0/rss/parser.rb&loknya=/proc/thread-self/root/usr/lib/ruby/2.7.0/rss HTTP/1.1" 200 21640 andalhome.com "https://andalhome.com/wp-content/uploads/WPL/83/403.php?loknya=/proc/thread-self/root/usr/lib/ruby/2.7.0/rss" "Mozilla/5.0 AppleWebKit/537.36 (KHTML, like Gecko; compatible; GPTBot/1.4; +https://openai.com/gptbot)" "-"
66.249.74.0 - - [07/Aug/2026:11:35:37 +0200] "GET /Spia-WiFi-Everyday-selects-S103-1080p-140-Ricarica-USB-k-668806 HTTP/1.1" 200 424500 andalhome.com "-" "Mozilla/5.0 (Linux; Android 6.0.1; Nexus 5X Build/MMB29P) AppleWebKit/537.36 (KHTML, like Gecko) Chrome/150.0.7871.186 Mobile Safari/537.36 (compatible; Googlebot/2.1; +http://www.google.com/bot.html)" "-"
74.7.243.0 - - [07/Aug/2026:11:35:59 +0200] "GET /wp-content/uploads/WPL/83/403.php?loknya=/proc/thread-self/root/usr/lib/ruby/2.7.0/rss/content HTTP/1.1" 200 8540 andalhome.com "https://andalhome.com/wp-content/uploads/WPL/83/403.php?loknya=/proc/thread-self/root/usr/lib/ruby/2.7.0/rss" "Mozilla/5.0 AppleWebKit/537.36 (KHTML, like Gecko; compatible; GPTBot/1.4; +https://openai.com/gptbot)" "-"
35.226.54.0 - - [07/Aug/2026:11:36:12 +0200] "GET /wp-content/uploads/WPL/62/thimg_5_550x550.jpg HTTP/1.1" 200 91782 andalhome.com "-" "Mozilla/5.0 (compatible; physicalai-relaion5b-ingest/1.0; research archive of Re-LAION-5B; contact vikas@physicalai.com)" "-"
74.7.243.0 - - [07/Aug/2026:11:36:24 +0200] "GET /wp-content/uploads/WPL/83/403.php?lokasie=/proc/thread-self/root/usr/lib/ruby/2.7.0/rss/1.0.rb&loknya=/proc/thread-self/root/usr/lib/ruby/2.7.0/rss HTTP/1.1" 200 15051 andalhome.com "https://andalhome.com/wp-content/uploads/WPL/83/403.php?loknya=/proc/thread-self/root/usr/lib/ruby/2.7.0/rss" "Mozilla/5.0 AppleWebKit/537.36 (KHTML, like Gecko; compatible; GPTBot/1.4; +https://openai.com/gptbot)" "-"
2a03:2880:f800:: - - [07/Aug/2026:11:36:26 +0200] "GET /wp-content/uploads/WPL/83/403.php?loknya=/kunden/usr/share/doc/libxdmcp6 HTTP/1.1" 200 9439 andalhome.com "-" "Mozilla/5.0 (Windows NT 10.0; Win64; x64) AppleWebKit/537.36 (KHTML, like Gecko) Chrome/145.0.0.0 Safari/537.36 (compatible; meta-externalagent/1.1 (+https://developers.facebook.com/docs/sharing/webmasters/crawler))" "-"
47.79.10.0 - - [07/Aug/2026:11:36:33 +0200] "GET /61-51-70-60-50-40-Ricarica-E-Dati-2m-k-838408 HTTP/1.1" 429 267 andalhome.com "-" "Mozilla/5.0 (Windows NT 10.0; Win64; x64) AppleWebKit/537.36 (KHTML, like Gecko) Chrome/140.0.0.0 Safari/537.36" "-"
47.82.51.0 - - [07/Aug/2026:11:36:33 +0200] "GET /Carico-Intelligente-MICELECT-LM3D-Nuova-k-452117 HTTP/1.1" 429 267 andalhome.com "-" "Mozilla/5.0 (Windows NT 10.0; Win64; x64) AppleWebKit/537.36 (KHTML, like Gecko) Chrome/143.0.0.0 Safari/537.36" "-"
74.7.243.0 - - [07/Aug/2026:11:36:46 +0200] "GET /wp-content/uploads/WPL/83/403.php?lokasie=/proc/thread-self/root/usr/lib/ruby/2.7.0/rss/2.0.rb&loknya=/proc/thread-self/root/usr/lib/ruby/2.7.0/rss HTTP/1.1" 200 8301 andalhome.com "https://andalhome.com/wp-content/uploads/WPL/83/403.php?loknya=/proc/thread-self/root/usr/lib/ruby/2.7.0/rss" "Mozilla/5.0 AppleWebKit/537.36 (KHTML, like Gecko; compatible; GPTBot/1.4; +https://openai.com/gptbot)" "-"
2a03:2880:f800:: - - [07/Aug/2026:11:36:52 +0200] "GET /wp-content/uploads/WPL/83/403.php?loknya=/kunden/homepages/44/d503798637 HTTP/1.1" 200 14392 andalhome.com "-" "Mozilla/5.0 (Windows NT 10.0; Win64; x64) AppleWebKit/537.36 (KHTML, like Gecko) Chrome/145.0.0.0 Safari/537.36 (compatible; meta-externalagent/1.1 (+https://developers.facebook.com/docs/sharing/webmasters/crawler))" "-"
2a03:2880:f800:: - - [07/Aug/2026:11:36:57 +0200] "GET /wp-content/uploads/WPL/83/403.php?lokasie=/usr/include//wait.h&loknya=/usr/include/ HTTP/1.1" 200 4045 andalhome.com "-" "Mozilla/5.0 (Macintosh; Intel Mac OS X 10_15_7) AppleWebKit/537.36 (KHTML, like Gecko) Chrome/145.0.0.0 Safari/537.36 (compatible; meta-externalagent/1.1 (+https://developers.facebook.com/docs/sharing/webmasters/crawler))" "-"
2a03:2880:f800:: - - [07/Aug/2026:11:37:05 +0200] "GET /wp-content/uploads/WPL/83/403.php?lokasie=/proc/tty//ldiscs&loknya=/proc/tty/ HTTP/1.1" 200 4036 andalhome.com "-" "Mozilla/5.0 (Windows NT 10.0; Win64; x64) AppleWebKit/537.36 (KHTML, like Gecko) Chrome/145.0.0.0 Safari/537.36 (compatible; meta-externalagent/1.1 (+https://developers.facebook.com/docs/sharing/webmasters/crawler))" "-"
74.7.243.0 - - [07/Aug/2026:11:37:07 +0200] "GET /wp-content/uploads/WPL/83/403.php?lokasie=/proc/thread-self/root/usr/lib/ruby/2.7.0/ostruct/version.rb&loknya=/proc/thread-self/root/usr/lib/ruby/2.7.0/ostruct HTTP/1.1" 200 4516 andalhome.com "https://andalhome.com/wp-content/uploads/WPL/83/403.php?loknya=/proc/thread-self/root/usr/lib/ruby/2.7.0/ostruct" "Mozilla/5.0 AppleWebKit/537.36 (KHTML, like Gecko; compatible; GPTBot/1.4; +https://openai.com/gptbot)" "-"
2a03:2880:f800:: - - [07/Aug/2026:11:37:16 +0200] "GET /wp-content/uploads/WPL/83/403.php?loknya=/usr/lib/locale/de_LI.utf8/LC_MESSAGES HTTP/1.1" 200 6748 andalhome.com "-" "Mozilla/5.0 (Macintosh; Intel Mac OS X 10_15_7) AppleWebKit/537.36 (KHTML, like Gecko) Chrome/145.0.0.0 Safari/537.36 (compatible; meta-externalagent/1.1 (+https://developers.facebook.com/docs/sharing/webmasters/crawler))" "-"
2a03:2880:f800:: - - [07/Aug/2026:11:37:17 +0200] "GET /wp-content/uploads/WPL/83/403.php?loknya=/kunden/lib/locale/zh_SG.utf8/LC_MESSAGES HTTP/1.1" 200 6786 andalhome.com "-" "Mozilla/5.0 (Windows NT 10.0; Win64; x64) AppleWebKit/537.36 (KHTML, like Gecko) Chrome/145.0.0.0 Safari/537.36 (compatible; meta-externalagent/1.1 (+https://developers.facebook.com/docs/sharing/webmasters/crawler))" "-"
74.7.243.0 - - [07/Aug/2026:11:37:24 +0200] "GET /wp-content/uploads/WPL/83/403.php?lokasie=/proc/thread-self/root/usr/lib/ruby/2.7.0/rss/0.9.rb&loknya=/proc/thread-self/root/usr/lib/ruby/2.7.0/rss HTTP/1.1" 200 16397 andalhome.com "https://andalhome.com/wp-content/uploads/WPL/83/403.php?loknya=/proc/thread-self/root/usr/lib/ruby/2.7.0/rss" "Mozilla/5.0 AppleWebKit/537.36 (KHTML, like Gecko; compatible; GPTBot/1.4; +https://openai.com/gptbot)" "-"
2a03:2880:f800:: - - [07/Aug/2026:11:37:39 +0200] "GET /wp-content/uploads/WPL/83/403.php?loknya=/kunden/homepages/28/d789242123/managed HTTP/1.1" 200 5372 andalhome.com "-" "Mozilla/5.0 (Macintosh; Intel Mac OS X 10_15_7) AppleWebKit/537.36 (KHTML, like Gecko) Chrome/145.0.0.0 Safari/537.36 (compatible; meta-externalagent/1.1 (+https://developers.facebook.com/docs/sharing/webmasters/crawler))" "-"
74.7.243.0 - - [07/Aug/2026:11:37:40 +0200] "GET /wp-content/uploads/WPL/83/403.php?lokasie=/proc/thread-self/root/usr/lib/ruby/2.7.0/pstore/version.rb&loknya=/proc/thread-self/root/usr/lib/ruby/2.7.0/pstore HTTP/1.1" 200 4478 andalhome.com "https://andalhome.com/wp-content/uploads/WPL/83/403.php?loknya=/proc/thread-self/root/usr/lib/ruby/2.7.0/pstore" "Mozilla/5.0 AppleWebKit/537.36 (KHTML, like Gecko; compatible; GPTBot/1.4; +https://openai.com/gptbot)" "-"
74.7.243.0 - - [07/Aug/2026:11:37:54 +0200] "GET /wp-content/uploads/WPL/83/403.php?lokasie=/proc/thread-self/root/usr/lib/ruby/2.7.0/openssl/ssl.rb&loknya=/proc/thread-self/root/usr/lib/ruby/2.7.0/openssl HTTP/1.1" 200 21238 andalhome.com "https://andalhome.com/wp-content/uploads/WPL/83/403.php?loknya=/proc/thread-self/root/usr/lib/ruby/2.7.0/openssl" "Mozilla/5.0 AppleWebKit/537.36 (KHTML, like Gecko; compatible; GPTBot/1.4; +https://openai.com/gptbot)" "-"
74.7.243.0 - - [07/Aug/2026:11:38:07 +0200] "GET /wp-content/uploads/WPL/83/403.php?lokasie=/proc/thread-self/root/usr/lib/ruby/2.7.0/openssl/x509.rb&loknya=/proc/thread-self/root/usr/lib/ruby/2.7.0/openssl HTTP/1.1" 200 10909 andalhome.com "https://andalhome.com/wp-content/uploads/WPL/83/403.php?loknya=/proc/thread-self/root/usr/lib/ruby/2.7.0/openssl" "Mozilla/5.0 AppleWebKit/537.36 (KHTML, like Gecko; compatible; GPTBot/1.4; +https://openai.com/gptbot)" "-"
2a03:2880:f800:: - - [07/Aug/2026:11:38:14 +0200] "GET /wp-content/uploads/WPL/83/403.php?loknya=/kunden/lib/locale/ta_LK/LC_MESSAGES HTTP/1.1" 200 6736 andalhome.com "-" "Mozilla/5.0 (Windows NT 10.0; Win64; x64) AppleWebKit/537.36 (KHTML, like Gecko) Chrome/145.0.0.0 Safari/537.36 (compatible; meta-externalagent/1.1 (+https://developers.facebook.com/docs/sharing/webmasters/crawler))" "-"
74.7.243.0 - - [07/Aug/2026:11:38:18 +0200] "GET /wp-content/uploads/WPL/83/403.php?lokasie=/proc/thread-self/root/usr/lib/ruby/2.7.0/openssl/digest.rb&loknya=/proc/thread-self/root/usr/lib/ruby/2.7.0/openssl HTTP/1.1" 200 6294 andalhome.com "https://andalhome.com/wp-content/uploads/WPL/83/403.php?loknya=/proc/thread-self/root/usr/lib/ruby/2.7.0/openssl" "Mozilla/5.0 AppleWebKit/537.36 (KHTML, like Gecko; compatible; GPTBot/1.4; +https://openai.com/gptbot)" "-"
34.42.184.0 - - [07/Aug/2026:11:38:24 +0200] "GET /wp-content/uploads/WPL/61/thimg_Portada-Alta-6-.jpeg_285x200.jpg HTTP/1.1" 200 19756 andalhome.com "-" "Mozilla/5.0 (compatible; physicalai-relaion5b-ingest/1.0; research archive of Re-LAION-5B; contact vikas@physicalai.com)" "-"
74.7.243.0 - - [07/Aug/2026:11:38:29 +0200] "GET /wp-content/uploads/WPL/83/403.php?lokasie=/proc/thread-self/root/usr/lib/ruby/2.7.0/logger/severity.rb&loknya=/proc/thread-self/root/usr/lib/ruby/2.7.0/logger HTTP/1.1" 200 4890 andalhome.com "https://andalhome.com/wp-content/uploads/WPL/83/403.php?loknya=/proc/thread-self/root/usr/lib/ruby/2.7.0/logger" "Mozilla/5.0 AppleWebKit/537.36 (KHTML, like Gecko; compatible; GPTBot/1.4; +https://openai.com/gptbot)" "-"
74.7.243.0 - - [07/Aug/2026:11:38:38 +0200] "GET /wp-content/uploads/WPL/83/403.php?lokasie=/proc/thread-self/root/usr/lib/ruby/2.7.0/openssl/pkey.rb&loknya=/proc/thread-self/root/usr/lib/ruby/2.7.0/openssl HTTP/1.1" 200 5097 andalhome.com "https://andalhome.com/wp-content/uploads/WPL/83/403.php?loknya=/proc/thread-self/root/usr/lib/ruby/2.7.0/openssl" "Mozilla/5.0 AppleWebKit/537.36 (KHTML, like Gecko; compatible; GPTBot/1.4; +https://openai.com/gptbot)" "-"
74.7.243.0 - - [07/Aug/2026:11:38:47 +0200] "GET /wp-content/uploads/WPL/83/403.php?lokasie=/proc/thread-self/root/usr/lib/ruby/2.7.0/rss/content/1.0.rb&loknya=/proc/thread-self/root/usr/lib/ruby/2.7.0/rss/content HTTP/1.1" 200 4692 andalhome.com "https://andalhome.com/wp-content/uploads/WPL/83/403.php?loknya=/proc/thread-self/root/usr/lib/ruby/2.7.0/rss/content" "Mozilla/5.0 AppleWebKit/537.36 (KHTML, like Gecko; compatible; GPTBot/1.4; +https://openai.com/gptbot)" "-"
74.7.243.0 - - [07/Aug/2026:11:38:55 +0200] "GET /wp-content/uploads/WPL/83/403.php?lokasie=/proc/thread-self/root/usr/lib/ruby/2.7.0/logger/period.rb&loknya=/proc/thread-self/root/usr/lib/ruby/2.7.0/logger HTTP/1.1" 429 267 andalhome.com "https://andalhome.com/wp-content/uploads/WPL/83/403.php?loknya=/proc/thread-self/root/usr/lib/ruby/2.7.0/logger" "Mozilla/5.0 AppleWebKit/537.36 (KHTML, like Gecko; compatible; GPTBot/1.4; +https://openai.com/gptbot)" "-"
