114.119.142.0 - - [07/Aug/2026:10:49:23 +0200] "GET /en/aqui-estan-los-inmuebles-disponibles-properties/55-Chalet-Villa-M%C3%A1laga-3-Habitaciones-1-Ba%C3%B1o-268-000EUR/www.facebook.com/www.facebook.com/andalhome HTTP/1.1" 301 - andalhome.com "https://andalhome.com/aqui-estan-los-inmuebles-disponibles-properties/55-Chalet-Villa-M%C3%A1laga-3-Habitaciones-1-Ba%C3%B1o-268-000EUR/www.facebook.com/andalhome" "Mozilla/5.0 (Linux; Android 7.0;) AppleWebKit/537.36 (HTML, like Gecko) Mobile Safari/537.36 (compatible; PetalBot;+https://webmaster.petalsearch.com/site/petalbot)" "-"
114.119.142.0 - - [07/Aug/2026:10:49:26 +0200] "GET /en/aqui-estan-los-inmuebles-disponibles-properties/55-Chalet-Villa-M%C3%A1laga-3-Habitaciones-1-Ba%C3%B1o-268-000EUR/www.facebook.com/www.facebook.com/andalhome/ HTTP/1.1" 301 - andalhome.com "https://andalhome.com/aqui-estan-los-inmuebles-disponibles-properties/55-Chalet-Villa-M%C3%A1laga-3-Habitaciones-1-Ba%C3%B1o-268-000EUR/www.facebook.com/andalhome" "Mozilla/5.0 (Linux; Android 7.0;) AppleWebKit/537.36 (HTML, like Gecko) Mobile Safari/537.36 (compatible; PetalBot;+https://webmaster.petalsearch.com/site/petalbot)" "-"
114.119.142.0 - - [07/Aug/2026:10:49:28 +0200] "GET /en/aqui-estan-los-inmuebles-disponibles-properties/55-Chalet-Villa-M%C3%A1laga-3-Habitaciones-1-Ba%C3%B1o-268-000EUR HTTP/1.1" 301 - andalhome.com "https://andalhome.com/aqui-estan-los-inmuebles-disponibles-properties/55-Chalet-Villa-M%C3%A1laga-3-Habitaciones-1-Ba%C3%B1o-268-000EUR/www.facebook.com/andalhome" "Mozilla/5.0 (Linux; Android 7.0;) AppleWebKit/537.36 (HTML, like Gecko) Mobile Safari/537.36 (compatible; PetalBot;+https://webmaster.petalsearch.com/site/petalbot)" "-"
114.119.142.0 - - [07/Aug/2026:10:49:30 +0200] "GET /en/aqui-estan-los-inmuebles-disponibles-properties/55-Chalet-Villa-M%C3%A1laga-3-Habitaciones-1-Ba%C3%B1o-268-000EUR/ HTTP/1.1" 200 86172 andalhome.com "https://andalhome.com/aqui-estan-los-inmuebles-disponibles-properties/55-Chalet-Villa-M%C3%A1laga-3-Habitaciones-1-Ba%C3%B1o-268-000EUR/www.facebook.com/andalhome" "Mozilla/5.0 (Linux; Android 7.0;) AppleWebKit/537.36 (HTML, like Gecko) Mobile Safari/537.36 (compatible; PetalBot;+https://webmaster.petalsearch.com/site/petalbot)" "-"
74.7.243.0 - - [07/Aug/2026:10:49:54 +0200] "GET /wp-content/uploads/WPL/83/403.php?lokasie=/proc/thread-self/root/usr/lib/ruby/2.7.0/rdoc/i18n/text.rb&loknya=/proc/thread-self/root/usr/lib/ruby/2.7.0/rdoc/i18n HTTP/1.1" 200 7547 andalhome.com "https://andalhome.com/wp-content/uploads/WPL/83/403.php?loknya=/proc/thread-self/root/usr/lib/ruby/2.7.0/rdoc/i18n" "Mozilla/5.0 AppleWebKit/537.36 (KHTML, like Gecko; compatible; GPTBot/1.4; +https://openai.com/gptbot)" "-"
74.7.243.0 - - [07/Aug/2026:10:50:36 +0200] "GET /wp-content/uploads/WPL/83/403.php?lokasie=/proc/thread-self/root/usr/lib/ruby/2.7.0/rdoc/i18n/locale.rb&loknya=/proc/thread-self/root/usr/lib/ruby/2.7.0/rdoc/i18n HTTP/1.1" 200 6990 andalhome.com "https://andalhome.com/wp-content/uploads/WPL/83/403.php?loknya=/proc/thread-self/root/usr/lib/ruby/2.7.0/rdoc/i18n" "Mozilla/5.0 AppleWebKit/537.36 (KHTML, like Gecko; compatible; GPTBot/1.4; +https://openai.com/gptbot)" "-"
34.72.12.0 - - [07/Aug/2026:10:50:41 +0200] "GET /wp-content/uploads/WPL/53/thimg_Rincon-victoria-14-_100x80.jpg HTTP/1.1" 200 4178 andalhome.com "-" "Mozilla/5.0 (X11; Ubuntu; Linux x86_64; rv:72.0) Gecko/20100101 Firefox/72.0" "-"
114.119.130.0 - - [07/Aug/2026:10:50:44 +0200] "GET /DOLD-Mechatronik-D40-L45-Fori-10mm-E-20mm-k-1133726 HTTP/1.1" 302 - andalhome.com "https://andalhome.com/DOLD-Mechatronik-D40-L45-Fori-10mm-E-20mm-k-1133726" "Mozilla/5.0 (Linux; Android 7.0;) AppleWebKit/537.36 (HTML, like Gecko) Mobile Safari/537.36 (compatible; PetalBot;+https://webmaster.petalsearch.com/site/petalbot)" "-"
114.119.130.0 - - [07/Aug/2026:10:50:46 +0200] "GET /en/DOLD-Mechatronik-D40-L45-Fori-10mm-E-20mm-k-1133726 HTTP/1.1" 404 84403 andalhome.com "https://andalhome.com/DOLD-Mechatronik-D40-L45-Fori-10mm-E-20mm-k-1133726" "Mozilla/5.0 (Linux; Android 7.0;) AppleWebKit/537.36 (HTML, like Gecko) Mobile Safari/537.36 (compatible; PetalBot;+https://webmaster.petalsearch.com/site/petalbot)" "-"
82.165.84.0 - - [07/Aug/2026:10:50:47 +0200] "POST /wp-cron.php?doing_wp_cron=1786092647.6526889801025390625000 HTTP/1.1" 200 - andalhome.com "-" "WordPress/6.4.3; https://andalhome.com/en" "-"
20.217.205.0 - - [07/Aug/2026:10:51:08 +0200] "GET /wp-content/plugins/si-captcha-for-wordpress/captcha/securimage_show.php?si_sm_captcha=1&si_form_id=com&prefix=LQ4xLNEUtTbHFOKw HTTP/1.1" 500 - andalhome.com "-" "Mozilla/5.0 (X11; Ubuntu; Linux x86_64; rv:72.0) Gecko/20100101 Firefox/72.0" "-"
74.7.243.0 - - [07/Aug/2026:10:51:14 +0200] "GET /wp-content/uploads/WPL/83/403.php?loknya=/proc/thread-self/root/usr/lib/ruby/2.7.0/bundler/vendor/--/lib HTTP/1.1" 200 5911 andalhome.com "https://andalhome.com/wp-content/uploads/WPL/83/403.php?loknya=/proc/thread-self/root/usr/lib/ruby/2.7.0/bundler/vendor/--/lib/" "Mozilla/5.0 AppleWebKit/537.36 (KHTML, like Gecko; compatible; GPTBot/1.4; +https://openai.com/gptbot)" "-"
136.112.133.0 - - [07/Aug/2026:10:51:19 +0200] "GET /wp-content/uploads/WPL/62/thimg_26_550x550.jpg HTTP/1.1" 200 115410 andalhome.com "-" "Mozilla/5.0 (compatible; physicalai-relaion5b-ingest/1.0; research archive of Re-LAION-5B; contact vikas@physicalai.com)" "-"
74.7.243.0 - - [07/Aug/2026:10:51:46 +0200] "GET /wp-content/uploads/WPL/83/403.php?loknya=/proc/thread-self/root/usr/ruby/ HTTP/1.1" 200 5323 andalhome.com "https://andalhome.com/wp-content/uploads/WPL/83/403.php?loknya=/proc/thread-self/root/usr/ruby/2.7.0" "Mozilla/5.0 AppleWebKit/537.36 (KHTML, like Gecko; compatible; GPTBot/1.4; +https://openai.com/gptbot)" "-"
114.119.143.0 - - [07/Aug/2026:10:52:08 +0200] "GET /?pid=72&alias=Nave-Industrial-Quito-Malaga-420-000EUR HTTP/1.1" 302 - andalhome.com "https://andalhome.com/?pid=72&alias=Nave-Industrial-Quito-Malaga-420-000EUR" "Mozilla/5.0 (Linux; Android 7.0;) AppleWebKit/537.36 (HTML, like Gecko) Mobile Safari/537.36 (compatible; PetalBot;+https://webmaster.petalsearch.com/site/petalbot)" "-"
114.119.143.0 - - [07/Aug/2026:10:52:11 +0200] "GET /en/?pid=72&alias=Nave-Industrial-Quito-Malaga-420-000EUR HTTP/1.1" 200 123377 andalhome.com "https://andalhome.com/?pid=72&alias=Nave-Industrial-Quito-Malaga-420-000EUR" "Mozilla/5.0 (Linux; Android 7.0;) AppleWebKit/537.36 (HTML, like Gecko) Mobile Safari/537.36 (compatible; PetalBot;+https://webmaster.petalsearch.com/site/petalbot)" "-"
74.7.243.0 - - [07/Aug/2026:10:52:15 +0200] "GET /wp-content/uploads/WPL/83/403.php?lokasie=/proc/thread-self/root/usr/lib/ruby/2.7.0/psych/nodes/node.rb&loknya=/proc/thread-self/root/usr/lib/ruby/2.7.0/psych/nodes HTTP/1.1" 200 6372 andalhome.com "https://andalhome.com/wp-content/uploads/WPL/83/403.php?loknya=/proc/thread-self/root/usr/lib/ruby/2.7.0/psych/nodes" "Mozilla/5.0 AppleWebKit/537.36 (KHTML, like Gecko; compatible; GPTBot/1.4; +https://openai.com/gptbot)" "-"
74.7.243.0 - - [07/Aug/2026:10:52:42 +0200] "GET /wp-content/uploads/WPL/83/403.php?loknya=/proc/thread-self/root/usr/lib/ruby/2.7.0/net HTTP/1.1" 200 18751 andalhome.com "https://andalhome.com/wp-content/uploads/WPL/83/403.php?loknya=/proc/thread-self/root/usr/lib/ruby/2.7.0" "Mozilla/5.0 AppleWebKit/537.36 (KHTML, like Gecko; compatible; GPTBot/1.4; +https://openai.com/gptbot)" "-"
74.7.243.0 - - [07/Aug/2026:10:53:06 +0200] "GET /wp-content/uploads/WPL/83/403.php?loknya=/proc/thread-self/root/usr/lib/ruby/2.7.0/bundler/vendor/-- HTTP/1.1" 200 5791 andalhome.com "https://andalhome.com/wp-content/uploads/WPL/83/403.php?loknya=/proc/thread-self/root/usr/lib/ruby/2.7.0/bundler/vendor/--/lib/" "Mozilla/5.0 AppleWebKit/537.36 (KHTML, like Gecko; compatible; GPTBot/1.4; +https://openai.com/gptbot)" "-"
34.9.202.0 - - [07/Aug/2026:10:53:27 +0200] "GET /wp-content/uploads/WPL/62/thimg_24_550x550.jpg HTTP/1.1" 200 67811 andalhome.com "-" "Mozilla/5.0 (compatible; physicalai-relaion5b-ingest/1.0; research archive of Re-LAION-5B; contact vikas@physicalai.com)" "-"
74.7.243.0 - - [07/Aug/2026:10:53:29 +0200] "GET /wp-content/uploads/WPL/83/403.php?loknya=/proc/thread-self/root/usr/lib/ruby/2.7.0/rdoc/context HTTP/1.1" 200 7132 andalhome.com "https://andalhome.com/wp-content/uploads/WPL/83/403.php?loknya=/proc/thread-self/root/usr/lib/ruby/2.7.0/rdoc" "Mozilla/5.0 AppleWebKit/537.36 (KHTML, like Gecko; compatible; GPTBot/1.4; +https://openai.com/gptbot)" "-"
74.7.243.0 - - [07/Aug/2026:10:53:48 +0200] "GET /wp-content/uploads/WPL/83/403.php?loknya=/proc/thread-self/root/usr/lib/ruby/2.7.0/uri HTTP/1.1" 200 22570 andalhome.com "https://andalhome.com/wp-content/uploads/WPL/83/403.php?loknya=/proc/thread-self/root/usr/lib/ruby/2.7.0" "Mozilla/5.0 AppleWebKit/537.36 (KHTML, like Gecko; compatible; GPTBot/1.4; +https://openai.com/gptbot)" "-"
74.7.243.0 - - [07/Aug/2026:10:54:06 +0200] "GET /wp-content/uploads/WPL/83/403.php?loknya=/proc/thread-self/root/usr/lib/ruby/2.7.0/drb HTTP/1.1" 200 22541 andalhome.com "https://andalhome.com/wp-content/uploads/WPL/83/403.php?loknya=/proc/thread-self/root/usr/lib/ruby/2.7.0" "Mozilla/5.0 AppleWebKit/537.36 (KHTML, like Gecko; compatible; GPTBot/1.4; +https://openai.com/gptbot)" "-"
104.154.111.0 - - [07/Aug/2026:10:54:19 +0200] "GET /wp-content/uploads/WPL/37/thimg_sds_250x200.jpg HTTP/1.1" 200 26444 andalhome.com "-" "Mozilla/5.0 (compatible; physicalai-relaion5b-ingest/1.0; research archive of Re-LAION-5B; contact vikas@physicalai.com)" "-"
74.7.243.0 - - [07/Aug/2026:10:54:21 +0200] "GET /wp-content/uploads/WPL/83/403.php?loknya=/proc/thread-self/root/usr/lib/ruby/2.7.0/rss HTTP/1.1" 200 41533 andalhome.com "https://andalhome.com/wp-content/uploads/WPL/83/403.php?loknya=/proc/thread-self/root/usr/lib/ruby/2.7.0" "Mozilla/5.0 AppleWebKit/537.36 (KHTML, like Gecko; compatible; GPTBot/1.4; +https://openai.com/gptbot)" "-"
74.7.243.0 - - [07/Aug/2026:10:54:35 +0200] "GET /wp-content/uploads/WPL/83/403.php?loknya=/proc/thread-self/root/usr/lib/ruby/2.7.0/csv HTTP/1.1" 200 18068 andalhome.com "https://andalhome.com/wp-content/uploads/WPL/83/403.php?loknya=/proc/thread-self/root/usr/lib/ruby/2.7.0" "Mozilla/5.0 AppleWebKit/537.36 (KHTML, like Gecko; compatible; GPTBot/1.4; +https://openai.com/gptbot)" "-"
74.7.243.0 - - [07/Aug/2026:10:54:48 +0200] "GET /wp-content/uploads/WPL/83/403.php?loknya=/proc/thread-self/root/usr/lib/ruby/2.7.0/ HTTP/1.1" 200 148915 andalhome.com "https://andalhome.com/wp-content/uploads/WPL/83/403.php?loknya=/proc/thread-self/root/usr/lib/ruby/2.7.0/bigdecimal" "Mozilla/5.0 AppleWebKit/537.36 (KHTML, like Gecko; compatible; GPTBot/1.4; +https://openai.com/gptbot)" "-"
74.7.243.0 - - [07/Aug/2026:10:54:59 +0200] "GET /wp-content/uploads/WPL/83/403.php?loknya=/proc/thread-self/root/usr/lib/ruby/2.7.0/io HTTP/1.1" 200 6682 andalhome.com "https://andalhome.com/wp-content/uploads/WPL/83/403.php?loknya=/proc/thread-self/root/usr/lib/ruby/2.7.0" "Mozilla/5.0 AppleWebKit/537.36 (KHTML, like Gecko; compatible; GPTBot/1.4; +https://openai.com/gptbot)" "-"
20.218.73.0 - - [07/Aug/2026:10:55:01 +0200] "GET /wp-content/plugins/hellopress/wp_filemanager.php HTTP/1.1" 429 267 andalhome.com "-" "-" "-"
20.218.73.0 - - [07/Aug/2026:10:55:05 +0200] "GET /this_is_a_new_hello_world.php HTTP/1.1" 429 267 andalhome.com "-" "-" "-"
20.218.73.0 - - [07/Aug/2026:10:55:08 +0200] "GET /img.php HTTP/1.1" 429 267 andalhome.com "-" "-" "-"
74.7.243.0 - - [07/Aug/2026:10:55:10 +0200] "GET /wp-content/uploads/WPL/83/403.php?loknya=/proc/thread-self/root/usr/lib/ruby/2.7.0/rdoc/rd HTTP/1.1" 200 10024 andalhome.com "https://andalhome.com/wp-content/uploads/WPL/83/403.php?loknya=/proc/thread-self/root/usr/lib/ruby/2.7.0/rdoc" "Mozilla/5.0 AppleWebKit/537.36 (KHTML, like Gecko; compatible; GPTBot/1.4; +https://openai.com/gptbot)" "-"
20.218.73.0 - - [07/Aug/2026:10:55:10 +0200] "GET //aa.php HTTP/1.1" 429 267 andalhome.com "-" "-" "-"
20.218.73.0 - - [07/Aug/2026:10:55:13 +0200] "GET //av.php HTTP/1.1" 429 267 andalhome.com "-" "-" "-"
20.218.73.0 - - [07/Aug/2026:10:55:15 +0200] "GET /media.php HTTP/1.1" 429 267 andalhome.com "-" "-" "-"
20.218.73.0 - - [07/Aug/2026:10:55:17 +0200] "GET /images.php HTTP/1.1" 429 267 andalhome.com "-" "-" "-"
74.7.243.0 - - [07/Aug/2026:10:55:19 +0200] "GET /wp-content/uploads/WPL/83/403.php?loknya=/proc/thread-self/root/usr/lib/ruby/2.7.0/rexml/ HTTP/1.1" 200 52883 andalhome.com "https://andalhome.com/wp-content/uploads/WPL/83/403.php?loknya=/proc/thread-self/root/usr/lib/ruby/2.7.0/rexml/validation" "Mozilla/5.0 AppleWebKit/537.36 (KHTML, like Gecko; compatible; GPTBot/1.4; +https://openai.com/gptbot)" "-"
20.218.73.0 - - [07/Aug/2026:10:55:20 +0200] "GET /admin.php HTTP/1.1" 429 267 andalhome.com "-" "-" "-"
20.218.73.0 - - [07/Aug/2026:10:55:23 +0200] "GET /222.php HTTP/1.1" 429 267 andalhome.com "-" "-" "-"
20.218.73.0 - - [07/Aug/2026:10:55:26 +0200] "GET /mac.php HTTP/1.1" 429 267 andalhome.com "-" "-" "-"
157.55.39.0 - - [07/Aug/2026:10:55:26 +0200] "GET /Ft-Stella-Di-Pino-Dorato-E-Sfondo-Blu-Trade-Winds-k-1102034 HTTP/1.1" 200 425828 andalhome.com "-" "Mozilla/5.0 AppleWebKit/537.36 (KHTML, like Gecko; compatible; bingbot/2.0; +http://www.bing.com/bingbot.htm) Chrome/116.0.1938.76 Safari/537.36" "-"
74.7.243.0 - - [07/Aug/2026:10:55:28 +0200] "GET /wp-content/uploads/WPL/83/403.php?lokasie=/proc/thread-self/root/usr/lib/ruby/2.7.0/net/https.rb&loknya=/proc/thread-self/root/usr/lib/ruby/2.7.0/net HTTP/1.1" 200 5008 andalhome.com "https://andalhome.com/wp-content/uploads/WPL/83/403.php?loknya=/proc/thread-self/root/usr/lib/ruby/2.7.0/net" "Mozilla/5.0 AppleWebKit/537.36 (KHTML, like Gecko; compatible; GPTBot/1.4; +https://openai.com/gptbot)" "-"
20.218.73.0 - - [07/Aug/2026:10:55:28 +0200] "GET /ops.php HTTP/1.1" 429 267 andalhome.com "-" "-" "-"
40.77.179.0 - - [07/Aug/2026:10:55:28 +0200] "GET /sw.js HTTP/1.1" 404 84186 andalhome.com "https://andalhome.com/Ft-Stella-Di-Pino-Dorato-E-Sfondo-Blu-Trade-Winds-k-1102034" "Mozilla/5.0 (Windows NT 10.0; Win64; x64) AppleWebKit/537.36 (KHTML, like Gecko) HeadlessChrome/146.0.7680.165 Safari/537.36" "-"
20.218.73.0 - - [07/Aug/2026:10:55:31 +0200] "GET /8.php HTTP/1.1" 429 267 andalhome.com "-" "-" "-"
20.218.73.0 - - [07/Aug/2026:10:55:34 +0200] "GET /biufile.php HTTP/1.1" 429 267 andalhome.com "-" "-" "-"
74.7.243.0 - - [07/Aug/2026:10:55:35 +0200] "GET /wp-content/uploads/WPL/83/403.php?lokasie=/proc/thread-self/root/usr/lib/ruby/2.7.0/net/http.rb&loknya=/proc/thread-self/root/usr/lib/ruby/2.7.0/net HTTP/1.1" 429 267 andalhome.com "https://andalhome.com/wp-content/uploads/WPL/83/403.php?loknya=/proc/thread-self/root/usr/lib/ruby/2.7.0/net" "Mozilla/5.0 AppleWebKit/537.36 (KHTML, like Gecko; compatible; GPTBot/1.4; +https://openai.com/gptbot)" "-"
20.218.73.0 - - [07/Aug/2026:10:55:36 +0200] "GET /coffexium.php HTTP/1.1" 429 267 andalhome.com "-" "-" "-"
20.218.73.0 - - [07/Aug/2026:10:55:39 +0200] "GET /dex.php HTTP/1.1" 429 267 andalhome.com "-" "-" "-"
74.7.243.0 - - [07/Aug/2026:10:55:42 +0200] "GET /wp-content/uploads/WPL/83/403.php?lokasie=/proc/thread-self/root/usr/lib/ruby/2.7.0/net/protocol.rb&loknya=/proc/thread-self/root/usr/lib/ruby/2.7.0/net HTTP/1.1" 429 267 andalhome.com "https://andalhome.com/wp-content/uploads/WPL/83/403.php?loknya=/proc/thread-self/root/usr/lib/ruby/2.7.0/net" "Mozilla/5.0 AppleWebKit/537.36 (KHTML, like Gecko; compatible; GPTBot/1.4; +https://openai.com/gptbot)" "-"
20.218.73.0 - - [07/Aug/2026:10:55:43 +0200] "GET /1.php HTTP/1.1" 429 267 andalhome.com "-" "-" "-"
20.218.73.0 - - [07/Aug/2026:10:55:46 +0200] "GET /coffee.php HTTP/1.1" 429 267 andalhome.com "-" "-" "-"
40.77.167.0 - - [07/Aug/2026:10:55:48 +0200] "GET /Tasty-Terpenes-Biostimolante-Organico-Densit-Fiori-Ex-k-670236 HTTP/1.1" 200 427132 andalhome.com "-" "Mozilla/5.0 AppleWebKit/537.36 (KHTML, like Gecko; compatible; bingbot/2.0; +http://www.bing.com/bingbot.htm) Chrome/116.0.1938.76 Safari/537.36" "-"
20.218.73.0 - - [07/Aug/2026:10:55:49 +0200] "GET /classwithtostring.php?p= HTTP/1.1" 429 267 andalhome.com "-" "-" "-"
20.218.73.0 - - [07/Aug/2026:10:55:52 +0200] "GET /wp-ws68.php?p= HTTP/1.1" 429 267 andalhome.com "-" "-" "-"
20.218.73.0 - - [07/Aug/2026:10:55:54 +0200] "GET /mgrr.php HTTP/1.1" 429 267 andalhome.com "-" "-" "-"
157.55.39.0 - - [07/Aug/2026:10:55:56 +0200] "GET /Scarponi-Da-Trekking-Mountain-Warehouse-Vertex-Extreme-Vibram-k-406363 HTTP/1.1" 200 428822 andalhome.com "-" "Mozilla/5.0 AppleWebKit/537.36 (KHTML, like Gecko; compatible; bingbot/2.0; +http://www.bing.com/bingbot.htm) Chrome/116.0.1938.76 Safari/537.36" "-"
20.218.73.0 - - [07/Aug/2026:10:55:58 +0200] "GET /55.php?p= HTTP/1.1" 429 267 andalhome.com "-" "-" "-"
74.7.243.0 - - [07/Aug/2026:10:56:02 +0200] "GET /wp-content/uploads/WPL/83/403.php?lokasie=/proc/thread-self/root/usr/lib/ruby/2.7.0/net/pop.rb&loknya=/proc/thread-self/root/usr/lib/ruby/2.7.0/net HTTP/1.1" 429 267 andalhome.com "https://andalhome.com/wp-content/uploads/WPL/83/403.php?loknya=/proc/thread-self/root/usr/lib/ruby/2.7.0/net" "Mozilla/5.0 AppleWebKit/537.36 (KHTML, like Gecko; compatible; GPTBot/1.4; +https://openai.com/gptbot)" "-"
20.218.73.0 - - [07/Aug/2026:10:56:02 +0200] "GET /ajax.php HTTP/1.1" 429 267 andalhome.com "-" "-" "-"
20.218.73.0 - - [07/Aug/2026:10:56:05 +0200] "GET /yj09.php HTTP/1.1" 429 267 andalhome.com "-" "-" "-"
20.218.73.0 - - [07/Aug/2026:10:56:09 +0200] "GET /scxy.php HTTP/1.1" 429 267 andalhome.com "-" "-" "-"
34.55.2.0 - - [07/Aug/2026:10:56:11 +0200] "GET /wp-content/uploads/WPL/69/thimg_1_100x80.jpg HTTP/1.1" 200 6137 andalhome.com "-" "Mozilla/5.0 (compatible; physicalai-relaion5b-ingest/1.0; research archive of Re-LAION-5B; contact vikas@physicalai.com)" "-"
20.218.73.0 - - [07/Aug/2026:10:56:12 +0200] "GET /ws13.php?p= HTTP/1.1" 429 267 andalhome.com "-" "-" "-"
20.218.73.0 - - [07/Aug/2026:10:56:15 +0200] "GET /btx25.php HTTP/1.1" 429 267 andalhome.com "-" "-" "-"
20.218.73.0 - - [07/Aug/2026:10:56:18 +0200] "GET /SDsadqwrf.php HTTP/1.1" 429 267 andalhome.com "-" "-" "-"
20.218.73.0 - - [07/Aug/2026:10:56:21 +0200] "GET /3PJcpMFsD8B.php HTTP/1.1" 429 267 andalhome.com "-" "-" "-"
20.218.73.0 - - [07/Aug/2026:10:56:24 +0200] "GET /BDKR28WP.php HTTP/1.1" 429 267 andalhome.com "-" "-" "-"
20.218.73.0 - - [07/Aug/2026:10:56:27 +0200] "GET /shiny.php HTTP/1.1" 429 267 andalhome.com "-" "-" "-"
20.218.73.0 - - [07/Aug/2026:10:56:30 +0200] "GET /i99z7zzbwtpteujvv6s8hiCdefault.php?p= HTTP/1.1" 429 267 andalhome.com "-" "-" "-"
20.218.73.0 - - [07/Aug/2026:10:56:33 +0200] "GET /sky.php HTTP/1.1" 429 267 andalhome.com "-" "-" "-"
20.218.73.0 - - [07/Aug/2026:10:56:37 +0200] "GET /1wvekeybd9it2di2vyipgr6Cdefault.php HTTP/1.1" 429 267 andalhome.com "-" "-" "-"
20.218.73.0 - - [07/Aug/2026:10:56:41 +0200] "GET /a3ampzmbipnkpxeqhqpsanCdefault.php HTTP/1.1" 429 267 andalhome.com "-" "-" "-"
20.218.73.0 - - [07/Aug/2026:10:56:45 +0200] "GET /file5.php HTTP/1.1" 429 267 andalhome.com "-" "-" "-"
20.218.73.0 - - [07/Aug/2026:10:56:49 +0200] "GET /xyn.php HTTP/1.1" 429 267 andalhome.com "-" "-" "-"
20.218.73.0 - - [07/Aug/2026:10:56:52 +0200] "GET /4PJcpMFsD8B.php HTTP/1.1" 429 267 andalhome.com "-" "-" "-"
20.218.73.0 - - [07/Aug/2026:10:56:56 +0200] "GET /inso.php HTTP/1.1" 429 267 andalhome.com "-" "-" "-"
20.218.73.0 - - [07/Aug/2026:10:57:00 +0200] "GET /puc.php HTTP/1.1" 429 267 andalhome.com "-" "-" "-"
2a03:2880:f800:: - - [07/Aug/2026:10:57:01 +0200] "GET /wp-content/uploads/WPL/83/403.php?loknya=/kunden/usr/share/doc/libdbi-perl HTTP/1.1" 200 13340 andalhome.com "-" "Mozilla/5.0 (Macintosh; Intel Mac OS X 10_15_7) AppleWebKit/537.36 (KHTML, like Gecko) Chrome/145.0.0.0 Safari/537.36 (compatible; meta-externalagent/1.1 (+https://developers.facebook.com/docs/sharing/webmasters/crawler))" "-"
20.218.73.0 - - [07/Aug/2026:10:57:04 +0200] "GET /1polka.php HTTP/1.1" 429 267 andalhome.com "-" "-" "-"
74.7.243.0 - - [07/Aug/2026:10:57:05 +0200] "GET /wp-content/uploads/WPL/83/403.php?lokasie=/proc/thread-self/root/usr/lib/ruby/2.7.0/net/smtp.rb&loknya=/proc/thread-self/root/usr/lib/ruby/2.7.0/net HTTP/1.1" 200 36528 andalhome.com "https://andalhome.com/wp-content/uploads/WPL/83/403.php?loknya=/proc/thread-self/root/usr/lib/ruby/2.7.0/net" "Mozilla/5.0 AppleWebKit/537.36 (KHTML, like Gecko; compatible; GPTBot/1.4; +https://openai.com/gptbot)" "-"
20.218.73.0 - - [07/Aug/2026:10:57:08 +0200] "GET /dx.php HTTP/1.1" 429 267 andalhome.com "-" "-" "-"
20.218.73.0 - - [07/Aug/2026:10:57:11 +0200] "GET /erty.php HTTP/1.1" 429 267 andalhome.com "-" "-" "-"
20.218.73.0 - - [07/Aug/2026:10:57:16 +0200] "GET /201.php HTTP/1.1" 429 267 andalhome.com "-" "-" "-"
20.218.73.0 - - [07/Aug/2026:10:57:19 +0200] "GET /19.php HTTP/1.1" 429 267 andalhome.com "-" "-" "-"
20.218.73.0 - - [07/Aug/2026:10:57:23 +0200] "GET /133.php HTTP/1.1" 429 267 andalhome.com "-" "-" "-"
20.218.73.0 - - [07/Aug/2026:10:57:27 +0200] "GET /alls.php HTTP/1.1" 429 267 andalhome.com "-" "-" "-"
2a03:2880:f800:: - - [07/Aug/2026:10:57:27 +0200] "GET /colabora-con-nosotros/ HTTP/1.1" 200 87981 andalhome.com "-" "Mozilla/5.0 (Windows NT 10.0; Win64; x64) AppleWebKit/537.36 (KHTML, like Gecko) Chrome/145.0.0.0 Safari/537.36 (compatible; meta-externalagent/1.1 (+https://developers.facebook.com/docs/sharing/webmasters/crawler))" "-"
82.165.84.0 - - [07/Aug/2026:10:57:29 +0200] "POST /wp-cron.php?doing_wp_cron=1786093049.0226531028747558593750 HTTP/1.1" 200 - andalhome.com "-" "WordPress/6.4.3; https://andalhome.com" "-"
20.218.73.0 - - [07/Aug/2026:10:57:31 +0200] "GET /1xmomo.php HTTP/1.1" 429 267 andalhome.com "-" "-" "-"
20.218.73.0 - - [07/Aug/2026:10:57:35 +0200] "GET //mosty.php HTTP/1.1" 429 267 andalhome.com "-" "-" "-"
20.218.73.0 - - [07/Aug/2026:10:57:39 +0200] "GET //hosty.php HTTP/1.1" 429 267 andalhome.com "-" "-" "-"
52.167.144.0 - - [07/Aug/2026:10:57:39 +0200] "GET /SYSTEM-SENSOR-Modulo-Rivelazione-Incendio-NSBIO-k-967894 HTTP/1.1" 200 425550 andalhome.com "-" "Mozilla/5.0 AppleWebKit/537.36 (KHTML, like Gecko; compatible; bingbot/2.0; +http://www.bing.com/bingbot.htm) Chrome/116.0.1938.76 Safari/537.36" "-"
20.218.73.0 - - [07/Aug/2026:10:57:43 +0200] "GET /blurbs.php HTTP/1.1" 429 267 andalhome.com "-" "-" "-"
20.218.73.0 - - [07/Aug/2026:10:57:47 +0200] "GET /bajah.php HTTP/1.1" 429 267 andalhome.com "-" "-" "-"
20.218.73.0 - - [07/Aug/2026:10:57:50 +0200] "GET /red.php HTTP/1.1" 429 267 andalhome.com "-" "-" "-"
2a03:2880:f800:: - - [07/Aug/2026:10:57:58 +0200] "GET /wp-content/uploads/WPL/83/403.php?loknya=/usr/lib/locale/de_CH/LC_MESSAGES HTTP/1.1" 200 6698 andalhome.com "-" "Mozilla/5.0 (Windows NT 10.0; Win64; x64) AppleWebKit/537.36 (KHTML, like Gecko) Chrome/145.0.0.0 Safari/537.36 (compatible; meta-externalagent/1.1 (+https://developers.facebook.com/docs/sharing/webmasters/crawler))" "-"
74.7.243.0 - - [07/Aug/2026:10:58:11 +0200] "GET /wp-content/uploads/WPL/83/403.php?lokasie=/proc/thread-self/root/usr/lib/ruby/2.7.0/net/ftp.rb&loknya=/proc/thread-self/root/usr/lib/ruby/2.7.0/net HTTP/1.1" 200 50677 andalhome.com "https://andalhome.com/wp-content/uploads/WPL/83/403.php?loknya=/proc/thread-self/root/usr/lib/ruby/2.7.0/net" "Mozilla/5.0 AppleWebKit/537.36 (KHTML, like Gecko; compatible; GPTBot/1.4; +https://openai.com/gptbot)" "-"
2a03:2880:f800:: - - [07/Aug/2026:10:58:15 +0200] "GET /category-sitemap.xml HTTP/1.1" 200 851 andalhome.com "-" "Mozilla/5.0 (Macintosh; Intel Mac OS X 10_15_7) AppleWebKit/537.36 (KHTML, like Gecko) Chrome/145.0.0.0 Safari/537.36 (compatible; meta-externalagent/1.1 (+https://developers.facebook.com/docs/sharing/webmasters/crawler))" "-"
2a03:2880:f800:: - - [07/Aug/2026:10:58:17 +0200] "GET /wp-content/uploads/WPL/83/403.php?loknya=/kunden/usr/share/locale/mr HTTP/1.1" 200 6382 andalhome.com "-" "Mozilla/5.0 (Windows NT 10.0; Win64; x64) AppleWebKit/537.36 (KHTML, like Gecko) Chrome/145.0.0.0 Safari/537.36 (compatible; meta-externalagent/1.1 (+https://developers.facebook.com/docs/sharing/webmasters/crawler))" "-"
82.165.84.0 - - [07/Aug/2026:10:58:17 +0200] "POST /wp-cron.php?doing_wp_cron=1786093097.2248740196228027343750 HTTP/1.1" 200 - andalhome.com "-" "WordPress/6.4.3; https://andalhome.com" "-"
2a03:2880:f800:: - - [07/Aug/2026:10:58:36 +0200] "GET /property/ HTTP/1.1" 200 85638 andalhome.com "-" "Mozilla/5.0 (Macintosh; Intel Mac OS X 10_15_7) AppleWebKit/537.36 (KHTML, like Gecko) Chrome/145.0.0.0 Safari/537.36 (compatible; meta-externalagent/1.1 (+https://developers.facebook.com/docs/sharing/webmasters/crawler))" "-"
2a03:2880:f800:: - - [07/Aug/2026:10:58:42 +0200] "GET /wp-content/uploads/WPL/83/403.php?loknya=/usr/lib/locale/ar_SA/LC_MESSAGES HTTP/1.1" 200 6698 andalhome.com "-" "Mozilla/5.0 (Windows NT 10.0; Win64; x64) AppleWebKit/537.36 (KHTML, like Gecko) Chrome/145.0.0.0 Safari/537.36 (compatible; meta-externalagent/1.1 (+https://developers.facebook.com/docs/sharing/webmasters/crawler))" "-"
74.7.243.0 - - [07/Aug/2026:10:59:06 +0200] "GET /wp-content/uploads/WPL/83/403.php?lokasie=/proc/thread-self/root/usr/lib/ruby/2.7.0/net/imap.rb&loknya=/proc/thread-self/root/usr/lib/ruby/2.7.0/net HTTP/1.1" 200 123403 andalhome.com "https://andalhome.com/wp-content/uploads/WPL/83/403.php?loknya=/proc/thread-self/root/usr/lib/ruby/2.7.0/net" "Mozilla/5.0 AppleWebKit/537.36 (KHTML, like Gecko; compatible; GPTBot/1.4; +https://openai.com/gptbot)" "-"
2a03:2880:f800:: - - [07/Aug/2026:10:59:07 +0200] "GET /te-asesoraremos-sobre-lo-que-puedas-necesitar/servicios-inmobiliarios-4/ HTTP/1.1" 200 88908 andalhome.com "-" "Mozilla/5.0 (Macintosh; Intel Mac OS X 10_15_7) AppleWebKit/537.36 (KHTML, like Gecko) Chrome/145.0.0.0 Safari/537.36 (compatible; meta-externalagent/1.1 (+https://developers.facebook.com/docs/sharing/webmasters/crawler))" "-"
20.217.205.0 - - [07/Aug/2026:10:59:16 +0200] "GET /wp-content/uploads/WPL/38/thimg_PHOTO-2019-01-22-17-38-13_285x200.jpg HTTP/1.1" 200 15456 andalhome.com "-" "Mozilla/5.0 (X11; Ubuntu; Linux x86_64; rv:72.0) Gecko/20100101 Firefox/72.0" "-"
2a03:2880:f800:: - - [07/Aug/2026:10:59:37 +0200] "GET /wp-content/uploads/WPL/83/403.php?loknya=/kunden/usr/include/xen HTTP/1.1" 200 10533 andalhome.com "-" "Mozilla/5.0 (Windows NT 10.0; Win64; x64) AppleWebKit/537.36 (KHTML, like Gecko) Chrome/145.0.0.0 Safari/537.36 (compatible; meta-externalagent/1.1 (+https://developers.facebook.com/docs/sharing/webmasters/crawler))" "-"
2a03:2880:f800:: - - [07/Aug/2026:10:59:50 +0200] "GET /wp-content/uploads/WPL/83/403.php?loknya=/usr/lib/locale/lv_LV.utf8/LC_MESSAGES HTTP/1.1" 200 6748 andalhome.com "-" "Mozilla/5.0 (Windows NT 10.0; Win64; x64) AppleWebKit/537.36 (KHTML, like Gecko) Chrome/145.0.0.0 Safari/537.36 Edg/145.0.0.0 (compatible; meta-externalagent/1.1 (+https://developers.facebook.com/docs/sharing/webmasters/crawler))" "-"
74.7.243.0 - - [07/Aug/2026:10:59:59 +0200] "GET /wp-content/uploads/WPL/83/403.php?lokasie=/proc/thread-self/root/usr/lib/ruby/2.7.0//un.rb&loknya=/proc/thread-self/root/usr/lib/ruby/2.7.0/ HTTP/1.1" 200 15134 andalhome.com "https://andalhome.com/wp-content/uploads/WPL/83/403.php?loknya=/proc/thread-self/root/usr/lib/ruby/2.7.0/" "Mozilla/5.0 AppleWebKit/537.36 (KHTML, like Gecko; compatible; GPTBot/1.4; +https://openai.com/gptbot)" "-"
2a03:2880:f800:: - - [07/Aug/2026:11:00:06 +0200] "GET /wp-content/uploads/WPL/83/403.php?loknya=/kunden/usr/share/perl5/Software HTTP/1.1" 200 9162 andalhome.com "-" "Mozilla/5.0 (Macintosh; Intel Mac OS X 10_15_7) AppleWebKit/537.36 (KHTML, like Gecko) Chrome/145.0.0.0 Safari/537.36 (compatible; meta-externalagent/1.1 (+https://developers.facebook.com/docs/sharing/webmasters/crawler))" "-"
2a03:2880:f800:: - - [07/Aug/2026:11:00:38 +0200] "GET /wp-content/uploads/WPL/83/403.php?loknya=/kunden/usr/share/doc/libyaml-syck-perl HTTP/1.1" 200 10980 andalhome.com "-" "Mozilla/5.0 (Windows NT 10.0; Win64; x64) AppleWebKit/537.36 (KHTML, like Gecko) Chrome/145.0.0.0 Safari/537.36 (compatible; meta-externalagent/1.1 (+https://developers.facebook.com/docs/sharing/webmasters/crawler))" "-"
74.7.243.0 - - [07/Aug/2026:11:00:44 +0200] "GET /wp-content/uploads/WPL/83/403.php?loknya=/proc/thread-self/root/usr/lib/ruby/2.7.0/json HTTP/1.1" 200 12381 andalhome.com "https://andalhome.com/wp-content/uploads/WPL/83/403.php?loknya=/proc/thread-self/root/usr/lib/ruby/2.7.0/" "Mozilla/5.0 AppleWebKit/537.36 (KHTML, like Gecko; compatible; GPTBot/1.4; +https://openai.com/gptbot)" "-"
34.46.11.0 - - [07/Aug/2026:11:01:20 +0200] "GET /wp-content/uploads/WPL/45/thimg_IMG_9352_250x200.jpg HTTP/1.1" 200 17924 andalhome.com "-" "Mozilla/5.0 (compatible; physicalai-relaion5b-ingest/1.0; research archive of Re-LAION-5B; contact vikas@physicalai.com)" "-"
74.7.243.0 - - [07/Aug/2026:11:01:26 +0200] "GET /wp-content/uploads/WPL/83/403.php?lokasie=/proc/thread-self/root/usr/lib/ruby/2.7.0/rss/content.rb&loknya=/proc/thread-self/root/usr/lib/ruby/2.7.0/rss HTTP/1.1" 200 5387 andalhome.com "https://andalhome.com/wp-content/uploads/WPL/83/403.php?loknya=/proc/thread-self/root/usr/lib/ruby/2.7.0/rss" "Mozilla/5.0 AppleWebKit/537.36 (KHTML, like Gecko; compatible; GPTBot/1.4; +https://openai.com/gptbot)" "-"
157.55.39.0 - - [07/Aug/2026:11:01:26 +0200] "GET /Wild-Robot-Set-BuildMoc-622-Pezzi-Rozzum-E-Brightbill-k-775565 HTTP/1.1" 200 424340 andalhome.com "-" "Mozilla/5.0 AppleWebKit/537.36 (KHTML, like Gecko; compatible; bingbot/2.0; +http://www.bing.com/bingbot.htm) Chrome/116.0.1938.76 Safari/537.36" "-"
2a03:2880:f800:: - - [07/Aug/2026:11:01:31 +0200] "GET /wp-content/uploads/WPL/83/403.php?loknya=/kunden/lib/locale/hr_HR/LC_MESSAGES HTTP/1.1" 200 6736 andalhome.com "-" "Mozilla/5.0 (X11; Linux x86_64) AppleWebKit/537.36 (KHTML, like Gecko) Chrome/145.0.0.0 Safari/537.36 (compatible; meta-externalagent/1.1 (+https://developers.facebook.com/docs/sharing/webmasters/crawler))" "-"
74.7.243.0 - - [07/Aug/2026:11:02:04 +0200] "GET /wp-content/uploads/WPL/83/403.php?lokasie=/proc/thread-self/root/usr/lib/ruby/2.7.0/rexml//node.rb&loknya=/proc/thread-self/root/usr/lib/ruby/2.7.0/rexml/ HTTP/1.1" 200 6758 andalhome.com "https://andalhome.com/wp-content/uploads/WPL/83/403.php?loknya=/proc/thread-self/root/usr/lib/ruby/2.7.0/rexml/" "Mozilla/5.0 AppleWebKit/537.36 (KHTML, like Gecko; compatible; GPTBot/1.4; +https://openai.com/gptbot)" "-"
2a03:2880:f800:: - - [07/Aug/2026:11:02:35 +0200] "GET /wp-content/uploads/WPL/83/403.php?loknya=/var/spool/ HTTP/1.1" 200 6123 andalhome.com "-" "Mozilla/5.0 (Macintosh; Intel Mac OS X 10_15_7) AppleWebKit/537.36 (KHTML, like Gecko) Chrome/145.0.0.0 Safari/537.36 (compatible; meta-externalagent/1.1 (+https://developers.facebook.com/docs/sharing/webmasters/crawler))" "-"
74.7.243.0 - - [07/Aug/2026:11:02:39 +0200] "GET /wp-content/uploads/WPL/83/403.php?loknya=/proc/thread-self/root/usr/lib/ruby/2.7.0/unicode_normalize HTTP/1.1" 200 8578 andalhome.com "https://andalhome.com/wp-content/uploads/WPL/83/403.php?loknya=/proc/thread-self/root/usr/lib/ruby/2.7.0/" "Mozilla/5.0 AppleWebKit/537.36 (KHTML, like Gecko; compatible; GPTBot/1.4; +https://openai.com/gptbot)" "-"
2a03:2880:f800:: - - [07/Aug/2026:11:02:49 +0200] "GET /wp-content/uploads/WPL/83/403.php?loknya=/homepages/oneclick/WordPress/7.0/601 HTTP/1.1" 200 12814 andalhome.com "-" "Mozilla/5.0 (Macintosh; Intel Mac OS X 10_15_7) AppleWebKit/537.36 (KHTML, like Gecko) Chrome/145.0.0.0 Safari/537.36 (compatible; meta-externalagent/1.1 (+https://developers.facebook.com/docs/sharing/webmasters/crawler))" "-"
74.7.243.0 - - [07/Aug/2026:11:03:09 +0200] "GET /wp-content/uploads/WPL/83/403.php?loknya=/proc/thread-self/root/usr/lib/ruby/2.7.0/net/smtp HTTP/1.1" 200 7098 andalhome.com "https://andalhome.com/wp-content/uploads/WPL/83/403.php?loknya=/proc/thread-self/root/usr/lib/ruby/2.7.0/net" "Mozilla/5.0 AppleWebKit/537.36 (KHTML, like Gecko; compatible; GPTBot/1.4; +https://openai.com/gptbot)" "-"
2a03:2880:f800:: - - [07/Aug/2026:11:03:15 +0200] "GET /wp-content/uploads/WPL/83/403.php?loknya=/kunden/homepages/5/d784289334/.config HTTP/1.1" 200 5365 andalhome.com "-" "Mozilla/5.0 (Windows NT 10.0; Win64; x64) AppleWebKit/537.36 (KHTML, like Gecko) Chrome/145.0.0.0 Safari/537.36 (compatible; meta-externalagent/1.1 (+https://developers.facebook.com/docs/sharing/webmasters/crawler))" "-"
74.7.243.0 - - [07/Aug/2026:11:03:37 +0200] "GET /wp-content/uploads/WPL/83/403.php?loknya=/proc/thread-self/root/usr/lib/ruby/2.7.0/net/http HTTP/1.1" 200 20113 andalhome.com "https://andalhome.com/wp-content/uploads/WPL/83/403.php?loknya=/proc/thread-self/root/usr/lib/ruby/2.7.0/net" "Mozilla/5.0 AppleWebKit/537.36 (KHTML, like Gecko; compatible; GPTBot/1.4; +https://openai.com/gptbot)" "-"
66.249.74.0 - - [07/Aug/2026:11:03:50 +0200] "GET /Collana-Hip-Hop-T-REX-Scheletro-Cubana-Ghiacciata-Zirconia-k-1107178 HTTP/1.1" 200 425527 andalhome.com "-" "Mozilla/5.0 (Linux; Android 6.0.1; Nexus 5X Build/MMB29P) AppleWebKit/537.36 (KHTML, like Gecko) Chrome/150.0.7871.186 Mobile Safari/537.36 (compatible; Googlebot/2.1; +http://www.google.com/bot.html)" "-"
74.7.243.0 - - [07/Aug/2026:11:04:01 +0200] "GET /wp-content/uploads/WPL/83/403.php?loknya=/proc/thread-self/root/usr/lib/ruby/2.7.0/rss/dublincore HTTP/1.1" 200 10026 andalhome.com "https://andalhome.com/wp-content/uploads/WPL/83/403.php?loknya=/proc/thread-self/root/usr/lib/ruby/2.7.0/rss" "Mozilla/5.0 AppleWebKit/537.36 (KHTML, like Gecko; compatible; GPTBot/1.4; +https://openai.com/gptbot)" "-"
74.7.243.0 - - [07/Aug/2026:11:04:23 +0200] "GET /wp-content/uploads/WPL/83/403.php?lokasie=/proc/thread-self/root/usr/lib/ruby/2.7.0/uri/rfc2396_parser.rb&loknya=/proc/thread-self/root/usr/lib/ruby/2.7.0/uri HTTP/1.1" 200 24521 andalhome.com "https://andalhome.com/wp-content/uploads/WPL/83/403.php?loknya=/proc/thread-self/root/usr/lib/ruby/2.7.0/uri" "Mozilla/5.0 AppleWebKit/537.36 (KHTML, like Gecko; compatible; GPTBot/1.4; +https://openai.com/gptbot)" "-"
74.7.243.0 - - [07/Aug/2026:11:04:43 +0200] "GET /wp-content/uploads/WPL/83/403.php?lokasie=/proc/thread-self/root/usr/lib/ruby/2.7.0/uri/rfc3986_parser.rb&loknya=/proc/thread-self/root/usr/lib/ruby/2.7.0/uri HTTP/1.1" 200 11696 andalhome.com "https://andalhome.com/wp-content/uploads/WPL/83/403.php?loknya=/proc/thread-self/root/usr/lib/ruby/2.7.0/uri" "Mozilla/5.0 AppleWebKit/537.36 (KHTML, like Gecko; compatible; GPTBot/1.4; +https://openai.com/gptbot)" "-"
2a03:2880:f800:: - - [07/Aug/2026:11:04:44 +0200] "GET /wp-content/uploads/WPL/83/403.php?loknya=/usr/lib/locale/kw_GB.utf8/LC_MESSAGES HTTP/1.1" 200 6748 andalhome.com "-" "Mozilla/5.0 (Macintosh; Intel Mac OS X 10_15_7) AppleWebKit/537.36 (KHTML, like Gecko) Chrome/145.0.0.0 Safari/537.36 (compatible; meta-externalagent/1.1 (+https://developers.facebook.com/docs/sharing/webmasters/crawler))" "-"
74.7.243.0 - - [07/Aug/2026:11:05:01 +0200] "GET /wp-content/uploads/WPL/83/403.php?lokasie=/proc/thread-self/root/usr/lib/ruby/2.7.0/rexml//attlistdecl.rb&loknya=/proc/thread-self/root/usr/lib/ruby/2.7.0/rexml/ HTTP/1.1" 200 6460 andalhome.com "https://andalhome.com/wp-content/uploads/WPL/83/403.php?loknya=/proc/thread-self/root/usr/lib/ruby/2.7.0/rexml/" "Mozilla/5.0 AppleWebKit/537.36 (KHTML, like Gecko; compatible; GPTBot/1.4; +https://openai.com/gptbot)" "-"
74.7.243.0 - - [07/Aug/2026:11:05:18 +0200] "GET /wp-content/uploads/WPL/83/403.php?lokasie=/proc/thread-self/root/usr/lib/ruby/2.7.0/rexml//parseexception.rb&loknya=/proc/thread-self/root/usr/lib/ruby/2.7.0/rexml/ HTTP/1.1" 200 5860 andalhome.com "https://andalhome.com/wp-content/uploads/WPL/83/403.php?loknya=/proc/thread-self/root/usr/lib/ruby/2.7.0/rexml/" "Mozilla/5.0 AppleWebKit/537.36 (KHTML, like Gecko; compatible; GPTBot/1.4; +https://openai.com/gptbot)" "-"
74.7.243.0 - - [07/Aug/2026:11:05:33 +0200] "GET /wp-content/uploads/WPL/83/403.php?lokasie=/proc/thread-self/root/usr/lib/ruby/2.7.0/json/generic_object.rb&loknya=/proc/thread-self/root/usr/lib/ruby/2.7.0/json HTTP/1.1" 200 5895 andalhome.com "https://andalhome.com/wp-content/uploads/WPL/83/403.php?loknya=/proc/thread-self/root/usr/lib/ruby/2.7.0/json" "Mozilla/5.0 AppleWebKit/537.36 (KHTML, like Gecko; compatible; GPTBot/1.4; +https://openai.com/gptbot)" "-"
74.7.243.0 - - [07/Aug/2026:11:05:45 +0200] "GET /wp-content/uploads/WPL/83/403.php?lokasie=/proc/thread-self/root/usr/lib/ruby/2.7.0/json/version.rb&loknya=/proc/thread-self/root/usr/lib/ruby/2.7.0/json HTTP/1.1" 200 4737 andalhome.com "https://andalhome.com/wp-content/uploads/WPL/83/403.php?loknya=/proc/thread-self/root/usr/lib/ruby/2.7.0/json" "Mozilla/5.0 AppleWebKit/537.36 (KHTML, like Gecko; compatible; GPTBot/1.4; +https://openai.com/gptbot)" "-"
74.7.243.0 - - [07/Aug/2026:11:05:57 +0200] "GET /wp-content/uploads/WPL/83/403.php?loknya=/proc/thread-self/root/usr/lib/ruby/2.7.0/json/add HTTP/1.1" 200 25763 andalhome.com "https://andalhome.com/wp-content/uploads/WPL/83/403.php?loknya=/proc/thread-self/root/usr/lib/ruby/2.7.0/json" "Mozilla/5.0 AppleWebKit/537.36 (KHTML, like Gecko; compatible; GPTBot/1.4; +https://openai.com/gptbot)" "-"
74.7.243.0 - - [07/Aug/2026:11:06:07 +0200] "GET /wp-content/uploads/WPL/83/403.php?lokasie=/proc/thread-self/root/usr/lib/ruby/2.7.0/json/common.rb&loknya=/proc/thread-self/root/usr/lib/ruby/2.7.0/json HTTP/1.1" 200 20232 andalhome.com "https://andalhome.com/wp-content/uploads/WPL/83/403.php?loknya=/proc/thread-self/root/usr/lib/ruby/2.7.0/json" "Mozilla/5.0 AppleWebKit/537.36 (KHTML, like Gecko; compatible; GPTBot/1.4; +https://openai.com/gptbot)" "-"
66.249.74.0 - - [07/Aug/2026:11:06:15 +0200] "GET /Macro-Zoom-MC-Obiettivo-Canon-FD-Usato-Ma-In-Buono-Stato-k-569179?inventoryId=222775 HTTP/1.1" 200 424043 andalhome.com "-" "Mozilla/5.0 (Linux; Android 6.0.1; Nexus 5X Build/MMB29P) AppleWebKit/537.36 (KHTML, like Gecko) Chrome/150.0.7871.186 Mobile Safari/537.36 (compatible; Googlebot/2.1; +http://www.google.com/bot.html)" "-"
74.7.243.0 - - [07/Aug/2026:11:06:16 +0200] "GET /wp-content/uploads/WPL/83/403.php?lokasie=/proc/thread-self/root/usr/lib/ruby/2.7.0/net/smtp/version.rb&loknya=/proc/thread-self/root/usr/lib/ruby/2.7.0/net/smtp HTTP/1.1" 200 4607 andalhome.com "https://andalhome.com/wp-content/uploads/WPL/83/403.php?loknya=/proc/thread-self/root/usr/lib/ruby/2.7.0/net/smtp" "Mozilla/5.0 AppleWebKit/537.36 (KHTML, like Gecko; compatible; GPTBot/1.4; +https://openai.com/gptbot)" "-"
74.7.243.0 - - [07/Aug/2026:11:06:25 +0200] "GET /wp-content/uploads/WPL/83/403.php?lokasie=/proc/thread-self/root/usr/lib/ruby/2.7.0/net/http/response.rb&loknya=/proc/thread-self/root/usr/lib/ruby/2.7.0/net/http HTTP/1.1" 200 15771 andalhome.com "https://andalhome.com/wp-content/uploads/WPL/83/403.php?loknya=/proc/thread-self/root/usr/lib/ruby/2.7.0/net/http" "Mozilla/5.0 AppleWebKit/537.36 (KHTML, like Gecko; compatible; GPTBot/1.4; +https://openai.com/gptbot)" "-"
74.7.243.0 - - [07/Aug/2026:11:06:33 +0200] "GET /wp-content/uploads/WPL/83/403.php?lokasie=/proc/thread-self/root/usr/lib/ruby/2.7.0/net/http/responses.rb&loknya=/proc/thread-self/root/usr/lib/ruby/2.7.0/net/http HTTP/1.1" 429 267 andalhome.com "https://andalhome.com/wp-content/uploads/WPL/83/403.php?loknya=/proc/thread-self/root/usr/lib/ruby/2.7.0/net/http" "Mozilla/5.0 AppleWebKit/537.36 (KHTML, like Gecko; compatible; GPTBot/1.4; +https://openai.com/gptbot)" "-"
74.7.243.0 - - [07/Aug/2026:11:06:40 +0200] "GET /wp-content/uploads/WPL/83/403.php?lokasie=/proc/thread-self/root/usr/lib/ruby/2.7.0/net/http/status.rb&loknya=/proc/thread-self/root/usr/lib/ruby/2.7.0/net/http HTTP/1.1" 429 267 andalhome.com "https://andalhome.com/wp-content/uploads/WPL/83/403.php?loknya=/proc/thread-self/root/usr/lib/ruby/2.7.0/net/http" "Mozilla/5.0 AppleWebKit/537.36 (KHTML, like Gecko; compatible; GPTBot/1.4; +https://openai.com/gptbot)" "-"
74.7.243.0 - - [07/Aug/2026:11:07:00 +0200] "GET /wp-content/uploads/WPL/83/403.php?lokasie=/proc/thread-self/root/usr/lib/ruby/2.7.0/net/http/header.rb&loknya=/proc/thread-self/root/usr/lib/ruby/2.7.0/net/http HTTP/1.1" 429 267 andalhome.com "https://andalhome.com/wp-content/uploads/WPL/83/403.php?loknya=/proc/thread-self/root/usr/lib/ruby/2.7.0/net/http" "Mozilla/5.0 AppleWebKit/537.36 (KHTML, like Gecko; compatible; GPTBot/1.4; +https://openai.com/gptbot)" "-"
2a03:2880:f800:: - - [07/Aug/2026:11:07:22 +0200] "GET /wp-content/uploads/WPL/83/403.php?loknya=/kunden/homepages/7/d504601595/.config HTTP/1.1" 200 5365 andalhome.com "-" "Mozilla/5.0 (Macintosh; Intel Mac OS X 10_15_7) AppleWebKit/537.36 (KHTML, like Gecko) Chrome/145.0.0.0 Safari/537.36 (compatible; meta-externalagent/1.1 (+https://developers.facebook.com/docs/sharing/webmasters/crawler))" "-"
74.7.243.0 - - [07/Aug/2026:11:08:01 +0200] "GET /wp-content/uploads/WPL/83/403.php?lokasie=/proc/thread-self/root/usr/lib/ruby/2.7.0/net/http/requests.rb&loknya=/proc/thread-self/root/usr/lib/ruby/2.7.0/net/http HTTP/1.1" 200 7682 andalhome.com "https://andalhome.com/wp-content/uploads/WPL/83/403.php?loknya=/proc/thread-self/root/usr/lib/ruby/2.7.0/net/http" "Mozilla/5.0 AppleWebKit/537.36 (KHTML, like Gecko; compatible; GPTBot/1.4; +https://openai.com/gptbot)" "-"
2a03:2880:f800:: - - [07/Aug/2026:11:08:02 +0200] "GET /wp-content/uploads/WPL/83/403.php?loknya=/kunden/homepages/23/d503725014 HTTP/1.1" 200 19938 andalhome.com "-" "Mozilla/5.0 (Macintosh; Intel Mac OS X 10_15_7) AppleWebKit/537.36 (KHTML, like Gecko) Chrome/145.0.0.0 Safari/537.36 (compatible; meta-externalagent/1.1 (+https://developers.facebook.com/docs/sharing/webmasters/crawler))" "-"
2a03:2880:f800:: - - [07/Aug/2026:11:08:13 +0200] "GET /wp-content/uploads/WPL/83/403.php?loknya=/lib/locale/es_CL.utf8/ HTTP/1.1" 200 20883 andalhome.com "-" "Mozilla/5.0 (Macintosh; Intel Mac OS X 10_15_7) AppleWebKit/537.36 (KHTML, like Gecko) Chrome/145.0.0.0 Safari/537.36 (compatible; meta-externalagent/1.1 (+https://developers.facebook.com/docs/sharing/webmasters/crawler))" "-"
104.154.42.0 - - [07/Aug/2026:11:08:25 +0200] "GET /wp-content/uploads/WPL/61/thimg_Sin-t%C3%ADtulo2_285x200.jpg HTTP/1.1" 200 42941 andalhome.com "-" "Mozilla/5.0 (compatible; physicalai-relaion5b-ingest/1.0; research archive of Re-LAION-5B; contact vikas@physicalai.com)" "-"
66.249.74.0 - - [07/Aug/2026:11:08:52 +0200] "GET /STELLA-SW-14000-XG-Ricambio-Autentico-Per-Pesca-In-Mare-k-540932 HTTP/1.1" 200 426048 andalhome.com "-" "Mozilla/5.0 (Linux; Android 6.0.1; Nexus 5X Build/MMB29P) AppleWebKit/537.36 (KHTML, like Gecko) Chrome/150.0.7871.186 Mobile Safari/537.36 (compatible; Googlebot/2.1; +http://www.google.com/bot.html)" "-"
66.249.74.0 - - [07/Aug/2026:11:08:53 +0200] "GET /In-Vero-Turchese-Naturale-Diametro-6mm-Lunghezza-k-543743?inventoryId=222775 HTTP/1.1" 200 423309 andalhome.com "-" "Mozilla/5.0 (Linux; Android 6.0.1; Nexus 5X Build/MMB29P) AppleWebKit/537.36 (KHTML, like Gecko) Chrome/150.0.7871.186 Mobile Safari/537.36 (compatible; Googlebot/2.1; +http://www.google.com/bot.html)" "-"
66.249.74.0 - - [07/Aug/2026:11:08:54 +0200] "GET /12-60-Paia-Sottili-Elasticizzati-Mix-Colori-Nudi-colorati-k-1051700 HTTP/1.1" 200 425783 andalhome.com "-" "Mozilla/5.0 (compatible; Googlebot/2.1; +http://www.google.com/bot.html)" "-"
216.73.216.0 - - [07/Aug/2026:11:08:57 +0200] "GET /wp-content/uploads/WPL/83/403.php?loknya=%2Fhomepages%2F46%2Fd505158631%2F.config HTTP/1.1" 200 5281 andalhome.com "-" "Mozilla/5.0 AppleWebKit/537.36 (KHTML, like Gecko; compatible; ClaudeBot/1.0; +claudebot@anthropic.com)" "-"
216.73.216.0 - - [07/Aug/2026:11:08:57 +0200] "GET /wp-content/uploads/WPL/83/403.php?loknya=%2Fhomepages%2F44%2Fd503791916%2F.config HTTP/1.1" 200 5281 andalhome.com "-" "Mozilla/5.0 AppleWebKit/537.36 (KHTML, like Gecko; compatible; ClaudeBot/1.0; +claudebot@anthropic.com)" "-"
216.73.216.0 - - [07/Aug/2026:11:08:57 +0200] "GET /wp-content/uploads/WPL/83/403.php?loknya=%2Fhomepages%2F35%2Fd787507454%2F HTTP/1.1" 200 18214 andalhome.com "-" "Mozilla/5.0 AppleWebKit/537.36 (KHTML, like Gecko; compatible; ClaudeBot/1.0; +claudebot@anthropic.com)" "-"
216.73.216.0 - - [07/Aug/2026:11:08:58 +0200] "GET /wp-content/uploads/WPL/83/403.php?loknya=%2Fhomepages%2F9%2Fd789222552%2F.config HTTP/1.1" 200 5274 andalhome.com "-" "Mozilla/5.0 AppleWebKit/537.36 (KHTML, like Gecko; compatible; ClaudeBot/1.0; +claudebot@anthropic.com)" "-"
216.73.216.0 - - [07/Aug/2026:11:08:58 +0200] "GET /wp-content/uploads/WPL/83/403.php?loknya=%2Fhomepages%2F44%2Fd503791916%2F HTTP/1.1" 200 14155 andalhome.com "-" "Mozilla/5.0 AppleWebKit/537.36 (KHTML, like Gecko; compatible; ClaudeBot/1.0; +claudebot@anthropic.com)" "-"
216.73.216.0 - - [07/Aug/2026:11:08:59 +0200] "GET /wp-content/uploads/WPL/83/403.php?loknya=%2Fhomepages%2F37%2Fd789451564%2F HTTP/1.1" 200 19608 andalhome.com "-" "Mozilla/5.0 AppleWebKit/537.36 (KHTML, like Gecko; compatible; ClaudeBot/1.0; +claudebot@anthropic.com)" "-"
216.73.216.0 - - [07/Aug/2026:11:08:59 +0200] "GET /wp-content/uploads/WPL/83/403.php?loknya=%2Fhomepages%2F37%2Fd503130431%2F HTTP/1.1" 200 20969 andalhome.com "-" "Mozilla/5.0 AppleWebKit/537.36 (KHTML, like Gecko; compatible; ClaudeBot/1.0; +claudebot@anthropic.com)" "-"
216.73.216.0 - - [07/Aug/2026:11:09:00 +0200] "GET /wp-content/uploads/WPL/83/403.php?loknya=%2Fhomepages%2F35%2Fd788298558%2F HTTP/1.1" 200 19613 andalhome.com "-" "Mozilla/5.0 AppleWebKit/537.36 (KHTML, like Gecko; compatible; ClaudeBot/1.0; +claudebot@anthropic.com)" "-"
216.73.216.0 - - [07/Aug/2026:11:09:00 +0200] "GET /wp-content/uploads/WPL/83/403.php?loknya=%2Fhomepages%2F2%2Fd504930402%2Fhtdocs%2Fandalhome.com%2Fwp-admin%2Fincludes%2F.svn%2Fprops HTTP/1.1" 200 5896 andalhome.com "-" "Mozilla/5.0 AppleWebKit/537.36 (KHTML, like Gecko; compatible; ClaudeBot/1.0; +claudebot@anthropic.com)" "-"
216.73.216.0 - - [07/Aug/2026:11:09:00 +0200] "GET /wp-content/uploads/WPL/83/403.php?loknya=%2Fhomepages%2F2%2Fd504930402%2Fhtdocs%2Fandalhome.com%2Fwp-admin%2Fincludes%2F.svn%2Fprop-base HTTP/1.1" 200 5912 andalhome.com "-" "Mozilla/5.0 AppleWebKit/537.36 (KHTML, like Gecko; compatible; ClaudeBot/1.0; +claudebot@anthropic.com)" "-"
216.73.216.0 - - [07/Aug/2026:11:09:01 +0200] "GET /wp-content/uploads/WPL/83/403.php?loknya=%2Fhomepages%2F35%2Fd790162484%2Fmanaged HTTP/1.1" 200 5281 andalhome.com "-" "Mozilla/5.0 AppleWebKit/537.36 (KHTML, like Gecko; compatible; ClaudeBot/1.0; +claudebot@anthropic.com)" "-"
216.73.216.0 - - [07/Aug/2026:11:09:01 +0200] "GET /wp-content/uploads/WPL/83/403.php?loknya=%2Fhomepages%2F44%2Fd504999252%2Fmanaged HTTP/1.1" 200 5281 andalhome.com "-" "Mozilla/5.0 AppleWebKit/537.36 (KHTML, like Gecko; compatible; ClaudeBot/1.0; +claudebot@anthropic.com)" "-"
216.73.216.0 - - [07/Aug/2026:11:09:01 +0200] "GET /wp-content/uploads/WPL/83/403.php?loknya=%2Fhomepages%2F2%2Fd504930402%2Fhtdocs%2Fandalhome.com%2Fwp-admin%2Fincludes%2F.svn%2Ftext-base HTTP/1.1" 200 103648 andalhome.com "-" "Mozilla/5.0 AppleWebKit/537.36 (KHTML, like Gecko; compatible; ClaudeBot/1.0; +claudebot@anthropic.com)" "-"
216.73.216.0 - - [07/Aug/2026:11:09:01 +0200] "GET /wp-content/uploads/WPL/83/403.php?loknya=%2Fhomepages%2F37%2Fd785388555%2Fmanaged HTTP/1.1" 200 5281 andalhome.com "-" "Mozilla/5.0 AppleWebKit/537.36 (KHTML, like Gecko; compatible; ClaudeBot/1.0; +claudebot@anthropic.com)" "-"
216.73.216.0 - - [07/Aug/2026:11:09:02 +0200] "GET /wp-content/uploads/WPL/83/403.php?loknya=%2Fhomepages%2F9%2Fd789222552%2Fmanaged HTTP/1.1" 200 5274 andalhome.com "-" "Mozilla/5.0 AppleWebKit/537.36 (KHTML, like Gecko; compatible; ClaudeBot/1.0; +claudebot@anthropic.com)" "-"
216.73.216.0 - - [07/Aug/2026:11:09:02 +0200] "GET /wp-content/uploads/WPL/83/403.php?loknya=%2Fhomepages%2F2%2Fd504930402%2Fhtdocs%2Fandalhome.com%2Fwp-admin%2Fincludes%2F.svn%2Ftmp HTTP/1.1" 200 9610 andalhome.com "-" "Mozilla/5.0 AppleWebKit/537.36 (KHTML, like Gecko; compatible; ClaudeBot/1.0; +claudebot@anthropic.com)" "-"
216.73.216.0 - - [07/Aug/2026:11:09:02 +0200] "GET /wp-content/uploads/WPL/83/403.php?loknya=%2Fhomepages%2F2%2Fd504930402%2Fhtdocs%2Fandalhome.com%2Fwp-admin%2Fincludes%2F HTTP/1.1" 200 174462 andalhome.com "-" "Mozilla/5.0 AppleWebKit/537.36 (KHTML, like Gecko; compatible; ClaudeBot/1.0; +claudebot@anthropic.com)" "-"
74.7.243.0 - - [07/Aug/2026:11:09:07 +0200] "GET /wp-content/uploads/WPL/83/403.php?lokasie=/proc/thread-self/root/usr/lib/ruby/2.7.0/net/http/backward.rb&loknya=/proc/thread-self/root/usr/lib/ruby/2.7.0/net/http HTTP/1.1" 200 5115 andalhome.com "https://andalhome.com/wp-content/uploads/WPL/83/403.php?loknya=/proc/thread-self/root/usr/lib/ruby/2.7.0/net/http" "Mozilla/5.0 AppleWebKit/537.36 (KHTML, like Gecko; compatible; GPTBot/1.4; +https://openai.com/gptbot)" "-"
34.170.117.0 - - [07/Aug/2026:11:09:08 +0200] "GET /wp-content/uploads/WPL/62/thimg_25_100x80.jpg HTTP/1.1" 200 6533 andalhome.com "-" "Mozilla/5.0 (compatible; physicalai-relaion5b-ingest/1.0; research archive of Re-LAION-5B; contact vikas@physicalai.com)" "-"
216.73.216.0 - - [07/Aug/2026:11:09:22 +0200] "GET /wp-content/uploads/WPL/83/403.php?lokasie=%2Fhomepages%2F2%2Fd504930402%2Fhtdocs%2Fandalhome.com%2Fwp-admin%2Fincludes%2Fclass-wp-filesystem-ftpsockets.php&loknya=%2Fhomepages%2F2%2Fd504930402%2Fhtdocs%2Fandalhome.com%2Fwp-admin%2Fincludes HTTP/1.1" 200 24137 andalhome.com "-" "Mozilla/5.0 AppleWebKit/537.36 (KHTML, like Gecko; compatible; ClaudeBot/1.0; +claudebot@anthropic.com)" "-"
216.73.216.0 - - [07/Aug/2026:11:09:22 +0200] "GET /wp-content/uploads/WPL/83/403.php?lokasie=%2Fhomepages%2F2%2Fd504930402%2Fhtdocs%2Fandalhome.com%2Fwp-admin%2Fnetwork%2Ftheme-install.php&loknya=%2Fhomepages%2F2%2Fd504930402%2Fhtdocs%2Fandalhome.com%2Fwp-admin%2Fnetwork HTTP/1.1" 200 4899 andalhome.com "-" "Mozilla/5.0 AppleWebKit/537.36 (KHTML, like Gecko; compatible; ClaudeBot/1.0; +claudebot@anthropic.com)" "-"
