2a03:2880:f800:: - - [07/Aug/2026:02:06:26 +0200] "GET /wp-content/uploads/WPL/83/403.php?loknya=/homepages/22/d788773809/ HTTP/1.1" 200 19619 andalhome.com "-" "Mozilla/5.0 (Macintosh; Intel Mac OS X 10_15_7) AppleWebKit/537.36 (KHTML, like Gecko) Chrome/145.0.0.0 Safari/537.36 (compatible; meta-externalagent/1.1 (+https://developers.facebook.com/docs/sharing/webmasters/crawler))" "-"
20.100.191.0 - - [07/Aug/2026:02:06:32 +0200] "GET /wp-content/plugins/hellopress/wp_filemanager.php HTTP/1.1" 429 267 andalhome.com "-" "-" "-"
20.100.191.0 - - [07/Aug/2026:02:06:34 +0200] "GET /this_is_a_new_hello_world.php HTTP/1.1" 429 267 andalhome.com "-" "-" "-"
20.100.191.0 - - [07/Aug/2026:02:06:36 +0200] "GET /img.php HTTP/1.1" 429 267 andalhome.com "-" "-" "-"
20.100.191.0 - - [07/Aug/2026:02:06:38 +0200] "GET //aa.php HTTP/1.1" 429 267 andalhome.com "-" "-" "-"
20.100.191.0 - - [07/Aug/2026:02:06:41 +0200] "GET //av.php HTTP/1.1" 429 267 andalhome.com "-" "-" "-"
20.100.191.0 - - [07/Aug/2026:02:06:44 +0200] "GET /media.php HTTP/1.1" 429 267 andalhome.com "-" "-" "-"
20.100.191.0 - - [07/Aug/2026:02:06:45 +0200] "GET /images.php HTTP/1.1" 429 267 andalhome.com "-" "-" "-"
20.100.191.0 - - [07/Aug/2026:02:06:46 +0200] "GET /admin.php HTTP/1.1" 429 267 andalhome.com "-" "-" "-"
2a03:2880:f800:: - - [07/Aug/2026:02:06:46 +0200] "GET /wp-content/uploads/WPL/83/403.php?lokasie=/lib/python3.9//ast.py&loknya=/lib/python3.9/ HTTP/1.1" 200 65568 andalhome.com "-" "Mozilla/5.0 (Windows NT 10.0; Win64; x64) AppleWebKit/537.36 (KHTML, like Gecko) Chrome/145.0.0.0 Safari/537.36 (compatible; meta-externalagent/1.1 (+https://developers.facebook.com/docs/sharing/webmasters/crawler))" "-"
20.100.191.0 - - [07/Aug/2026:02:06:49 +0200] "GET /222.php HTTP/1.1" 429 267 andalhome.com "-" "-" "-"
20.100.191.0 - - [07/Aug/2026:02:06:49 +0200] "GET /mac.php HTTP/1.1" 429 267 andalhome.com "-" "-" "-"
20.100.191.0 - - [07/Aug/2026:02:06:49 +0200] "GET /ops.php HTTP/1.1" 429 267 andalhome.com "-" "-" "-"
20.100.191.0 - - [07/Aug/2026:02:06:49 +0200] "GET /8.php HTTP/1.1" 429 267 andalhome.com "-" "-" "-"
20.100.191.0 - - [07/Aug/2026:02:06:51 +0200] "GET /biufile.php HTTP/1.1" 429 267 andalhome.com "-" "-" "-"
20.100.191.0 - - [07/Aug/2026:02:06:51 +0200] "GET /coffexium.php HTTP/1.1" 429 267 andalhome.com "-" "-" "-"
20.100.191.0 - - [07/Aug/2026:02:06:53 +0200] "GET /dex.php HTTP/1.1" 429 267 andalhome.com "-" "-" "-"
20.100.191.0 - - [07/Aug/2026:02:06:55 +0200] "GET /1.php HTTP/1.1" 429 267 andalhome.com "-" "-" "-"
20.100.191.0 - - [07/Aug/2026:02:06:55 +0200] "GET /coffee.php HTTP/1.1" 429 267 andalhome.com "-" "-" "-"
20.100.191.0 - - [07/Aug/2026:02:06:55 +0200] "GET /classwithtostring.php?p= HTTP/1.1" 429 267 andalhome.com "-" "-" "-"
20.100.191.0 - - [07/Aug/2026:02:06:55 +0200] "GET /wp-ws68.php?p= HTTP/1.1" 429 267 andalhome.com "-" "-" "-"
2a03:2880:f800:: - - [07/Aug/2026:02:06:56 +0200] "GET /wp-content/uploads/WPL/83/403.php?loknya=/kunden/usr/share/doc/gpg-wks-server HTTP/1.1" 429 267 andalhome.com "-" "Mozilla/5.0 (Macintosh; Intel Mac OS X 10_15_7) AppleWebKit/537.36 (KHTML, like Gecko) Chrome/145.0.0.0 Safari/537.36 (compatible; meta-externalagent/1.1 (+https://developers.facebook.com/docs/sharing/webmasters/crawler))" "-"
20.100.191.0 - - [07/Aug/2026:02:06:57 +0200] "GET /mgrr.php HTTP/1.1" 429 267 andalhome.com "-" "-" "-"
20.100.191.0 - - [07/Aug/2026:02:06:57 +0200] "GET /55.php?p= HTTP/1.1" 429 267 andalhome.com "-" "-" "-"
20.100.191.0 - - [07/Aug/2026:02:06:57 +0200] "GET /ajax.php HTTP/1.1" 429 267 andalhome.com "-" "-" "-"
20.100.191.0 - - [07/Aug/2026:02:06:57 +0200] "GET /yj09.php HTTP/1.1" 429 267 andalhome.com "-" "-" "-"
74.7.243.0 - - [07/Aug/2026:02:06:58 +0200] "GET /wp-content/uploads/WPL/83/403.php?lokasie=/proc/thread-self/root/homepages/36/d504061829//metadata.json&loknya=/proc/thread-self/root/homepages/36/d504061829/ HTTP/1.1" 200 4318 andalhome.com "https://andalhome.com/wp-content/uploads/WPL/83/403.php?loknya=/proc/thread-self/root/homepages/36/d504061829/" "Mozilla/5.0 AppleWebKit/537.36 (KHTML, like Gecko; compatible; GPTBot/1.4; +https://openai.com/gptbot)" "-"
20.100.191.0 - - [07/Aug/2026:02:07:00 +0200] "GET /scxy.php HTTP/1.1" 429 267 andalhome.com "-" "-" "-"
20.100.191.0 - - [07/Aug/2026:02:07:00 +0200] "GET /ws13.php?p= HTTP/1.1" 429 267 andalhome.com "-" "-" "-"
2a03:2880:f800:: - - [07/Aug/2026:02:07:02 +0200] "GET /wp-content/uploads/WPL/83/403.php?loknya=/kunden/usr/share/doc/libemail-date-format-perl HTTP/1.1" 429 267 andalhome.com "-" "Mozilla/5.0 (X11; Linux x86_64) AppleWebKit/537.36 (KHTML, like Gecko) Chrome/145.0.0.0 Safari/537.36 (compatible; meta-externalagent/1.1 (+https://developers.facebook.com/docs/sharing/webmasters/crawler))" "-"
20.100.191.0 - - [07/Aug/2026:02:07:02 +0200] "GET /btx25.php HTTP/1.1" 429 267 andalhome.com "-" "-" "-"
20.100.191.0 - - [07/Aug/2026:02:07:03 +0200] "GET /SDsadqwrf.php HTTP/1.1" 429 267 andalhome.com "-" "-" "-"
20.100.191.0 - - [07/Aug/2026:02:07:04 +0200] "GET /3PJcpMFsD8B.php HTTP/1.1" 429 267 andalhome.com "-" "-" "-"
20.100.191.0 - - [07/Aug/2026:02:07:04 +0200] "GET /BDKR28WP.php HTTP/1.1" 429 267 andalhome.com "-" "-" "-"
2a03:2880:f800:: - - [07/Aug/2026:02:07:05 +0200] "GET /wp-content/uploads/WPL/83/403.php?loknya=/lib/locale/en_IN/ HTTP/1.1" 429 267 andalhome.com "-" "Mozilla/5.0 (X11; Linux x86_64) AppleWebKit/537.36 (KHTML, like Gecko) Chrome/145.0.0.0 Safari/537.36 (compatible; meta-externalagent/1.1 (+https://developers.facebook.com/docs/sharing/webmasters/crawler))" "-"
20.100.191.0 - - [07/Aug/2026:02:07:06 +0200] "GET /shiny.php HTTP/1.1" 429 267 andalhome.com "-" "-" "-"
20.100.191.0 - - [07/Aug/2026:02:07:06 +0200] "GET /i99z7zzbwtpteujvv6s8hiCdefault.php?p= HTTP/1.1" 429 267 andalhome.com "-" "-" "-"
20.100.191.0 - - [07/Aug/2026:02:07:09 +0200] "GET /sky.php HTTP/1.1" 429 267 andalhome.com "-" "-" "-"
20.100.191.0 - - [07/Aug/2026:02:07:10 +0200] "GET /1wvekeybd9it2di2vyipgr6Cdefault.php HTTP/1.1" 429 267 andalhome.com "-" "-" "-"
20.100.191.0 - - [07/Aug/2026:02:07:12 +0200] "GET /a3ampzmbipnkpxeqhqpsanCdefault.php HTTP/1.1" 429 267 andalhome.com "-" "-" "-"
20.100.191.0 - - [07/Aug/2026:02:07:12 +0200] "GET /file5.php HTTP/1.1" 429 267 andalhome.com "-" "-" "-"
20.100.191.0 - - [07/Aug/2026:02:07:14 +0200] "GET /xyn.php HTTP/1.1" 429 267 andalhome.com "-" "-" "-"
20.100.191.0 - - [07/Aug/2026:02:07:15 +0200] "GET /4PJcpMFsD8B.php HTTP/1.1" 429 267 andalhome.com "-" "-" "-"
20.100.191.0 - - [07/Aug/2026:02:07:15 +0200] "GET /inso.php HTTP/1.1" 429 267 andalhome.com "-" "-" "-"
20.100.191.0 - - [07/Aug/2026:02:07:17 +0200] "GET /puc.php HTTP/1.1" 429 267 andalhome.com "-" "-" "-"
20.100.191.0 - - [07/Aug/2026:02:07:18 +0200] "GET /1polka.php HTTP/1.1" 429 267 andalhome.com "-" "-" "-"
20.100.191.0 - - [07/Aug/2026:02:07:20 +0200] "GET /dx.php HTTP/1.1" 429 267 andalhome.com "-" "-" "-"
20.100.191.0 - - [07/Aug/2026:02:07:20 +0200] "GET /erty.php HTTP/1.1" 429 267 andalhome.com "-" "-" "-"
20.100.191.0 - - [07/Aug/2026:02:07:20 +0200] "GET /201.php HTTP/1.1" 429 267 andalhome.com "-" "-" "-"
20.100.191.0 - - [07/Aug/2026:02:07:22 +0200] "GET /19.php HTTP/1.1" 429 267 andalhome.com "-" "-" "-"
20.100.191.0 - - [07/Aug/2026:02:07:24 +0200] "GET /133.php HTTP/1.1" 429 267 andalhome.com "-" "-" "-"
20.100.191.0 - - [07/Aug/2026:02:07:26 +0200] "GET /alls.php HTTP/1.1" 429 267 andalhome.com "-" "-" "-"
20.100.191.0 - - [07/Aug/2026:02:07:29 +0200] "GET /1xmomo.php HTTP/1.1" 429 267 andalhome.com "-" "-" "-"
20.100.191.0 - - [07/Aug/2026:02:07:29 +0200] "GET //mosty.php HTTP/1.1" 429 267 andalhome.com "-" "-" "-"
20.100.191.0 - - [07/Aug/2026:02:07:29 +0200] "GET //hosty.php HTTP/1.1" 429 267 andalhome.com "-" "-" "-"
20.100.191.0 - - [07/Aug/2026:02:07:29 +0200] "GET /blurbs.php HTTP/1.1" 429 267 andalhome.com "-" "-" "-"
20.100.191.0 - - [07/Aug/2026:02:07:30 +0200] "GET /bajah.php HTTP/1.1" 429 267 andalhome.com "-" "-" "-"
20.100.191.0 - - [07/Aug/2026:02:07:32 +0200] "GET /red.php HTTP/1.1" 429 267 andalhome.com "-" "-" "-"
20.100.191.0 - - [07/Aug/2026:02:07:32 +0200] "GET /bthil.php HTTP/1.1" 429 267 andalhome.com "-" "-" "-"
2a03:2880:f800:: - - [07/Aug/2026:02:07:33 +0200] "GET /wp-content/uploads/WPL/83/403.php?loknya=/lib/locale/pap_CW/LC_MESSAGES HTTP/1.1" 429 267 andalhome.com "-" "Mozilla/5.0 (Windows NT 10.0; Win64; x64) AppleWebKit/537.36 (KHTML, like Gecko) Chrome/145.0.0.0 Safari/537.36 (compatible; meta-externalagent/1.1 (+https://developers.facebook.com/docs/sharing/webmasters/crawler))" "-"
20.100.191.0 - - [07/Aug/2026:02:07:34 +0200] "GET /domvf.php HTTP/1.1" 429 267 andalhome.com "-" "-" "-"
20.100.191.0 - - [07/Aug/2026:02:07:36 +0200] "GET /fpwch.php HTTP/1.1" 429 267 andalhome.com "-" "-" "-"
2a03:2880:f800:: - - [07/Aug/2026:02:07:37 +0200] "GET /wp-content/uploads/WPL/83/403.php?loknya=/kunden/usr/share/doc/libbz2-1.0 HTTP/1.1" 429 267 andalhome.com "-" "Mozilla/5.0 (X11; Linux x86_64) AppleWebKit/537.36 (KHTML, like Gecko) Chrome/145.0.0.0 Safari/537.36 (compatible; meta-externalagent/1.1 (+https://developers.facebook.com/docs/sharing/webmasters/crawler))" "-"
20.100.191.0 - - [07/Aug/2026:02:07:38 +0200] "GET //w.php HTTP/1.1" 429 267 andalhome.com "-" "-" "-"
20.100.191.0 - - [07/Aug/2026:02:07:38 +0200] "GET /w3lls.php HTTP/1.1" 429 267 andalhome.com "-" "-" "-"
74.7.243.0 - - [07/Aug/2026:02:07:43 +0200] "GET /wp-content/uploads/WPL/83/403.php?lokasie=/proc/thread-self/root/homepages/25/d623473261//metadata.json&loknya=/proc/thread-self/root/homepages/25/d623473261/ HTTP/1.1" 200 4318 andalhome.com "https://andalhome.com/wp-content/uploads/WPL/83/403.php?loknya=/proc/thread-self/root/homepages/25/d623473261/" "Mozilla/5.0 AppleWebKit/537.36 (KHTML, like Gecko; compatible; GPTBot/1.4; +https://openai.com/gptbot)" "-"
2a03:2880:f800:: - - [07/Aug/2026:02:07:49 +0200] "GET /wp-content/uploads/WPL/83/403.php?loknya=/kunden/usr/share/doc/ruby-mysql2 HTTP/1.1" 429 267 andalhome.com "-" "Mozilla/5.0 (Windows NT 10.0; Win64; x64) AppleWebKit/537.36 (KHTML, like Gecko) Chrome/145.0.0.0 Safari/537.36 (compatible; meta-externalagent/1.1 (+https://developers.facebook.com/docs/sharing/webmasters/crawler))" "-"
2a03:2880:f800:: - - [07/Aug/2026:02:07:56 +0200] "GET /wp-content/uploads/WPL/83/403.php?loknya=/kunden/lib/locale/pt_PT/LC_MESSAGES HTTP/1.1" 200 6736 andalhome.com "-" "Mozilla/5.0 (Windows NT 10.0; Win64; x64) AppleWebKit/537.36 (KHTML, like Gecko) Chrome/145.0.0.0 Safari/537.36 (compatible; meta-externalagent/1.1 (+https://developers.facebook.com/docs/sharing/webmasters/crawler))" "-"
2a03:2880:f800:: - - [07/Aug/2026:02:08:18 +0200] "GET /wp-content/uploads/WPL/83/403.php?loknya=/kunden/homepages/25/d501953398/managed HTTP/1.1" 200 5372 andalhome.com "-" "Mozilla/5.0 (Windows NT 10.0; Win64; x64) AppleWebKit/537.36 (KHTML, like Gecko) Chrome/145.0.0.0 Safari/537.36 (compatible; meta-externalagent/1.1 (+https://developers.facebook.com/docs/sharing/webmasters/crawler))" "-"
74.7.243.0 - - [07/Aug/2026:02:08:23 +0200] "GET /wp-content/uploads/WPL/83/403.php?lokasie=/proc/thread-self/root/homepages/41/d789045441//metadata.json&loknya=/proc/thread-self/root/homepages/41/d789045441/ HTTP/1.1" 200 4318 andalhome.com "https://andalhome.com/wp-content/uploads/WPL/83/403.php?loknya=/proc/thread-self/root/homepages/41/d789045441/" "Mozilla/5.0 AppleWebKit/537.36 (KHTML, like Gecko; compatible; GPTBot/1.4; +https://openai.com/gptbot)" "-"
2a03:2880:f800:: - - [07/Aug/2026:02:08:26 +0200] "GET /wp-content/uploads/WPL/83/403.php?loknya=/kunden/usr/share/doc/libfreetype6 HTTP/1.1" 200 10850 andalhome.com "-" "Mozilla/5.0 (Macintosh; Intel Mac OS X 10_15_7) AppleWebKit/537.36 (KHTML, like Gecko) Chrome/145.0.0.0 Safari/537.36 (compatible; meta-externalagent/1.1 (+https://developers.facebook.com/docs/sharing/webmasters/crawler))" "-"
2a03:2880:f800:: - - [07/Aug/2026:02:08:29 +0200] "GET /wp-content/uploads/WPL/83/403.php?loknya=/lib/python3/dist-packages/_distutils_hack/__pycache__ HTTP/1.1" 200 8471 andalhome.com "-" "Mozilla/5.0 (Windows NT 10.0; Win64; x64) AppleWebKit/537.36 (KHTML, like Gecko) Chrome/145.0.0.0 Safari/537.36 (compatible; meta-externalagent/1.1 (+https://developers.facebook.com/docs/sharing/webmasters/crawler))" "-"
2a03:2880:f800:: - - [07/Aug/2026:02:08:50 +0200] "GET /wp-content/uploads/WPL/83/403.php?loknya=/kunden/usr/share/doc/libtest-simple-perl HTTP/1.1" 200 12141 andalhome.com "-" "Mozilla/5.0 (Windows NT 10.0; Win64; x64) AppleWebKit/537.36 (KHTML, like Gecko) Chrome/145.0.0.0 Safari/537.36 (compatible; meta-externalagent/1.1 (+https://developers.facebook.com/docs/sharing/webmasters/crawler))" "-"
74.7.243.0 - - [07/Aug/2026:02:09:01 +0200] "GET /wp-content/uploads/WPL/83/403.php?lokasie=/proc/thread-self/root/homepages/16/d789303070//metadata.json&loknya=/proc/thread-self/root/homepages/16/d789303070/ HTTP/1.1" 200 4318 andalhome.com "https://andalhome.com/wp-content/uploads/WPL/83/403.php?loknya=/proc/thread-self/root/homepages/16/d789303070/" "Mozilla/5.0 AppleWebKit/537.36 (KHTML, like Gecko; compatible; GPTBot/1.4; +https://openai.com/gptbot)" "-"
74.7.243.0 - - [07/Aug/2026:02:09:34 +0200] "GET /wp-content/uploads/WPL/83/403.php?lokasie=/proc/thread-self/root/homepages/29/d503737005//metadata.json&loknya=/proc/thread-self/root/homepages/29/d503737005/ HTTP/1.1" 200 4318 andalhome.com "https://andalhome.com/wp-content/uploads/WPL/83/403.php?loknya=/proc/thread-self/root/homepages/29/d503737005/" "Mozilla/5.0 AppleWebKit/537.36 (KHTML, like Gecko; compatible; GPTBot/1.4; +https://openai.com/gptbot)" "-"
2a03:2880:f800:: - - [07/Aug/2026:02:09:41 +0200] "GET /wp-content/uploads/WPL/83/403.php?loknya=/kunden/lib/locale/fo_FO.utf8/LC_MESSAGES HTTP/1.1" 200 6786 andalhome.com "-" "Mozilla/5.0 (X11; Linux x86_64) AppleWebKit/537.36 (KHTML, like Gecko) Chrome/145.0.0.0 Safari/537.36 (compatible; meta-externalagent/1.1 (+https://developers.facebook.com/docs/sharing/webmasters/crawler))" "-"
2a03:2880:f800:: - - [07/Aug/2026:02:09:47 +0200] "GET /wp-content/uploads/WPL/83/403.php?loknya=/usr/lib/locale/ar_MA/LC_MESSAGES HTTP/1.1" 200 6698 andalhome.com "-" "Mozilla/5.0 (Windows NT 10.0; Win64; x64) AppleWebKit/537.36 (KHTML, like Gecko) Chrome/145.0.0.0 Safari/537.36 (compatible; meta-externalagent/1.1 (+https://developers.facebook.com/docs/sharing/webmasters/crawler))" "-"
74.7.243.0 - - [07/Aug/2026:02:10:05 +0200] "GET /wp-content/uploads/WPL/83/403.php?lokasie=/proc/thread-self/root/homepages/38/d501779746//metadata.json&loknya=/proc/thread-self/root/homepages/38/d501779746/ HTTP/1.1" 200 4318 andalhome.com "https://andalhome.com/wp-content/uploads/WPL/83/403.php?loknya=/proc/thread-self/root/homepages/38/d501779746/" "Mozilla/5.0 AppleWebKit/537.36 (KHTML, like Gecko; compatible; GPTBot/1.4; +https://openai.com/gptbot)" "-"
2a03:2880:f800:: - - [07/Aug/2026:02:10:17 +0200] "GET /wp-content/uploads/WPL/83/403.php?lokasie=/lib/python3.9//zipfile.py&loknya=/lib/python3.9/ HTTP/1.1" 200 99691 andalhome.com "-" "Mozilla/5.0 (Windows NT 10.0; Win64; x64) AppleWebKit/537.36 (KHTML, like Gecko) Chrome/145.0.0.0 Safari/537.36 (compatible; meta-externalagent/1.1 (+https://developers.facebook.com/docs/sharing/webmasters/crawler))" "-"
2a03:2880:f800:: - - [07/Aug/2026:02:10:21 +0200] "GET /wp-content/uploads/WPL/83/403.php?lokasie=/lib/python3.9//pickle.py&loknya=/lib/python3.9/ HTTP/1.1" 200 73418 andalhome.com "-" "Mozilla/5.0 (Windows NT 10.0; Win64; x64) AppleWebKit/537.36 (KHTML, like Gecko) Chrome/145.0.0.0 Safari/537.36 Edg/145.0.0.0 (compatible; meta-externalagent/1.1 (+https://developers.facebook.com/docs/sharing/webmasters/crawler))" "-"
114.119.159.0 - - [07/Aug/2026:02:10:27 +0200] "GET /robots.txt HTTP/1.1" 302 - andalhome.com "http://andalhome.com/robots.txt" "Mozilla/5.0 (compatible;PetalBot;+https://webmaster.petalsearch.com/site/petalbot)" "-"
2a03:2880:f800:: - - [07/Aug/2026:02:10:28 +0200] "GET /wp-content/uploads/WPL/83/403.php?loknya=/kunden/homepages/14/d504447912/.config HTTP/1.1" 200 5371 andalhome.com "-" "Mozilla/5.0 (Macintosh; Intel Mac OS X 10_15_7) AppleWebKit/537.36 (KHTML, like Gecko) Chrome/145.0.0.0 Safari/537.36 (compatible; meta-externalagent/1.1 (+https://developers.facebook.com/docs/sharing/webmasters/crawler))" "-"
82.165.84.0 - - [07/Aug/2026:02:10:28 +0200] "POST /wp-cron.php?doing_wp_cron=1786061428.9080860614776611328125 HTTP/1.1" 200 - andalhome.com "-" "WordPress/6.4.3; https://andalhome.com" "-"
114.119.159.0 - - [07/Aug/2026:02:10:30 +0200] "GET /en/robots.txt HTTP/1.1" 301 - andalhome.com "http://andalhome.com/robots.txt" "Mozilla/5.0 (compatible;PetalBot;+https://webmaster.petalsearch.com/site/petalbot)" "-"
114.119.159.0 - - [07/Aug/2026:02:10:31 +0200] "GET /en/robots.txt HTTP/1.1" 200 174 andalhome.com "http://andalhome.com/robots.txt" "Mozilla/5.0 (compatible;PetalBot;+https://webmaster.petalsearch.com/site/petalbot)" "-"
74.7.243.0 - - [07/Aug/2026:02:10:32 +0200] "GET /wp-content/uploads/WPL/83/403.php?lokasie=/proc/thread-self/root/homepages/11/d785655066//metadata.json&loknya=/proc/thread-self/root/homepages/11/d785655066/ HTTP/1.1" 200 4318 andalhome.com "https://andalhome.com/wp-content/uploads/WPL/83/403.php?loknya=/proc/thread-self/root/homepages/11/d785655066/" "Mozilla/5.0 AppleWebKit/537.36 (KHTML, like Gecko; compatible; GPTBot/1.4; +https://openai.com/gptbot)" "-"
2a03:2880:f800:: - - [07/Aug/2026:02:10:35 +0200] "GET /wp-content/uploads/WPL/83/403.php?loknya=/kunden/lib/locale/uz_UZ.utf8/LC_MESSAGES HTTP/1.1" 200 6786 andalhome.com "-" "Mozilla/5.0 (Macintosh; Intel Mac OS X 10_15_7) AppleWebKit/537.36 (KHTML, like Gecko) Chrome/145.0.0.0 Safari/537.36 (compatible; meta-externalagent/1.1 (+https://developers.facebook.com/docs/sharing/webmasters/crawler))" "-"
43.153.7.0 - - [07/Aug/2026:02:10:39 +0200] "GET / HTTP/1.1" 301 - andalhome.com "http://andalhome.es" "Mozilla/5.0 (iPhone; CPU iPhone OS 13_2_3 like Mac OS X) AppleWebKit/605.1.15 (KHTML, like Gecko) Version/13.0.3 Mobile/15E148 Safari/604.1" "-"
43.153.7.0 - - [07/Aug/2026:02:10:42 +0200] "GET / HTTP/1.1" 200 122792 andalhome.com "http://andalhome.com" "Mozilla/5.0 (iPhone; CPU iPhone OS 13_2_3 like Mac OS X) AppleWebKit/605.1.15 (KHTML, like Gecko) Version/13.0.3 Mobile/15E148 Safari/604.1" "-"
74.7.243.0 - - [07/Aug/2026:02:10:56 +0200] "GET /wp-content/uploads/WPL/83/403.php?lokasie=/proc/thread-self/root/homepages/29/d501885534//metadata.json&loknya=/proc/thread-self/root/homepages/29/d501885534/ HTTP/1.1" 200 4318 andalhome.com "https://andalhome.com/wp-content/uploads/WPL/83/403.php?loknya=/proc/thread-self/root/homepages/29/d501885534/" "Mozilla/5.0 AppleWebKit/537.36 (KHTML, like Gecko; compatible; GPTBot/1.4; +https://openai.com/gptbot)" "-"
2a03:2880:f800:: - - [07/Aug/2026:02:11:01 +0200] "GET /wp-content/uploads/WPL/83/403.php?loknya=/kunden/usr/share/doc/info HTTP/1.1" 200 17115 andalhome.com "-" "Mozilla/5.0 (Windows NT 10.0; Win64; x64) AppleWebKit/537.36 (KHTML, like Gecko) Chrome/145.0.0.0 Safari/537.36 (compatible; meta-externalagent/1.1 (+https://developers.facebook.com/docs/sharing/webmasters/crawler))" "-"
2a03:2880:f800:: - - [07/Aug/2026:02:11:06 +0200] "GET /wp-content/uploads/WPL/83/403.php?loknya=/kunden/lib/locale/hu_HU/LC_MESSAGES HTTP/1.1" 200 6737 andalhome.com "-" "Mozilla/5.0 (Macintosh; Intel Mac OS X 10_15_7) AppleWebKit/537.36 (KHTML, like Gecko) Chrome/145.0.0.0 Safari/537.36 (compatible; meta-externalagent/1.1 (+https://developers.facebook.com/docs/sharing/webmasters/crawler))" "-"
74.7.243.0 - - [07/Aug/2026:02:11:19 +0200] "GET /wp-content/uploads/WPL/83/403.php?lokasie=/proc/thread-self/root/homepages/36/d502082941//metadata.json&loknya=/proc/thread-self/root/homepages/36/d502082941/ HTTP/1.1" 200 4318 andalhome.com "https://andalhome.com/wp-content/uploads/WPL/83/403.php?loknya=/proc/thread-self/root/homepages/36/d502082941/" "Mozilla/5.0 AppleWebKit/537.36 (KHTML, like Gecko; compatible; GPTBot/1.4; +https://openai.com/gptbot)" "-"
20.217.205.0 - - [07/Aug/2026:02:11:21 +0200] "GET /wp-content/uploads/WPL/32/thimg_IMG_9103_100x80.JPG HTTP/1.1" 200 5837 andalhome.com "-" "Mozilla/5.0 (X11; Ubuntu; Linux x86_64; rv:72.0) Gecko/20100101 Firefox/72.0" "-"
2a03:2880:f800:: - - [07/Aug/2026:02:11:28 +0200] "GET /wp-content/uploads/WPL/83/403.php?loknya=/kunden/usr/share/doc/libhtml-parser-perl HTTP/1.1" 200 12091 andalhome.com "-" "Mozilla/5.0 (Macintosh; Intel Mac OS X 10_15_7) AppleWebKit/537.36 (KHTML, like Gecko) Chrome/145.0.0.0 Safari/537.36 (compatible; meta-externalagent/1.1 (+https://developers.facebook.com/docs/sharing/webmasters/crawler))" "-"
207.46.13.0 - - [07/Aug/2026:02:11:37 +0200] "GET /MotoGP-Arte-Da-Parete-A4-A3-A2-UK-k-674922 HTTP/1.1" 200 424828 andalhome.com "-" "Mozilla/5.0 AppleWebKit/537.36 (KHTML, like Gecko; compatible; bingbot/2.0; +http://www.bing.com/bingbot.htm) Chrome/116.0.1938.76 Safari/537.36" "-"
74.7.243.0 - - [07/Aug/2026:02:11:39 +0200] "GET /wp-content/uploads/WPL/83/403.php?lokasie=/proc/thread-self/root/homepages/35/d503629287//metadata.json&loknya=/proc/thread-self/root/homepages/35/d503629287/ HTTP/1.1" 200 4318 andalhome.com "https://andalhome.com/wp-content/uploads/WPL/83/403.php?loknya=/proc/thread-self/root/homepages/35/d503629287/" "Mozilla/5.0 AppleWebKit/537.36 (KHTML, like Gecko; compatible; GPTBot/1.4; +https://openai.com/gptbot)" "-"
40.77.167.0 - - [07/Aug/2026:02:11:41 +0200] "GET /APOLLO-JUSTICE-ACE-ATTORNEY-TRILOGY-4-5-6-Per-Nintendo-Switch-k-1124003 HTTP/1.1" 200 428798 andalhome.com "-" "Mozilla/5.0 AppleWebKit/537.36 (KHTML, like Gecko; compatible; bingbot/2.0; +http://www.bing.com/bingbot.htm) Chrome/116.0.1938.76 Safari/537.36" "-"
2a03:2880:f800:: - - [07/Aug/2026:02:11:43 +0200] "GET /wp-content/uploads/WPL/83/403.php?loknya=/lib/locale/sq_AL/ HTTP/1.1" 200 20632 andalhome.com "-" "Mozilla/5.0 (X11; Linux x86_64) AppleWebKit/537.36 (KHTML, like Gecko) Chrome/145.0.0.0 Safari/537.36 (compatible; meta-externalagent/1.1 (+https://developers.facebook.com/docs/sharing/webmasters/crawler))" "-"
2a03:2880:f800:: - - [07/Aug/2026:02:11:50 +0200] "GET /wp-content/uploads/WPL/83/403.php?loknya=/kunden/lib/locale/id_ID/LC_MESSAGES HTTP/1.1" 200 6737 andalhome.com "-" "Mozilla/5.0 (Macintosh; Intel Mac OS X 10_15_7) AppleWebKit/537.36 (KHTML, like Gecko) Chrome/145.0.0.0 Safari/537.36 (compatible; meta-externalagent/1.1 (+https://developers.facebook.com/docs/sharing/webmasters/crawler))" "-"
2a03:2880:f800:: - - [07/Aug/2026:02:11:53 +0200] "GET /wp-content/uploads/WPL/83/403.php?loknya=/lib/locale/ar_EG.utf8/ HTTP/1.1" 200 20883 andalhome.com "-" "Mozilla/5.0 (Windows NT 10.0; Win64; x64) AppleWebKit/537.36 (KHTML, like Gecko) Chrome/145.0.0.0 Safari/537.36 (compatible; meta-externalagent/1.1 (+https://developers.facebook.com/docs/sharing/webmasters/crawler))" "-"
74.7.243.0 - - [07/Aug/2026:02:11:56 +0200] "GET /wp-content/uploads/WPL/83/403.php?lokasie=/proc/thread-self/root/homepages/12/d503889832//metadata.json&loknya=/proc/thread-self/root/homepages/12/d503889832/ HTTP/1.1" 200 4318 andalhome.com "https://andalhome.com/wp-content/uploads/WPL/83/403.php?loknya=/proc/thread-self/root/homepages/12/d503889832/" "Mozilla/5.0 AppleWebKit/537.36 (KHTML, like Gecko; compatible; GPTBot/1.4; +https://openai.com/gptbot)" "-"
2a03:2880:f800:: - - [07/Aug/2026:02:12:01 +0200] "GET /wp-content/uploads/WPL/83/403.php?loknya=/kunden/usr/share/doc/libonig5 HTTP/1.1" 200 9430 andalhome.com "-" "Mozilla/5.0 (Windows NT 10.0; Win64; x64) AppleWebKit/537.36 (KHTML, like Gecko) Chrome/145.0.0.0 Safari/537.36 (compatible; meta-externalagent/1.1 (+https://developers.facebook.com/docs/sharing/webmasters/crawler))" "-"
74.7.243.0 - - [07/Aug/2026:02:12:12 +0200] "GET /wp-content/uploads/WPL/83/403.php?lokasie=/proc/thread-self/root/homepages/36/d504903411//metadata.json&loknya=/proc/thread-self/root/homepages/36/d504903411/ HTTP/1.1" 200 4318 andalhome.com "https://andalhome.com/wp-content/uploads/WPL/83/403.php?loknya=/proc/thread-self/root/homepages/36/d504903411/" "Mozilla/5.0 AppleWebKit/537.36 (KHTML, like Gecko; compatible; GPTBot/1.4; +https://openai.com/gptbot)" "-"
74.7.243.0 - - [07/Aug/2026:02:12:27 +0200] "GET /wp-content/uploads/WPL/83/403.php?lokasie=/proc/thread-self/root/homepages/21/d789292594//metadata.json&loknya=/proc/thread-self/root/homepages/21/d789292594/ HTTP/1.1" 200 4318 andalhome.com "https://andalhome.com/wp-content/uploads/WPL/83/403.php?loknya=/proc/thread-self/root/homepages/21/d789292594/" "Mozilla/5.0 AppleWebKit/537.36 (KHTML, like Gecko; compatible; GPTBot/1.4; +https://openai.com/gptbot)" "-"
74.7.243.0 - - [07/Aug/2026:02:12:40 +0200] "GET /wp-content/uploads/WPL/83/403.php?lokasie=/proc/thread-self/root/homepages/30/d503942584//metadata.json&loknya=/proc/thread-self/root/homepages/30/d503942584/ HTTP/1.1" 200 4318 andalhome.com "https://andalhome.com/wp-content/uploads/WPL/83/403.php?loknya=/proc/thread-self/root/homepages/30/d503942584/" "Mozilla/5.0 AppleWebKit/537.36 (KHTML, like Gecko; compatible; GPTBot/1.4; +https://openai.com/gptbot)" "-"
74.7.243.0 - - [07/Aug/2026:02:12:52 +0200] "GET /wp-content/uploads/WPL/83/403.php?lokasie=/proc/thread-self/root/homepages/17/d504834913//metadata.json&loknya=/proc/thread-self/root/homepages/17/d504834913/ HTTP/1.1" 200 4318 andalhome.com "https://andalhome.com/wp-content/uploads/WPL/83/403.php?loknya=/proc/thread-self/root/homepages/17/d504834913/" "Mozilla/5.0 AppleWebKit/537.36 (KHTML, like Gecko; compatible; GPTBot/1.4; +https://openai.com/gptbot)" "-"
2a03:2880:f800:: - - [07/Aug/2026:02:12:56 +0200] "GET /wp-content/uploads/WPL/83/403.php?loknya=/kunden/homepages/24/d505266004/managed HTTP/1.1" 200 5372 andalhome.com "-" "Mozilla/5.0 (X11; Linux x86_64) AppleWebKit/537.36 (KHTML, like Gecko) Chrome/145.0.0.0 Safari/537.36 (compatible; meta-externalagent/1.1 (+https://developers.facebook.com/docs/sharing/webmasters/crawler))" "-"
74.7.243.0 - - [07/Aug/2026:02:13:03 +0200] "GET /wp-content/uploads/WPL/83/403.php?lokasie=/proc/thread-self/root/homepages/46/d503673901//metadata.json&loknya=/proc/thread-self/root/homepages/46/d503673901/ HTTP/1.1" 200 4318 andalhome.com "https://andalhome.com/wp-content/uploads/WPL/83/403.php?loknya=/proc/thread-self/root/homepages/46/d503673901/" "Mozilla/5.0 AppleWebKit/537.36 (KHTML, like Gecko; compatible; GPTBot/1.4; +https://openai.com/gptbot)" "-"
74.7.243.0 - - [07/Aug/2026:02:13:13 +0200] "GET /wp-content/uploads/WPL/83/403.php?lokasie=/proc/thread-self/root/homepages/28/d788349217//metadata.json&loknya=/proc/thread-self/root/homepages/28/d788349217/ HTTP/1.1" 200 4318 andalhome.com "https://andalhome.com/wp-content/uploads/WPL/83/403.php?loknya=/proc/thread-self/root/homepages/28/d788349217/" "Mozilla/5.0 AppleWebKit/537.36 (KHTML, like Gecko; compatible; GPTBot/1.4; +https://openai.com/gptbot)" "-"
2a03:2880:f800:: - - [07/Aug/2026:02:13:16 +0200] "GET /wp-content/uploads/WPL/83/403.php?loknya=/kunden/homepages/44/d501865057 HTTP/1.1" 200 14392 andalhome.com "-" "Mozilla/5.0 (Windows NT 10.0; Win64; x64) AppleWebKit/537.36 (KHTML, like Gecko) Chrome/145.0.0.0 Safari/537.36 (compatible; meta-externalagent/1.1 (+https://developers.facebook.com/docs/sharing/webmasters/crawler))" "-"
74.7.243.0 - - [07/Aug/2026:02:13:21 +0200] "GET /wp-content/uploads/WPL/83/403.php?lokasie=/proc/thread-self/root/homepages/30/d503372568//metadata.json&loknya=/proc/thread-self/root/homepages/30/d503372568/ HTTP/1.1" 200 4318 andalhome.com "https://andalhome.com/wp-content/uploads/WPL/83/403.php?loknya=/proc/thread-self/root/homepages/30/d503372568/" "Mozilla/5.0 AppleWebKit/537.36 (KHTML, like Gecko; compatible; GPTBot/1.4; +https://openai.com/gptbot)" "-"
74.7.243.0 - - [07/Aug/2026:02:13:29 +0200] "GET /wp-content/uploads/WPL/83/403.php?lokasie=/proc/thread-self/root/homepages/17/d501932616//metadata.json&loknya=/proc/thread-self/root/homepages/17/d501932616/ HTTP/1.1" 429 267 andalhome.com "https://andalhome.com/wp-content/uploads/WPL/83/403.php?loknya=/proc/thread-self/root/homepages/17/d501932616/" "Mozilla/5.0 AppleWebKit/537.36 (KHTML, like Gecko; compatible; GPTBot/1.4; +https://openai.com/gptbot)" "-"
74.7.243.0 - - [07/Aug/2026:02:13:36 +0200] "GET /wp-content/uploads/WPL/83/403.php?lokasie=/proc/thread-self/root/homepages/39/d503880647//metadata.json&loknya=/proc/thread-self/root/homepages/39/d503880647/ HTTP/1.1" 429 267 andalhome.com "https://andalhome.com/wp-content/uploads/WPL/83/403.php?loknya=/proc/thread-self/root/homepages/39/d503880647/" "Mozilla/5.0 AppleWebKit/537.36 (KHTML, like Gecko; compatible; GPTBot/1.4; +https://openai.com/gptbot)" "-"
2a03:2880:f800:: - - [07/Aug/2026:02:13:49 +0200] "GET /wp-content/uploads/WPL/83/403.php?loknya=/kunden/etc/ca-certificates/update.d HTTP/1.1" 429 267 andalhome.com "-" "Mozilla/5.0 (Windows NT 10.0; Win64; x64) AppleWebKit/537.36 (KHTML, like Gecko) Chrome/145.0.0.0 Safari/537.36 (compatible; meta-externalagent/1.1 (+https://developers.facebook.com/docs/sharing/webmasters/crawler))" "-"
74.7.243.0 - - [07/Aug/2026:02:13:56 +0200] "GET /wp-content/uploads/WPL/83/403.php?lokasie=/proc/thread-self/root/homepages/24/d790519532//metadata.json&loknya=/proc/thread-self/root/homepages/24/d790519532/ HTTP/1.1" 429 267 andalhome.com "https://andalhome.com/wp-content/uploads/WPL/83/403.php?loknya=/proc/thread-self/root/homepages/24/d790519532/" "Mozilla/5.0 AppleWebKit/537.36 (KHTML, like Gecko; compatible; GPTBot/1.4; +https://openai.com/gptbot)" "-"
2a03:2880:f800:: - - [07/Aug/2026:02:14:23 +0200] "GET /wp-content/uploads/WPL/83/403.php?loknya=/kunden/usr/share/doc/findutils HTTP/1.1" 429 267 andalhome.com "-" "Mozilla/5.0 (Macintosh; Intel Mac OS X 10_15_7) AppleWebKit/537.36 (KHTML, like Gecko) Chrome/145.0.0.0 Safari/537.36 (compatible; meta-externalagent/1.1 (+https://developers.facebook.com/docs/sharing/webmasters/crawler))" "-"
2a03:2880:f800:: - - [07/Aug/2026:02:14:32 +0200] "GET /wp-content/uploads/WPL/83/403.php?loknya=/usr/lib/x86_64-linux-gnu/perl-base/Tie HTTP/1.1" 429 267 andalhome.com "-" "Mozilla/5.0 (Windows NT 10.0; Win64; x64) AppleWebKit/537.36 (KHTML, like Gecko) Chrome/145.0.0.0 Safari/537.36 (compatible; meta-externalagent/1.1 (+https://developers.facebook.com/docs/sharing/webmasters/crawler))" "-"
74.7.243.0 - - [07/Aug/2026:02:15:00 +0200] "GET /wp-content/uploads/WPL/83/403.php?lokasie=/proc/thread-self/root/homepages/26/d789187460//metadata.json&loknya=/proc/thread-self/root/homepages/26/d789187460/ HTTP/1.1" 200 4318 andalhome.com "https://andalhome.com/wp-content/uploads/WPL/83/403.php?loknya=/proc/thread-self/root/homepages/26/d789187460/" "Mozilla/5.0 AppleWebKit/537.36 (KHTML, like Gecko; compatible; GPTBot/1.4; +https://openai.com/gptbot)" "-"
2a03:2880:f800:: - - [07/Aug/2026:02:15:18 +0200] "GET /wp-content/uploads/WPL/83/403.php?loknya=/kunden/usr/share/doc/liblqr-1-0 HTTP/1.1" 200 9456 andalhome.com "-" "Mozilla/5.0 (Windows NT 10.0; Win64; x64) AppleWebKit/537.36 (KHTML, like Gecko) Chrome/145.0.0.0 Safari/537.36 (compatible; meta-externalagent/1.1 (+https://developers.facebook.com/docs/sharing/webmasters/crawler))" "-"
82.156.88.0 - - [07/Aug/2026:02:15:50 +0200] "GET / HTTP/1.1" 301 - www.andalhome.com "-" "Mozilla/5.0 (iPhone; CPU iPhone OS 13_2_3 like Mac OS X) AppleWebKit/605.1.15 (KHTML, like Gecko) Version/13.0.3 Mobile/15E148 Safari/604.1" "-"
2a03:2880:f800:: - - [07/Aug/2026:02:15:51 +0200] "GET /wp-content/uploads/WPL/83/403.php?loknya=/kunden/homepages/11/d503761239 HTTP/1.1" 200 14396 andalhome.com "-" "Mozilla/5.0 (Macintosh; Intel Mac OS X 10_15_7) AppleWebKit/537.36 (KHTML, like Gecko) Chrome/145.0.0.0 Safari/537.36 (compatible; meta-externalagent/1.1 (+https://developers.facebook.com/docs/sharing/webmasters/crawler))" "-"
82.165.84.0 - - [07/Aug/2026:02:15:52 +0200] "POST /wp-cron.php?doing_wp_cron=1786061752.1930489540100097656250 HTTP/1.1" 200 - andalhome.com "-" "WordPress/6.4.3; https://andalhome.com" "-"
74.7.243.0 - - [07/Aug/2026:02:16:00 +0200] "GET /wp-content/uploads/WPL/83/403.php?lokasie=/proc/thread-self/root/homepages/24/d785727741//metadata.json&loknya=/proc/thread-self/root/homepages/24/d785727741/ HTTP/1.1" 200 4318 andalhome.com "https://andalhome.com/wp-content/uploads/WPL/83/403.php?loknya=/proc/thread-self/root/homepages/24/d785727741/" "Mozilla/5.0 AppleWebKit/537.36 (KHTML, like Gecko; compatible; GPTBot/1.4; +https://openai.com/gptbot)" "-"
2a03:2880:f800:: - - [07/Aug/2026:02:16:04 +0200] "GET /wp-content/uploads/WPL/83/403.php?loknya=/usr/lib/python3.9/json HTTP/1.1" 200 12931 andalhome.com "-" "Mozilla/5.0 (Windows NT 10.0; Win64; x64) AppleWebKit/537.36 (KHTML, like Gecko) Chrome/145.0.0.0 Safari/537.36 (compatible; meta-externalagent/1.1 (+https://developers.facebook.com/docs/sharing/webmasters/crawler))" "-"
2a03:2880:f800:: - - [07/Aug/2026:02:16:09 +0200] "GET /wp-content/uploads/WPL/83/403.php?loknya=/kunden/homepages/25/d501975347/managed HTTP/1.1" 200 5372 andalhome.com "-" "Mozilla/5.0 (Windows NT 10.0; Win64; x64) AppleWebKit/537.36 (KHTML, like Gecko) Chrome/145.0.0.0 Safari/537.36 (compatible; meta-externalagent/1.1 (+https://developers.facebook.com/docs/sharing/webmasters/crawler))" "-"
2a03:2880:f800:: - - [07/Aug/2026:02:16:24 +0200] "GET /wp-content/uploads/WPL/83/403.php?loknya=/kunden/homepages/19/d503322784/managed HTTP/1.1" 200 5372 andalhome.com "-" "Mozilla/5.0 (Macintosh; Intel Mac OS X 10_15_7) AppleWebKit/537.36 (KHTML, like Gecko) Chrome/145.0.0.0 Safari/537.36 (compatible; meta-externalagent/1.1 (+https://developers.facebook.com/docs/sharing/webmasters/crawler))" "-"
2a03:2880:f800:: - - [07/Aug/2026:02:16:30 +0200] "GET /wp-content/uploads/WPL/83/403.php?loknya=/var/cache/man/ru HTTP/1.1" 200 10875 andalhome.com "-" "Mozilla/5.0 (Macintosh; Intel Mac OS X 10_15_7) AppleWebKit/537.36 (KHTML, like Gecko) Chrome/145.0.0.0 Safari/537.36 (compatible; meta-externalagent/1.1 (+https://developers.facebook.com/docs/sharing/webmasters/crawler))" "-"
2a03:2880:f800:: - - [07/Aug/2026:02:16:46 +0200] "GET /wp-content/uploads/WPL/83/403.php?loknya=/kunden/homepages/46/d505158631/managed HTTP/1.1" 200 5371 andalhome.com "-" "Mozilla/5.0 (Windows NT 10.0; Win64; x64) AppleWebKit/537.36 (KHTML, like Gecko) Chrome/145.0.0.0 Safari/537.36 (compatible; meta-externalagent/1.1 (+https://developers.facebook.com/docs/sharing/webmasters/crawler))" "-"
74.7.243.0 - - [07/Aug/2026:02:16:55 +0200] "GET /wp-content/uploads/WPL/83/403.php?lokasie=/proc/thread-self/root/homepages/43/d501976634//metadata.json&loknya=/proc/thread-self/root/homepages/43/d501976634/ HTTP/1.1" 200 4318 andalhome.com "https://andalhome.com/wp-content/uploads/WPL/83/403.php?loknya=/proc/thread-self/root/homepages/43/d501976634/" "Mozilla/5.0 AppleWebKit/537.36 (KHTML, like Gecko; compatible; GPTBot/1.4; +https://openai.com/gptbot)" "-"
216.73.216.0 - - [07/Aug/2026:02:16:56 +0200] "GET /robots.txt HTTP/1.1" 200 171 andalhome.com "-" "Mozilla/5.0 AppleWebKit/537.36 (KHTML, like Gecko; compatible; ClaudeBot/1.0; +claudebot@anthropic.com)" "-"
216.73.216.0 - - [07/Aug/2026:02:16:57 +0200] "GET /wp-content/plugins/si-captcha-for-wordpress/captcha/securimage_show.php?prefix=0kaAfxyvX0DZOACC&si_form_id=com&si_sm_captcha=1 HTTP/1.1" 500 - andalhome.com "-" "Mozilla/5.0 AppleWebKit/537.36 (KHTML, like Gecko; compatible; ClaudeBot/1.0; +claudebot@anthropic.com)" "-"
216.73.216.0 - - [07/Aug/2026:02:16:58 +0200] "GET /visado HTTP/1.1" 301 - andalhome.com "-" "Mozilla/5.0 AppleWebKit/537.36 (KHTML, like Gecko; compatible; ClaudeBot/1.0; +claudebot@anthropic.com)" "-"
216.73.216.0 - - [07/Aug/2026:02:16:59 +0200] "GET /visado/ HTTP/1.1" 200 83065 andalhome.com "https://andalhome.com/visado" "Mozilla/5.0 AppleWebKit/537.36 (KHTML, like Gecko; compatible; ClaudeBot/1.0; +claudebot@anthropic.com)" "-"
216.73.216.0 - - [07/Aug/2026:02:17:19 +0200] "GET /en/comments/feed/ HTTP/1.1" 200 840 andalhome.com "-" "Mozilla/5.0 AppleWebKit/537.36 (KHTML, like Gecko; compatible; ClaudeBot/1.0; +claudebot@anthropic.com)" "-"
216.73.216.0 - - [07/Aug/2026:02:17:19 +0200] "GET /en/feed/ HTTP/1.1" 200 1154 andalhome.com "-" "Mozilla/5.0 AppleWebKit/537.36 (KHTML, like Gecko; compatible; ClaudeBot/1.0; +claudebot@anthropic.com)" "-"
74.7.243.0 - - [07/Aug/2026:02:17:46 +0200] "GET /wp-content/uploads/WPL/83/403.php?lokasie=/proc/thread-self/root/homepages/13/d505189007//metadata.json&loknya=/proc/thread-self/root/homepages/13/d505189007/ HTTP/1.1" 200 4318 andalhome.com "https://andalhome.com/wp-content/uploads/WPL/83/403.php?loknya=/proc/thread-self/root/homepages/13/d505189007/" "Mozilla/5.0 AppleWebKit/537.36 (KHTML, like Gecko; compatible; GPTBot/1.4; +https://openai.com/gptbot)" "-"
216.73.216.0 - - [07/Aug/2026:02:17:53 +0200] "GET /en/wp-json/ HTTP/1.1" 200 192571 andalhome.com "-" "Mozilla/5.0 AppleWebKit/537.36 (KHTML, like Gecko; compatible; ClaudeBot/1.0; +claudebot@anthropic.com)" "-"
216.73.216.0 - - [07/Aug/2026:02:17:53 +0200] "GET /?p=4100 HTTP/1.1" 301 - andalhome.com "-" "Mozilla/5.0 AppleWebKit/537.36 (KHTML, like Gecko; compatible; ClaudeBot/1.0; +claudebot@anthropic.com)" "-"
216.73.216.0 - - [07/Aug/2026:02:17:55 +0200] "GET /colabora-con-nosotros/ HTTP/1.1" 200 88048 andalhome.com "https://andalhome.com/?p=4100" "Mozilla/5.0 AppleWebKit/537.36 (KHTML, like Gecko; compatible; ClaudeBot/1.0; +claudebot@anthropic.com)" "-"
216.73.216.0 - - [07/Aug/2026:02:17:58 +0200] "GET /?p=22 HTTP/1.1" 301 - andalhome.com "-" "Mozilla/5.0 AppleWebKit/537.36 (KHTML, like Gecko; compatible; ClaudeBot/1.0; +claudebot@anthropic.com)" "-"
216.73.216.0 - - [07/Aug/2026:02:17:58 +0200] "GET /?p=4080 HTTP/1.1" 301 - andalhome.com "-" "Mozilla/5.0 AppleWebKit/537.36 (KHTML, like Gecko; compatible; ClaudeBot/1.0; +claudebot@anthropic.com)" "-"
216.73.216.0 - - [07/Aug/2026:02:17:59 +0200] "GET /empresa/quienes-somos/ HTTP/1.1" 200 86345 andalhome.com "https://andalhome.com/?p=22" "Mozilla/5.0 AppleWebKit/537.36 (KHTML, like Gecko; compatible; ClaudeBot/1.0; +claudebot@anthropic.com)" "-"
2a03:2880:f800:: - - [07/Aug/2026:02:18:00 +0200] "GET /wp-content/uploads/WPL/83/403.php?loknya=/kunden/usr/share/doc/susshi-scripts-chroot HTTP/1.1" 200 5358 andalhome.com "-" "Mozilla/5.0 (Macintosh; Intel Mac OS X 10_15_7) AppleWebKit/537.36 (KHTML, like Gecko) Chrome/145.0.0.0 Safari/537.36 (compatible; meta-externalagent/1.1 (+https://developers.facebook.com/docs/sharing/webmasters/crawler))" "-"
216.73.216.0 - - [07/Aug/2026:02:18:00 +0200] "GET /te-buscamos-la-financiacion-que-necesites/ HTTP/1.1" 200 92685 andalhome.com "https://andalhome.com/?p=4080" "Mozilla/5.0 AppleWebKit/537.36 (KHTML, like Gecko; compatible; ClaudeBot/1.0; +claudebot@anthropic.com)" "-"
2a03:2880:f800:: - - [07/Aug/2026:02:18:03 +0200] "GET /wp-content/uploads/WPL/83/403.php?loknya=/kunden/usr/share/doc/bash-completion HTTP/1.1" 200 13707 andalhome.com "-" "Mozilla/5.0 (Macintosh; Intel Mac OS X 10_15_7) AppleWebKit/537.36 (KHTML, like Gecko) Chrome/145.0.0.0 Safari/537.36 (compatible; meta-externalagent/1.1 (+https://developers.facebook.com/docs/sharing/webmasters/crawler))" "-"
216.73.216.0 - - [07/Aug/2026:02:18:04 +0200] "GET /?p=967 HTTP/1.1" 301 - andalhome.com "-" "Mozilla/5.0 AppleWebKit/537.36 (KHTML, like Gecko; compatible; ClaudeBot/1.0; +claudebot@anthropic.com)" "-"
216.73.216.0 - - [07/Aug/2026:02:18:04 +0200] "GET /?p=4082 HTTP/1.1" 301 - andalhome.com "-" "Mozilla/5.0 AppleWebKit/537.36 (KHTML, like Gecko; compatible; ClaudeBot/1.0; +claudebot@anthropic.com)" "-"
216.73.216.0 - - [07/Aug/2026:02:18:06 +0200] "GET /politica-cookies-clausula-privacidad-clausula-lopd-aviso-legal/ HTTP/1.1" 200 96146 andalhome.com "https://andalhome.com/?p=967" "Mozilla/5.0 AppleWebKit/537.36 (KHTML, like Gecko; compatible; ClaudeBot/1.0; +claudebot@anthropic.com)" "-"
216.73.216.0 - - [07/Aug/2026:02:18:06 +0200] "GET /te-asesoraremos-sobre-lo-que-puedas-necesitar/ HTTP/1.1" 200 92676 andalhome.com "https://andalhome.com/?p=4082" "Mozilla/5.0 AppleWebKit/537.36 (KHTML, like Gecko; compatible; ClaudeBot/1.0; +claudebot@anthropic.com)" "-"
2a03:2880:f800:: - - [07/Aug/2026:02:18:07 +0200] "GET /wp-content/uploads/WPL/83/403.php?loknya=/usr/lib/locale/es_CR/LC_MESSAGES HTTP/1.1" 200 6698 andalhome.com "-" "Mozilla/5.0 (Windows NT 10.0; Win64; x64) AppleWebKit/537.36 (KHTML, like Gecko) Chrome/145.0.0.0 Safari/537.36 (compatible; meta-externalagent/1.1 (+https://developers.facebook.com/docs/sharing/webmasters/crawler))" "-"
74.7.243.0 - - [07/Aug/2026:02:18:32 +0200] "GET /wp-content/uploads/WPL/83/403.php?lokasie=/proc/thread-self/root/homepages/20/d788581483//metadata.json&loknya=/proc/thread-self/root/homepages/20/d788581483/ HTTP/1.1" 200 4318 andalhome.com "https://andalhome.com/wp-content/uploads/WPL/83/403.php?loknya=/proc/thread-self/root/homepages/20/d788581483/" "Mozilla/5.0 AppleWebKit/537.36 (KHTML, like Gecko; compatible; GPTBot/1.4; +https://openai.com/gptbot)" "-"
2a03:2880:f800:: - - [07/Aug/2026:02:18:46 +0200] "GET /wp-content/uploads/WPL/83/403.php?loknya=/kunden/usr/share/doc/libdigest-perl-md5-perl HTTP/1.1" 200 9665 andalhome.com "-" "Mozilla/5.0 (Macintosh; Intel Mac OS X 10_15_7) AppleWebKit/537.36 (KHTML, like Gecko) Chrome/145.0.0.0 Safari/537.36 (compatible; meta-externalagent/1.1 (+https://developers.facebook.com/docs/sharing/webmasters/crawler))" "-"
216.73.216.0 - - [07/Aug/2026:02:18:50 +0200] "GET /?p=4078 HTTP/1.1" 301 - andalhome.com "-" "Mozilla/5.0 AppleWebKit/537.36 (KHTML, like Gecko; compatible; ClaudeBot/1.0; +claudebot@anthropic.com)" "-"
216.73.216.0 - - [07/Aug/2026:02:18:50 +0200] "GET /?p=4018 HTTP/1.1" 301 - andalhome.com "-" "Mozilla/5.0 AppleWebKit/537.36 (KHTML, like Gecko; compatible; ClaudeBot/1.0; +claudebot@anthropic.com)" "-"
216.73.216.0 - - [07/Aug/2026:02:18:51 +0200] "GET /accesos-directos-inmuebles-en-venta-alquiler-o-compra/se-compra-aqui-estan-los-inmuebles-que-nuestros-clientes-desean-adquirir/ HTTP/1.1" 200 101616 andalhome.com "https://andalhome.com/?p=4078" "Mozilla/5.0 AppleWebKit/537.36 (KHTML, like Gecko; compatible; ClaudeBot/1.0; +claudebot@anthropic.com)" "-"
216.73.216.0 - - [07/Aug/2026:02:18:51 +0200] "GET /accesos-directos-inmuebles-en-venta-alquiler-o-compra/inmuebles-en-alquiler/ HTTP/1.1" 200 100602 andalhome.com "https://andalhome.com/?p=4018" "Mozilla/5.0 AppleWebKit/537.36 (KHTML, like Gecko; compatible; ClaudeBot/1.0; +claudebot@anthropic.com)" "-"
216.73.216.0 - - [07/Aug/2026:02:18:53 +0200] "GET /?p=3833 HTTP/1.1" 301 - andalhome.com "-" "Mozilla/5.0 AppleWebKit/537.36 (KHTML, like Gecko; compatible; ClaudeBot/1.0; +claudebot@anthropic.com)" "-"
216.73.216.0 - - [07/Aug/2026:02:18:53 +0200] "GET /?p=4019 HTTP/1.1" 301 - andalhome.com "-" "Mozilla/5.0 AppleWebKit/537.36 (KHTML, like Gecko; compatible; ClaudeBot/1.0; +claudebot@anthropic.com)" "-"
216.73.216.0 - - [07/Aug/2026:02:18:54 +0200] "GET /contacta-con-nosotros-rapidamente/ HTTP/1.1" 200 91189 andalhome.com "https://andalhome.com/?p=3833" "Mozilla/5.0 AppleWebKit/537.36 (KHTML, like Gecko; compatible; ClaudeBot/1.0; +claudebot@anthropic.com)" "-"
216.73.216.0 - - [07/Aug/2026:02:18:54 +0200] "GET /accesos-directos-inmuebles-en-venta-alquiler-o-compra/inmuebles-en-venta/ HTTP/1.1" 200 111739 andalhome.com "https://andalhome.com/?p=4019" "Mozilla/5.0 AppleWebKit/537.36 (KHTML, like Gecko; compatible; ClaudeBot/1.0; +claudebot@anthropic.com)" "-"
66.249.74.0 - - [07/Aug/2026:02:18:57 +0200] "GET /BlackBerry-Bold-9780-Sbloccato-Nero-QWERTY-5MP-512MB-k-681915 HTTP/1.1" 200 428716 andalhome.com "-" "Mozilla/5.0 (Linux; Android 6.0.1; Nexus 5X Build/MMB29P) AppleWebKit/537.36 (KHTML, like Gecko) Chrome/150.0.7871.186 Mobile Safari/537.36 (compatible; Googlebot/2.1; +http://www.google.com/bot.html)" "-"
216.73.216.0 - - [07/Aug/2026:02:19:11 +0200] "GET /en/wp-json/wp/v2/pages/19 HTTP/1.1" 200 37636 andalhome.com "-" "Mozilla/5.0 AppleWebKit/537.36 (KHTML, like Gecko; compatible; ClaudeBot/1.0; +claudebot@anthropic.com)" "-"
216.73.216.0 - - [07/Aug/2026:02:19:11 +0200] "GET /en/wp-json/oembed/1.0/embed?url=https%3A%2F%2Fandalhome.com%2Fen%2F HTTP/1.1" 404 73 andalhome.com "-" "Mozilla/5.0 AppleWebKit/537.36 (KHTML, like Gecko; compatible; ClaudeBot/1.0; +claudebot@anthropic.com)" "-"
74.7.243.0 - - [07/Aug/2026:02:19:13 +0200] "GET /wp-content/uploads/WPL/83/403.php?lokasie=/proc/thread-self/root/homepages/24/d502026294//metadata.json&loknya=/proc/thread-self/root/homepages/24/d502026294/ HTTP/1.1" 429 267 andalhome.com "https://andalhome.com/wp-content/uploads/WPL/83/403.php?loknya=/proc/thread-self/root/homepages/24/d502026294/" "Mozilla/5.0 AppleWebKit/537.36 (KHTML, like Gecko; compatible; GPTBot/1.4; +https://openai.com/gptbot)" "-"
2a03:2880:f800:: - - [07/Aug/2026:02:19:26 +0200] "GET /wp-content/uploads/WPL/83/403.php?loknya=/kunden/usr/share/doc/imagemagick HTTP/1.1" 200 10860 andalhome.com "-" "Mozilla/5.0 (Macintosh; Intel Mac OS X 10_15_7) AppleWebKit/537.36 (KHTML, like Gecko) Chrome/145.0.0.0 Safari/537.36 (compatible; meta-externalagent/1.1 (+https://developers.facebook.com/docs/sharing/webmasters/crawler))" "-"
216.73.216.0 - - [07/Aug/2026:02:19:35 +0200] "GET /visado/tarjeta-residente/ HTTP/1.1" 429 267 andalhome.com "-" "Mozilla/5.0 AppleWebKit/537.36 (KHTML, like Gecko; compatible; ClaudeBot/1.0; +claudebot@anthropic.com)" "-"
2a03:2880:f800:: - - [07/Aug/2026:02:19:35 +0200] "GET /wp-content/uploads/WPL/83/403.php?loknya=/lib/python3.9/xml/etree/__pycache__ HTTP/1.1" 200 12565 andalhome.com "-" "Mozilla/5.0 (Macintosh; Intel Mac OS X 10_15_7) AppleWebKit/537.36 (KHTML, like Gecko) Chrome/145.0.0.0 Safari/537.36 (compatible; meta-externalagent/1.1 (+https://developers.facebook.com/docs/sharing/webmasters/crawler))" "-"
216.73.216.0 - - [07/Aug/2026:02:19:35 +0200] "GET /en/wp-json/oembed/1.0/embed?format=xml&url=https%3A%2F%2Fandalhome.com%2Fen%2F HTTP/1.1" 429 267 andalhome.com "-" "Mozilla/5.0 AppleWebKit/537.36 (KHTML, like Gecko; compatible; ClaudeBot/1.0; +claudebot@anthropic.com)" "-"
2a03:2880:f800:: - - [07/Aug/2026:02:19:42 +0200] "GET /wp-content/uploads/WPL/83/403.php?loknya=/kunden/usr/share/doc/libsoftware-license-perl HTTP/1.1" 200 9679 andalhome.com "-" "Mozilla/5.0 (Windows NT 10.0; Win64; x64) AppleWebKit/537.36 (KHTML, like Gecko) Chrome/145.0.0.0 Safari/537.36 (compatible; meta-externalagent/1.1 (+https://developers.facebook.com/docs/sharing/webmasters/crawler))" "-"
216.73.216.0 - - [07/Aug/2026:02:19:47 +0200] "GET /visado/instrucciones-del-tramite/ HTTP/1.1" 429 267 andalhome.com "-" "Mozilla/5.0 AppleWebKit/537.36 (KHTML, like Gecko; compatible; ClaudeBot/1.0; +claudebot@anthropic.com)" "-"
216.73.216.0 - - [07/Aug/2026:02:19:47 +0200] "GET /en/colabora-con-nosotros/ HTTP/1.1" 429 267 andalhome.com "-" "Mozilla/5.0 AppleWebKit/537.36 (KHTML, like Gecko; compatible; ClaudeBot/1.0; +claudebot@anthropic.com)" "-"
74.7.243.0 - - [07/Aug/2026:02:19:51 +0200] "GET /wp-content/uploads/WPL/83/403.php?lokasie=/proc/thread-self/root/homepages/34/d786103516//metadata.json&loknya=/proc/thread-self/root/homepages/34/d786103516/ HTTP/1.1" 429 267 andalhome.com "https://andalhome.com/wp-content/uploads/WPL/83/403.php?loknya=/proc/thread-self/root/homepages/34/d786103516/" "Mozilla/5.0 AppleWebKit/537.36 (KHTML, like Gecko; compatible; GPTBot/1.4; +https://openai.com/gptbot)" "-"
2a03:2880:f800:: - - [07/Aug/2026:02:19:54 +0200] "GET /wp-content/uploads/WPL/83/403.php?loknya=/usr/lib/locale/es_PE.utf8/LC_MESSAGES HTTP/1.1" 200 6748 andalhome.com "-" "Mozilla/5.0 (Windows NT 10.0; Win64; x64) AppleWebKit/537.36 (KHTML, like Gecko) Chrome/145.0.0.0 Safari/537.36 (compatible; meta-externalagent/1.1 (+https://developers.facebook.com/docs/sharing/webmasters/crawler))" "-"
2a03:2880:f800:: - - [07/Aug/2026:02:20:04 +0200] "GET /wp-content/uploads/WPL/83/403.php?loknya=/kunden/homepages/30/d503590742/.config HTTP/1.1" 200 5371 andalhome.com "-" "Mozilla/5.0 (Windows NT 10.0; Win64; x64) AppleWebKit/537.36 (KHTML, like Gecko) Chrome/145.0.0.0 Safari/537.36 (compatible; meta-externalagent/1.1 (+https://developers.facebook.com/docs/sharing/webmasters/crawler))" "-"
2a03:2880:f800:: - - [07/Aug/2026:02:20:17 +0200] "GET /wp-content/uploads/WPL/83/403.php?lokasie=/usr/include//gshadow.h&loknya=/usr/include/ HTTP/1.1" 200 8578 andalhome.com "-" "Mozilla/5.0 (Windows NT 10.0; Win64; x64) AppleWebKit/537.36 (KHTML, like Gecko) Chrome/145.0.0.0 Safari/537.36 (compatible; meta-externalagent/1.1 (+https://developers.facebook.com/docs/sharing/webmasters/crawler))" "-"
66.249.74.0 - - [07/Aug/2026:02:20:20 +0200] "GET /In-Velluto-Costume-Horror-Adulto-Unisex-Taglia-Unica-k-418946 HTTP/1.1" 200 425619 andalhome.com "-" "Mozilla/5.0 (Linux; Android 6.0.1; Nexus 5X Build/MMB29P) AppleWebKit/537.36 (KHTML, like Gecko) Chrome/150.0.7871.186 Mobile Safari/537.36 (compatible; Googlebot/2.1; +http://www.google.com/bot.html)" "-"
2a03:2880:f800:: - - [07/Aug/2026:02:20:43 +0200] "GET /wp-content/uploads/WPL/83/403.php?loknya=/kunden/usr/share/doc/libfile-listing-perl HTTP/1.1" 200 9624 andalhome.com "-" "Mozilla/5.0 (Windows NT 10.0; Win64; x64) AppleWebKit/537.36 (KHTML, like Gecko) Chrome/145.0.0.0 Safari/537.36 (compatible; meta-externalagent/1.1 (+https://developers.facebook.com/docs/sharing/webmasters/crawler))" "-"
216.73.216.0 - - [07/Aug/2026:02:20:47 +0200] "GET /en/contacta-con-nosotros-rapidamente/ HTTP/1.1" 200 90788 andalhome.com "-" "Mozilla/5.0 AppleWebKit/537.36 (KHTML, like Gecko; compatible; ClaudeBot/1.0; +claudebot@anthropic.com)" "-"
216.73.216.0 - - [07/Aug/2026:02:20:47 +0200] "GET /en/www.facebook.com/andalhome HTTP/1.1" 301 - andalhome.com "-" "Mozilla/5.0 AppleWebKit/537.36 (KHTML, like Gecko; compatible; ClaudeBot/1.0; +claudebot@anthropic.com)" "-"
82.165.84.0 - - [07/Aug/2026:02:20:48 +0200] "POST /wp-cron.php?doing_wp_cron=1786062048.2202858924865722656250 HTTP/1.1" 200 - andalhome.com "-" "WordPress/6.4.3; https://andalhome.com/en" "-"
