216.73.216.0 - - [07/Aug/2026:08:28:11 +0200] "GET /wp-content/uploads/WPL/83/403.php?lokasie=%2Fhomepages%2F29%2Fd789312718%2Flast_traffic&loknya=%2Fhomepages%2F29%2Fd789312718 HTTP/1.1" 200 4095 andalhome.com "-" "Mozilla/5.0 AppleWebKit/537.36 (KHTML, like Gecko; compatible; ClaudeBot/1.0; +claudebot@anthropic.com)" "-"
74.7.243.0 - - [07/Aug/2026:08:28:11 +0200] "GET /wp-content/uploads/WPL/83/403.php?lokasie=/proc/thread-self/root/usr/lib/ruby/2.7.0/bundler/vendor/thor/lib/thor//invocation.rb&loknya=/proc/thread-self/root/usr/lib/ruby/2.7.0/bundler/vendor/thor/lib/thor/ HTTP/1.1" 200 11301 andalhome.com "https://andalhome.com/wp-content/uploads/WPL/83/403.php?loknya=/proc/thread-self/root/usr/lib/ruby/2.7.0/bundler/vendor/thor/lib/thor/" "Mozilla/5.0 AppleWebKit/537.36 (KHTML, like Gecko; compatible; GPTBot/1.4; +https://openai.com/gptbot)" "-"
216.73.216.0 - - [07/Aug/2026:08:28:16 +0200] "GET /wp-content/uploads/WPL/83/403.php?lokasie=%2Fhomepages%2F6%2Fd789473200%2Flast_traffic&loknya=%2Fhomepages%2F6%2Fd789473200 HTTP/1.1" 200 4091 andalhome.com "-" "Mozilla/5.0 AppleWebKit/537.36 (KHTML, like Gecko; compatible; ClaudeBot/1.0; +claudebot@anthropic.com)" "-"
216.73.216.0 - - [07/Aug/2026:08:28:21 +0200] "GET /wp-content/uploads/WPL/83/403.php?lokasie=%2Fhomepages%2F41%2Fd504602851%2Flast_traffic&loknya=%2Fhomepages%2F41%2Fd504602851 HTTP/1.1" 200 4095 andalhome.com "-" "Mozilla/5.0 AppleWebKit/537.36 (KHTML, like Gecko; compatible; ClaudeBot/1.0; +claudebot@anthropic.com)" "-"
216.73.216.0 - - [07/Aug/2026:08:28:26 +0200] "GET /wp-content/uploads/WPL/83/403.php?lokasie=%2Fhomepages%2F29%2Fd504644951%2Flast_traffic&loknya=%2Fhomepages%2F29%2Fd504644951 HTTP/1.1" 200 4095 andalhome.com "-" "Mozilla/5.0 AppleWebKit/537.36 (KHTML, like Gecko; compatible; ClaudeBot/1.0; +claudebot@anthropic.com)" "-"
216.73.216.0 - - [07/Aug/2026:08:28:31 +0200] "GET /wp-content/uploads/WPL/83/403.php?lokasie=%2Fhomepages%2F46%2Fd505158631%2Flast_traffic&loknya=%2Fhomepages%2F46%2Fd505158631 HTTP/1.1" 429 267 andalhome.com "-" "Mozilla/5.0 AppleWebKit/537.36 (KHTML, like Gecko; compatible; ClaudeBot/1.0; +claudebot@anthropic.com)" "-"
216.73.216.0 - - [07/Aug/2026:08:28:36 +0200] "GET /wp-content/uploads/WPL/83/403.php?lokasie=%2Fhomepages%2F46%2Fd503509824%2Flast_traffic&loknya=%2Fhomepages%2F46%2Fd503509824 HTTP/1.1" 429 267 andalhome.com "-" "Mozilla/5.0 AppleWebKit/537.36 (KHTML, like Gecko; compatible; ClaudeBot/1.0; +claudebot@anthropic.com)" "-"
74.7.243.0 - - [07/Aug/2026:08:29:07 +0200] "GET /wp-content/uploads/WPL/83/403.php?lokasie=/proc/thread-self/root/usr/lib/ruby/2.7.0/bundler/vendor/thor/lib/thor//parser.rb&loknya=/proc/thread-self/root/usr/lib/ruby/2.7.0/bundler/vendor/thor/lib/thor/ HTTP/1.1" 429 267 andalhome.com "https://andalhome.com/wp-content/uploads/WPL/83/403.php?loknya=/proc/thread-self/root/usr/lib/ruby/2.7.0/bundler/vendor/thor/lib/thor/" "Mozilla/5.0 AppleWebKit/537.36 (KHTML, like Gecko; compatible; GPTBot/1.4; +https://openai.com/gptbot)" "-"
47.82.52.0 - - [07/Aug/2026:08:29:39 +0200] "GET /Pro-Nuova-Con-Etichette-Taglia-Intera-k-1090282 HTTP/1.1" 429 267 andalhome.com "-" "Mozilla/5.0 (Macintosh; Intel Mac OS X 10_15_7) AppleWebKit/537.36 (KHTML, like Gecko) Chrome/139.0.0.0 Safari/537.36" "-"
47.82.14.0 - - [07/Aug/2026:08:29:39 +0200] "GET /Minn-Kota-Talon-6-Pollici-Modello-k-927799 HTTP/1.1" 429 267 andalhome.com "-" "Mozilla/5.0 (Macintosh; Intel Mac OS X 10_15_7) AppleWebKit/537.36 (KHTML, like Gecko) Chrome/145.0.0.0 Safari/537.36" "-"
47.82.55.0 - - [07/Aug/2026:08:29:46 +0200] "GET /240-Drift-Camper-1-64-Blu-1980-Nuovo-k-1039200 HTTP/1.1" 429 267 andalhome.com "-" "Mozilla/5.0 (Windows NT 10.0; Win64; x64) AppleWebKit/537.36 (KHTML, like Gecko) Chrome/140.0.0.0 Safari/537.36" "-"
47.82.55.0 - - [07/Aug/2026:08:29:46 +0200] "GET /W-212H-W-212-Resina-Nera-Due-Pezzi-MPN-k-446581 HTTP/1.1" 429 267 andalhome.com "-" "Mozilla/5.0 (Macintosh; Intel Mac OS X 10_15_7) AppleWebKit/537.36 (KHTML, like Gecko) Chrome/139.0.0.0 Safari/537.36" "-"
47.79.11.0 - - [07/Aug/2026:08:29:49 +0200] "GET /BG-011688-Ricambio-Nuovo-k-497051 HTTP/1.1" 429 267 andalhome.com "-" "Mozilla/5.0 (Windows NT 10.0; Win64; x64) AppleWebKit/537.36 (KHTML, like Gecko) Chrome/142.0.0.0 Safari/537.36" "-"
74.7.243.0 - - [07/Aug/2026:08:29:59 +0200] "GET /wp-content/uploads/WPL/83/403.php?lokasie=/proc/thread-self/root/usr/lib/ruby/2.7.0/bundler/vendor/thor/lib/thor/version.rb&loknya=/proc/thread-self/root/usr/lib/ruby/2.7.0/bundler/vendor/thor/lib/thor HTTP/1.1" 200 4874 andalhome.com "https://andalhome.com/wp-content/uploads/WPL/83/403.php?loknya=/proc/thread-self/root/usr/lib/ruby/2.7.0/bundler/vendor/thor/lib/thor" "Mozilla/5.0 AppleWebKit/537.36 (KHTML, like Gecko; compatible; GPTBot/1.4; +https://openai.com/gptbot)" "-"
47.82.49.0 - - [07/Aug/2026:08:30:03 +0200] "GET /Argentato-Nuovo-Per-Mulinelli-VS100-k-512180 HTTP/1.1" 429 267 andalhome.com "-" "Mozilla/5.0 (Macintosh; Intel Mac OS X 10_15_7) AppleWebKit/537.36 (KHTML, like Gecko) Chrome/145.0.0.0 Safari/537.36" "-"
47.79.51.0 - - [07/Aug/2026:08:30:14 +0200] "GET /Xiaomi-Black-Shark-5-5-RS-Nero-UA-PARTS-k-559995 HTTP/1.1" 429 267 andalhome.com "-" "Mozilla/5.0 (Windows NT 10.0; Win64; x64) AppleWebKit/537.36 (KHTML, like Gecko) Chrome/140.0.0.0 Safari/537.36" "-"
47.79.51.0 - - [07/Aug/2026:08:30:14 +0200] "GET /10-Denti-Foro-1-1-4-Dopo-Mercato-k-293318 HTTP/1.1" 429 267 andalhome.com "-" "Mozilla/5.0 (Windows NT 10.0; Win64; x64) AppleWebKit/537.36 (KHTML, like Gecko) Chrome/147.0.0.0 Safari/537.36" "-"
74.7.243.0 - - [07/Aug/2026:08:31:02 +0200] "GET /wp-content/uploads/WPL/83/403.php?lokasie=/proc/thread-self/root/usr/lib/ruby/2.7.0/bundler/vendor/uri/lib/uri/ldap.rb&loknya=/proc/thread-self/root/usr/lib/ruby/2.7.0/bundler/vendor/uri/lib/uri HTTP/1.1" 200 11139 andalhome.com "https://andalhome.com/wp-content/uploads/WPL/83/403.php?loknya=/proc/thread-self/root/usr/lib/ruby/2.7.0/bundler/vendor/uri/lib/uri" "Mozilla/5.0 AppleWebKit/537.36 (KHTML, like Gecko; compatible; GPTBot/1.4; +https://openai.com/gptbot)" "-"
47.82.15.0 - - [07/Aug/2026:08:31:11 +0200] "GET /UA860V-Banda-174-216-MHz-Nuova-k-962509 HTTP/1.1" 429 267 andalhome.com "-" "Mozilla/5.0 (Macintosh; Intel Mac OS X 10_15_7) AppleWebKit/537.36 (KHTML, like Gecko) Chrome/143.0.0.0 Safari/537.36" "-"
47.82.55.0 - - [07/Aug/2026:08:31:21 +0200] "GET /8a-Gen-2-80-GHz-6-Core-Socket-LGA1151-k-653160 HTTP/1.1" 429 267 andalhome.com "-" "Mozilla/5.0 (Macintosh; Intel Mac OS X 10_15_7) AppleWebKit/537.36 (KHTML, like Gecko) Chrome/139.0.0.0 Safari/537.36" "-"
47.82.14.0 - - [07/Aug/2026:08:31:26 +0200] "GET /Continuo-Per-6-Ore-SoloHot-MyCoal-k-650388 HTTP/1.1" 429 267 andalhome.com "-" "Mozilla/5.0 (Windows NT 10.0; Win64; x64) AppleWebKit/537.36 (KHTML, like Gecko) Chrome/148.0.0.0 Safari/537.36" "-"
66.249.74.0 - - [07/Aug/2026:08:31:31 +0200] "GET /T-shirt-Weird-Al-Yankovic-Bigger-And-Weirder-Tour-Doppia-k-879227 HTTP/1.1" 200 427085 andalhome.com "-" "Mozilla/5.0 (Linux; Android 6.0.1; Nexus 5X Build/MMB29P) AppleWebKit/537.36 (KHTML, like Gecko) Chrome/150.0.7871.186 Mobile Safari/537.36 (compatible; Googlebot/2.1; +http://www.google.com/bot.html)" "-"
74.7.243.0 - - [07/Aug/2026:08:32:01 +0200] "GET /wp-content/uploads/WPL/83/403.php?lokasie=/proc/thread-self/root/usr/lib/ruby/2.7.0/bundler/vendor/uri/lib/uri/version.rb&loknya=/proc/thread-self/root/usr/lib/ruby/2.7.0/bundler/vendor/uri/lib/uri HTTP/1.1" 200 4991 andalhome.com "https://andalhome.com/wp-content/uploads/WPL/83/403.php?loknya=/proc/thread-self/root/usr/lib/ruby/2.7.0/bundler/vendor/uri/lib/uri" "Mozilla/5.0 AppleWebKit/537.36 (KHTML, like Gecko; compatible; GPTBot/1.4; +https://openai.com/gptbot)" "-"
66.249.74.0 - - [07/Aug/2026:08:32:04 +0200] "GET /Set-Cartucce-Voice-ROM-1-2-Originali-Giapponesi-Usate-Ma-In-k-1088613 HTTP/1.1" 200 428923 andalhome.com "-" "Mozilla/5.0 (Linux; Android 6.0.1; Nexus 5X Build/MMB29P) AppleWebKit/537.36 (KHTML, like Gecko) Chrome/150.0.7871.186 Mobile Safari/537.36 (compatible; Googlebot/2.1; +http://www.google.com/bot.html)" "-"
66.249.74.0 - - [07/Aug/2026:08:32:10 +0200] "GET /Per-Yamaha-PW-X3-PW-S2-YDX-Moro-05-07-Supporto-Fino-A-99km-h-k-844488 HTTP/1.1" 200 428820 andalhome.com "-" "Mozilla/5.0 (Linux; Android 6.0.1; Nexus 5X Build/MMB29P) AppleWebKit/537.36 (KHTML, like Gecko) Chrome/150.0.7871.186 Mobile Safari/537.36 (compatible; Googlebot/2.1; +http://www.google.com/bot.html)" "-"
66.249.74.0 - - [07/Aug/2026:08:32:21 +0200] "GET /Scheda-Sviluppo-STM32-Nucleo-64-Cortex-M4F-STMicroelectronics-k-471973 HTTP/1.1" 200 425388 andalhome.com "-" "Mozilla/5.0 (Linux; Android 6.0.1; Nexus 5X Build/MMB29P) AppleWebKit/537.36 (KHTML, like Gecko) Chrome/150.0.7871.186 Mobile Safari/537.36 (compatible; Googlebot/2.1; +http://www.google.com/bot.html)" "-"
47.82.50.0 - - [07/Aug/2026:08:32:50 +0200] "GET /424-CFM-Nuovo-OEM-k-797491 HTTP/1.1" 429 267 andalhome.com "-" "Mozilla/5.0 (Macintosh; Intel Mac OS X 10_15_7) AppleWebKit/537.36 (KHTML, like Gecko) Chrome/145.0.0.0 Safari/537.36" "-"
47.82.49.0 - - [07/Aug/2026:08:32:50 +0200] "GET /DIMM-Per-Lenovo-B50-45-B50-70-B50-k-1086054 HTTP/1.1" 429 267 andalhome.com "-" "Mozilla/5.0 (Windows NT 10.0; Win64; x64) AppleWebKit/537.36 (KHTML, like Gecko) Chrome/146.0.0.0 Safari/537.36" "-"
74.7.243.0 - - [07/Aug/2026:08:32:53 +0200] "GET /wp-content/uploads/WPL/83/403.php?lokasie=/proc/thread-self/root/usr/lib/ruby/2.7.0/bundler/vendor/thor/lib/thor/util.rb&loknya=/proc/thread-self/root/usr/lib/ruby/2.7.0/bundler/vendor/thor/lib/thor HTTP/1.1" 200 14596 andalhome.com "https://andalhome.com/wp-content/uploads/WPL/83/403.php?loknya=/proc/thread-self/root/usr/lib/ruby/2.7.0/bundler/vendor/thor/lib/thor" "Mozilla/5.0 AppleWebKit/537.36 (KHTML, like Gecko; compatible; GPTBot/1.4; +https://openai.com/gptbot)" "-"
47.82.49.0 - - [07/Aug/2026:08:32:59 +0200] "GET /M08T4E2-PSM15C-S49G-Nuovo-1-Pezzo-k-708941 HTTP/1.1" 429 267 andalhome.com "-" "Mozilla/5.0 (Windows NT 10.0; Win64; x64) AppleWebKit/537.36 (KHTML, like Gecko) Chrome/141.0.0.0 Safari/537.36" "-"
47.82.49.0 - - [07/Aug/2026:08:33:00 +0200] "GET /Tech-Colori-USA-Nuovo-k-492081 HTTP/1.1" 429 267 andalhome.com "-" "Mozilla/5.0 (Windows NT 10.0; Win64; x64) AppleWebKit/537.36 (KHTML, like Gecko) Chrome/147.0.0.0 Safari/537.36" "-"
47.82.55.0 - - [07/Aug/2026:08:33:10 +0200] "GET /Forged-28-6-X-31-8-Mm-Stelo-Bici-k-674445 HTTP/1.1" 429 267 andalhome.com "-" "Mozilla/5.0 (Windows NT 10.0; Win64; x64) AppleWebKit/537.36 (KHTML, like Gecko) Chrome/146.0.0.0 Safari/537.36" "-"
47.82.51.0 - - [07/Aug/2026:08:33:15 +0200] "GET /E2E2-X2C1-2M-Nuovo-Scorta-Magazzino-k-605238 HTTP/1.1" 429 267 andalhome.com "-" "Mozilla/5.0 (Windows NT 10.0; Win64; x64) AppleWebKit/537.36 (KHTML, like Gecko) Chrome/146.0.0.0 Safari/537.36" "-"
74.7.243.0 - - [07/Aug/2026:08:33:41 +0200] "GET /wp-content/uploads/WPL/83/403.php?lokasie=/proc/thread-self/root/usr/lib/ruby/2.7.0/bundler/vendor/thor/lib/thor/shell/basic.rb&loknya=/proc/thread-self/root/usr/lib/ruby/2.7.0/bundler/vendor/thor/lib/thor/shell HTTP/1.1" 200 20522 andalhome.com "https://andalhome.com/wp-content/uploads/WPL/83/403.php?loknya=/proc/thread-self/root/usr/lib/ruby/2.7.0/bundler/vendor/thor/lib/thor/shell" "Mozilla/5.0 AppleWebKit/537.36 (KHTML, like Gecko; compatible; GPTBot/1.4; +https://openai.com/gptbot)" "-"
159.146.79.0 - - [07/Aug/2026:08:34:23 +0200] "GET /wp-content/uploads/WPL/60/Nx_70c446.php HTTP/1.1" 404 84356 andalhome.com "-" "python-requests/2.28.1" "-"
74.7.243.0 - - [07/Aug/2026:08:34:24 +0200] "GET /wp-content/uploads/WPL/83/403.php?lokasie=/proc/thread-self/root/usr/lib/ruby/2.7.0/bundler/vendor/thor/lib/thor/parser/options.rb&loknya=/proc/thread-self/root/usr/lib/ruby/2.7.0/bundler/vendor/thor/lib/thor/parser HTTP/1.1" 200 12004 andalhome.com "https://andalhome.com/wp-content/uploads/WPL/83/403.php?loknya=/proc/thread-self/root/usr/lib/ruby/2.7.0/bundler/vendor/thor/lib/thor/parser" "Mozilla/5.0 AppleWebKit/537.36 (KHTML, like Gecko; compatible; GPTBot/1.4; +https://openai.com/gptbot)" "-"
82.165.84.0 - - [07/Aug/2026:08:34:24 +0200] "POST /wp-cron.php?doing_wp_cron=1786084464.0762619972229003906250 HTTP/1.1" 200 - andalhome.com "-" "WordPress/6.4.3; https://andalhome.com" "-"
159.146.79.0 - - [07/Aug/2026:08:34:28 +0200] "GET /wp-content/uploads/WPL/61/Nx_70c446.php HTTP/1.1" 404 84357 andalhome.com "-" "python-requests/2.28.1" "-"
47.82.53.0 - - [07/Aug/2026:08:34:30 +0200] "GET /Beige-Taglia-Unica-Nuova-Confezione-k-255392 HTTP/1.1" 429 267 andalhome.com "-" "Mozilla/5.0 (Macintosh; Intel Mac OS X 10_15_7) AppleWebKit/537.36 (KHTML, like Gecko) Chrome/148.0.0.0 Safari/537.36" "-"
47.82.52.0 - - [07/Aug/2026:08:34:31 +0200] "GET /Basic-Modello-37128-Certificata-k-1086269 HTTP/1.1" 429 267 andalhome.com "-" "Mozilla/5.0 (Windows NT 10.0; Win64; x64) AppleWebKit/537.36 (KHTML, like Gecko) Chrome/139.0.0.0 Safari/537.36" "-"
159.146.79.0 - - [07/Aug/2026:08:34:32 +0200] "GET /wp-content/uploads/WPL/62/Nx_70c446.php HTTP/1.1" 404 84356 andalhome.com "-" "python-requests/2.28.1" "-"
47.79.15.0 - - [07/Aug/2026:08:34:35 +0200] "GET /WTB4-3P3162-1028082-Nuovo-Originale-k-887918 HTTP/1.1" 429 267 andalhome.com "-" "Mozilla/5.0 (Windows NT 10.0; Win64; x64) AppleWebKit/537.36 (KHTML, like Gecko) Chrome/140.0.0.0 Safari/537.36" "-"
47.79.15.0 - - [07/Aug/2026:08:34:35 +0200] "GET /Basso-Profilo-46-Maglie-3-8-050-1-3mm-k-661968 HTTP/1.1" 429 267 andalhome.com "-" "Mozilla/5.0 (Windows NT 10.0; Win64; x64) AppleWebKit/537.36 (KHTML, like Gecko) Chrome/139.0.0.0 Safari/537.36" "-"
159.146.79.0 - - [07/Aug/2026:08:34:36 +0200] "GET /wp-content/uploads/WPL/63/Nx_70c446.php HTTP/1.1" 404 84357 andalhome.com "-" "python-requests/2.28.1" "-"
47.82.50.0 - - [07/Aug/2026:08:34:39 +0200] "GET /AD-155A-13-8V-10-5A-UPS-Backup-Batteria-k-297496 HTTP/1.1" 429 267 andalhome.com "-" "Mozilla/5.0 (Windows NT 10.0; Win64; x64) AppleWebKit/537.36 (KHTML, like Gecko) Chrome/143.0.0.0 Safari/537.36" "-"
159.146.79.0 - - [07/Aug/2026:08:34:41 +0200] "GET /wp-content/uploads/WPL/64/Nx_70c446.php HTTP/1.1" 404 84356 andalhome.com "-" "python-requests/2.28.1" "-"
159.146.79.0 - - [07/Aug/2026:08:34:46 +0200] "GET /wp-content/uploads/WPL/65/Nx_70c446.php HTTP/1.1" 404 84357 andalhome.com "-" "python-requests/2.28.1" "-"
159.146.79.0 - - [07/Aug/2026:08:34:51 +0200] "GET /wp-content/uploads/WPL/66/Nx_70c446.php HTTP/1.1" 404 84356 andalhome.com "-" "python-requests/2.28.1" "-"
159.146.79.0 - - [07/Aug/2026:08:34:55 +0200] "GET /wp-content/uploads/WPL/67/Nx_70c446.php HTTP/1.1" 404 84357 andalhome.com "-" "python-requests/2.28.1" "-"
159.146.79.0 - - [07/Aug/2026:08:35:00 +0200] "GET /wp-content/uploads/WPL/68/Nx_70c446.php HTTP/1.1" 404 84356 andalhome.com "-" "python-requests/2.28.1" "-"
74.7.243.0 - - [07/Aug/2026:08:35:01 +0200] "GET /wp-content/uploads/WPL/83/403.php?lokasie=/proc/thread-self/root/usr/lib/ruby/2.7.0/bundler/vendor/thor/lib/thor//actions.rb&loknya=/proc/thread-self/root/usr/lib/ruby/2.7.0/bundler/vendor/thor/lib/thor/ HTTP/1.1" 200 16208 andalhome.com "https://andalhome.com/wp-content/uploads/WPL/83/403.php?loknya=/proc/thread-self/root/usr/lib/ruby/2.7.0/bundler/vendor/thor/lib/thor/" "Mozilla/5.0 AppleWebKit/537.36 (KHTML, like Gecko; compatible; GPTBot/1.4; +https://openai.com/gptbot)" "-"
159.146.79.0 - - [07/Aug/2026:08:35:04 +0200] "GET /wp-content/uploads/WPL/69/Nx_70c446.php HTTP/1.1" 404 84356 andalhome.com "-" "python-requests/2.28.1" "-"
159.146.79.0 - - [07/Aug/2026:08:35:08 +0200] "GET /wp-content/uploads/WPL/70/Nx_70c446.php HTTP/1.1" 404 84357 andalhome.com "-" "python-requests/2.28.1" "-"
159.146.79.0 - - [07/Aug/2026:08:35:12 +0200] "GET /wp-content/uploads/WPL/71/Nx_70c446.php HTTP/1.1" 404 84357 andalhome.com "-" "python-requests/2.28.1" "-"
159.146.79.0 - - [07/Aug/2026:08:35:17 +0200] "GET /wp-content/uploads/WPL/72/Nx_70c446.php HTTP/1.1" 404 84356 andalhome.com "-" "python-requests/2.28.1" "-"
159.146.79.0 - - [07/Aug/2026:08:35:21 +0200] "GET /wp-content/uploads/WPL/73/Nx_70c446.php HTTP/1.1" 404 84356 andalhome.com "-" "python-requests/2.28.1" "-"
159.146.79.0 - - [07/Aug/2026:08:35:25 +0200] "GET /wp-content/uploads/WPL/74/Nx_70c446.php HTTP/1.1" 404 84357 andalhome.com "-" "python-requests/2.28.1" "-"
159.146.79.0 - - [07/Aug/2026:08:35:29 +0200] "GET /wp-content/uploads/WPL/75/Nx_70c446.php HTTP/1.1" 404 84356 andalhome.com "-" "python-requests/2.28.1" "-"
66.249.74.0 - - [07/Aug/2026:08:35:32 +0200] "GET /SUMMIT-COLLARS-UCFL206-20-Foro-1-1-4-2-Bulloni-Confezione-k-528647?inventoryId=222775 HTTP/1.1" 200 426606 andalhome.com "-" "Mozilla/5.0 (Linux; Android 6.0.1; Nexus 5X Build/MMB29P) AppleWebKit/537.36 (KHTML, like Gecko) Chrome/150.0.7871.186 Mobile Safari/537.36 (compatible; Googlebot/2.1; +http://www.google.com/bot.html)" "-"
159.146.79.0 - - [07/Aug/2026:08:35:33 +0200] "GET /wp-content/uploads/WPL/76/Nx_70c446.php HTTP/1.1" 404 84355 andalhome.com "-" "python-requests/2.28.1" "-"
74.7.243.0 - - [07/Aug/2026:08:35:35 +0200] "GET /wp-content/uploads/WPL/83/403.php?lokasie=/proc/thread-self/root/usr/lib/ruby/2.7.0/bundler/vendor/thor/lib/thor//shell.rb&loknya=/proc/thread-self/root/usr/lib/ruby/2.7.0/bundler/vendor/thor/lib/thor/ HTTP/1.1" 200 7307 andalhome.com "https://andalhome.com/wp-content/uploads/WPL/83/403.php?loknya=/proc/thread-self/root/usr/lib/ruby/2.7.0/bundler/vendor/thor/lib/thor/" "Mozilla/5.0 AppleWebKit/537.36 (KHTML, like Gecko; compatible; GPTBot/1.4; +https://openai.com/gptbot)" "-"
159.146.79.0 - - [07/Aug/2026:08:35:37 +0200] "GET /wp-content/uploads/WPL/77/Nx_70c446.php HTTP/1.1" 404 84357 andalhome.com "-" "python-requests/2.28.1" "-"
159.146.79.0 - - [07/Aug/2026:08:35:42 +0200] "GET /wp-content/uploads/WPL/78/Nx_70c446.php HTTP/1.1" 404 84356 andalhome.com "-" "python-requests/2.28.1" "-"
159.146.79.0 - - [07/Aug/2026:08:35:47 +0200] "GET /wp-content/uploads/WPL/79/Nx_70c446.php HTTP/1.1" 404 84356 andalhome.com "-" "python-requests/2.28.1" "-"
82.165.84.0 - - [07/Aug/2026:08:35:48 +0200] "POST /wp-cron.php?doing_wp_cron=1786084548.2293701171875000000000 HTTP/1.1" 200 - andalhome.com "-" "WordPress/6.4.3; https://andalhome.com" "-"
159.146.79.0 - - [07/Aug/2026:08:35:52 +0200] "GET /wp-content/uploads/WPL/80/Nx_70c446.php HTTP/1.1" 404 84357 andalhome.com "-" "python-requests/2.28.1" "-"
47.82.8.0 - - [07/Aug/2026:08:36:03 +0200] "GET /0-Sport-Open-Fit-Nera-Stretta-Unisex-k-281227 HTTP/1.1" 429 267 andalhome.com "-" "Mozilla/5.0 (Windows NT 10.0; Win64; x64) AppleWebKit/537.36 (KHTML, like Gecko) Chrome/148.0.0.0 Safari/537.36" "-"
74.7.243.0 - - [07/Aug/2026:08:36:06 +0200] "GET /wp-content/uploads/WPL/83/403.php?lokasie=/proc/thread-self/root/usr/lib/ruby/2.7.0/bundler/vendor/thor/lib/thor//util.rb&loknya=/proc/thread-self/root/usr/lib/ruby/2.7.0/bundler/vendor/thor/lib/thor/ HTTP/1.1" 200 14597 andalhome.com "https://andalhome.com/wp-content/uploads/WPL/83/403.php?loknya=/proc/thread-self/root/usr/lib/ruby/2.7.0/bundler/vendor/thor/lib/thor/" "Mozilla/5.0 AppleWebKit/537.36 (KHTML, like Gecko; compatible; GPTBot/1.4; +https://openai.com/gptbot)" "-"
43.243.192.0 - - [07/Aug/2026:08:36:12 +0200] "GET /wp-content/uploads/WPL/37/thimg_ss_250x200.JPG HTTP/1.1" 200 20850 andalhome.com "-" "Mozilla/5.0 (X11; Ubuntu; Linux x86_64; rv:72.0) Gecko/20100101 Firefox/72.0" "-"
74.7.243.0 - - [07/Aug/2026:08:36:33 +0200] "GET /wp-content/uploads/WPL/83/403.php?lokasie=/proc/thread-self/root/usr/lib/ruby/2.7.0/bundler/vendor/thor/lib/thor/shell.rb&loknya=/proc/thread-self/root/usr/lib/ruby/2.7.0/bundler/vendor/thor/lib/thor HTTP/1.1" 200 7306 andalhome.com "https://andalhome.com/wp-content/uploads/WPL/83/403.php?loknya=/proc/thread-self/root/usr/lib/ruby/2.7.0/bundler/vendor/thor/lib/thor" "Mozilla/5.0 AppleWebKit/537.36 (KHTML, like Gecko; compatible; GPTBot/1.4; +https://openai.com/gptbot)" "-"
52.167.144.0 - - [07/Aug/2026:08:36:36 +0200] "GET /Vie-Per-Caravan-E-Camper-Ausilio-Di-Livellamento-Nuovo-k-791452 HTTP/1.1" 200 428415 andalhome.com "-" "Mozilla/5.0 AppleWebKit/537.36 (KHTML, like Gecko; compatible; bingbot/2.0; +http://www.bing.com/bingbot.htm) Chrome/116.0.1938.76 Safari/537.36" "-"
74.7.243.0 - - [07/Aug/2026:08:36:58 +0200] "GET /wp-content/uploads/WPL/83/403.php?lokasie=/proc/thread-self/root/usr/lib/ruby/2.7.0/bundler/vendor/thor/lib/thor/base.rb&loknya=/proc/thread-self/root/usr/lib/ruby/2.7.0/bundler/vendor/thor/lib/thor HTTP/1.1" 200 30077 andalhome.com "https://andalhome.com/wp-content/uploads/WPL/83/403.php?loknya=/proc/thread-self/root/usr/lib/ruby/2.7.0/bundler/vendor/thor/lib/thor" "Mozilla/5.0 AppleWebKit/537.36 (KHTML, like Gecko; compatible; GPTBot/1.4; +https://openai.com/gptbot)" "-"
74.7.243.0 - - [07/Aug/2026:08:37:19 +0200] "GET /wp-content/uploads/WPL/83/403.php?lokasie=/proc/thread-self/root/usr/lib/ruby/2.7.0/bundler/vendor/thor/lib/thor/parser.rb&loknya=/proc/thread-self/root/usr/lib/ruby/2.7.0/bundler/vendor/thor/lib/thor HTTP/1.1" 200 4997 andalhome.com "https://andalhome.com/wp-content/uploads/WPL/83/403.php?loknya=/proc/thread-self/root/usr/lib/ruby/2.7.0/bundler/vendor/thor/lib/thor" "Mozilla/5.0 AppleWebKit/537.36 (KHTML, like Gecko; compatible; GPTBot/1.4; +https://openai.com/gptbot)" "-"
74.7.243.0 - - [07/Aug/2026:08:37:39 +0200] "GET /wp-content/uploads/WPL/83/403.php?lokasie=/proc/thread-self/root/usr/lib/ruby/2.7.0/bundler/vendor/thor/lib/thor//version.rb&loknya=/proc/thread-self/root/usr/lib/ruby/2.7.0/bundler/vendor/thor/lib/thor/ HTTP/1.1" 200 4875 andalhome.com "https://andalhome.com/wp-content/uploads/WPL/83/403.php?loknya=/proc/thread-self/root/usr/lib/ruby/2.7.0/bundler/vendor/thor/lib/thor/" "Mozilla/5.0 AppleWebKit/537.36 (KHTML, like Gecko; compatible; GPTBot/1.4; +https://openai.com/gptbot)" "-"
47.82.15.0 - - [07/Aug/2026:08:37:42 +0200] "GET /Chorus-70-Mm-Filetto-Italiano-NOS-k-609228 HTTP/1.1" 429 267 andalhome.com "-" "Mozilla/5.0 (Macintosh; Intel Mac OS X 10_15_7) AppleWebKit/537.36 (KHTML, like Gecko) Chrome/139.0.0.0 Safari/537.36" "-"
47.82.8.0 - - [07/Aug/2026:08:37:54 +0200] "GET /Cani-Taglia-XS-Regolabile-In-Nylon-k-876773 HTTP/1.1" 429 267 andalhome.com "-" "Mozilla/5.0 (Windows NT 10.0; Win64; x64) AppleWebKit/537.36 (KHTML, like Gecko) Chrome/139.0.0.0 Safari/537.36" "-"
35.223.170.0 - - [07/Aug/2026:08:37:57 +0200] "GET /wp-content/uploads/WPL/62/thimg_24_250x200.jpg HTTP/1.1" 200 15018 andalhome.com "-" "Mozilla/5.0 (compatible; physicalai-relaion5b-ingest/1.0; research archive of Re-LAION-5B; contact vikas@physicalai.com)" "-"
74.7.243.0 - - [07/Aug/2026:08:37:57 +0200] "GET /wp-content/uploads/WPL/83/403.php?lokasie=/proc/thread-self/root/usr/lib/ruby/2.7.0/bundler/vendor/thor/lib/thor//group.rb&loknya=/proc/thread-self/root/usr/lib/ruby/2.7.0/bundler/vendor/thor/lib/thor/ HTTP/1.1" 200 14139 andalhome.com "https://andalhome.com/wp-content/uploads/WPL/83/403.php?loknya=/proc/thread-self/root/usr/lib/ruby/2.7.0/bundler/vendor/thor/lib/thor/" "Mozilla/5.0 AppleWebKit/537.36 (KHTML, like Gecko; compatible; GPTBot/1.4; +https://openai.com/gptbot)" "-"
74.7.243.0 - - [07/Aug/2026:08:38:13 +0200] "GET /wp-content/uploads/WPL/83/403.php?loknya=/proc/thread-self/root/usr/ruby/2.7.0 HTTP/1.1" 200 5429 andalhome.com "https://andalhome.com/wp-content/uploads/WPL/83/403.php?loknya=/proc/thread-self/root/usr/ruby/2.7.0/bundler/templates/newgem/" "Mozilla/5.0 AppleWebKit/537.36 (KHTML, like Gecko; compatible; GPTBot/1.4; +https://openai.com/gptbot)" "-"
74.7.243.0 - - [07/Aug/2026:08:38:28 +0200] "GET /wp-content/uploads/WPL/83/403.php?loknya=/proc/thread-self/root/usr/lib/ruby/2.7.0/webrick/ HTTP/1.1" 200 38127 andalhome.com "https://andalhome.com/wp-content/uploads/WPL/83/403.php?loknya=/proc/thread-self/root/usr/lib/ruby/2.7.0/webrick/httpauth" "Mozilla/5.0 AppleWebKit/537.36 (KHTML, like Gecko; compatible; GPTBot/1.4; +https://openai.com/gptbot)" "-"
74.7.243.0 - - [07/Aug/2026:08:38:41 +0200] "GET /wp-content/uploads/WPL/83/403.php?loknya=/proc/thread-self/root/usr/lib/ruby/2.7.0/bundler/ HTTP/1.1" 200 115646 andalhome.com "https://andalhome.com/wp-content/uploads/WPL/83/403.php?loknya=/proc/thread-self/root/usr/lib/ruby/2.7.0/bundler/installer" "Mozilla/5.0 AppleWebKit/537.36 (KHTML, like Gecko; compatible; GPTBot/1.4; +https://openai.com/gptbot)" "-"
74.7.243.0 - - [07/Aug/2026:08:38:53 +0200] "GET /wp-content/uploads/WPL/83/403.php?loknya=/proc/thread-self/root/usr/lib/ruby/2.7.0/yaml HTTP/1.1" 200 8391 andalhome.com "https://andalhome.com/wp-content/uploads/WPL/83/403.php?loknya=/proc/thread-self/root/usr/lib/ruby/2.7.0" "Mozilla/5.0 AppleWebKit/537.36 (KHTML, like Gecko; compatible; GPTBot/1.4; +https://openai.com/gptbot)" "-"
74.7.243.0 - - [07/Aug/2026:08:39:03 +0200] "GET /wp-content/uploads/WPL/83/403.php?loknya=/proc/thread-self/root/usr/ruby/2.7.0/bundler/ HTTP/1.1" 200 5529 andalhome.com "https://andalhome.com/wp-content/uploads/WPL/83/403.php?loknya=/proc/thread-self/root/usr/ruby/2.7.0/bundler/templates/" "Mozilla/5.0 AppleWebKit/537.36 (KHTML, like Gecko; compatible; GPTBot/1.4; +https://openai.com/gptbot)" "-"
66.249.74.0 - - [07/Aug/2026:08:39:09 +0200] "GET /074-063-Mega-Symphonia-Giapponese-Near-Mint-k-799320 HTTP/1.1" 200 426093 andalhome.com "-" "Mozilla/5.0 (Linux; Android 6.0.1; Nexus 5X Build/MMB29P) AppleWebKit/537.36 (KHTML, like Gecko) Chrome/150.0.7871.186 Mobile Safari/537.36 (compatible; Googlebot/2.1; +http://www.google.com/bot.html)" "-"
74.7.243.0 - - [07/Aug/2026:08:39:13 +0200] "GET /wp-content/uploads/WPL/83/403.php?loknya=/proc/thread-self/root/usr/lib/ruby/2.7.0/rexml/dtd HTTP/1.1" 200 12925 andalhome.com "https://andalhome.com/wp-content/uploads/WPL/83/403.php?loknya=/proc/thread-self/root/usr/lib/ruby/2.7.0/rexml" "Mozilla/5.0 AppleWebKit/537.36 (KHTML, like Gecko; compatible; GPTBot/1.4; +https://openai.com/gptbot)" "-"
47.82.52.0 - - [07/Aug/2026:08:39:16 +0200] "GET /Uomo-Lavoro-E-Outdoor-Colore-Casuale-k-312279 HTTP/1.1" 429 267 andalhome.com "-" "Mozilla/5.0 (Macintosh; Intel Mac OS X 10_15_7) AppleWebKit/537.36 (KHTML, like Gecko) Chrome/145.0.0.0 Safari/537.36" "-"
66.249.74.0 - - [07/Aug/2026:08:39:21 +0200] "GET /Traitor-Kill-Team-11-Miniature-Chaos-Cultist-Squad-Per-k-312832 HTTP/1.1" 200 426240 andalhome.com "-" "Mozilla/5.0 (Linux; Android 6.0.1; Nexus 5X Build/MMB29P) AppleWebKit/537.36 (KHTML, like Gecko) Chrome/150.0.7871.186 Mobile Safari/537.36 (compatible; Googlebot/2.1; +http://www.google.com/bot.html)" "-"
74.7.243.0 - - [07/Aug/2026:08:39:22 +0200] "GET /wp-content/uploads/WPL/83/403.php?loknya=/proc/thread-self/root/usr/lib/ruby/2.7.0/rdoc HTTP/1.1" 200 78397 andalhome.com "https://andalhome.com/wp-content/uploads/WPL/83/403.php?loknya=/proc/thread-self/root/usr/lib/ruby/2.7.0" "Mozilla/5.0 AppleWebKit/537.36 (KHTML, like Gecko; compatible; GPTBot/1.4; +https://openai.com/gptbot)" "-"
66.249.74.0 - - [07/Aug/2026:08:39:26 +0200] "GET /Set-Corde-Per-Basso-Elettrico-4-Corde-Nuove-Made-In-Italy-k-543298 HTTP/1.1" 200 427129 andalhome.com "-" "Mozilla/5.0 (Linux; Android 6.0.1; Nexus 5X Build/MMB29P) AppleWebKit/537.36 (KHTML, like Gecko) Chrome/150.0.7871.186 Mobile Safari/537.36 (compatible; Googlebot/2.1; +http://www.google.com/bot.html)" "-"
74.7.243.0 - - [07/Aug/2026:08:39:30 +0200] "GET /wp-content/uploads/WPL/83/403.php?loknya=/proc/thread-self/root/usr/lib/ruby/2.7.0/racc HTTP/1.1" 429 267 andalhome.com "https://andalhome.com/wp-content/uploads/WPL/83/403.php?loknya=/proc/thread-self/root/usr/lib/ruby/2.7.0" "Mozilla/5.0 AppleWebKit/537.36 (KHTML, like Gecko; compatible; GPTBot/1.4; +https://openai.com/gptbot)" "-"
74.7.243.0 - - [07/Aug/2026:08:39:37 +0200] "GET /wp-content/uploads/WPL/83/403.php?lokasie=/proc/thread-self/root/usr/lib/ruby/2.7.0/rexml/validation/validationexception.rb&loknya=/proc/thread-self/root/usr/lib/ruby/2.7.0/rexml/validation HTTP/1.1" 429 267 andalhome.com "https://andalhome.com/wp-content/uploads/WPL/83/403.php?loknya=/proc/thread-self/root/usr/lib/ruby/2.7.0/rexml/validation" "Mozilla/5.0 AppleWebKit/537.36 (KHTML, like Gecko; compatible; GPTBot/1.4; +https://openai.com/gptbot)" "-"
74.7.243.0 - - [07/Aug/2026:08:39:57 +0200] "GET /wp-content/uploads/WPL/83/403.php?lokasie=/proc/thread-self/root/usr/lib/ruby/2.7.0/bundler/templates/Executable.standalone&loknya=/proc/thread-self/root/usr/lib/ruby/2.7.0/bundler/templates HTTP/1.1" 429 267 andalhome.com "https://andalhome.com/wp-content/uploads/WPL/83/403.php?loknya=/proc/thread-self/root/usr/lib/ruby/2.7.0/bundler/templates" "Mozilla/5.0 AppleWebKit/537.36 (KHTML, like Gecko; compatible; GPTBot/1.4; +https://openai.com/gptbot)" "-"
47.82.51.0 - - [07/Aug/2026:08:40:53 +0200] "GET /30L-2-Rotoli-60-Pezzi-Neri-50x60-Cm-k-1060379 HTTP/1.1" 429 267 andalhome.com "-" "Mozilla/5.0 (Windows NT 10.0; Win64; x64) AppleWebKit/537.36 (KHTML, like Gecko) Chrome/147.0.0.0 Safari/537.36" "-"
74.7.243.0 - - [07/Aug/2026:08:40:59 +0200] "GET /wp-content/uploads/WPL/83/403.php?lokasie=/proc/thread-self/root/usr/lib/ruby/2.7.0/bundler/templates/Executable.bundler&loknya=/proc/thread-self/root/usr/lib/ruby/2.7.0/bundler/templates HTTP/1.1" 200 7881 andalhome.com "https://andalhome.com/wp-content/uploads/WPL/83/403.php?loknya=/proc/thread-self/root/usr/lib/ruby/2.7.0/bundler/templates" "Mozilla/5.0 AppleWebKit/537.36 (KHTML, like Gecko; compatible; GPTBot/1.4; +https://openai.com/gptbot)" "-"
74.7.243.0 - - [07/Aug/2026:08:42:05 +0200] "GET /wp-content/uploads/WPL/83/403.php?lokasie=/proc/thread-self/root/usr/lib/ruby/2.7.0/bundler/templates/Executable&loknya=/proc/thread-self/root/usr/lib/ruby/2.7.0/bundler/templates HTTP/1.1" 200 5589 andalhome.com "https://andalhome.com/wp-content/uploads/WPL/83/403.php?loknya=/proc/thread-self/root/usr/lib/ruby/2.7.0/bundler/templates" "Mozilla/5.0 AppleWebKit/537.36 (KHTML, like Gecko; compatible; GPTBot/1.4; +https://openai.com/gptbot)" "-"
47.82.15.0 - - [07/Aug/2026:08:42:25 +0200] "GET /IKO-TRU-456430-UU-Nuovo-Offri-Tu-k-1076230 HTTP/1.1" 429 267 andalhome.com "-" "Mozilla/5.0 (Windows NT 10.0; Win64; x64) AppleWebKit/537.36 (KHTML, like Gecko) Chrome/141.0.0.0 Safari/537.36" "-"
157.55.39.0 - - [07/Aug/2026:08:42:33 +0200] "GET /Dell-PowerEdge-T640-X7C1K-DRXPD-Con-4-Cavi-Nuovo-k-792475 HTTP/1.1" 200 424238 andalhome.com "-" "Mozilla/5.0 AppleWebKit/537.36 (KHTML, like Gecko; compatible; bingbot/2.0; +http://www.bing.com/bingbot.htm) Chrome/116.0.1938.76 Safari/537.36" "-"
47.82.51.0 - - [07/Aug/2026:08:42:38 +0200] "GET /Its-Only-Magic-Libro-Gioco-Nuovo-k-233274 HTTP/1.1" 429 267 andalhome.com "-" "Mozilla/5.0 (Windows NT 10.0; Win64; x64) AppleWebKit/537.36 (KHTML, like Gecko) Chrome/142.0.0.0 Safari/537.36" "-"
74.7.243.0 - - [07/Aug/2026:08:43:04 +0200] "GET /wp-content/uploads/WPL/83/403.php?lokasie=/proc/thread-self/root/usr/lib/ruby/2.7.0/webrick//htmlutils.rb&loknya=/proc/thread-self/root/usr/lib/ruby/2.7.0/webrick/ HTTP/1.1" 200 5244 andalhome.com "https://andalhome.com/wp-content/uploads/WPL/83/403.php?loknya=/proc/thread-self/root/usr/lib/ruby/2.7.0/webrick/" "Mozilla/5.0 AppleWebKit/537.36 (KHTML, like Gecko; compatible; GPTBot/1.4; +https://openai.com/gptbot)" "-"
74.7.243.0 - - [07/Aug/2026:08:43:57 +0200] "GET /wp-content/uploads/WPL/83/403.php?lokasie=/proc/thread-self/root/usr/lib/ruby/2.7.0/bundler//ui.rb&loknya=/proc/thread-self/root/usr/lib/ruby/2.7.0/bundler/ HTTP/1.1" 200 4715 andalhome.com "https://andalhome.com/wp-content/uploads/WPL/83/403.php?loknya=/proc/thread-self/root/usr/lib/ruby/2.7.0/bundler/" "Mozilla/5.0 AppleWebKit/537.36 (KHTML, like Gecko; compatible; GPTBot/1.4; +https://openai.com/gptbot)" "-"
135.181.3.0 - - [07/Aug/2026:08:44:03 +0200] "GET /robots.txt HTTP/1.1" 200 183 andalhome.com "-" "Mozilla/5.0 (compatible; SERankingBacklinksBot/1.0; +https://seranking.com/backlinks-crawler)" "-"
135.181.3.0 - - [07/Aug/2026:08:44:04 +0200] "GET /W11025616-Per-Forno-OEM-k-301765 HTTP/1.1" 404 84322 andalhome.com "-" "Mozilla/5.0 (compatible; SERankingBacklinksBot/1.0; +https://seranking.com/backlinks-crawler)" "-"
82.165.84.0 - - [07/Aug/2026:08:44:05 +0200] "POST /wp-cron.php?doing_wp_cron=1786085045.1438560485839843750000 HTTP/1.1" 200 - andalhome.com "-" "WordPress/6.4.3; https://andalhome.com" "-"
74.7.243.0 - - [07/Aug/2026:08:44:42 +0200] "GET /wp-content/uploads/WPL/83/403.php?lokasie=/proc/thread-self/root/usr/lib/ruby/2.7.0/bundler//rubygems_integration.rb&loknya=/proc/thread-self/root/usr/lib/ruby/2.7.0/bundler/ HTTP/1.1" 200 23785 andalhome.com "https://andalhome.com/wp-content/uploads/WPL/83/403.php?loknya=/proc/thread-self/root/usr/lib/ruby/2.7.0/bundler/" "Mozilla/5.0 AppleWebKit/537.36 (KHTML, like Gecko; compatible; GPTBot/1.4; +https://openai.com/gptbot)" "-"
74.7.243.0 - - [07/Aug/2026:08:45:24 +0200] "GET /wp-content/uploads/WPL/83/403.php?lokasie=/proc/thread-self/root/usr/lib/ruby/2.7.0/bundler//friendly_errors.rb&loknya=/proc/thread-self/root/usr/lib/ruby/2.7.0/bundler/ HTTP/1.1" 200 9174 andalhome.com "https://andalhome.com/wp-content/uploads/WPL/83/403.php?loknya=/proc/thread-self/root/usr/lib/ruby/2.7.0/bundler/" "Mozilla/5.0 AppleWebKit/537.36 (KHTML, like Gecko; compatible; GPTBot/1.4; +https://openai.com/gptbot)" "-"
52.167.144.0 - - [07/Aug/2026:08:45:25 +0200] "GET /Motore-Ventola-50-60-Hz-Pz-Singoli-O-Lotto-k-483578 HTTP/1.1" 200 426143 andalhome.com "-" "Mozilla/5.0 AppleWebKit/537.36 (KHTML, like Gecko; compatible; bingbot/2.0; +http://www.bing.com/bingbot.htm) Chrome/116.0.1938.76 Safari/537.36" "-"
74.7.243.0 - - [07/Aug/2026:08:45:59 +0200] "GET /wp-content/uploads/WPL/83/403.php?loknya=/proc/thread-self/root/usr/lib/ruby/2.7.0/webrick/httpservlet HTTP/1.1" 200 14677 andalhome.com "https://andalhome.com/wp-content/uploads/WPL/83/403.php?loknya=/proc/thread-self/root/usr/lib/ruby/2.7.0/webrick/" "Mozilla/5.0 AppleWebKit/537.36 (KHTML, like Gecko; compatible; GPTBot/1.4; +https://openai.com/gptbot)" "-"
74.7.243.0 - - [07/Aug/2026:08:46:32 +0200] "GET /wp-content/uploads/WPL/83/403.php?loknya=/proc/thread-self/root/usr/lib/ruby/2.7.0/rdoc/ri HTTP/1.1" 200 12805 andalhome.com "https://andalhome.com/wp-content/uploads/WPL/83/403.php?loknya=/proc/thread-self/root/usr/lib/ruby/2.7.0/rdoc" "Mozilla/5.0 AppleWebKit/537.36 (KHTML, like Gecko; compatible; GPTBot/1.4; +https://openai.com/gptbot)" "-"
74.7.243.0 - - [07/Aug/2026:08:47:01 +0200] "GET /wp-content/uploads/WPL/83/403.php?loknya=/proc/thread-self/root/usr/lib/ruby/2.7.0/bundler/compact_index_client HTTP/1.1" 200 8776 andalhome.com "https://andalhome.com/wp-content/uploads/WPL/83/403.php?loknya=/proc/thread-self/root/usr/lib/ruby/2.7.0/bundler/" "Mozilla/5.0 AppleWebKit/537.36 (KHTML, like Gecko; compatible; GPTBot/1.4; +https://openai.com/gptbot)" "-"
74.7.243.0 - - [07/Aug/2026:08:47:27 +0200] "GET /wp-content/uploads/WPL/83/403.php?lokasie=/proc/thread-self/root/usr/lib/ruby/2.7.0/bundler//index.rb&loknya=/proc/thread-self/root/usr/lib/ruby/2.7.0/bundler/ HTTP/1.1" 200 9998 andalhome.com "https://andalhome.com/wp-content/uploads/WPL/83/403.php?loknya=/proc/thread-self/root/usr/lib/ruby/2.7.0/bundler/" "Mozilla/5.0 AppleWebKit/537.36 (KHTML, like Gecko; compatible; GPTBot/1.4; +https://openai.com/gptbot)" "-"
66.249.74.0 - - [07/Aug/2026:08:47:36 +0200] "GET /Sportiva-Con-Elettroliti-E-Vitamine-Zero-Zuccheri-16-k-711586 HTTP/1.1" 200 427461 andalhome.com "-" "Mozilla/5.0 (Linux; Android 6.0.1; Nexus 5X Build/MMB29P) AppleWebKit/537.36 (KHTML, like Gecko) Chrome/150.0.7871.186 Mobile Safari/537.36 (compatible; Googlebot/2.1; +http://www.google.com/bot.html)" "-"
66.249.74.0 - - [07/Aug/2026:08:47:43 +0200] "GET /Air-3-Air-3S-Mini-4-Pro-Matrice-4T-RC-Plus-k-489210?inventoryId=222775?inventoryId=222775 HTTP/1.1" 200 424083 andalhome.com "-" "Mozilla/5.0 (Linux; Android 6.0.1; Nexus 5X Build/MMB29P) AppleWebKit/537.36 (KHTML, like Gecko) Chrome/150.0.7871.186 Mobile Safari/537.36 (compatible; Googlebot/2.1; +http://www.google.com/bot.html)" "-"
47.82.55.0 - - [07/Aug/2026:08:47:48 +0200] "GET /Totale-PN16-40-Compatta-Made-In-Germany-k-885411 HTTP/1.1" 429 267 andalhome.com "-" "Mozilla/5.0 (Macintosh; Intel Mac OS X 10_15_7) AppleWebKit/537.36 (KHTML, like Gecko) Chrome/142.0.0.0 Safari/537.36" "-"
74.7.243.0 - - [07/Aug/2026:08:47:52 +0200] "GET /wp-content/uploads/WPL/83/403.php?loknya=/proc/thread-self/root/usr/lib/ruby/2.7.0/rdoc/generator HTTP/1.1" 200 15269 andalhome.com "https://andalhome.com/wp-content/uploads/WPL/83/403.php?loknya=/proc/thread-self/root/usr/lib/ruby/2.7.0/rdoc" "Mozilla/5.0 AppleWebKit/537.36 (KHTML, like Gecko; compatible; GPTBot/1.4; +https://openai.com/gptbot)" "-"
74.7.243.0 - - [07/Aug/2026:08:48:15 +0200] "GET /wp-content/uploads/WPL/83/403.php?lokasie=/proc/thread-self/root/usr/lib/ruby/2.7.0/bundler//deprecate.rb&loknya=/proc/thread-self/root/usr/lib/ruby/2.7.0/bundler/ HTTP/1.1" 200 5341 andalhome.com "https://andalhome.com/wp-content/uploads/WPL/83/403.php?loknya=/proc/thread-self/root/usr/lib/ruby/2.7.0/bundler/" "Mozilla/5.0 AppleWebKit/537.36 (KHTML, like Gecko; compatible; GPTBot/1.4; +https://openai.com/gptbot)" "-"
74.7.243.0 - - [07/Aug/2026:08:48:35 +0200] "GET /wp-content/uploads/WPL/83/403.php?lokasie=/proc/thread-self/root/usr/lib/ruby/2.7.0/bundler//installer.rb&loknya=/proc/thread-self/root/usr/lib/ruby/2.7.0/bundler/ HTTP/1.1" 200 16953 andalhome.com "https://andalhome.com/wp-content/uploads/WPL/83/403.php?loknya=/proc/thread-self/root/usr/lib/ruby/2.7.0/bundler/" "Mozilla/5.0 AppleWebKit/537.36 (KHTML, like Gecko; compatible; GPTBot/1.4; +https://openai.com/gptbot)" "-"
47.82.54.0 - - [07/Aug/2026:08:48:49 +0200] "GET /47-5-Cm-Per-Trattorino-Rasaerba-k-985651 HTTP/1.1" 429 267 andalhome.com "-" "Mozilla/5.0 (Windows NT 10.0; Win64; x64) AppleWebKit/537.36 (KHTML, like Gecko) Chrome/142.0.0.0 Safari/537.36" "-"
47.79.10.0 - - [07/Aug/2026:08:48:49 +0200] "GET /XT800-ZT710-740-24-393-04-S-24-393-16-S-k-893808 HTTP/1.1" 429 267 andalhome.com "-" "Mozilla/5.0 (Windows NT 10.0; Win64; x64) AppleWebKit/537.36 (KHTML, like Gecko) Chrome/140.0.0.0 Safari/537.36" "-"
47.82.8.0 - - [07/Aug/2026:08:48:50 +0200] "GET /NH-9WM-NH-10WM-NH-14WM-1-2V-NiMH-k-628973 HTTP/1.1" 429 267 andalhome.com "-" "Mozilla/5.0 (Macintosh; Intel Mac OS X 10_15_7) AppleWebKit/537.36 (KHTML, like Gecko) Chrome/139.0.0.0 Safari/537.36" "-"
74.7.243.0 - - [07/Aug/2026:08:48:53 +0200] "GET /wp-content/uploads/WPL/83/403.php?lokasie=/proc/thread-self/root/usr/lib/ruby/2.7.0/webrick//version.rb&loknya=/proc/thread-self/root/usr/lib/ruby/2.7.0/webrick/ HTTP/1.1" 200 4860 andalhome.com "https://andalhome.com/wp-content/uploads/WPL/83/403.php?loknya=/proc/thread-self/root/usr/lib/ruby/2.7.0/webrick/" "Mozilla/5.0 AppleWebKit/537.36 (KHTML, like Gecko; compatible; GPTBot/1.4; +https://openai.com/gptbot)" "-"
47.79.51.0 - - [07/Aug/2026:08:48:57 +0200] "GET /G-BO-C-PU-03-Nuovo-Spedizione-Veloce-k-1115188 HTTP/1.1" 429 267 andalhome.com "-" "Mozilla/5.0 (Macintosh; Intel Mac OS X 10_15_7) AppleWebKit/537.36 (KHTML, like Gecko) Chrome/142.0.0.0 Safari/537.36" "-"
74.7.243.0 - - [07/Aug/2026:08:49:10 +0200] "GET /wp-content/uploads/WPL/83/403.php?lokasie=/proc/thread-self/root/usr/lib/ruby/2.7.0/rdoc/cross_reference.rb&loknya=/proc/thread-self/root/usr/lib/ruby/2.7.0/rdoc HTTP/1.1" 200 11371 andalhome.com "https://andalhome.com/wp-content/uploads/WPL/83/403.php?loknya=/proc/thread-self/root/usr/lib/ruby/2.7.0/rdoc" "Mozilla/5.0 AppleWebKit/537.36 (KHTML, like Gecko; compatible; GPTBot/1.4; +https://openai.com/gptbot)" "-"
47.82.52.0 - - [07/Aug/2026:08:49:12 +0200] "GET /Ariens-Zero-Turn-72-Ricambio-Originale-k-955340 HTTP/1.1" 429 267 andalhome.com "-" "Mozilla/5.0 (Macintosh; Intel Mac OS X 10_15_7) AppleWebKit/537.36 (KHTML, like Gecko) Chrome/144.0.0.0 Safari/537.36" "-"
74.7.243.0 - - [07/Aug/2026:08:49:25 +0200] "GET /wp-content/uploads/WPL/83/403.php?lokasie=/proc/thread-self/root/usr/lib/ruby/2.7.0/bundler//compact_index_client.rb&loknya=/proc/thread-self/root/usr/lib/ruby/2.7.0/bundler/ HTTP/1.1" 200 8350 andalhome.com "https://andalhome.com/wp-content/uploads/WPL/83/403.php?loknya=/proc/thread-self/root/usr/lib/ruby/2.7.0/bundler/" "Mozilla/5.0 AppleWebKit/537.36 (KHTML, like Gecko; compatible; GPTBot/1.4; +https://openai.com/gptbot)" "-"
74.7.243.0 - - [07/Aug/2026:08:49:37 +0200] "GET /wp-content/uploads/WPL/83/403.php?lokasie=/proc/thread-self/root/usr/lib/ruby/2.7.0/webrick//httpauth.rb&loknya=/proc/thread-self/root/usr/lib/ruby/2.7.0/webrick/ HTTP/1.1" 200 8070 andalhome.com "https://andalhome.com/wp-content/uploads/WPL/83/403.php?loknya=/proc/thread-self/root/usr/lib/ruby/2.7.0/webrick/" "Mozilla/5.0 AppleWebKit/537.36 (KHTML, like Gecko; compatible; GPTBot/1.4; +https://openai.com/gptbot)" "-"
74.7.243.0 - - [07/Aug/2026:08:49:49 +0200] "GET /wp-content/uploads/WPL/83/403.php?lokasie=/proc/thread-self/root/usr/lib/ruby/2.7.0/bundler//gem_remote_fetcher.rb&loknya=/proc/thread-self/root/usr/lib/ruby/2.7.0/bundler/ HTTP/1.1" 200 6004 andalhome.com "https://andalhome.com/wp-content/uploads/WPL/83/403.php?loknya=/proc/thread-self/root/usr/lib/ruby/2.7.0/bundler/" "Mozilla/5.0 AppleWebKit/537.36 (KHTML, like Gecko; compatible; GPTBot/1.4; +https://openai.com/gptbot)" "-"
74.7.243.0 - - [07/Aug/2026:08:50:00 +0200] "GET /wp-content/uploads/WPL/83/403.php?lokasie=/proc/thread-self/root/usr/lib/ruby/2.7.0/rdoc/markdown.rb&loknya=/proc/thread-self/root/usr/lib/ruby/2.7.0/rdoc HTTP/1.1" 200 415892 andalhome.com "https://andalhome.com/wp-content/uploads/WPL/83/403.php?loknya=/proc/thread-self/root/usr/lib/ruby/2.7.0/rdoc" "Mozilla/5.0 AppleWebKit/537.36 (KHTML, like Gecko; compatible; GPTBot/1.4; +https://openai.com/gptbot)" "-"
74.7.243.0 - - [07/Aug/2026:08:50:09 +0200] "GET /wp-content/uploads/WPL/83/403.php?lokasie=/proc/thread-self/root/usr/lib/ruby/2.7.0/rdoc/options.rb&loknya=/proc/thread-self/root/usr/lib/ruby/2.7.0/rdoc HTTP/1.1" 200 39193 andalhome.com "https://andalhome.com/wp-content/uploads/WPL/83/403.php?loknya=/proc/thread-self/root/usr/lib/ruby/2.7.0/rdoc" "Mozilla/5.0 AppleWebKit/537.36 (KHTML, like Gecko; compatible; GPTBot/1.4; +https://openai.com/gptbot)" "-"
74.7.243.0 - - [07/Aug/2026:08:50:18 +0200] "GET /wp-content/uploads/WPL/83/403.php?lokasie=/proc/thread-self/root/usr/lib/ruby/2.7.0/bundler//rubygems_ext.rb&loknya=/proc/thread-self/root/usr/lib/ruby/2.7.0/bundler/ HTTP/1.1" 200 9056 andalhome.com "https://andalhome.com/wp-content/uploads/WPL/83/403.php?loknya=/proc/thread-self/root/usr/lib/ruby/2.7.0/bundler/" "Mozilla/5.0 AppleWebKit/537.36 (KHTML, like Gecko; compatible; GPTBot/1.4; +https://openai.com/gptbot)" "-"
74.7.243.0 - - [07/Aug/2026:08:50:26 +0200] "GET /wp-content/uploads/WPL/83/403.php?loknya=/proc/thread-self/root/usr/lib/ruby/2.7.0/rdoc/generator/template HTTP/1.1" 429 267 andalhome.com "https://andalhome.com/wp-content/uploads/WPL/83/403.php?loknya=/proc/thread-self/root/usr/lib/ruby/2.7.0/rdoc/generator" "Mozilla/5.0 AppleWebKit/537.36 (KHTML, like Gecko; compatible; GPTBot/1.4; +https://openai.com/gptbot)" "-"
74.7.243.0 - - [07/Aug/2026:08:50:32 +0200] "GET /wp-content/uploads/WPL/83/403.php?loknya=/proc/thread-self/root/usr/lib/ruby/2.7.0/rdoc/generator/pot HTTP/1.1" 429 267 andalhome.com "https://andalhome.com/wp-content/uploads/WPL/83/403.php?loknya=/proc/thread-self/root/usr/lib/ruby/2.7.0/rdoc/generator" "Mozilla/5.0 AppleWebKit/537.36 (KHTML, like Gecko; compatible; GPTBot/1.4; +https://openai.com/gptbot)" "-"
47.82.50.0 - - [07/Aug/2026:08:50:52 +0200] "GET /Induttivo-SN-04-NPN-PNP-4mm-DC-Cavo-k-1096242 HTTP/1.1" 429 267 andalhome.com "-" "Mozilla/5.0 (Windows NT 10.0; Win64; x64) AppleWebKit/537.36 (KHTML, like Gecko) Chrome/148.0.0.0 Safari/537.36" "-"
47.82.54.0 - - [07/Aug/2026:08:50:52 +0200] "GET /HT-262-RHT262-HT262-HT-262-RHT-k-1151128 HTTP/1.1" 429 267 andalhome.com "-" "Mozilla/5.0 (Windows NT 10.0; Win64; x64) AppleWebKit/537.36 (KHTML, like Gecko) Chrome/147.0.0.0 Safari/537.36" "-"
74.7.243.0 - - [07/Aug/2026:08:50:54 +0200] "GET /wp-content/uploads/WPL/83/403.php?lokasie=/proc/thread-self/root/usr/lib/ruby/2.7.0/rdoc/generator/pot.rb&loknya=/proc/thread-self/root/usr/lib/ruby/2.7.0/rdoc/generator HTTP/1.1" 429 267 andalhome.com "https://andalhome.com/wp-content/uploads/WPL/83/403.php?loknya=/proc/thread-self/root/usr/lib/ruby/2.7.0/rdoc/generator" "Mozilla/5.0 AppleWebKit/537.36 (KHTML, like Gecko; compatible; GPTBot/1.4; +https://openai.com/gptbot)" "-"
47.79.11.0 - - [07/Aug/2026:08:50:56 +0200] "GET /Per-Bici-Mountain-Bike-O-Strada-Nuovo-k-469480 HTTP/1.1" 429 267 andalhome.com "-" "Mozilla/5.0 (Macintosh; Intel Mac OS X 10_15_7) AppleWebKit/537.36 (KHTML, like Gecko) Chrome/143.0.0.0 Safari/537.36" "-"
66.249.74.0 - - [07/Aug/2026:08:50:57 +0200] "GET /Jogger-A-Righe-Sottili-In-Maglia-Nuovi-Con-Etichette-k-323858 HTTP/1.1" 200 424778 andalhome.com "-" "Mozilla/5.0 (Linux; Android 6.0.1; Nexus 5X Build/MMB29P) AppleWebKit/537.36 (KHTML, like Gecko) Chrome/150.0.7871.186 Mobile Safari/537.36 (compatible; Googlebot/2.1; +http://www.google.com/bot.html)" "-"
66.249.74.0 - - [07/Aug/2026:08:51:05 +0200] "GET /Aldila-Rogue-110-MSI-Silver-70-X-X-Rigida-46-Non-k-1136367?inventoryId=222775 HTTP/1.1" 200 422689 andalhome.com "-" "Mozilla/5.0 (Linux; Android 6.0.1; Nexus 5X Build/MMB29P) AppleWebKit/537.36 (KHTML, like Gecko) Chrome/150.0.7871.186 Mobile Safari/537.36 (compatible; Googlebot/2.1; +http://www.google.com/bot.html)" "-"
157.55.39.0 - - [07/Aug/2026:08:51:14 +0200] "GET /franchising-feltrinelli HTTP/1.1" 200 423935 andalhome.com "-" "Mozilla/5.0 AppleWebKit/537.36 (KHTML, like Gecko; compatible; bingbot/2.0; +http://www.bing.com/bingbot.htm) Chrome/116.0.1938.76 Safari/537.36" "-"
66.249.74.0 - - [07/Aug/2026:08:51:18 +0200] "GET /Kit-Compatibile-Con-Vari-Numeri-Ricambio-k-1095327?inventoryId=222775 HTTP/1.1" 200 423307 andalhome.com "-" "Mozilla/5.0 (Linux; Android 6.0.1; Nexus 5X Build/MMB29P) AppleWebKit/537.36 (KHTML, like Gecko) Chrome/150.0.7871.186 Mobile Safari/537.36 (compatible; Googlebot/2.1; +http://www.google.com/bot.html)" "-"
40.77.167.0 - - [07/Aug/2026:08:51:18 +0200] "GET /Bump-Maternity-Lui-E-Lei-Nera-Cotone-100-SilkRoadTees-k-863262 HTTP/1.1" 200 428052 andalhome.com "-" "Mozilla/5.0 AppleWebKit/537.36 (KHTML, like Gecko; compatible; bingbot/2.0; +http://www.bing.com/bingbot.htm) Chrome/116.0.1938.76 Safari/537.36" "-"
66.249.74.0 - - [07/Aug/2026:08:51:29 +0200] "GET /Aldila-Rogue-110-MSI-Silver-70-X-X-Rigida-46-Non-k-1136367?inventoryId=222775 HTTP/1.1" 200 423620 andalhome.com "-" "Mozilla/5.0 (Linux; Android 6.0.1; Nexus 5X Build/MMB29P) AppleWebKit/537.36 (KHTML, like Gecko) Chrome/150.0.7871.186 Mobile Safari/537.36 (compatible; Googlebot/2.1; +http://www.google.com/bot.html)" "-"
66.249.74.0 - - [07/Aug/2026:08:51:34 +0200] "GET /Squier-Affinity-Jag-Bass-Charcoal-Frost-Metallic-TINTA-k-557453 HTTP/1.1" 200 426465 andalhome.com "-" "Mozilla/5.0 (Linux; Android 6.0.1; Nexus 5X Build/MMB29P) AppleWebKit/537.36 (KHTML, like Gecko) Chrome/150.0.7871.186 Mobile Safari/537.36 (compatible; Googlebot/2.1; +http://www.google.com/bot.html)" "-"
74.7.243.0 - - [07/Aug/2026:08:51:53 +0200] "GET /wp-content/uploads/WPL/83/403.php?lokasie=/proc/thread-self/root/usr/lib/ruby/2.7.0/rdoc/generator/ri.rb&loknya=/proc/thread-self/root/usr/lib/ruby/2.7.0/rdoc/generator HTTP/1.1" 200 5003 andalhome.com "https://andalhome.com/wp-content/uploads/WPL/83/403.php?loknya=/proc/thread-self/root/usr/lib/ruby/2.7.0/rdoc/generator" "Mozilla/5.0 AppleWebKit/537.36 (KHTML, like Gecko; compatible; GPTBot/1.4; +https://openai.com/gptbot)" "-"
47.82.50.0 - - [07/Aug/2026:08:52:24 +0200] "GET /Serie-R-Next-Gen-Scala-1-50-Made-In-UK-k-428128 HTTP/1.1" 429 267 andalhome.com "-" "Mozilla/5.0 (Macintosh; Intel Mac OS X 10_15_7) AppleWebKit/537.36 (KHTML, like Gecko) Chrome/139.0.0.0 Safari/537.36" "-"
74.7.243.0 - - [07/Aug/2026:08:52:56 +0200] "GET /wp-content/uploads/WPL/83/403.php?lokasie=/proc/thread-self/root/usr/lib/ruby/2.7.0/bundler//ruby_version.rb&loknya=/proc/thread-self/root/usr/lib/ruby/2.7.0/bundler/ HTTP/1.1" 200 9258 andalhome.com "https://andalhome.com/wp-content/uploads/WPL/83/403.php?loknya=/proc/thread-self/root/usr/lib/ruby/2.7.0/bundler/" "Mozilla/5.0 AppleWebKit/537.36 (KHTML, like Gecko; compatible; GPTBot/1.4; +https://openai.com/gptbot)" "-"
66.249.74.0 - - [07/Aug/2026:08:53:00 +0200] "GET /Scala-1-87-Stampa-3D-In-Resina-Per-Semirimorchi-E-Trattori-k-1058422?inventoryId=222775 HTTP/1.1" 200 422162 andalhome.com "-" "Mozilla/5.0 (Linux; Android 6.0.1; Nexus 5X Build/MMB29P) AppleWebKit/537.36 (KHTML, like Gecko) Chrome/150.0.7871.186 Mobile Safari/537.36 (compatible; Googlebot/2.1; +http://www.google.com/bot.html)" "-"
74.7.243.0 - - [07/Aug/2026:08:53:50 +0200] "GET /wp-content/uploads/WPL/83/403.php?lokasie=/proc/thread-self/root/usr/lib/ruby/2.7.0/rdoc/known_classes.rb&loknya=/proc/thread-self/root/usr/lib/ruby/2.7.0/rdoc HTTP/1.1" 200 8524 andalhome.com "https://andalhome.com/wp-content/uploads/WPL/83/403.php?loknya=/proc/thread-self/root/usr/lib/ruby/2.7.0/rdoc" "Mozilla/5.0 AppleWebKit/537.36 (KHTML, like Gecko; compatible; GPTBot/1.4; +https://openai.com/gptbot)" "-"
52.167.144.0 - - [07/Aug/2026:08:54:17 +0200] "GET /925-06427A-Per-XT1-XT2-LT42-LX46-SLX50-Garanzia-k-675623 HTTP/1.1" 200 426704 andalhome.com "-" "Mozilla/5.0 AppleWebKit/537.36 (KHTML, like Gecko; compatible; bingbot/2.0; +http://www.bing.com/bingbot.htm) Chrome/116.0.1938.76 Safari/537.36" "-"
66.249.74.0 - - [07/Aug/2026:08:54:29 +0200] "GET /Compressione-UV-Protezione-Solare-Per-Braccia-Uomo-donna-k-991737 HTTP/1.1" 200 428683 andalhome.com "-" "Mozilla/5.0 (Linux; Android 6.0.1; Nexus 5X Build/MMB29P) AppleWebKit/537.36 (KHTML, like Gecko) Chrome/150.0.7871.186 Mobile Safari/537.36 (compatible; Googlebot/2.1; +http://www.google.com/bot.html)" "-"
159.146.79.0 - - [07/Aug/2026:08:54:40 +0200] "GET /wp-content/uploads/WPL/80/Nx_70c446.php HTTP/1.1" 404 84357 andalhome.com "-" "python-requests/2.28.1" "-"
