20.203.208.0 - - [07/Aug/2026:06:55:47 +0200] "GET /bajah.php HTTP/1.1" 429 267 andalhome.com "-" "-" "-"
20.203.208.0 - - [07/Aug/2026:06:55:47 +0200] "GET /red.php HTTP/1.1" 429 267 andalhome.com "-" "-" "-"
20.203.208.0 - - [07/Aug/2026:06:55:47 +0200] "GET /bthil.php HTTP/1.1" 429 267 andalhome.com "-" "-" "-"
20.203.208.0 - - [07/Aug/2026:06:55:48 +0200] "GET /domvf.php HTTP/1.1" 429 267 andalhome.com "-" "-" "-"
20.203.208.0 - - [07/Aug/2026:06:55:48 +0200] "GET /fpwch.php HTTP/1.1" 429 267 andalhome.com "-" "-" "-"
20.203.208.0 - - [07/Aug/2026:06:55:48 +0200] "GET //w.php HTTP/1.1" 429 267 andalhome.com "-" "-" "-"
20.203.208.0 - - [07/Aug/2026:06:55:48 +0200] "GET /w3lls.php HTTP/1.1" 429 267 andalhome.com "-" "-" "-"
74.7.243.0 - - [07/Aug/2026:06:56:08 +0200] "GET /wp-content/uploads/WPL/83/403.php?lokasie=/proc/thread-self/root/usr/lib/ruby/2.7.0/open3.rb&loknya=/proc/thread-self/root/usr/lib/ruby/2.7.0 HTTP/1.1" 200 28075 andalhome.com "https://andalhome.com/wp-content/uploads/WPL/83/403.php?loknya=/proc/thread-self/root/usr/lib/ruby/2.7.0" "Mozilla/5.0 AppleWebKit/537.36 (KHTML, like Gecko; compatible; GPTBot/1.4; +https://openai.com/gptbot)" "-"
74.7.243.0 - - [07/Aug/2026:06:56:51 +0200] "GET /wp-content/uploads/WPL/83/403.php?lokasie=/proc/thread-self/root/usr/lib/ruby/2.7.0/digest.rb&loknya=/proc/thread-self/root/usr/lib/ruby/2.7.0 HTTP/1.1" 200 7424 andalhome.com "https://andalhome.com/wp-content/uploads/WPL/83/403.php?loknya=/proc/thread-self/root/usr/lib/ruby/2.7.0" "Mozilla/5.0 AppleWebKit/537.36 (KHTML, like Gecko; compatible; GPTBot/1.4; +https://openai.com/gptbot)" "-"
74.7.243.0 - - [07/Aug/2026:06:57:27 +0200] "GET /wp-content/uploads/WPL/83/403.php?lokasie=/proc/thread-self/root/usr/lib/ruby/2.7.0/psych.rb&loknya=/proc/thread-self/root/usr/lib/ruby/2.7.0 HTTP/1.1" 200 27965 andalhome.com "https://andalhome.com/wp-content/uploads/WPL/83/403.php?loknya=/proc/thread-self/root/usr/lib/ruby/2.7.0" "Mozilla/5.0 AppleWebKit/537.36 (KHTML, like Gecko; compatible; GPTBot/1.4; +https://openai.com/gptbot)" "-"
74.7.243.0 - - [07/Aug/2026:06:58:02 +0200] "GET /wp-content/uploads/WPL/83/403.php?lokasie=/proc/thread-self/root/usr/lib/ruby/2.7.0/fiddle.rb&loknya=/proc/thread-self/root/usr/lib/ruby/2.7.0 HTTP/1.1" 200 6112 andalhome.com "https://andalhome.com/wp-content/uploads/WPL/83/403.php?loknya=/proc/thread-self/root/usr/lib/ruby/2.7.0" "Mozilla/5.0 AppleWebKit/537.36 (KHTML, like Gecko; compatible; GPTBot/1.4; +https://openai.com/gptbot)" "-"
74.7.243.0 - - [07/Aug/2026:06:58:32 +0200] "GET /wp-content/uploads/WPL/83/403.php?lokasie=/proc/thread-self/root/usr/lib/ruby/2.7.0/tsort.rb&loknya=/proc/thread-self/root/usr/lib/ruby/2.7.0 HTTP/1.1" 200 19864 andalhome.com "https://andalhome.com/wp-content/uploads/WPL/83/403.php?loknya=/proc/thread-self/root/usr/lib/ruby/2.7.0" "Mozilla/5.0 AppleWebKit/537.36 (KHTML, like Gecko; compatible; GPTBot/1.4; +https://openai.com/gptbot)" "-"
157.55.39.0 - - [07/Aug/2026:06:58:44 +0200] "GET /Laptop-Per-MSI-Prestige15-P15-MS-16S3-MS-16S6-15-6-k-863569 HTTP/1.1" 200 425095 andalhome.com "-" "Mozilla/5.0 AppleWebKit/537.36 (KHTML, like Gecko; compatible; bingbot/2.0; +http://www.bing.com/bingbot.htm) Chrome/116.0.1938.76 Safari/537.36" "-"
52.167.144.0 - - [07/Aug/2026:06:58:49 +0200] "GET /Tappi-Loc-In-Estrazione-E-Inserimento-Inserti-Dentali-k-374021 HTTP/1.1" 200 424117 andalhome.com "-" "Mozilla/5.0 AppleWebKit/537.36 (KHTML, like Gecko; compatible; bingbot/2.0; +http://www.bing.com/bingbot.htm) Chrome/116.0.1938.76 Safari/537.36" "-"
52.167.144.0 - - [07/Aug/2026:06:58:50 +0200] "GET /USB-PER-CAMPANELLO-EUFY-1-METRO-TIPO-B-MASCHIO-k-451185 HTTP/1.1" 200 425563 andalhome.com "-" "Mozilla/5.0 AppleWebKit/537.36 (KHTML, like Gecko; compatible; bingbot/2.0; +http://www.bing.com/bingbot.htm) Chrome/116.0.1938.76 Safari/537.36" "-"
74.7.243.0 - - [07/Aug/2026:06:59:00 +0200] "GET /wp-content/uploads/WPL/83/403.php?lokasie=/proc/thread-self/root/usr/lib/ruby/2.7.0/expect.rb&loknya=/proc/thread-self/root/usr/lib/ruby/2.7.0 HTTP/1.1" 200 6619 andalhome.com "https://andalhome.com/wp-content/uploads/WPL/83/403.php?loknya=/proc/thread-self/root/usr/lib/ruby/2.7.0" "Mozilla/5.0 AppleWebKit/537.36 (KHTML, like Gecko; compatible; GPTBot/1.4; +https://openai.com/gptbot)" "-"
74.7.243.0 - - [07/Aug/2026:06:59:25 +0200] "GET /wp-content/uploads/WPL/83/403.php?lokasie=/proc/thread-self/root/usr/lib/ruby/2.7.0/logger.rb&loknya=/proc/thread-self/root/usr/lib/ruby/2.7.0 HTTP/1.1" 200 21969 andalhome.com "https://andalhome.com/wp-content/uploads/WPL/83/403.php?loknya=/proc/thread-self/root/usr/lib/ruby/2.7.0" "Mozilla/5.0 AppleWebKit/537.36 (KHTML, like Gecko; compatible; GPTBot/1.4; +https://openai.com/gptbot)" "-"
74.7.243.0 - - [07/Aug/2026:06:59:46 +0200] "GET /wp-content/uploads/WPL/83/403.php?lokasie=/proc/thread-self/root/usr/lib/ruby/2.7.0/kconv.rb&loknya=/proc/thread-self/root/usr/lib/ruby/2.7.0 HTTP/1.1" 200 10669 andalhome.com "https://andalhome.com/wp-content/uploads/WPL/83/403.php?loknya=/proc/thread-self/root/usr/lib/ruby/2.7.0" "Mozilla/5.0 AppleWebKit/537.36 (KHTML, like Gecko; compatible; GPTBot/1.4; +https://openai.com/gptbot)" "-"
74.7.243.0 - - [07/Aug/2026:07:00:06 +0200] "GET /wp-content/uploads/WPL/83/403.php?loknya=/proc/thread-self/root/usr/lib/ruby/2.7.0/bundler/templates/ext HTTP/1.1" 200 5812 andalhome.com "https://andalhome.com/wp-content/uploads/WPL/83/403.php?loknya=/proc/thread-self/root/usr/lib/ruby/2.7.0/bundler/templates/ext/" "Mozilla/5.0 AppleWebKit/537.36 (KHTML, like Gecko; compatible; GPTBot/1.4; +https://openai.com/gptbot)" "-"
74.7.243.0 - - [07/Aug/2026:07:00:24 +0200] "GET /wp-content/uploads/WPL/83/403.php?loknya=/proc/thread-self/root/usr/lib/ruby/2.7.0/bundler/templates/lib HTTP/1.1" 200 5832 andalhome.com "https://andalhome.com/wp-content/uploads/WPL/83/403.php?loknya=/proc/thread-self/root/usr/lib/ruby/2.7.0/bundler/templates/lib/" "Mozilla/5.0 AppleWebKit/537.36 (KHTML, like Gecko; compatible; GPTBot/1.4; +https://openai.com/gptbot)" "-"
74.7.243.0 - - [07/Aug/2026:07:00:39 +0200] "GET /wp-content/uploads/WPL/83/403.php?lokasie=/proc/thread-self/root/usr/lib/ruby/2.7.0/webrick.rb&loknya=/proc/thread-self/root/usr/lib/ruby/2.7.0 HTTP/1.1" 200 11749 andalhome.com "https://andalhome.com/wp-content/uploads/WPL/83/403.php?loknya=/proc/thread-self/root/usr/lib/ruby/2.7.0" "Mozilla/5.0 AppleWebKit/537.36 (KHTML, like Gecko; compatible; GPTBot/1.4; +https://openai.com/gptbot)" "-"
74.7.243.0 - - [07/Aug/2026:07:00:53 +0200] "GET /wp-content/uploads/WPL/83/403.php?lokasie=/proc/thread-self/root/usr/lib/ruby/2.7.0/pstore.rb&loknya=/proc/thread-self/root/usr/lib/ruby/2.7.0 HTTP/1.1" 200 19785 andalhome.com "https://andalhome.com/wp-content/uploads/WPL/83/403.php?loknya=/proc/thread-self/root/usr/lib/ruby/2.7.0" "Mozilla/5.0 AppleWebKit/537.36 (KHTML, like Gecko; compatible; GPTBot/1.4; +https://openai.com/gptbot)" "-"
74.7.243.0 - - [07/Aug/2026:07:01:07 +0200] "GET /wp-content/uploads/WPL/83/403.php?lokasie=/proc/thread-self/root/usr/lib/ruby/2.7.0/tmpdir.rb&loknya=/proc/thread-self/root/usr/lib/ruby/2.7.0 HTTP/1.1" 200 8890 andalhome.com "https://andalhome.com/wp-content/uploads/WPL/83/403.php?loknya=/proc/thread-self/root/usr/lib/ruby/2.7.0" "Mozilla/5.0 AppleWebKit/537.36 (KHTML, like Gecko; compatible; GPTBot/1.4; +https://openai.com/gptbot)" "-"
74.7.243.0 - - [07/Aug/2026:07:01:18 +0200] "GET /wp-content/uploads/WPL/83/403.php?lokasie=/proc/thread-self/root/usr/lib/ruby/2.7.0/debug.rb&loknya=/proc/thread-self/root/usr/lib/ruby/2.7.0 HTTP/1.1" 200 36452 andalhome.com "https://andalhome.com/wp-content/uploads/WPL/83/403.php?loknya=/proc/thread-self/root/usr/lib/ruby/2.7.0" "Mozilla/5.0 AppleWebKit/537.36 (KHTML, like Gecko; compatible; GPTBot/1.4; +https://openai.com/gptbot)" "-"
74.7.243.0 - - [07/Aug/2026:07:01:29 +0200] "GET /wp-content/uploads/WPL/83/403.php?lokasie=/proc/thread-self/root/usr/lib/ruby/2.7.0/socket.rb&loknya=/proc/thread-self/root/usr/lib/ruby/2.7.0 HTTP/1.1" 200 50499 andalhome.com "https://andalhome.com/wp-content/uploads/WPL/83/403.php?loknya=/proc/thread-self/root/usr/lib/ruby/2.7.0" "Mozilla/5.0 AppleWebKit/537.36 (KHTML, like Gecko; compatible; GPTBot/1.4; +https://openai.com/gptbot)" "-"
74.7.243.0 - - [07/Aug/2026:07:01:38 +0200] "GET /wp-content/uploads/WPL/83/403.php?lokasie=/proc/thread-self/root/usr/lib/ruby/2.7.0/open-uri.rb&loknya=/proc/thread-self/root/usr/lib/ruby/2.7.0 HTTP/1.1" 200 31790 andalhome.com "https://andalhome.com/wp-content/uploads/WPL/83/403.php?loknya=/proc/thread-self/root/usr/lib/ruby/2.7.0" "Mozilla/5.0 AppleWebKit/537.36 (KHTML, like Gecko; compatible; GPTBot/1.4; +https://openai.com/gptbot)" "-"
74.7.243.0 - - [07/Aug/2026:07:01:47 +0200] "GET /wp-content/uploads/WPL/83/403.php?lokasie=/proc/thread-self/root/usr/lib/ruby/2.7.0/monitor.rb&loknya=/proc/thread-self/root/usr/lib/ruby/2.7.0 HTTP/1.1" 200 11401 andalhome.com "https://andalhome.com/wp-content/uploads/WPL/83/403.php?loknya=/proc/thread-self/root/usr/lib/ruby/2.7.0" "Mozilla/5.0 AppleWebKit/537.36 (KHTML, like Gecko; compatible; GPTBot/1.4; +https://openai.com/gptbot)" "-"
74.7.243.0 - - [07/Aug/2026:07:01:54 +0200] "GET /wp-content/uploads/WPL/83/403.php?lokasie=/proc/thread-self/root/usr/lib/ruby/2.7.0/resolv.rb&loknya=/proc/thread-self/root/usr/lib/ruby/2.7.0 HTTP/1.1" 429 267 andalhome.com "https://andalhome.com/wp-content/uploads/WPL/83/403.php?loknya=/proc/thread-self/root/usr/lib/ruby/2.7.0" "Mozilla/5.0 AppleWebKit/537.36 (KHTML, like Gecko; compatible; GPTBot/1.4; +https://openai.com/gptbot)" "-"
74.7.243.0 - - [07/Aug/2026:07:02:01 +0200] "GET /wp-content/uploads/WPL/83/403.php?lokasie=/proc/thread-self/root/usr/lib/ruby/2.7.0/openssl.rb&loknya=/proc/thread-self/root/usr/lib/ruby/2.7.0 HTTP/1.1" 429 267 andalhome.com "https://andalhome.com/wp-content/uploads/WPL/83/403.php?loknya=/proc/thread-self/root/usr/lib/ruby/2.7.0" "Mozilla/5.0 AppleWebKit/537.36 (KHTML, like Gecko; compatible; GPTBot/1.4; +https://openai.com/gptbot)" "-"
74.7.243.0 - - [07/Aug/2026:07:02:21 +0200] "GET /wp-content/uploads/WPL/83/403.php?lokasie=/proc/thread-self/root/usr/lib/ruby/2.7.0/abbrev.rb&loknya=/proc/thread-self/root/usr/lib/ruby/2.7.0 HTTP/1.1" 429 267 andalhome.com "https://andalhome.com/wp-content/uploads/WPL/83/403.php?loknya=/proc/thread-self/root/usr/lib/ruby/2.7.0" "Mozilla/5.0 AppleWebKit/537.36 (KHTML, like Gecko; compatible; GPTBot/1.4; +https://openai.com/gptbot)" "-"
34.67.254.0 - - [07/Aug/2026:07:02:49 +0200] "GET /wp-content/uploads/WPL/37/thimg_aaa_550x550.JPG HTTP/1.1" 200 77889 andalhome.com "-" "Mozilla/5.0 (compatible; physicalai-relaion5b-ingest/1.0; research archive of Re-LAION-5B; contact vikas@physicalai.com)" "-"
20.217.205.0 - - [07/Aug/2026:07:03:02 +0200] "GET /wp-content/uploads/WPL/50/thimg_IMG_9306_550x550.JPG HTTP/1.1" 200 122607 andalhome.com "-" "Mozilla/5.0 (X11; Ubuntu; Linux x86_64; rv:72.0) Gecko/20100101 Firefox/72.0" "-"
74.7.243.0 - - [07/Aug/2026:07:03:23 +0200] "GET /wp-content/uploads/WPL/83/403.php?lokasie=/proc/thread-self/root/usr/lib/ruby/2.7.0/tracer.rb&loknya=/proc/thread-self/root/usr/lib/ruby/2.7.0 HTTP/1.1" 200 11434 andalhome.com "https://andalhome.com/wp-content/uploads/WPL/83/403.php?loknya=/proc/thread-self/root/usr/lib/ruby/2.7.0" "Mozilla/5.0 AppleWebKit/537.36 (KHTML, like Gecko; compatible; GPTBot/1.4; +https://openai.com/gptbot)" "-"
74.7.243.0 - - [07/Aug/2026:07:04:24 +0200] "GET /wp-content/uploads/WPL/83/403.php?lokasie=/proc/thread-self/root/usr/lib/ruby/2.7.0/bundler.rb&loknya=/proc/thread-self/root/usr/lib/ruby/2.7.0 HTTP/1.1" 200 29782 andalhome.com "https://andalhome.com/wp-content/uploads/WPL/83/403.php?loknya=/proc/thread-self/root/usr/lib/ruby/2.7.0" "Mozilla/5.0 AppleWebKit/537.36 (KHTML, like Gecko; compatible; GPTBot/1.4; +https://openai.com/gptbot)" "-"
74.7.243.0 - - [07/Aug/2026:07:05:19 +0200] "GET /wp-content/uploads/WPL/83/403.php?lokasie=/proc/thread-self/root/usr/lib/ruby/2.7.0/ostruct.rb&loknya=/proc/thread-self/root/usr/lib/ruby/2.7.0 HTTP/1.1" 200 16221 andalhome.com "https://andalhome.com/wp-content/uploads/WPL/83/403.php?loknya=/proc/thread-self/root/usr/lib/ruby/2.7.0" "Mozilla/5.0 AppleWebKit/537.36 (KHTML, like Gecko; compatible; GPTBot/1.4; +https://openai.com/gptbot)" "-"
74.7.243.0 - - [07/Aug/2026:07:06:08 +0200] "GET /wp-content/uploads/WPL/83/403.php?lokasie=/proc/thread-self/root/usr/lib/ruby/2.7.0/ripper.rb&loknya=/proc/thread-self/root/usr/lib/ruby/2.7.0 HTTP/1.1" 200 7069 andalhome.com "https://andalhome.com/wp-content/uploads/WPL/83/403.php?loknya=/proc/thread-self/root/usr/lib/ruby/2.7.0" "Mozilla/5.0 AppleWebKit/537.36 (KHTML, like Gecko; compatible; GPTBot/1.4; +https://openai.com/gptbot)" "-"
91.92.47.0 - - [07/Aug/2026:07:06:37 +0200] "GET / HTTP/1.1" 301 - andalhome.com "-" "Mozilla/5.0 (Windows NT 10.0; Win64; x64) AppleWebKit/537.36 (KHTML, like Gecko) Chrome/125.0.0.0 Safari/537.36" "-"
82.165.84.0 - - [07/Aug/2026:07:06:38 +0200] "POST /wp-cron.php?doing_wp_cron=1786079198.7638928890228271484375 HTTP/1.1" 200 - andalhome.com "-" "WordPress/6.4.3; https://andalhome.com" "-"
91.92.47.0 - - [07/Aug/2026:07:06:43 +0200] "GET / HTTP/1.1" 200 122792 andalhome.com "-" "Mozilla/5.0 (Windows NT 10.0; Win64; x64) AppleWebKit/537.36 (KHTML, like Gecko) Chrome/125.0.0.0 Safari/537.36" "-"
136.113.227.0 - - [07/Aug/2026:07:06:53 +0200] "GET /wp-content/uploads/WPL/45/thimg_IMG_9346_250x200.jpg HTTP/1.1" 200 26051 andalhome.com "-" "Mozilla/5.0 (compatible; physicalai-relaion5b-ingest/1.0; research archive of Re-LAION-5B; contact vikas@physicalai.com)" "-"
74.7.243.0 - - [07/Aug/2026:07:06:54 +0200] "GET /wp-content/uploads/WPL/83/403.php?lokasie=/proc/thread-self/root/usr/lib/ruby/2.7.0/reline.rb&loknya=/proc/thread-self/root/usr/lib/ruby/2.7.0 HTTP/1.1" 200 18125 andalhome.com "https://andalhome.com/wp-content/uploads/WPL/83/403.php?loknya=/proc/thread-self/root/usr/lib/ruby/2.7.0" "Mozilla/5.0 AppleWebKit/537.36 (KHTML, like Gecko; compatible; GPTBot/1.4; +https://openai.com/gptbot)" "-"
74.7.243.0 - - [07/Aug/2026:07:07:34 +0200] "GET /wp-content/uploads/WPL/83/403.php?lokasie=/proc/thread-self/root/usr/lib/ruby/2.7.0/bundler/templates/newgem/gitignore.tt&loknya=/proc/thread-self/root/usr/lib/ruby/2.7.0/bundler/templates/newgem HTTP/1.1" 200 4903 andalhome.com "https://andalhome.com/wp-content/uploads/WPL/83/403.php?loknya=/proc/thread-self/root/usr/lib/ruby/2.7.0/bundler/templates/newgem" "Mozilla/5.0 AppleWebKit/537.36 (KHTML, like Gecko; compatible; GPTBot/1.4; +https://openai.com/gptbot)" "-"
74.7.243.0 - - [07/Aug/2026:07:08:12 +0200] "GET /wp-content/uploads/WPL/83/403.php?lokasie=/proc/thread-self/root/usr/lib/ruby/2.7.0/bundler/templates/newgem/Rakefile.tt&loknya=/proc/thread-self/root/usr/lib/ruby/2.7.0/bundler/templates/newgem HTTP/1.1" 200 5498 andalhome.com "https://andalhome.com/wp-content/uploads/WPL/83/403.php?loknya=/proc/thread-self/root/usr/lib/ruby/2.7.0/bundler/templates/newgem" "Mozilla/5.0 AppleWebKit/537.36 (KHTML, like Gecko; compatible; GPTBot/1.4; +https://openai.com/gptbot)" "-"
74.7.243.0 - - [07/Aug/2026:07:08:44 +0200] "GET /wp-content/uploads/WPL/83/403.php?lokasie=/proc/thread-self/root/usr/lib/ruby/2.7.0/bundler/plugin/installer/rubygems.rb&loknya=/proc/thread-self/root/usr/lib/ruby/2.7.0/bundler/plugin/installer HTTP/1.1" 200 5143 andalhome.com "https://andalhome.com/wp-content/uploads/WPL/83/403.php?loknya=/proc/thread-self/root/usr/lib/ruby/2.7.0/bundler/plugin/installer" "Mozilla/5.0 AppleWebKit/537.36 (KHTML, like Gecko; compatible; GPTBot/1.4; +https://openai.com/gptbot)" "-"
74.7.243.0 - - [07/Aug/2026:07:09:15 +0200] "GET /wp-content/uploads/WPL/83/403.php?lokasie=/proc/thread-self/root/usr/lib/ruby/2.7.0/bundler/templates/newgem/newgem.gemspec.tt&loknya=/proc/thread-self/root/usr/lib/ruby/2.7.0/bundler/templates/newgem HTTP/1.1" 200 6456 andalhome.com "https://andalhome.com/wp-content/uploads/WPL/83/403.php?loknya=/proc/thread-self/root/usr/lib/ruby/2.7.0/bundler/templates/newgem" "Mozilla/5.0 AppleWebKit/537.36 (KHTML, like Gecko; compatible; GPTBot/1.4; +https://openai.com/gptbot)" "-"
40.77.167.0 - - [07/Aug/2026:07:09:21 +0200] "GET /SYSTEM-SENSOR-Modulo-Rivelazione-Incendio-NSBIO-k-967894 HTTP/1.1" 200 425755 andalhome.com "-" "Mozilla/5.0 AppleWebKit/537.36 (KHTML, like Gecko; compatible; bingbot/2.0; +http://www.bing.com/bingbot.htm) Chrome/116.0.1938.76 Safari/537.36" "-"
74.7.243.0 - - [07/Aug/2026:07:09:40 +0200] "GET /wp-content/uploads/WPL/83/403.php?lokasie=/proc/thread-self/root/usr/lib/ruby/2.7.0/bundler/templates/newgem/ext/newgem/newgem.h.tt&loknya=/proc/thread-self/root/usr/lib/ruby/2.7.0/bundler/templates/newgem/ext/newgem HTTP/1.1" 200 5060 andalhome.com "https://andalhome.com/wp-content/uploads/WPL/83/403.php?loknya=/proc/thread-self/root/usr/lib/ruby/2.7.0/bundler/templates/newgem/ext/newgem" "Mozilla/5.0 AppleWebKit/537.36 (KHTML, like Gecko; compatible; GPTBot/1.4; +https://openai.com/gptbot)" "-"
74.7.243.0 - - [07/Aug/2026:07:10:05 +0200] "GET /wp-content/uploads/WPL/83/403.php?lokasie=/proc/thread-self/root/usr/lib/ruby/2.7.0/bundler/templates/newgem/ext/newgem/newgem.c.tt&loknya=/proc/thread-self/root/usr/lib/ruby/2.7.0/bundler/templates/newgem/ext/newgem HTTP/1.1" 200 5144 andalhome.com "https://andalhome.com/wp-content/uploads/WPL/83/403.php?loknya=/proc/thread-self/root/usr/lib/ruby/2.7.0/bundler/templates/newgem/ext/newgem" "Mozilla/5.0 AppleWebKit/537.36 (KHTML, like Gecko; compatible; GPTBot/1.4; +https://openai.com/gptbot)" "-"
74.7.243.0 - - [07/Aug/2026:07:10:27 +0200] "GET /wp-content/uploads/WPL/83/403.php?lokasie=/proc/thread-self/root/usr/lib/ruby/2.7.0/bundler/endpoint_specification.rb&loknya=/proc/thread-self/root/usr/lib/ruby/2.7.0/bundler HTTP/1.1" 200 8601 andalhome.com "https://andalhome.com/wp-content/uploads/WPL/83/403.php?loknya=/proc/thread-self/root/usr/lib/ruby/2.7.0/bundler" "Mozilla/5.0 AppleWebKit/537.36 (KHTML, like Gecko; compatible; GPTBot/1.4; +https://openai.com/gptbot)" "-"
176.74.198.0 - - [07/Aug/2026:07:10:28 +0200] "GET / HTTP/1.1" 302 - andalhome.com "http://andalhome.es/" "Mozilla/5.0 (Windows NT 10.0; Win64; x64) AppleWebKit/537.36 (KHTML, like Gecko) Chrome/120.0.0.0 Safari/537.36 Viewer/99.9.8853.8" "-"
151.252.28.0 - - [07/Aug/2026:07:10:29 +0200] "GET /en/ HTTP/1.1" 301 - andalhome.com "http://andalhome.com" "Mozilla/5.0 (Windows NT 10.0; Win64; x64) AppleWebKit/537.36 (KHTML, like Gecko) Chrome/120.0.0.0 Safari/537.36 Viewer/99.9.8853.8" "-"
194.71.211.0 - - [07/Aug/2026:07:10:30 +0200] "GET /en/ HTTP/1.1" 200 122711 andalhome.com "http://andalhome.com/en/" "Mozilla/5.0 (Windows NT 10.0; Win64; x64) AppleWebKit/537.36 (KHTML, like Gecko) Chrome/120.0.0.0 Safari/537.36 Viewer/99.9.8853.8" "-"
74.7.243.0 - - [07/Aug/2026:07:10:46 +0200] "GET /wp-content/uploads/WPL/83/403.php?lokasie=/proc/thread-self/root/usr/lib/ruby/2.7.0/psych/visitors/json_tree.rb&loknya=/proc/thread-self/root/usr/lib/ruby/2.7.0/psych/visitors HTTP/1.1" 200 5127 andalhome.com "https://andalhome.com/wp-content/uploads/WPL/83/403.php?loknya=/proc/thread-self/root/usr/lib/ruby/2.7.0/psych/visitors" "Mozilla/5.0 AppleWebKit/537.36 (KHTML, like Gecko; compatible; GPTBot/1.4; +https://openai.com/gptbot)" "-"
74.7.243.0 - - [07/Aug/2026:07:11:04 +0200] "GET /wp-content/uploads/WPL/83/403.php?lokasie=/proc/thread-self/root/usr/lib/ruby/2.7.0/bundler/ui/rg_proxy.rb&loknya=/proc/thread-self/root/usr/lib/ruby/2.7.0/bundler/ui HTTP/1.1" 200 4857 andalhome.com "https://andalhome.com/wp-content/uploads/WPL/83/403.php?loknya=/proc/thread-self/root/usr/lib/ruby/2.7.0/bundler/ui" "Mozilla/5.0 AppleWebKit/537.36 (KHTML, like Gecko; compatible; GPTBot/1.4; +https://openai.com/gptbot)" "-"
74.7.243.0 - - [07/Aug/2026:07:11:20 +0200] "GET /wp-content/uploads/WPL/83/403.php?lokasie=/proc/thread-self/root/usr/lib/ruby/2.7.0/bundler/plugin/installer.rb&loknya=/proc/thread-self/root/usr/lib/ruby/2.7.0/bundler/plugin HTTP/1.1" 200 8170 andalhome.com "https://andalhome.com/wp-content/uploads/WPL/83/403.php?loknya=/proc/thread-self/root/usr/lib/ruby/2.7.0/bundler/plugin" "Mozilla/5.0 AppleWebKit/537.36 (KHTML, like Gecko; compatible; GPTBot/1.4; +https://openai.com/gptbot)" "-"
40.77.167.0 - - [07/Aug/2026:07:11:34 +0200] "GET /Carte-Educativi-2-In-1-Cartamundi-Old-Maid-Memoria-E-Pesca-k-965937 HTTP/1.1" 200 424430 andalhome.com "-" "Mozilla/5.0 AppleWebKit/537.36 (KHTML, like Gecko; compatible; bingbot/2.0; +http://www.bing.com/bingbot.htm) Chrome/116.0.1938.76 Safari/537.36" "-"
74.7.243.0 - - [07/Aug/2026:07:11:35 +0200] "GET /wp-content/uploads/WPL/83/403.php?lokasie=/proc/thread-self/root/usr/lib/ruby/2.7.0/bigdecimal/ludcmp.rb&loknya=/proc/thread-self/root/usr/lib/ruby/2.7.0/bigdecimal HTTP/1.1" 200 6689 andalhome.com "https://andalhome.com/wp-content/uploads/WPL/83/403.php?loknya=/proc/thread-self/root/usr/lib/ruby/2.7.0/bigdecimal" "Mozilla/5.0 AppleWebKit/537.36 (KHTML, like Gecko; compatible; GPTBot/1.4; +https://openai.com/gptbot)" "-"
74.7.243.0 - - [07/Aug/2026:07:11:47 +0200] "GET /wp-content/uploads/WPL/83/403.php?lokasie=/proc/thread-self/root/usr/lib/ruby/2.7.0/bundler/vendored_persistent.rb&loknya=/proc/thread-self/root/usr/lib/ruby/2.7.0/bundler HTTP/1.1" 200 6257 andalhome.com "https://andalhome.com/wp-content/uploads/WPL/83/403.php?loknya=/proc/thread-self/root/usr/lib/ruby/2.7.0/bundler" "Mozilla/5.0 AppleWebKit/537.36 (KHTML, like Gecko; compatible; GPTBot/1.4; +https://openai.com/gptbot)" "-"
74.7.243.0 - - [07/Aug/2026:07:11:59 +0200] "GET /wp-content/uploads/WPL/83/403.php?lokasie=/proc/thread-self/root/usr/lib/ruby/2.7.0/bundler/source//rubygems.rb&loknya=/proc/thread-self/root/usr/lib/ruby/2.7.0/bundler/source/ HTTP/1.1" 200 23145 andalhome.com "https://andalhome.com/wp-content/uploads/WPL/83/403.php?loknya=/proc/thread-self/root/usr/lib/ruby/2.7.0/bundler/source/" "Mozilla/5.0 AppleWebKit/537.36 (KHTML, like Gecko; compatible; GPTBot/1.4; +https://openai.com/gptbot)" "-"
74.7.243.0 - - [07/Aug/2026:07:12:09 +0200] "GET /wp-content/uploads/WPL/83/403.php?lokasie=/proc/thread-self/root/usr/lib/ruby/2.7.0/bundler/plugin//events.rb&loknya=/proc/thread-self/root/usr/lib/ruby/2.7.0/bundler/plugin/ HTTP/1.1" 200 6741 andalhome.com "https://andalhome.com/wp-content/uploads/WPL/83/403.php?loknya=/proc/thread-self/root/usr/lib/ruby/2.7.0/bundler/plugin/" "Mozilla/5.0 AppleWebKit/537.36 (KHTML, like Gecko; compatible; GPTBot/1.4; +https://openai.com/gptbot)" "-"
74.7.243.0 - - [07/Aug/2026:07:12:19 +0200] "GET /wp-content/uploads/WPL/83/403.php?lokasie=/proc/thread-self/root/usr/lib/ruby/2.7.0/bundler/plugin//api.rb&loknya=/proc/thread-self/root/usr/lib/ruby/2.7.0/bundler/plugin/ HTTP/1.1" 200 7480 andalhome.com "https://andalhome.com/wp-content/uploads/WPL/83/403.php?loknya=/proc/thread-self/root/usr/lib/ruby/2.7.0/bundler/plugin/" "Mozilla/5.0 AppleWebKit/537.36 (KHTML, like Gecko; compatible; GPTBot/1.4; +https://openai.com/gptbot)" "-"
74.7.243.0 - - [07/Aug/2026:07:12:27 +0200] "GET /wp-content/uploads/WPL/83/403.php?lokasie=/proc/thread-self/root/usr/lib/ruby/2.7.0/bundler/ui/shell.rb&loknya=/proc/thread-self/root/usr/lib/ruby/2.7.0/bundler/ui HTTP/1.1" 200 8191 andalhome.com "https://andalhome.com/wp-content/uploads/WPL/83/403.php?loknya=/proc/thread-self/root/usr/lib/ruby/2.7.0/bundler/ui" "Mozilla/5.0 AppleWebKit/537.36 (KHTML, like Gecko; compatible; GPTBot/1.4; +https://openai.com/gptbot)" "-"
74.7.243.0 - - [07/Aug/2026:07:12:34 +0200] "GET /wp-content/uploads/WPL/83/403.php?lokasie=/proc/thread-self/root/usr/lib/ruby/2.7.0/psych/visitors/depth_first.rb&loknya=/proc/thread-self/root/usr/lib/ruby/2.7.0/psych/visitors HTTP/1.1" 429 267 andalhome.com "https://andalhome.com/wp-content/uploads/WPL/83/403.php?loknya=/proc/thread-self/root/usr/lib/ruby/2.7.0/psych/visitors" "Mozilla/5.0 AppleWebKit/537.36 (KHTML, like Gecko; compatible; GPTBot/1.4; +https://openai.com/gptbot)" "-"
74.7.243.0 - - [07/Aug/2026:07:12:41 +0200] "GET /wp-content/uploads/WPL/83/403.php?lokasie=/proc/thread-self/root/usr/lib/ruby/2.7.0/bundler/plugin/api/source.rb&loknya=/proc/thread-self/root/usr/lib/ruby/2.7.0/bundler/plugin/api HTTP/1.1" 429 267 andalhome.com "https://andalhome.com/wp-content/uploads/WPL/83/403.php?loknya=/proc/thread-self/root/usr/lib/ruby/2.7.0/bundler/plugin/api" "Mozilla/5.0 AppleWebKit/537.36 (KHTML, like Gecko; compatible; GPTBot/1.4; +https://openai.com/gptbot)" "-"
74.7.243.0 - - [07/Aug/2026:07:13:02 +0200] "GET /wp-content/uploads/WPL/83/403.php?lokasie=/proc/thread-self/root/usr/lib/ruby/2.7.0/psych/visitors/yaml_tree.rb&loknya=/proc/thread-self/root/usr/lib/ruby/2.7.0/psych/visitors HTTP/1.1" 429 267 andalhome.com "https://andalhome.com/wp-content/uploads/WPL/83/403.php?loknya=/proc/thread-self/root/usr/lib/ruby/2.7.0/psych/visitors" "Mozilla/5.0 AppleWebKit/537.36 (KHTML, like Gecko; compatible; GPTBot/1.4; +https://openai.com/gptbot)" "-"
74.7.243.0 - - [07/Aug/2026:07:14:07 +0200] "GET /wp-content/uploads/WPL/83/403.php?lokasie=/proc/thread-self/root/usr/lib/ruby/2.7.0/bundler/plugin/source_list.rb&loknya=/proc/thread-self/root/usr/lib/ruby/2.7.0/bundler/plugin HTTP/1.1" 200 5277 andalhome.com "https://andalhome.com/wp-content/uploads/WPL/83/403.php?loknya=/proc/thread-self/root/usr/lib/ruby/2.7.0/bundler/plugin" "Mozilla/5.0 AppleWebKit/537.36 (KHTML, like Gecko; compatible; GPTBot/1.4; +https://openai.com/gptbot)" "-"
2a01:4f9:: - - [07/Aug/2026:07:14:50 +0200] "GET /robots.txt HTTP/1.1" 200 171 andalhome.com "-" "Mozilla/5.0 (compatible; MJ12bot/v1.4.8; http://mj12bot.com/)" "-"
82.165.84.0 - - [07/Aug/2026:07:14:51 +0200] "POST /wp-cron.php?doing_wp_cron=1786079691.7807569503784179687500 HTTP/1.1" 200 - andalhome.com "-" "WordPress/6.4.3; https://andalhome.com" "-"
2a01:4f9:: - - [07/Aug/2026:07:14:54 +0200] "GET /en/aqui-estan-los-inmuebles-disponibles-properties/32-Chalet-Villa-Andaluc%C3%ADa-0%E2%82%AC/ HTTP/1.1" 200 85740 andalhome.com "-" "Mozilla/5.0 (compatible; MJ12bot/v1.4.8; http://mj12bot.com/)" "-"
2a01:4f9:: - - [07/Aug/2026:07:14:55 +0200] "GET /robots.txt HTTP/1.1" 301 - andalhome.com "-" "Mozilla/5.0 (compatible; MJ12bot/v1.4.8; http://mj12bot.com/)" "-"
2a01:4f9:: - - [07/Aug/2026:07:14:57 +0200] "GET /robots.txt HTTP/1.1" 200 171 andalhome.com "-" "Mozilla/5.0 (compatible; MJ12bot/v1.4.8; http://mj12bot.com/)" "-"
2a01:4f9:: - - [07/Aug/2026:07:15:04 +0200] "GET /en/aqui-estan-los-inmuebles-disponibles-properties/57-Chalet-Villa-M%C3%A1laga-3-Habitaciones-1-Ba%C3%B1o-368-000EUR/ HTTP/1.1" 200 86655 andalhome.com "-" "Mozilla/5.0 (compatible; MJ12bot/v1.4.8; http://mj12bot.com/)" "-"
2a01:4f9:: - - [07/Aug/2026:07:15:07 +0200] "GET /en/aqui-estan-los-inmuebles-disponibles-properties/65-Piso-avenida-jorge-silvela-M%C3%A1laga-3-Habitaciones-1-Ba%C3%B1o-97-000EUR/ HTTP/1.1" 200 86205 andalhome.com "-" "Mozilla/5.0 (compatible; MJ12bot/v1.4.8; http://mj12bot.com/)" "-"
74.7.243.0 - - [07/Aug/2026:07:15:08 +0200] "GET /wp-content/uploads/WPL/83/403.php?lokasie=/proc/thread-self/root/usr/lib/ruby/2.7.0/bundler/fetcher/downloader.rb&loknya=/proc/thread-self/root/usr/lib/ruby/2.7.0/bundler/fetcher HTTP/1.1" 200 7834 andalhome.com "https://andalhome.com/wp-content/uploads/WPL/83/403.php?loknya=/proc/thread-self/root/usr/lib/ruby/2.7.0/bundler/fetcher" "Mozilla/5.0 AppleWebKit/537.36 (KHTML, like Gecko; compatible; GPTBot/1.4; +https://openai.com/gptbot)" "-"
2a01:4f9:: - - [07/Aug/2026:07:15:10 +0200] "GET /en/category/%E6%96%B0%E8%81%9E/feed/ HTTP/1.1" 200 1268 andalhome.com "-" "Mozilla/5.0 (compatible; MJ12bot/v1.4.8; http://mj12bot.com/)" "-"
20.217.187.0 - - [07/Aug/2026:07:15:36 +0200] "GET /wp-content/uploads/WPL/54/thimg_IMG_9386_100x80.jpg HTTP/1.1" 200 5543 andalhome.com "-" "Mozilla/5.0 (X11; Ubuntu; Linux x86_64; rv:72.0) Gecko/20100101 Firefox/72.0" "-"
66.249.74.0 - - [07/Aug/2026:07:15:48 +0200] "GET /Kiwi-A-Polpa-Rossa-Actinidia-Chinensis-Red-Argentina-k-352069 HTTP/1.1" 200 427862 andalhome.com "-" "Mozilla/5.0 (Linux; Android 6.0.1; Nexus 5X Build/MMB29P) AppleWebKit/537.36 (KHTML, like Gecko) Chrome/150.0.7871.186 Mobile Safari/537.36 (compatible; Googlebot/2.1; +http://www.google.com/bot.html)" "-"
74.7.243.0 - - [07/Aug/2026:07:16:07 +0200] "GET /wp-content/uploads/WPL/83/403.php?lokasie=/proc/thread-self/root/usr/lib/ruby/2.7.0/bundler/capistrano.rb&loknya=/proc/thread-self/root/usr/lib/ruby/2.7.0/bundler HTTP/1.1" 200 5457 andalhome.com "https://andalhome.com/wp-content/uploads/WPL/83/403.php?loknya=/proc/thread-self/root/usr/lib/ruby/2.7.0/bundler" "Mozilla/5.0 AppleWebKit/537.36 (KHTML, like Gecko; compatible; GPTBot/1.4; +https://openai.com/gptbot)" "-"
74.7.243.0 - - [07/Aug/2026:07:16:58 +0200] "GET /wp-content/uploads/WPL/83/403.php?lokasie=/proc/thread-self/root/usr/lib/ruby/2.7.0/bundler/plugin//installer.rb&loknya=/proc/thread-self/root/usr/lib/ruby/2.7.0/bundler/plugin/ HTTP/1.1" 200 8171 andalhome.com "https://andalhome.com/wp-content/uploads/WPL/83/403.php?loknya=/proc/thread-self/root/usr/lib/ruby/2.7.0/bundler/plugin/" "Mozilla/5.0 AppleWebKit/537.36 (KHTML, like Gecko; compatible; GPTBot/1.4; +https://openai.com/gptbot)" "-"
74.7.243.0 - - [07/Aug/2026:07:17:45 +0200] "GET /wp-content/uploads/WPL/83/403.php?lokasie=/proc/thread-self/root/usr/lib/ruby/2.7.0/psych/visitors/visitor.rb&loknya=/proc/thread-self/root/usr/lib/ruby/2.7.0/psych/visitors HTTP/1.1" 200 4914 andalhome.com "https://andalhome.com/wp-content/uploads/WPL/83/403.php?loknya=/proc/thread-self/root/usr/lib/ruby/2.7.0/psych/visitors" "Mozilla/5.0 AppleWebKit/537.36 (KHTML, like Gecko; compatible; GPTBot/1.4; +https://openai.com/gptbot)" "-"
74.7.243.0 - - [07/Aug/2026:07:18:26 +0200] "GET /wp-content/uploads/WPL/83/403.php?lokasie=/proc/thread-self/root/usr/lib/ruby/2.7.0/rexml/parsers/lightparser.rb&loknya=/proc/thread-self/root/usr/lib/ruby/2.7.0/rexml/parsers HTTP/1.1" 200 6150 andalhome.com "https://andalhome.com/wp-content/uploads/WPL/83/403.php?loknya=/proc/thread-self/root/usr/lib/ruby/2.7.0/rexml/parsers" "Mozilla/5.0 AppleWebKit/537.36 (KHTML, like Gecko; compatible; GPTBot/1.4; +https://openai.com/gptbot)" "-"
34.56.239.0 - - [07/Aug/2026:07:18:54 +0200] "GET /wp-content/uploads/WPL/37/thimg_erte_285x200.jpg HTTP/1.1" 200 26195 andalhome.com "-" "Mozilla/5.0 (compatible; physicalai-relaion5b-ingest/1.0; research archive of Re-LAION-5B; contact vikas@physicalai.com)" "-"
74.7.243.0 - - [07/Aug/2026:07:19:03 +0200] "GET /wp-content/uploads/WPL/83/403.php?lokasie=/proc/thread-self/root/usr/lib/ruby/2.7.0/bundler/source/metadata.rb&loknya=/proc/thread-self/root/usr/lib/ruby/2.7.0/bundler/source HTTP/1.1" 200 6451 andalhome.com "https://andalhome.com/wp-content/uploads/WPL/83/403.php?loknya=/proc/thread-self/root/usr/lib/ruby/2.7.0/bundler/source" "Mozilla/5.0 AppleWebKit/537.36 (KHTML, like Gecko; compatible; GPTBot/1.4; +https://openai.com/gptbot)" "-"
216.73.216.0 - - [07/Aug/2026:07:19:11 +0200] "GET /robots.txt HTTP/1.1" 200 171 andalhome.com "-" "Mozilla/5.0 AppleWebKit/537.36 (KHTML, like Gecko; compatible; ClaudeBot/1.0; +claudebot@anthropic.com)" "-"
82.165.84.0 - - [07/Aug/2026:07:19:12 +0200] "POST /wp-cron.php?doing_wp_cron=1786079952.2244288921356201171875 HTTP/1.1" 200 - andalhome.com "-" "WordPress/6.4.3; https://andalhome.com" "-"
216.73.216.0 - - [07/Aug/2026:07:19:13 +0200] "GET /wp-content/uploads/WPL/83/403.php?loknya=%2Fhomepages%2F22%2Fd786030936 HTTP/1.1" 200 16820 andalhome.com "-" "Mozilla/5.0 AppleWebKit/537.36 (KHTML, like Gecko; compatible; ClaudeBot/1.0; +claudebot@anthropic.com)" "-"
216.73.216.0 - - [07/Aug/2026:07:19:13 +0200] "GET /wp-content/uploads/WPL/83/403.php?loknya=%2Fhomepages%2F41%2Fd504602851 HTTP/1.1" 200 16855 andalhome.com "-" "Mozilla/5.0 AppleWebKit/537.36 (KHTML, like Gecko; compatible; ClaudeBot/1.0; +claudebot@anthropic.com)" "-"
216.73.216.0 - - [07/Aug/2026:07:19:14 +0200] "GET /wp-content/uploads/WPL/83/403.php?loknya=%2Fhomepages%2F44%2Fd504820323 HTTP/1.1" 200 18206 andalhome.com "-" "Mozilla/5.0 AppleWebKit/537.36 (KHTML, like Gecko; compatible; ClaudeBot/1.0; +claudebot@anthropic.com)" "-"
216.73.216.0 - - [07/Aug/2026:07:19:14 +0200] "GET /wp-content/uploads/WPL/83/403.php?loknya=%2Fhomepages%2F35%2Fd788298558 HTTP/1.1" 200 19571 andalhome.com "-" "Mozilla/5.0 AppleWebKit/537.36 (KHTML, like Gecko; compatible; ClaudeBot/1.0; +claudebot@anthropic.com)" "-"
47.79.11.0 - - [07/Aug/2026:07:19:14 +0200] "GET /Finitura-SFM-84-Misura-167163-2-Band-k-763900 HTTP/1.1" 429 267 andalhome.com "-" "Mozilla/5.0 (Windows NT 10.0; Win64; x64) AppleWebKit/537.36 (KHTML, like Gecko) Chrome/144.0.0.0 Safari/537.36" "-"
216.73.216.0 - - [07/Aug/2026:07:19:15 +0200] "GET /wp-content/uploads/WPL/83/403.php?loknya=%2Fhomepages%2F46%2Fd503509824 HTTP/1.1" 200 19558 andalhome.com "-" "Mozilla/5.0 AppleWebKit/537.36 (KHTML, like Gecko; compatible; ClaudeBot/1.0; +claudebot@anthropic.com)" "-"
216.73.216.0 - - [07/Aug/2026:07:19:15 +0200] "GET /wp-content/uploads/WPL/83/403.php?loknya=%2Fhomepages%2F29%2Fd787324007 HTTP/1.1" 200 16848 andalhome.com "-" "Mozilla/5.0 AppleWebKit/537.36 (KHTML, like Gecko; compatible; ClaudeBot/1.0; +claudebot@anthropic.com)" "-"
47.79.11.0 - - [07/Aug/2026:07:19:15 +0200] "GET /2-4G-3CH-2-Pezzi-Per-GT3B-GT2-GT3C-k-267812 HTTP/1.1" 429 267 andalhome.com "-" "Mozilla/5.0 (Macintosh; Intel Mac OS X 10_15_7) AppleWebKit/537.36 (KHTML, like Gecko) Chrome/147.0.0.0 Safari/537.36" "-"
216.73.216.0 - - [07/Aug/2026:07:19:16 +0200] "GET /wp-content/uploads/WPL/83/403.php?loknya=%2Fhomepages%2F35%2Fd503653586 HTTP/1.1" 200 14129 andalhome.com "-" "Mozilla/5.0 AppleWebKit/537.36 (KHTML, like Gecko; compatible; ClaudeBot/1.0; +claudebot@anthropic.com)" "-"
216.73.216.0 - - [07/Aug/2026:07:19:16 +0200] "GET /wp-content/uploads/WPL/83/403.php?loknya=%2Fhomepages%2F9%2Fd504810606 HTTP/1.1" 200 16799 andalhome.com "-" "Mozilla/5.0 AppleWebKit/537.36 (KHTML, like Gecko; compatible; ClaudeBot/1.0; +claudebot@anthropic.com)" "-"
216.73.216.0 - - [07/Aug/2026:07:19:16 +0200] "GET /wp-content/uploads/WPL/83/403.php?loknya=%2Fhomepages%2F35%2Fd503667122 HTTP/1.1" 200 19563 andalhome.com "-" "Mozilla/5.0 AppleWebKit/537.36 (KHTML, like Gecko; compatible; ClaudeBot/1.0; +claudebot@anthropic.com)" "-"
216.73.216.0 - - [07/Aug/2026:07:19:16 +0200] "GET /wp-content/uploads/WPL/83/403.php?loknya=%2Fhomepages%2F29%2Fd503454300 HTTP/1.1" 200 18188 andalhome.com "-" "Mozilla/5.0 AppleWebKit/537.36 (KHTML, like Gecko; compatible; ClaudeBot/1.0; +claudebot@anthropic.com)" "-"
216.73.216.0 - - [07/Aug/2026:07:19:17 +0200] "GET /wp-content/uploads/WPL/83/403.php?loknya=%2Fhomepages%2F6%2Fd789049542 HTTP/1.1" 200 18139 andalhome.com "-" "Mozilla/5.0 AppleWebKit/537.36 (KHTML, like Gecko; compatible; ClaudeBot/1.0; +claudebot@anthropic.com)" "-"
216.73.216.0 - - [07/Aug/2026:07:19:17 +0200] "GET /wp-content/uploads/WPL/83/403.php?loknya=%2Fhomepages%2F6%2Fd501990368 HTTP/1.1" 200 14098 andalhome.com "-" "Mozilla/5.0 AppleWebKit/537.36 (KHTML, like Gecko; compatible; ClaudeBot/1.0; +claudebot@anthropic.com)" "-"
216.73.216.0 - - [07/Aug/2026:07:19:17 +0200] "GET /wp-content/uploads/WPL/83/403.php?loknya=%2Fhomepages%2F29%2Fd504644951 HTTP/1.1" 200 19577 andalhome.com "-" "Mozilla/5.0 AppleWebKit/537.36 (KHTML, like Gecko; compatible; ClaudeBot/1.0; +claudebot@anthropic.com)" "-"
216.73.216.0 - - [07/Aug/2026:07:19:18 +0200] "GET /wp-content/uploads/WPL/83/403.php?loknya=%2Fhomepages%2F2%2Fd784529266%2F.config HTTP/1.1" 429 267 andalhome.com "-" "Mozilla/5.0 AppleWebKit/537.36 (KHTML, like Gecko; compatible; ClaudeBot/1.0; +claudebot@anthropic.com)" "-"
216.73.216.0 - - [07/Aug/2026:07:19:18 +0200] "GET /wp-content/uploads/WPL/83/403.php?loknya=%2Fhomepages%2F44%2Fd790233980 HTTP/1.1" 429 267 andalhome.com "-" "Mozilla/5.0 AppleWebKit/537.36 (KHTML, like Gecko; compatible; ClaudeBot/1.0; +claudebot@anthropic.com)" "-"
216.73.216.0 - - [07/Aug/2026:07:19:18 +0200] "GET /wp-content/uploads/WPL/83/403.php?loknya=%2Fhomepages%2F22%2Fd501948789 HTTP/1.1" 429 267 andalhome.com "-" "Mozilla/5.0 AppleWebKit/537.36 (KHTML, like Gecko; compatible; ClaudeBot/1.0; +claudebot@anthropic.com)" "-"
216.73.216.0 - - [07/Aug/2026:07:19:18 +0200] "GET /wp-content/uploads/WPL/83/403.php?loknya=%2Fhomepages%2F44%2Fd503465125 HTTP/1.1" 429 267 andalhome.com "-" "Mozilla/5.0 AppleWebKit/537.36 (KHTML, like Gecko; compatible; ClaudeBot/1.0; +claudebot@anthropic.com)" "-"
47.82.51.0 - - [07/Aug/2026:07:19:24 +0200] "GET /Decalcomania-Per-Pesca-Fiume-Outdoor-k-963881 HTTP/1.1" 429 267 andalhome.com "-" "Mozilla/5.0 (Macintosh; Intel Mac OS X 10_15_7) AppleWebKit/537.36 (KHTML, like Gecko) Chrome/145.0.0.0 Safari/537.36" "-"
47.79.51.0 - - [07/Aug/2026:07:19:24 +0200] "GET /Cavo-Sicurezza-1-4m-X-25mm-Blu-Nuovo-k-439214 HTTP/1.1" 429 267 andalhome.com "-" "Mozilla/5.0 (Macintosh; Intel Mac OS X 10_15_7) AppleWebKit/537.36 (KHTML, like Gecko) Chrome/139.0.0.0 Safari/537.36" "-"
216.73.216.0 - - [07/Aug/2026:07:19:25 +0200] "GET /wp-content/uploads/WPL/83/403.php?loknya=%2Fhomepages%2F35%2Fd504949141 HTTP/1.1" 429 267 andalhome.com "-" "Mozilla/5.0 AppleWebKit/537.36 (KHTML, like Gecko; compatible; ClaudeBot/1.0; +claudebot@anthropic.com)" "-"
216.73.216.0 - - [07/Aug/2026:07:19:25 +0200] "GET /wp-content/uploads/WPL/83/403.php?loknya=%2Fhomepages%2F22%2Fd503958180 HTTP/1.1" 429 267 andalhome.com "-" "Mozilla/5.0 AppleWebKit/537.36 (KHTML, like Gecko; compatible; ClaudeBot/1.0; +claudebot@anthropic.com)" "-"
216.73.216.0 - - [07/Aug/2026:07:19:25 +0200] "GET /wp-content/uploads/WPL/83/403.php?loknya=%2Fhomepages%2F6%2Fd789711020 HTTP/1.1" 429 267 andalhome.com "-" "Mozilla/5.0 AppleWebKit/537.36 (KHTML, like Gecko; compatible; ClaudeBot/1.0; +claudebot@anthropic.com)" "-"
216.73.216.0 - - [07/Aug/2026:07:19:26 +0200] "GET /wp-content/uploads/WPL/83/403.php?loknya=%2Fhomepages%2F35%2Fd503760887 HTTP/1.1" 429 267 andalhome.com "-" "Mozilla/5.0 AppleWebKit/537.36 (KHTML, like Gecko; compatible; ClaudeBot/1.0; +claudebot@anthropic.com)" "-"
216.73.216.0 - - [07/Aug/2026:07:19:26 +0200] "GET /wp-content/uploads/WPL/83/403.php?loknya=%2Fhomepages%2F29%2Fd504165269 HTTP/1.1" 429 267 andalhome.com "-" "Mozilla/5.0 AppleWebKit/537.36 (KHTML, like Gecko; compatible; ClaudeBot/1.0; +claudebot@anthropic.com)" "-"
216.73.216.0 - - [07/Aug/2026:07:19:26 +0200] "GET /wp-content/uploads/WPL/83/403.php?loknya=%2Fhomepages%2F37%2Fd503471651 HTTP/1.1" 429 267 andalhome.com "-" "Mozilla/5.0 AppleWebKit/537.36 (KHTML, like Gecko; compatible; ClaudeBot/1.0; +claudebot@anthropic.com)" "-"
216.73.216.0 - - [07/Aug/2026:07:19:26 +0200] "GET /wp-content/uploads/WPL/83/403.php?loknya=%2Fhomepages%2F46%2Fd501953325 HTTP/1.1" 429 267 andalhome.com "-" "Mozilla/5.0 AppleWebKit/537.36 (KHTML, like Gecko; compatible; ClaudeBot/1.0; +claudebot@anthropic.com)" "-"
216.73.216.0 - - [07/Aug/2026:07:19:26 +0200] "GET /wp-content/uploads/WPL/83/403.php?loknya=%2Fhomepages%2F29%2Fd788748577 HTTP/1.1" 429 267 andalhome.com "-" "Mozilla/5.0 AppleWebKit/537.36 (KHTML, like Gecko; compatible; ClaudeBot/1.0; +claudebot@anthropic.com)" "-"
216.73.216.0 - - [07/Aug/2026:07:19:27 +0200] "GET /wp-content/uploads/WPL/83/403.php?loknya=%2Fhomepages%2F41%2Fd786050836 HTTP/1.1" 429 267 andalhome.com "-" "Mozilla/5.0 AppleWebKit/537.36 (KHTML, like Gecko; compatible; ClaudeBot/1.0; +claudebot@anthropic.com)" "-"
47.79.11.0 - - [07/Aug/2026:07:19:27 +0200] "GET /Per-Moto-Da-Cross-Honda-CRF-XR-CRF-k-1121586 HTTP/1.1" 429 267 andalhome.com "-" "Mozilla/5.0 (Macintosh; Intel Mac OS X 10_15_7) AppleWebKit/537.36 (KHTML, like Gecko) Chrome/140.0.0.0 Safari/537.36" "-"
216.73.216.0 - - [07/Aug/2026:07:19:32 +0200] "GET /wp-content/uploads/WPL/83/403.php?loknya=%2Fhomepages%2F29%2Fd501885534 HTTP/1.1" 429 267 andalhome.com "-" "Mozilla/5.0 AppleWebKit/537.36 (KHTML, like Gecko; compatible; ClaudeBot/1.0; +claudebot@anthropic.com)" "-"
216.73.216.0 - - [07/Aug/2026:07:19:37 +0200] "GET /wp-content/uploads/WPL/83/403.php?loknya=%2Fhomepages%2F6%2Fd505272284 HTTP/1.1" 429 267 andalhome.com "-" "Mozilla/5.0 AppleWebKit/537.36 (KHTML, like Gecko; compatible; ClaudeBot/1.0; +claudebot@anthropic.com)" "-"
74.7.243.0 - - [07/Aug/2026:07:19:37 +0200] "GET /wp-content/uploads/WPL/83/403.php?lokasie=/proc/thread-self/root/usr/lib/ruby/2.7.0/bundler/uri_credentials_filter.rb&loknya=/proc/thread-self/root/usr/lib/ruby/2.7.0/bundler HTTP/1.1" 429 267 andalhome.com "https://andalhome.com/wp-content/uploads/WPL/83/403.php?loknya=/proc/thread-self/root/usr/lib/ruby/2.7.0/bundler" "Mozilla/5.0 AppleWebKit/537.36 (KHTML, like Gecko; compatible; GPTBot/1.4; +https://openai.com/gptbot)" "-"
216.73.216.0 - - [07/Aug/2026:07:19:42 +0200] "GET /wp-content/uploads/WPL/83/403.php?loknya=%2Fhomepages%2F6%2Fd789237401 HTTP/1.1" 429 267 andalhome.com "-" "Mozilla/5.0 AppleWebKit/537.36 (KHTML, like Gecko; compatible; ClaudeBot/1.0; +claudebot@anthropic.com)" "-"
216.73.216.0 - - [07/Aug/2026:07:19:47 +0200] "GET /wp-content/uploads/WPL/83/403.php?loknya=%2Fhomepages%2F29%2Fd503873211 HTTP/1.1" 429 267 andalhome.com "-" "Mozilla/5.0 AppleWebKit/537.36 (KHTML, like Gecko; compatible; ClaudeBot/1.0; +claudebot@anthropic.com)" "-"
216.73.216.0 - - [07/Aug/2026:07:19:52 +0200] "GET /wp-content/uploads/WPL/83/403.php?loknya=%2Fhomepages%2F44%2Fd789213986 HTTP/1.1" 429 267 andalhome.com "-" "Mozilla/5.0 AppleWebKit/537.36 (KHTML, like Gecko; compatible; ClaudeBot/1.0; +claudebot@anthropic.com)" "-"
216.73.216.0 - - [07/Aug/2026:07:19:57 +0200] "GET /wp-content/uploads/WPL/83/403.php?loknya=%2Fhomepages%2F9%2Fd787264250 HTTP/1.1" 429 267 andalhome.com "-" "Mozilla/5.0 AppleWebKit/537.36 (KHTML, like Gecko; compatible; ClaudeBot/1.0; +claudebot@anthropic.com)" "-"
216.73.216.0 - - [07/Aug/2026:07:20:02 +0200] "GET /wp-content/uploads/WPL/83/403.php?loknya=%2Fhomepages%2F6%2Fd787574917 HTTP/1.1" 429 267 andalhome.com "-" "Mozilla/5.0 AppleWebKit/537.36 (KHTML, like Gecko; compatible; ClaudeBot/1.0; +claudebot@anthropic.com)" "-"
216.73.216.0 - - [07/Aug/2026:07:20:07 +0200] "GET /wp-content/uploads/WPL/83/403.php?loknya=%2Fhomepages%2F35%2Fd504982793 HTTP/1.1" 429 267 andalhome.com "-" "Mozilla/5.0 AppleWebKit/537.36 (KHTML, like Gecko; compatible; ClaudeBot/1.0; +claudebot@anthropic.com)" "-"
74.7.243.0 - - [07/Aug/2026:07:20:08 +0200] "GET /wp-content/uploads/WPL/83/403.php?lokasie=/proc/thread-self/root/usr/lib/ruby/2.7.0/rexml/parsers/xpathparser.rb&loknya=/proc/thread-self/root/usr/lib/ruby/2.7.0/rexml/parsers HTTP/1.1" 429 267 andalhome.com "https://andalhome.com/wp-content/uploads/WPL/83/403.php?loknya=/proc/thread-self/root/usr/lib/ruby/2.7.0/rexml/parsers" "Mozilla/5.0 AppleWebKit/537.36 (KHTML, like Gecko; compatible; GPTBot/1.4; +https://openai.com/gptbot)" "-"
216.73.216.0 - - [07/Aug/2026:07:20:12 +0200] "GET /wp-content/uploads/WPL/83/403.php?loknya=%2Fhomepages%2F32%2Fd788941750 HTTP/1.1" 429 267 andalhome.com "-" "Mozilla/5.0 AppleWebKit/537.36 (KHTML, like Gecko; compatible; ClaudeBot/1.0; +claudebot@anthropic.com)" "-"
216.73.216.0 - - [07/Aug/2026:07:20:17 +0200] "GET /wp-content/uploads/WPL/83/403.php?loknya=%2Fhomepages%2F41%2Fd503816118 HTTP/1.1" 429 267 andalhome.com "-" "Mozilla/5.0 AppleWebKit/537.36 (KHTML, like Gecko; compatible; ClaudeBot/1.0; +claudebot@anthropic.com)" "-"
216.73.216.0 - - [07/Aug/2026:07:20:22 +0200] "GET /wp-content/uploads/WPL/83/403.php?loknya=%2Fhomepages%2F46%2Fd505158631 HTTP/1.1" 200 18183 andalhome.com "-" "Mozilla/5.0 AppleWebKit/537.36 (KHTML, like Gecko; compatible; ClaudeBot/1.0; +claudebot@anthropic.com)" "-"
159.146.79.0 - - [07/Aug/2026:07:20:26 +0200] "GET /wp-content/uploads/WPL/1/Nx_70c446.php HTTP/1.1" 404 84352 andalhome.com "-" "python-requests/2.28.1" "-"
216.73.216.0 - - [07/Aug/2026:07:20:27 +0200] "GET /wp-content/uploads/WPL/83/403.php?loknya=%2Fhomepages%2F29%2Fd789312718 HTTP/1.1" 200 19554 andalhome.com "-" "Mozilla/5.0 AppleWebKit/537.36 (KHTML, like Gecko; compatible; ClaudeBot/1.0; +claudebot@anthropic.com)" "-"
216.73.216.0 - - [07/Aug/2026:07:20:30 +0200] "GET /wp-content/uploads/WPL/83/403.php?lokasie=%2Fhomepages%2F2%2Fd502000469%2F.htaccess&loknya=%2Fhomepages%2F2%2Fd502000469 HTTP/1.1" 200 4088 andalhome.com "-" "Mozilla/5.0 AppleWebKit/537.36 (KHTML, like Gecko; compatible; ClaudeBot/1.0; +claudebot@anthropic.com)" "-"
159.146.79.0 - - [07/Aug/2026:07:20:31 +0200] "GET /wp-content/uploads/WPL/2/Nx_70c446.php HTTP/1.1" 404 84351 andalhome.com "-" "python-requests/2.28.1" "-"
216.73.216.0 - - [07/Aug/2026:07:20:35 +0200] "GET /wp-content/uploads/WPL/83/403.php?loknya=%2Fhomepages%2F29%2Fd789122650 HTTP/1.1" 200 18190 andalhome.com "-" "Mozilla/5.0 AppleWebKit/537.36 (KHTML, like Gecko; compatible; ClaudeBot/1.0; +claudebot@anthropic.com)" "-"
159.146.79.0 - - [07/Aug/2026:07:20:36 +0200] "GET /wp-content/uploads/WPL/3/Nx_70c446.php HTTP/1.1" 404 84352 andalhome.com "-" "python-requests/2.28.1" "-"
216.73.216.0 - - [07/Aug/2026:07:20:40 +0200] "GET /wp-content/uploads/WPL/83/403.php?loknya=%2Fhomepages%2F46%2Fd503938088 HTTP/1.1" 200 14129 andalhome.com "-" "Mozilla/5.0 AppleWebKit/537.36 (KHTML, like Gecko; compatible; ClaudeBot/1.0; +claudebot@anthropic.com)" "-"
159.146.79.0 - - [07/Aug/2026:07:20:41 +0200] "GET /wp-content/uploads/WPL/4/Nx_70c446.php HTTP/1.1" 404 84351 andalhome.com "-" "python-requests/2.28.1" "-"
216.73.216.0 - - [07/Aug/2026:07:20:45 +0200] "GET /wp-content/uploads/WPL/83/403.php?loknya=%2Fhomepages%2F6%2Fd789473200 HTTP/1.1" 200 19503 andalhome.com "-" "Mozilla/5.0 AppleWebKit/537.36 (KHTML, like Gecko; compatible; ClaudeBot/1.0; +claudebot@anthropic.com)" "-"
159.146.79.0 - - [07/Aug/2026:07:20:48 +0200] "GET /wp-content/uploads/WPL/5/Nx_70c446.php HTTP/1.1" 404 84351 andalhome.com "-" "python-requests/2.28.1" "-"
82.165.84.0 - - [07/Aug/2026:07:20:49 +0200] "POST /wp-cron.php?doing_wp_cron=1786080049.1123890876770019531250 HTTP/1.1" 200 - andalhome.com "-" "WordPress/6.4.3; https://andalhome.com" "-"
216.73.216.0 - - [07/Aug/2026:07:20:50 +0200] "GET /wp-content/uploads/WPL/83/403.php?loknya=%2Fhomepages%2F41%2Fd503831581 HTTP/1.1" 200 18214 andalhome.com "-" "Mozilla/5.0 AppleWebKit/537.36 (KHTML, like Gecko; compatible; ClaudeBot/1.0; +claudebot@anthropic.com)" "-"
216.73.216.0 - - [07/Aug/2026:07:20:53 +0200] "GET /wp-content/uploads/WPL/83/403.php?lokasie=%2Fhomepages%2F2%2Fd784529266%2F.htaccess&loknya=%2Fhomepages%2F2%2Fd784529266 HTTP/1.1" 200 4088 andalhome.com "-" "Mozilla/5.0 AppleWebKit/537.36 (KHTML, like Gecko; compatible; ClaudeBot/1.0; +claudebot@anthropic.com)" "-"
47.82.14.0 - - [07/Aug/2026:07:20:53 +0200] "GET /Originale-RM-C3250-Ricerca-Vocale-Nuovo-k-857285 HTTP/1.1" 429 267 andalhome.com "-" "Mozilla/5.0 (Macintosh; Intel Mac OS X 10_15_7) AppleWebKit/537.36 (KHTML, like Gecko) Chrome/142.0.0.0 Safari/537.36" "-"
47.82.14.0 - - [07/Aug/2026:07:20:53 +0200] "GET /AV-3160-Anemometro-Per-Stazioni-Meteo-k-729172 HTTP/1.1" 429 267 andalhome.com "-" "Mozilla/5.0 (Macintosh; Intel Mac OS X 10_15_7) AppleWebKit/537.36 (KHTML, like Gecko) Chrome/139.0.0.0 Safari/537.36" "-"
159.146.79.0 - - [07/Aug/2026:07:20:54 +0200] "GET /wp-content/uploads/WPL/6/Nx_70c446.php HTTP/1.1" 404 84352 andalhome.com "-" "python-requests/2.28.1" "-"
216.73.216.0 - - [07/Aug/2026:07:20:57 +0200] "GET /wp-content/uploads/WPL/83/403.php?lokasie=%2Fhomepages%2F2%2Fd784529266%2Fphpinilist&loknya=%2Fhomepages%2F2%2Fd784529266 HTTP/1.1" 200 4089 andalhome.com "-" "Mozilla/5.0 AppleWebKit/537.36 (KHTML, like Gecko; compatible; ClaudeBot/1.0; +claudebot@anthropic.com)" "-"
159.146.79.0 - - [07/Aug/2026:07:20:59 +0200] "GET /wp-content/uploads/WPL/7/Nx_70c446.php HTTP/1.1" 404 84352 andalhome.com "-" "python-requests/2.28.1" "-"
216.73.216.0 - - [07/Aug/2026:07:21:02 +0200] "GET /wp-content/uploads/WPL/83/403.php?lokasie=%2Fhomepages%2F2%2Fd784573305%2F.created&loknya=%2Fhomepages%2F2%2Fd784573305 HTTP/1.1" 200 4098 andalhome.com "-" "Mozilla/5.0 AppleWebKit/537.36 (KHTML, like Gecko; compatible; ClaudeBot/1.0; +claudebot@anthropic.com)" "-"
47.79.10.0 - - [07/Aug/2026:07:21:03 +0200] "GET /T4S-Supporto-Per-Telefono-T42G-k-736999 HTTP/1.1" 429 267 andalhome.com "-" "Mozilla/5.0 (Macintosh; Intel Mac OS X 10_15_7) AppleWebKit/537.36 (KHTML, like Gecko) Chrome/141.0.0.0 Safari/537.36" "-"
47.79.10.0 - - [07/Aug/2026:07:21:03 +0200] "GET /NBB15-U1K-NO-Nuovo-1PZ-Italia-k-478482 HTTP/1.1" 429 267 andalhome.com "-" "Mozilla/5.0 (Macintosh; Intel Mac OS X 10_15_7) AppleWebKit/537.36 (KHTML, like Gecko) Chrome/139.0.0.0 Safari/537.36" "-"
47.82.54.0 - - [07/Aug/2026:07:21:06 +0200] "GET /Mary-Shazam-Action-Figure-Nuova-k-906044 HTTP/1.1" 429 267 andalhome.com "-" "Mozilla/5.0 (Macintosh; Intel Mac OS X 10_15_7) AppleWebKit/537.36 (KHTML, like Gecko) Chrome/142.0.0.0 Safari/537.36" "-"
47.82.54.0 - - [07/Aug/2026:07:21:06 +0200] "GET /Layout-QWERTY-UK-2-4-GHz-Nero-k-1126346 HTTP/1.1" 429 267 andalhome.com "-" "Mozilla/5.0 (Macintosh; Intel Mac OS X 10_15_7) AppleWebKit/537.36 (KHTML, like Gecko) Chrome/142.0.0.0 Safari/537.36" "-"
159.146.79.0 - - [07/Aug/2026:07:21:06 +0200] "GET /wp-content/uploads/WPL/8/Nx_70c446.php HTTP/1.1" 404 84351 andalhome.com "-" "python-requests/2.28.1" "-"
216.73.216.0 - - [07/Aug/2026:07:21:07 +0200] "GET /wp-content/uploads/WPL/83/403.php?lokasie=%2Fhomepages%2F2%2Fd784573305%2F.htaccess&loknya=%2Fhomepages%2F2%2Fd784573305 HTTP/1.1" 200 4088 andalhome.com "-" "Mozilla/5.0 AppleWebKit/537.36 (KHTML, like Gecko; compatible; ClaudeBot/1.0; +claudebot@anthropic.com)" "-"
74.7.243.0 - - [07/Aug/2026:07:21:10 +0200] "GET /wp-content/uploads/WPL/83/403.php?lokasie=/proc/thread-self/root/usr/lib/ruby/2.7.0/bundler/plugin//source_list.rb&loknya=/proc/thread-self/root/usr/lib/ruby/2.7.0/bundler/plugin/ HTTP/1.1" 200 5278 andalhome.com "https://andalhome.com/wp-content/uploads/WPL/83/403.php?loknya=/proc/thread-self/root/usr/lib/ruby/2.7.0/bundler/plugin/" "Mozilla/5.0 AppleWebKit/537.36 (KHTML, like Gecko; compatible; GPTBot/1.4; +https://openai.com/gptbot)" "-"
