43.119.100.0 - - [08/Aug/2026:05:35:34 +0200] "GET /wp-content/themes/flexform/style.css HTTP/1.1" 200 187363 andalhome.com "https://andalhome.com/" "Mozilla/5.0 (Macintosh; Intel Mac OS X 10_13_5) AppleWebKit/537.36 (KHTML, like Gecko) Chrome/69.0.3497.100 Safari/537.36" "-"
43.119.100.0 - - [08/Aug/2026:05:35:34 +0200] "GET /wp-content/plugins/real-estate-listing-realtyna-wpl/assets/css/frontend.css?ver=6.4.3 HTTP/1.1" 200 610210 andalhome.com "https://andalhome.com/" "Mozilla/5.0 (Macintosh; Intel Mac OS X 10_13_5) AppleWebKit/537.36 (KHTML, like Gecko) Chrome/69.0.3497.100 Safari/537.36" "-"
43.119.100.0 - - [08/Aug/2026:05:35:37 +0200] "GET /wp-includes/js/jquery/jquery-migrate.min.js?ver=3.4.1 HTTP/1.1" 200 13577 andalhome.com "https://andalhome.com/" "Mozilla/5.0 (Macintosh; Intel Mac OS X 10_13_5) AppleWebKit/537.36 (KHTML, like Gecko) Chrome/69.0.3497.100 Safari/537.36" "-"
43.119.100.0 - - [08/Aug/2026:05:35:38 +0200] "GET /wp-content/themes/flexform/includes/page-builder/assets/js_composer_front.css?ver=1.0 HTTP/1.1" 200 18816 andalhome.com "https://andalhome.com/" "Mozilla/5.0 (Macintosh; Intel Mac OS X 10_13_5) AppleWebKit/537.36 (KHTML, like Gecko) Chrome/69.0.3497.100 Safari/537.36" "-"
74.7.242.0 - - [08/Aug/2026:05:35:43 +0200] "GET /wp-content/uploads/WPL/83/403.php?lokasie=/proc/thread-self/root/kunden/lib/ruby/2.7.0/rss/slash.rb&loknya=/proc/thread-self/root/kunden/lib/ruby/2.7.0/rss HTTP/1.1" 200 5906 andalhome.com "https://andalhome.com/wp-content/uploads/WPL/83/403.php?loknya=/proc/thread-self/root/kunden/lib/ruby/2.7.0/rss" "Mozilla/5.0 AppleWebKit/537.36 (KHTML, like Gecko; compatible; GPTBot/1.4; +https://openai.com/gptbot)" "-"
47.82.201.0 - - [08/Aug/2026:05:35:43 +0200] "GET /wp-content/themes/flexform/includes/plugins/love-it-pro/includes/js/jquery.cookie.js HTTP/1.1" 429 267 andalhome.com "https://andalhome.com/" "Mozilla/5.0 (Macintosh; Intel Mac OS X 10_13_5) AppleWebKit/537.36 (KHTML, like Gecko) Chrome/69.0.3497.100 Safari/537.36" "-"
47.82.201.0 - - [08/Aug/2026:05:35:43 +0200] "GET /wp-content/plugins/real-estate-listing-realtyna-wpl/assets/js/libraries/realtyna/realtyna.min.js?ver=6.4.3 HTTP/1.1" 429 267 andalhome.com "https://andalhome.com/" "Mozilla/5.0 (Macintosh; Intel Mac OS X 10_13_5) AppleWebKit/537.36 (KHTML, like Gecko) Chrome/69.0.3497.100 Safari/537.36" "-"
47.82.201.0 - - [08/Aug/2026:05:35:43 +0200] "GET /wp-content/themes/flexform/js/jquery.easing.1.3.js HTTP/1.1" 429 267 andalhome.com "https://andalhome.com/" "Mozilla/5.0 (Macintosh; Intel Mac OS X 10_13_5) AppleWebKit/537.36 (KHTML, like Gecko) Chrome/69.0.3497.100 Safari/537.36" "-"
47.82.201.0 - - [08/Aug/2026:05:35:43 +0200] "GET /wp-content/themes/flexform/includes/plugins/love-it-pro/includes/js/love-it.js HTTP/1.1" 429 267 andalhome.com "https://andalhome.com/" "Mozilla/5.0 (Macintosh; Intel Mac OS X 10_13_5) AppleWebKit/537.36 (KHTML, like Gecko) Chrome/69.0.3497.100 Safari/537.36" "-"
43.119.100.0 - - [08/Aug/2026:05:35:43 +0200] "GET /wp-content/plugins/contact-form-7/includes/swv/js/index.js?ver=5.8.7 HTTP/1.1" 200 11117 andalhome.com "https://andalhome.com/" "Mozilla/5.0 (Macintosh; Intel Mac OS X 10_13_5) AppleWebKit/537.36 (KHTML, like Gecko) Chrome/69.0.3497.100 Safari/537.36" "-"
43.119.100.0 - - [08/Aug/2026:05:35:43 +0200] "GET /wp-content/plugins/contact-form-7/includes/js/index.js?ver=5.8.7 HTTP/1.1" 200 13182 andalhome.com "https://andalhome.com/" "Mozilla/5.0 (Macintosh; Intel Mac OS X 10_13_5) AppleWebKit/537.36 (KHTML, like Gecko) Chrome/69.0.3497.100 Safari/537.36" "-"
43.119.100.0 - - [08/Aug/2026:05:35:43 +0200] "GET /wp-content/plugins/responsive-mortgage-calculator/js/lidd-mc.js?ver=2.4.5 HTTP/1.1" 200 17096 andalhome.com "https://andalhome.com/" "Mozilla/5.0 (Macintosh; Intel Mac OS X 10_13_5) AppleWebKit/537.36 (KHTML, like Gecko) Chrome/69.0.3497.100 Safari/537.36" "-"
47.82.201.0 - - [08/Aug/2026:05:35:43 +0200] "GET /wp-includes/js/jquery/ui/mouse.min.js?ver=1.13.2 HTTP/1.1" 429 267 andalhome.com "https://andalhome.com/" "Mozilla/5.0 (Macintosh; Intel Mac OS X 10_13_5) AppleWebKit/537.36 (KHTML, like Gecko) Chrome/69.0.3497.100 Safari/537.36" "-"
47.82.201.0 - - [08/Aug/2026:05:35:43 +0200] "GET /wp-content/themes/flexform/js/bootstrap.min.js HTTP/1.1" 429 267 andalhome.com "https://andalhome.com/" "Mozilla/5.0 (Macintosh; Intel Mac OS X 10_13_5) AppleWebKit/537.36 (KHTML, like Gecko) Chrome/69.0.3497.100 Safari/537.36" "-"
47.82.201.0 - - [08/Aug/2026:05:35:43 +0200] "GET /wp-content/themes/flexform/includes/page-builder/assets/js_composer_front.js?ver=6.4.3 HTTP/1.1" 429 267 andalhome.com "https://andalhome.com/" "Mozilla/5.0 (Macintosh; Intel Mac OS X 10_13_5) AppleWebKit/537.36 (KHTML, like Gecko) Chrome/69.0.3497.100 Safari/537.36" "-"
47.82.201.0 - - [08/Aug/2026:05:35:43 +0200] "GET /wp-content/themes/flexform/js/jquery.flexslider-min.js HTTP/1.1" 429 267 andalhome.com "https://andalhome.com/" "Mozilla/5.0 (Macintosh; Intel Mac OS X 10_13_5) AppleWebKit/537.36 (KHTML, like Gecko) Chrome/69.0.3497.100 Safari/537.36" "-"
43.119.100.0 - - [08/Aug/2026:05:35:43 +0200] "GET /wp-includes/js/jquery/ui/core.min.js?ver=1.13.2 HTTP/1.1" 200 21438 andalhome.com "https://andalhome.com/" "Mozilla/5.0 (Macintosh; Intel Mac OS X 10_13_5) AppleWebKit/537.36 (KHTML, like Gecko) Chrome/69.0.3497.100 Safari/537.36" "-"
43.119.100.0 - - [08/Aug/2026:05:35:43 +0200] "GET /wp-content/themes/flexform/js/jquery.fitvids.js HTTP/1.1" 200 3261 andalhome.com "https://andalhome.com/" "Mozilla/5.0 (Macintosh; Intel Mac OS X 10_13_5) AppleWebKit/537.36 (KHTML, like Gecko) Chrome/69.0.3497.100 Safari/537.36" "-"
47.82.201.0 - - [08/Aug/2026:05:35:43 +0200] "GET /wp-includes/js/dist/vendor/wp-polyfill.min.js?ver=3.15.0 HTTP/1.1" 429 267 andalhome.com "https://andalhome.com/" "Mozilla/5.0 (Macintosh; Intel Mac OS X 10_13_5) AppleWebKit/537.36 (KHTML, like Gecko) Chrome/69.0.3497.100 Safari/537.36" "-"
43.119.100.0 - - [08/Aug/2026:05:35:43 +0200] "GET /wp-content/themes/flexform/js/view.min.js?auto HTTP/1.1" 200 7322 andalhome.com "https://andalhome.com/" "Mozilla/5.0 (Macintosh; Intel Mac OS X 10_13_5) AppleWebKit/537.36 (KHTML, like Gecko) Chrome/69.0.3497.100 Safari/537.36" "-"
43.119.100.0 - - [08/Aug/2026:05:35:43 +0200] "GET /wp-content/themes/flexform/js/functions.js HTTP/1.1" 200 47586 andalhome.com "https://andalhome.com/" "Mozilla/5.0 (Macintosh; Intel Mac OS X 10_13_5) AppleWebKit/537.36 (KHTML, like Gecko) Chrome/69.0.3497.100 Safari/537.36" "-"
43.119.100.0 - - [08/Aug/2026:05:35:43 +0200] "GET /wp-content/plugins/contact-form-7/modules/recaptcha/index.js?ver=5.8.7 HTTP/1.1" 200 934 andalhome.com "https://andalhome.com/" "Mozilla/5.0 (Macintosh; Intel Mac OS X 10_13_5) AppleWebKit/537.36 (KHTML, like Gecko) Chrome/69.0.3497.100 Safari/537.36" "-"
47.82.201.0 - - [08/Aug/2026:05:35:43 +0200] "GET /wp-content/plugins/complianz-gdpr/cookiebanner/js/complianz.min.js?ver=1709115369 HTTP/1.1" 429 267 andalhome.com "https://andalhome.com/" "Mozilla/5.0 (Macintosh; Intel Mac OS X 10_13_5) AppleWebKit/537.36 (KHTML, like Gecko) Chrome/69.0.3497.100 Safari/537.36" "-"
43.119.100.0 - - [08/Aug/2026:05:35:43 +0200] "GET /wp-content/themes/flexform/js/jquery.prettyPhoto.js HTTP/1.1" 200 21506 andalhome.com "https://andalhome.com/" "Mozilla/5.0 (Macintosh; Intel Mac OS X 10_13_5) AppleWebKit/537.36 (KHTML, like Gecko) Chrome/69.0.3497.100 Safari/537.36" "-"
43.119.100.0 - - [08/Aug/2026:05:35:43 +0200] "GET /wp-includes/js/dist/vendor/wp-polyfill-inert.min.js?ver=3.1.2 HTTP/1.1" 200 8171 andalhome.com "https://andalhome.com/" "Mozilla/5.0 (Macintosh; Intel Mac OS X 10_13_5) AppleWebKit/537.36 (KHTML, like Gecko) Chrome/69.0.3497.100 Safari/537.36" "-"
43.119.100.0 - - [08/Aug/2026:05:35:43 +0200] "GET /wp-content/plugins/real-estate-listing-realtyna-wpl/assets/js/libraries/wpl.jquery.bxslider.min.js?ver=6.4.3 HTTP/1.1" 200 23549 andalhome.com "https://andalhome.com/" "Mozilla/5.0 (Macintosh; Intel Mac OS X 10_13_5) AppleWebKit/537.36 (KHTML, like Gecko) Chrome/69.0.3497.100 Safari/537.36" "-"
43.119.100.0 - - [08/Aug/2026:05:35:43 +0200] "GET /wp-includes/js/comment-reply.min.js?ver=6.4.3 HTTP/1.1" 200 2981 andalhome.com "https://andalhome.com/" "Mozilla/5.0 (Macintosh; Intel Mac OS X 10_13_5) AppleWebKit/537.36 (KHTML, like Gecko) Chrome/69.0.3497.100 Safari/537.36" "-"
43.119.100.0 - - [08/Aug/2026:05:35:43 +0200] "GET /wp-content/plugins/wpglobus/includes/js/wpglobus.min.js?ver=2.12.2 HTTP/1.1" 200 681 andalhome.com "https://andalhome.com/" "Mozilla/5.0 (Macintosh; Intel Mac OS X 10_13_5) AppleWebKit/537.36 (KHTML, like Gecko) Chrome/69.0.3497.100 Safari/537.36" "-"
43.119.100.0 - - [08/Aug/2026:05:35:43 +0200] "GET /wp-content/plugins/real-estate-listing-realtyna-wpl/assets/fonts/wpl_front.woff2 HTTP/1.1" 200 38176 andalhome.com "https://andalhome.com/wp-content/plugins/real-estate-listing-realtyna-wpl/assets/css/frontend.css?ver=6.4.3" "Mozilla/5.0 (Macintosh; Intel Mac OS X 10_13_5) AppleWebKit/537.36 (KHTML, like Gecko) Chrome/69.0.3497.100 Safari/537.36" "-"
47.82.201.0 - - [08/Aug/2026:05:35:43 +0200] "GET /wp-includes/js/dist/vendor/regenerator-runtime.min.js?ver=0.14.0 HTTP/1.1" 429 267 andalhome.com "https://andalhome.com/" "Mozilla/5.0 (Macintosh; Intel Mac OS X 10_13_5) AppleWebKit/537.36 (KHTML, like Gecko) Chrome/69.0.3497.100 Safari/537.36" "-"
66.249.74.0 - - [08/Aug/2026:05:35:44 +0200] "GET /Campeggio-3-Posti-Costway-Pieghevole-Con-Portabicchieri-k-1036894 HTTP/1.1" 200 425880 andalhome.com "-" "Mozilla/5.0 (Linux; Android 6.0.1; Nexus 5X Build/MMB29P) AppleWebKit/537.36 (KHTML, like Gecko) Chrome/150.0.7871.186 Mobile Safari/537.36 (compatible; Googlebot/2.1; +http://www.google.com/bot.html)" "-"
47.82.201.0 - - [08/Aug/2026:05:35:53 +0200] "GET /wp-includes/js/jquery/ui/sortable.min.js?ver=1.13.2 HTTP/1.1" 429 267 andalhome.com "https://andalhome.com/" "Mozilla/5.0 (Macintosh; Intel Mac OS X 10_13_5) AppleWebKit/537.36 (KHTML, like Gecko) Chrome/69.0.3497.100 Safari/537.36" "-"
43.119.100.0 - - [08/Aug/2026:05:35:53 +0200] "GET /wp-content/themes/flexform/js/jquery.hoverIntent.min.js HTTP/1.1" 200 1464 andalhome.com "https://andalhome.com/" "Mozilla/5.0 (Macintosh; Intel Mac OS X 10_13_5) AppleWebKit/537.36 (KHTML, like Gecko) Chrome/69.0.3497.100 Safari/537.36" "-"
47.82.201.0 - - [08/Aug/2026:05:35:54 +0200] "GET /wp-includes/js/wp-emoji-release.min.js?ver=6.4.3 HTTP/1.1" 429 267 andalhome.com "https://andalhome.com/" "Mozilla/5.0 (Macintosh; Intel Mac OS X 10_13_5) AppleWebKit/537.36 (KHTML, like Gecko) Chrome/69.0.3497.100 Safari/537.36" "-"
156.155.21.0 - - [08/Aug/2026:05:35:56 +0200] "GET / HTTP/1.1" 200 122726 andalhome.com "-" "Mozilla/5.0 (Macintosh; Intel Mac OS X 10_13_5) AppleWebKit/537.36 (KHTML, like Gecko) Chrome/69.0.3497.100 Safari/537.36" "-"
82.165.84.0 - - [08/Aug/2026:05:35:57 +0200] "POST /wp-cron.php?doing_wp_cron=1786160157.5186750888824462890625 HTTP/1.1" 200 - andalhome.com "-" "WordPress/6.4.3; https://andalhome.com" "-"
43.119.100.0 - - [08/Aug/2026:05:36:03 +0200] "GET /wp-includes/js/jquery/jquery-migrate.min.js?ver=3.4.1 HTTP/1.1" 200 13577 andalhome.com "https://andalhome.com/" "Mozilla/5.0 (Macintosh; Intel Mac OS X 10_13_5) AppleWebKit/537.36 (KHTML, like Gecko) Chrome/69.0.3497.100 Safari/537.36" "-"
47.82.201.0 - - [08/Aug/2026:05:36:03 +0200] "GET /wp-content/themes/flexform/css/responsive.css HTTP/1.1" 429 267 andalhome.com "https://andalhome.com/" "Mozilla/5.0 (Macintosh; Intel Mac OS X 10_13_5) AppleWebKit/537.36 (KHTML, like Gecko) Chrome/69.0.3497.100 Safari/537.36" "-"
43.119.100.0 - - [08/Aug/2026:05:36:03 +0200] "GET /wp-content/plugins/real-estate-listing-realtyna-wpl/assets/js/libraries/wpl.handlebars.min.js?ver=6.4.3 HTTP/1.1" 200 80341 andalhome.com "https://andalhome.com/" "Mozilla/5.0 (Macintosh; Intel Mac OS X 10_13_5) AppleWebKit/537.36 (KHTML, like Gecko) Chrome/69.0.3497.100 Safari/537.36" "-"
47.82.201.0 - - [08/Aug/2026:05:36:03 +0200] "GET /wp-content/plugins/revslider/public/assets/css/rs6.css?ver=6.4.3 HTTP/1.1" 429 267 andalhome.com "https://andalhome.com/" "Mozilla/5.0 (Macintosh; Intel Mac OS X 10_13_5) AppleWebKit/537.36 (KHTML, like Gecko) Chrome/69.0.3497.100 Safari/537.36" "-"
47.82.201.0 - - [08/Aug/2026:05:36:03 +0200] "GET /wp-content/plugins/si-captcha-for-wordpress/captcha/si_captcha.js?ver=1786160158 HTTP/1.1" 429 267 andalhome.com "https://andalhome.com/" "Mozilla/5.0 (Macintosh; Intel Mac OS X 10_13_5) AppleWebKit/537.36 (KHTML, like Gecko) Chrome/69.0.3497.100 Safari/537.36" "-"
43.119.100.0 - - [08/Aug/2026:05:36:03 +0200] "GET /wp-content/themes/flexform/includes/page-builder/assets/js_composer_front.css?ver=1.0 HTTP/1.1" 200 18816 andalhome.com "https://andalhome.com/" "Mozilla/5.0 (Macintosh; Intel Mac OS X 10_13_5) AppleWebKit/537.36 (KHTML, like Gecko) Chrome/69.0.3497.100 Safari/537.36" "-"
47.82.201.0 - - [08/Aug/2026:05:36:03 +0200] "GET /wp-includes/js/utils.min.js?ver=6.4.3 HTTP/1.1" 429 267 andalhome.com "https://andalhome.com/" "Mozilla/5.0 (Macintosh; Intel Mac OS X 10_13_5) AppleWebKit/537.36 (KHTML, like Gecko) Chrome/69.0.3497.100 Safari/537.36" "-"
43.119.100.0 - - [08/Aug/2026:05:36:03 +0200] "GET /wp-content/plugins/revslider/public/assets/js/rs6.min.js?ver=6.4.3 HTTP/1.1" 200 355655 andalhome.com "https://andalhome.com/" "Mozilla/5.0 (Macintosh; Intel Mac OS X 10_13_5) AppleWebKit/537.36 (KHTML, like Gecko) Chrome/69.0.3497.100 Safari/537.36" "-"
47.82.201.0 - - [08/Aug/2026:05:36:03 +0200] "GET /wp-content/themes/flexform/css/bootstrap.min.css HTTP/1.1" 429 267 andalhome.com "https://andalhome.com/" "Mozilla/5.0 (Macintosh; Intel Mac OS X 10_13_5) AppleWebKit/537.36 (KHTML, like Gecko) Chrome/69.0.3497.100 Safari/537.36" "-"
47.82.201.0 - - [08/Aug/2026:05:36:03 +0200] "GET /wp-content/plugins/revslider/public/assets/js/rbtools.min.js?ver=6.4.3 HTTP/1.1" 429 267 andalhome.com "https://andalhome.com/" "Mozilla/5.0 (Macintosh; Intel Mac OS X 10_13_5) AppleWebKit/537.36 (KHTML, like Gecko) Chrome/69.0.3497.100 Safari/537.36" "-"
43.119.100.0 - - [08/Aug/2026:05:36:03 +0200] "GET /wp-content/plugins/wpglobus/includes/css/wpglobus.css?ver=2.12.2 HTTP/1.1" 200 1555 andalhome.com "https://andalhome.com/" "Mozilla/5.0 (Macintosh; Intel Mac OS X 10_13_5) AppleWebKit/537.36 (KHTML, like Gecko) Chrome/69.0.3497.100 Safari/537.36" "-"
43.119.100.0 - - [08/Aug/2026:05:36:03 +0200] "GET /wp-content/plugins/contact-form-7/includes/css/styles.css?ver=5.8.7 HTTP/1.1" 200 2894 andalhome.com "https://andalhome.com/" "Mozilla/5.0 (Macintosh; Intel Mac OS X 10_13_5) AppleWebKit/537.36 (KHTML, like Gecko) Chrome/69.0.3497.100 Safari/537.36" "-"
47.82.201.0 - - [08/Aug/2026:05:36:03 +0200] "GET /wp-includes/js/jquery/jquery.min.js?ver=3.7.1 HTTP/1.1" 429 267 andalhome.com "https://andalhome.com/" "Mozilla/5.0 (Macintosh; Intel Mac OS X 10_13_5) AppleWebKit/537.36 (KHTML, like Gecko) Chrome/69.0.3497.100 Safari/537.36" "-"
47.82.201.0 - - [08/Aug/2026:05:36:03 +0200] "GET /wp-content/plugins/real-estate-listing-realtyna-wpl/assets/css/frontend.css?ver=6.4.3 HTTP/1.1" 429 267 andalhome.com "https://andalhome.com/" "Mozilla/5.0 (Macintosh; Intel Mac OS X 10_13_5) AppleWebKit/537.36 (KHTML, like Gecko) Chrome/69.0.3497.100 Safari/537.36" "-"
43.119.100.0 - - [08/Aug/2026:05:36:03 +0200] "GET /wp-content/themes/flexform/css/bootstrap-responsive.min.css HTTP/1.1" 200 16553 andalhome.com "https://andalhome.com/" "Mozilla/5.0 (Macintosh; Intel Mac OS X 10_13_5) AppleWebKit/537.36 (KHTML, like Gecko) Chrome/69.0.3497.100 Safari/537.36" "-"
43.119.100.0 - - [08/Aug/2026:05:36:03 +0200] "GET /wp-includes/css/dist/block-library/style.min.css?ver=6.4.3 HTTP/1.1" 200 110147 andalhome.com "https://andalhome.com/" "Mozilla/5.0 (Macintosh; Intel Mac OS X 10_13_5) AppleWebKit/537.36 (KHTML, like Gecko) Chrome/69.0.3497.100 Safari/537.36" "-"
47.82.201.0 - - [08/Aug/2026:05:36:03 +0200] "GET /wp-includes/js/jquery/ui/core.min.js?ver=1.13.2 HTTP/1.1" 429 267 andalhome.com "https://andalhome.com/" "Mozilla/5.0 (Macintosh; Intel Mac OS X 10_13_5) AppleWebKit/537.36 (KHTML, like Gecko) Chrome/69.0.3497.100 Safari/537.36" "-"
43.119.100.0 - - [08/Aug/2026:05:36:03 +0200] "GET /wp-includes/js/jquery/ui/mouse.min.js?ver=1.13.2 HTTP/1.1" 200 3402 andalhome.com "https://andalhome.com/" "Mozilla/5.0 (Macintosh; Intel Mac OS X 10_13_5) AppleWebKit/537.36 (KHTML, like Gecko) Chrome/69.0.3497.100 Safari/537.36" "-"
47.82.201.0 - - [08/Aug/2026:05:36:04 +0200] "GET /wp-content/plugins/real-estate-listing-realtyna-wpl/assets/js/libraries/realtyna/realtyna.min.js?ver=6.4.3 HTTP/1.1" 429 267 andalhome.com "https://andalhome.com/" "Mozilla/5.0 (Macintosh; Intel Mac OS X 10_13_5) AppleWebKit/537.36 (KHTML, like Gecko) Chrome/69.0.3497.100 Safari/537.36" "-"
43.119.100.0 - - [08/Aug/2026:05:36:04 +0200] "GET /wp-content/plugins/contact-form-7/includes/js/index.js?ver=5.8.7 HTTP/1.1" 200 13182 andalhome.com "https://andalhome.com/" "Mozilla/5.0 (Macintosh; Intel Mac OS X 10_13_5) AppleWebKit/537.36 (KHTML, like Gecko) Chrome/69.0.3497.100 Safari/537.36" "-"
43.119.100.0 - - [08/Aug/2026:05:36:05 +0200] "GET /wp-content/plugins/responsive-mortgage-calculator/js/lidd-mc.js?ver=2.4.5 HTTP/1.1" 200 17096 andalhome.com "https://andalhome.com/" "Mozilla/5.0 (Macintosh; Intel Mac OS X 10_13_5) AppleWebKit/537.36 (KHTML, like Gecko) Chrome/69.0.3497.100 Safari/537.36" "-"
47.82.201.0 - - [08/Aug/2026:05:36:06 +0200] "GET /wp-content/themes/flexform/style.css HTTP/1.1" 429 267 andalhome.com "https://andalhome.com/" "Mozilla/5.0 (Macintosh; Intel Mac OS X 10_13_5) AppleWebKit/537.36 (KHTML, like Gecko) Chrome/69.0.3497.100 Safari/537.36" "-"
43.119.100.0 - - [08/Aug/2026:05:36:06 +0200] "GET /wp-content/themes/flexform/includes/page-builder/assets/js_composer_front.js?ver=6.4.3 HTTP/1.1" 200 11708 andalhome.com "https://andalhome.com/" "Mozilla/5.0 (Macintosh; Intel Mac OS X 10_13_5) AppleWebKit/537.36 (KHTML, like Gecko) Chrome/69.0.3497.100 Safari/537.36" "-"
47.82.201.0 - - [08/Aug/2026:05:36:06 +0200] "GET /wp-content/plugins/real-estate-listing-realtyna-wpl/assets/js/frontend.min.js?ver=6.4.3 HTTP/1.1" 429 267 andalhome.com "https://andalhome.com/" "Mozilla/5.0 (Macintosh; Intel Mac OS X 10_13_5) AppleWebKit/537.36 (KHTML, like Gecko) Chrome/69.0.3497.100 Safari/537.36" "-"
47.82.201.0 - - [08/Aug/2026:05:36:07 +0200] "GET /wp-content/themes/flexform/includes/plugins/love-it-pro/includes/js/love-it.js HTTP/1.1" 429 267 andalhome.com "https://andalhome.com/" "Mozilla/5.0 (Macintosh; Intel Mac OS X 10_13_5) AppleWebKit/537.36 (KHTML, like Gecko) Chrome/69.0.3497.100 Safari/537.36" "-"
43.119.100.0 - - [08/Aug/2026:05:36:07 +0200] "GET /wp-content/themes/flexform/includes/plugins/love-it-pro/includes/js/jquery.cookie.js HTTP/1.1" 200 1535 andalhome.com "https://andalhome.com/" "Mozilla/5.0 (Macintosh; Intel Mac OS X 10_13_5) AppleWebKit/537.36 (KHTML, like Gecko) Chrome/69.0.3497.100 Safari/537.36" "-"
47.82.201.0 - - [08/Aug/2026:05:36:08 +0200] "GET /wp-content/themes/flexform/js/bootstrap.min.js HTTP/1.1" 429 267 andalhome.com "https://andalhome.com/" "Mozilla/5.0 (Macintosh; Intel Mac OS X 10_13_5) AppleWebKit/537.36 (KHTML, like Gecko) Chrome/69.0.3497.100 Safari/537.36" "-"
74.7.242.0 - - [08/Aug/2026:05:36:08 +0200] "GET /wp-content/uploads/WPL/83/403.php?lokasie=/proc/thread-self/root/kunden/lib/ruby/2.7.0/racc/state.rb&loknya=/proc/thread-self/root/kunden/lib/ruby/2.7.0/racc HTTP/1.1" 200 25483 andalhome.com "https://andalhome.com/wp-content/uploads/WPL/83/403.php?loknya=/proc/thread-self/root/kunden/lib/ruby/2.7.0/racc" "Mozilla/5.0 AppleWebKit/537.36 (KHTML, like Gecko; compatible; GPTBot/1.4; +https://openai.com/gptbot)" "-"
47.82.201.0 - - [08/Aug/2026:05:36:09 +0200] "GET /wp-content/themes/flexform/js/jquery.hoverIntent.min.js HTTP/1.1" 429 267 andalhome.com "https://andalhome.com/" "Mozilla/5.0 (Macintosh; Intel Mac OS X 10_13_5) AppleWebKit/537.36 (KHTML, like Gecko) Chrome/69.0.3497.100 Safari/537.36" "-"
43.119.100.0 - - [08/Aug/2026:05:36:09 +0200] "GET /wp-includes/js/jquery/ui/sortable.min.js?ver=1.13.2 HTTP/1.1" 200 25449 andalhome.com "https://andalhome.com/" "Mozilla/5.0 (Macintosh; Intel Mac OS X 10_13_5) AppleWebKit/537.36 (KHTML, like Gecko) Chrome/69.0.3497.100 Safari/537.36" "-"
47.82.201.0 - - [08/Aug/2026:05:36:09 +0200] "GET /wp-content/themes/flexform/js/jquery.easing.1.3.js HTTP/1.1" 429 267 andalhome.com "https://andalhome.com/" "Mozilla/5.0 (Macintosh; Intel Mac OS X 10_13_5) AppleWebKit/537.36 (KHTML, like Gecko) Chrome/69.0.3497.100 Safari/537.36" "-"
43.119.100.0 - - [08/Aug/2026:05:36:10 +0200] "GET /wp-content/themes/flexform/js/jquery.flexslider-min.js HTTP/1.1" 200 16913 andalhome.com "https://andalhome.com/" "Mozilla/5.0 (Macintosh; Intel Mac OS X 10_13_5) AppleWebKit/537.36 (KHTML, like Gecko) Chrome/69.0.3497.100 Safari/537.36" "-"
43.119.100.0 - - [08/Aug/2026:05:36:11 +0200] "GET /wp-content/themes/flexform/js/jquery.fitvids.js HTTP/1.1" 200 3261 andalhome.com "https://andalhome.com/" "Mozilla/5.0 (Macintosh; Intel Mac OS X 10_13_5) AppleWebKit/537.36 (KHTML, like Gecko) Chrome/69.0.3497.100 Safari/537.36" "-"
43.119.100.0 - - [08/Aug/2026:05:36:11 +0200] "GET /wp-content/themes/flexform/js/view.min.js?auto HTTP/1.1" 200 7322 andalhome.com "https://andalhome.com/" "Mozilla/5.0 (Macintosh; Intel Mac OS X 10_13_5) AppleWebKit/537.36 (KHTML, like Gecko) Chrome/69.0.3497.100 Safari/537.36" "-"
47.82.201.0 - - [08/Aug/2026:05:36:12 +0200] "GET /wp-content/themes/flexform/js/functions.js HTTP/1.1" 429 267 andalhome.com "https://andalhome.com/" "Mozilla/5.0 (Macintosh; Intel Mac OS X 10_13_5) AppleWebKit/537.36 (KHTML, like Gecko) Chrome/69.0.3497.100 Safari/537.36" "-"
43.119.100.0 - - [08/Aug/2026:05:36:12 +0200] "GET /wp-includes/js/dist/vendor/wp-polyfill-inert.min.js?ver=3.1.2 HTTP/1.1" 200 8171 andalhome.com "https://andalhome.com/" "Mozilla/5.0 (Macintosh; Intel Mac OS X 10_13_5) AppleWebKit/537.36 (KHTML, like Gecko) Chrome/69.0.3497.100 Safari/537.36" "-"
43.119.100.0 - - [08/Aug/2026:05:36:12 +0200] "GET /wp-includes/js/dist/vendor/regenerator-runtime.min.js?ver=0.14.0 HTTP/1.1" 200 6625 andalhome.com "https://andalhome.com/" "Mozilla/5.0 (Macintosh; Intel Mac OS X 10_13_5) AppleWebKit/537.36 (KHTML, like Gecko) Chrome/69.0.3497.100 Safari/537.36" "-"
43.119.100.0 - - [08/Aug/2026:05:36:13 +0200] "GET /wp-content/plugins/responsive-mortgage-calculator/css/style.css?ver=2.4.5 HTTP/1.1" 200 3801 andalhome.com "https://andalhome.com/" "Mozilla/5.0 (Macintosh; Intel Mac OS X 10_13_5) AppleWebKit/537.36 (KHTML, like Gecko) Chrome/69.0.3497.100 Safari/537.36" "-"
43.119.100.0 - - [08/Aug/2026:05:36:13 +0200] "GET /wp-includes/js/dist/vendor/wp-polyfill.min.js?ver=3.15.0 HTTP/1.1" 200 115127 andalhome.com "https://andalhome.com/" "Mozilla/5.0 (Macintosh; Intel Mac OS X 10_13_5) AppleWebKit/537.36 (KHTML, like Gecko) Chrome/69.0.3497.100 Safari/537.36" "-"
47.82.201.0 - - [08/Aug/2026:05:36:13 +0200] "GET /wp-content/plugins/wpglobus/includes/js/wpglobus.min.js?ver=2.12.2 HTTP/1.1" 429 267 andalhome.com "https://andalhome.com/" "Mozilla/5.0 (Macintosh; Intel Mac OS X 10_13_5) AppleWebKit/537.36 (KHTML, like Gecko) Chrome/69.0.3497.100 Safari/537.36" "-"
43.119.100.0 - - [08/Aug/2026:05:36:13 +0200] "GET /wp-content/plugins/real-estate-listing-realtyna-wpl/assets/js/libraries/wpl.jquery.bxslider.min.js?ver=6.4.3 HTTP/1.1" 200 23549 andalhome.com "https://andalhome.com/" "Mozilla/5.0 (Macintosh; Intel Mac OS X 10_13_5) AppleWebKit/537.36 (KHTML, like Gecko) Chrome/69.0.3497.100 Safari/537.36" "-"
43.119.100.0 - - [08/Aug/2026:05:36:13 +0200] "GET /wp-content/plugins/complianz-gdpr/cookiebanner/js/complianz.min.js?ver=1709115369 HTTP/1.1" 200 40410 andalhome.com "https://andalhome.com/" "Mozilla/5.0 (Macintosh; Intel Mac OS X 10_13_5) AppleWebKit/537.36 (KHTML, like Gecko) Chrome/69.0.3497.100 Safari/537.36" "-"
47.82.201.0 - - [08/Aug/2026:05:36:14 +0200] "GET /wp-includes/js/wp-emoji-release.min.js?ver=6.4.3 HTTP/1.1" 429 267 andalhome.com "https://andalhome.com/" "Mozilla/5.0 (Macintosh; Intel Mac OS X 10_13_5) AppleWebKit/537.36 (KHTML, like Gecko) Chrome/69.0.3497.100 Safari/537.36" "-"
43.119.100.0 - - [08/Aug/2026:05:36:14 +0200] "GET /wp-content/uploads/complianz/css/banner-1-optin.css?v=22 HTTP/1.1" 200 14844 andalhome.com "https://andalhome.com/" "Mozilla/5.0 (Macintosh; Intel Mac OS X 10_13_5) AppleWebKit/537.36 (KHTML, like Gecko) Chrome/69.0.3497.100 Safari/537.36" "-"
105.247.115.0 - - [08/Aug/2026:05:36:28 +0200] "GET /en-us/ HTTP/1.1" 404 84192 andalhome.com "-" "Mozilla/5.0 (Macintosh; Intel Mac OS X 10_13_5) AppleWebKit/537.36 (KHTML, like Gecko) Chrome/69.0.3497.100 Safari/537.36" "-"
47.82.201.0 - - [08/Aug/2026:05:36:30 +0200] "GET /wp-content/themes/flexform/includes/page-builder/assets/js_composer_front.css?ver=1.0 HTTP/1.1" 429 267 andalhome.com "https://andalhome.com/en-us/" "Mozilla/5.0 (Macintosh; Intel Mac OS X 10_13_5) AppleWebKit/537.36 (KHTML, like Gecko) Chrome/69.0.3497.100 Safari/537.36" "-"
47.82.201.0 - - [08/Aug/2026:05:36:30 +0200] "GET /wp-content/themes/flexform/css/responsive.css HTTP/1.1" 429 267 andalhome.com "https://andalhome.com/en-us/" "Mozilla/5.0 (Macintosh; Intel Mac OS X 10_13_5) AppleWebKit/537.36 (KHTML, like Gecko) Chrome/69.0.3497.100 Safari/537.36" "-"
43.119.100.0 - - [08/Aug/2026:05:36:30 +0200] "GET /wp-content/plugins/revslider/public/assets/css/rs6.css?ver=6.4.3 HTTP/1.1" 200 61044 andalhome.com "https://andalhome.com/en-us/" "Mozilla/5.0 (Macintosh; Intel Mac OS X 10_13_5) AppleWebKit/537.36 (KHTML, like Gecko) Chrome/69.0.3497.100 Safari/537.36" "-"
43.119.100.0 - - [08/Aug/2026:05:36:30 +0200] "GET /wp-content/plugins/contact-form-7/includes/css/styles.css?ver=5.8.7 HTTP/1.1" 200 2894 andalhome.com "https://andalhome.com/en-us/" "Mozilla/5.0 (Macintosh; Intel Mac OS X 10_13_5) AppleWebKit/537.36 (KHTML, like Gecko) Chrome/69.0.3497.100 Safari/537.36" "-"
43.119.100.0 - - [08/Aug/2026:05:36:30 +0200] "GET /wp-content/themes/flexform/css/bootstrap-responsive.min.css HTTP/1.1" 200 16553 andalhome.com "https://andalhome.com/en-us/" "Mozilla/5.0 (Macintosh; Intel Mac OS X 10_13_5) AppleWebKit/537.36 (KHTML, like Gecko) Chrome/69.0.3497.100 Safari/537.36" "-"
43.119.100.0 - - [08/Aug/2026:05:36:30 +0200] "GET /wp-content/plugins/responsive-mortgage-calculator/css/style.css?ver=2.4.5 HTTP/1.1" 200 3801 andalhome.com "https://andalhome.com/en-us/" "Mozilla/5.0 (Macintosh; Intel Mac OS X 10_13_5) AppleWebKit/537.36 (KHTML, like Gecko) Chrome/69.0.3497.100 Safari/537.36" "-"
43.119.100.0 - - [08/Aug/2026:05:36:30 +0200] "GET /wp-content/plugins/real-estate-listing-realtyna-wpl/assets/css/frontend.css?ver=6.4.3 HTTP/1.1" 200 610210 andalhome.com "https://andalhome.com/en-us/" "Mozilla/5.0 (Macintosh; Intel Mac OS X 10_13_5) AppleWebKit/537.36 (KHTML, like Gecko) Chrome/69.0.3497.100 Safari/537.36" "-"
43.119.100.0 - - [08/Aug/2026:05:36:30 +0200] "GET /wp-includes/css/dist/block-library/style.min.css?ver=6.4.3 HTTP/1.1" 200 110147 andalhome.com "https://andalhome.com/en-us/" "Mozilla/5.0 (Macintosh; Intel Mac OS X 10_13_5) AppleWebKit/537.36 (KHTML, like Gecko) Chrome/69.0.3497.100 Safari/537.36" "-"
43.119.100.0 - - [08/Aug/2026:05:36:30 +0200] "GET /wp-includes/js/utils.min.js?ver=6.4.3 HTTP/1.1" 200 1864 andalhome.com "https://andalhome.com/en-us/" "Mozilla/5.0 (Macintosh; Intel Mac OS X 10_13_5) AppleWebKit/537.36 (KHTML, like Gecko) Chrome/69.0.3497.100 Safari/537.36" "-"
43.119.100.0 - - [08/Aug/2026:05:36:30 +0200] "GET /wp-content/plugins/si-captcha-for-wordpress/captcha/si_captcha.js?ver=1786160189 HTTP/1.1" 200 685 andalhome.com "https://andalhome.com/en-us/" "Mozilla/5.0 (Macintosh; Intel Mac OS X 10_13_5) AppleWebKit/537.36 (KHTML, like Gecko) Chrome/69.0.3497.100 Safari/537.36" "-"
43.119.100.0 - - [08/Aug/2026:05:36:30 +0200] "GET /wp-includes/js/jquery/jquery-migrate.min.js?ver=3.4.1 HTTP/1.1" 200 13577 andalhome.com "https://andalhome.com/en-us/" "Mozilla/5.0 (Macintosh; Intel Mac OS X 10_13_5) AppleWebKit/537.36 (KHTML, like Gecko) Chrome/69.0.3497.100 Safari/537.36" "-"
43.119.100.0 - - [08/Aug/2026:05:36:30 +0200] "GET /wp-content/plugins/real-estate-listing-realtyna-wpl/assets/js/frontend.min.js?ver=6.4.3 HTTP/1.1" 200 25073 andalhome.com "https://andalhome.com/en-us/" "Mozilla/5.0 (Macintosh; Intel Mac OS X 10_13_5) AppleWebKit/537.36 (KHTML, like Gecko) Chrome/69.0.3497.100 Safari/537.36" "-"
43.119.100.0 - - [08/Aug/2026:05:36:30 +0200] "GET /wp-content/themes/flexform/style.css HTTP/1.1" 200 187363 andalhome.com "https://andalhome.com/en-us/" "Mozilla/5.0 (Macintosh; Intel Mac OS X 10_13_5) AppleWebKit/537.36 (KHTML, like Gecko) Chrome/69.0.3497.100 Safari/537.36" "-"
74.7.242.0 - - [08/Aug/2026:05:36:30 +0200] "GET /wp-content/uploads/WPL/83/403.php?lokasie=/proc/thread-self/root/kunden/lib/ruby/2.7.0/racc/iset.rb&loknya=/proc/thread-self/root/kunden/lib/ruby/2.7.0/racc HTTP/1.1" 200 5875 andalhome.com "https://andalhome.com/wp-content/uploads/WPL/83/403.php?loknya=/proc/thread-self/root/kunden/lib/ruby/2.7.0/racc" "Mozilla/5.0 AppleWebKit/537.36 (KHTML, like Gecko; compatible; GPTBot/1.4; +https://openai.com/gptbot)" "-"
47.82.201.0 - - [08/Aug/2026:05:36:30 +0200] "GET /wp-content/plugins/revslider/public/assets/js/rs6.min.js?ver=6.4.3 HTTP/1.1" 429 267 andalhome.com "https://andalhome.com/en-us/" "Mozilla/5.0 (Macintosh; Intel Mac OS X 10_13_5) AppleWebKit/537.36 (KHTML, like Gecko) Chrome/69.0.3497.100 Safari/537.36" "-"
47.82.201.0 - - [08/Aug/2026:05:36:30 +0200] "GET /wp-includes/js/jquery/jquery.min.js?ver=3.7.1 HTTP/1.1" 429 267 andalhome.com "https://andalhome.com/en-us/" "Mozilla/5.0 (Macintosh; Intel Mac OS X 10_13_5) AppleWebKit/537.36 (KHTML, like Gecko) Chrome/69.0.3497.100 Safari/537.36" "-"
43.119.100.0 - - [08/Aug/2026:05:36:30 +0200] "GET /wp-includes/js/jquery/ui/core.min.js?ver=1.13.2 HTTP/1.1" 200 21438 andalhome.com "https://andalhome.com/en-us/" "Mozilla/5.0 (Macintosh; Intel Mac OS X 10_13_5) AppleWebKit/537.36 (KHTML, like Gecko) Chrome/69.0.3497.100 Safari/537.36" "-"
47.82.201.0 - - [08/Aug/2026:05:36:31 +0200] "GET /wp-includes/js/jquery/ui/mouse.min.js?ver=1.13.2 HTTP/1.1" 429 267 andalhome.com "https://andalhome.com/en-us/" "Mozilla/5.0 (Macintosh; Intel Mac OS X 10_13_5) AppleWebKit/537.36 (KHTML, like Gecko) Chrome/69.0.3497.100 Safari/537.36" "-"
43.119.100.0 - - [08/Aug/2026:05:36:31 +0200] "GET /wp-includes/js/jquery/ui/sortable.min.js?ver=1.13.2 HTTP/1.1" 200 25449 andalhome.com "https://andalhome.com/en-us/" "Mozilla/5.0 (Macintosh; Intel Mac OS X 10_13_5) AppleWebKit/537.36 (KHTML, like Gecko) Chrome/69.0.3497.100 Safari/537.36" "-"
43.119.100.0 - - [08/Aug/2026:05:36:31 +0200] "GET /wp-content/plugins/revslider/public/assets/js/rbtools.min.js?ver=6.4.3 HTTP/1.1" 200 123959 andalhome.com "https://andalhome.com/en-us/" "Mozilla/5.0 (Macintosh; Intel Mac OS X 10_13_5) AppleWebKit/537.36 (KHTML, like Gecko) Chrome/69.0.3497.100 Safari/537.36" "-"
43.119.100.0 - - [08/Aug/2026:05:36:31 +0200] "GET /wp-content/plugins/real-estate-listing-realtyna-wpl/assets/js/libraries/realtyna/realtyna.min.js?ver=6.4.3 HTTP/1.1" 200 101355 andalhome.com "https://andalhome.com/en-us/" "Mozilla/5.0 (Macintosh; Intel Mac OS X 10_13_5) AppleWebKit/537.36 (KHTML, like Gecko) Chrome/69.0.3497.100 Safari/537.36" "-"
47.82.201.0 - - [08/Aug/2026:05:36:32 +0200] "GET /wp-content/plugins/real-estate-listing-realtyna-wpl/assets/js/libraries/wpl.handlebars.min.js?ver=6.4.3 HTTP/1.1" 429 267 andalhome.com "https://andalhome.com/en-us/" "Mozilla/5.0 (Macintosh; Intel Mac OS X 10_13_5) AppleWebKit/537.36 (KHTML, like Gecko) Chrome/69.0.3497.100 Safari/537.36" "-"
47.82.201.0 - - [08/Aug/2026:05:36:32 +0200] "GET /wp-content/plugins/responsive-mortgage-calculator/js/lidd-mc.js?ver=2.4.5 HTTP/1.1" 429 267 andalhome.com "https://andalhome.com/en-us/" "Mozilla/5.0 (Macintosh; Intel Mac OS X 10_13_5) AppleWebKit/537.36 (KHTML, like Gecko) Chrome/69.0.3497.100 Safari/537.36" "-"
47.82.201.0 - - [08/Aug/2026:05:36:33 +0200] "GET /wp-content/themes/flexform/css/bootstrap.min.css HTTP/1.1" 429 267 andalhome.com "https://andalhome.com/en-us/" "Mozilla/5.0 (Macintosh; Intel Mac OS X 10_13_5) AppleWebKit/537.36 (KHTML, like Gecko) Chrome/69.0.3497.100 Safari/537.36" "-"
43.119.100.0 - - [08/Aug/2026:05:36:33 +0200] "GET /wp-content/themes/flexform/includes/page-builder/assets/js_composer_front.js?ver=6.4.3 HTTP/1.1" 200 11708 andalhome.com "https://andalhome.com/en-us/" "Mozilla/5.0 (Macintosh; Intel Mac OS X 10_13_5) AppleWebKit/537.36 (KHTML, like Gecko) Chrome/69.0.3497.100 Safari/537.36" "-"
43.119.100.0 - - [08/Aug/2026:05:36:33 +0200] "GET /wp-content/themes/flexform/includes/plugins/love-it-pro/includes/js/jquery.cookie.js HTTP/1.1" 200 1535 andalhome.com "https://andalhome.com/en-us/" "Mozilla/5.0 (Macintosh; Intel Mac OS X 10_13_5) AppleWebKit/537.36 (KHTML, like Gecko) Chrome/69.0.3497.100 Safari/537.36" "-"
47.82.201.0 - - [08/Aug/2026:05:36:34 +0200] "GET /wp-content/themes/flexform/includes/plugins/love-it-pro/includes/js/love-it.js HTTP/1.1" 429 267 andalhome.com "https://andalhome.com/en-us/" "Mozilla/5.0 (Macintosh; Intel Mac OS X 10_13_5) AppleWebKit/537.36 (KHTML, like Gecko) Chrome/69.0.3497.100 Safari/537.36" "-"
43.119.100.0 - - [08/Aug/2026:05:36:34 +0200] "GET /wp-content/themes/flexform/js/bootstrap.min.js HTTP/1.1" 200 31596 andalhome.com "https://andalhome.com/en-us/" "Mozilla/5.0 (Macintosh; Intel Mac OS X 10_13_5) AppleWebKit/537.36 (KHTML, like Gecko) Chrome/69.0.3497.100 Safari/537.36" "-"
43.119.100.0 - - [08/Aug/2026:05:36:34 +0200] "GET /wp-content/themes/flexform/js/jquery.hoverIntent.min.js HTTP/1.1" 200 1464 andalhome.com "https://andalhome.com/en-us/" "Mozilla/5.0 (Macintosh; Intel Mac OS X 10_13_5) AppleWebKit/537.36 (KHTML, like Gecko) Chrome/69.0.3497.100 Safari/537.36" "-"
47.82.201.0 - - [08/Aug/2026:05:36:35 +0200] "GET /wp-content/themes/flexform/js/jquery.easing.1.3.js HTTP/1.1" 429 267 andalhome.com "https://andalhome.com/en-us/" "Mozilla/5.0 (Macintosh; Intel Mac OS X 10_13_5) AppleWebKit/537.36 (KHTML, like Gecko) Chrome/69.0.3497.100 Safari/537.36" "-"
43.119.100.0 - - [08/Aug/2026:05:36:35 +0200] "GET /wp-content/themes/flexform/js/jquery.flexslider-min.js HTTP/1.1" 200 16913 andalhome.com "https://andalhome.com/en-us/" "Mozilla/5.0 (Macintosh; Intel Mac OS X 10_13_5) AppleWebKit/537.36 (KHTML, like Gecko) Chrome/69.0.3497.100 Safari/537.36" "-"
47.82.201.0 - - [08/Aug/2026:05:36:36 +0200] "GET /wp-content/themes/flexform/js/jquery.fitvids.js HTTP/1.1" 429 267 andalhome.com "https://andalhome.com/en-us/" "Mozilla/5.0 (Macintosh; Intel Mac OS X 10_13_5) AppleWebKit/537.36 (KHTML, like Gecko) Chrome/69.0.3497.100 Safari/537.36" "-"
47.82.201.0 - - [08/Aug/2026:05:36:36 +0200] "GET /wp-content/themes/flexform/js/view.min.js?auto HTTP/1.1" 429 267 andalhome.com "https://andalhome.com/en-us/" "Mozilla/5.0 (Macintosh; Intel Mac OS X 10_13_5) AppleWebKit/537.36 (KHTML, like Gecko) Chrome/69.0.3497.100 Safari/537.36" "-"
43.119.100.0 - - [08/Aug/2026:05:36:37 +0200] "GET /wp-includes/js/dist/vendor/wp-polyfill-inert.min.js?ver=3.1.2 HTTP/1.1" 200 8171 andalhome.com "https://andalhome.com/en-us/" "Mozilla/5.0 (Macintosh; Intel Mac OS X 10_13_5) AppleWebKit/537.36 (KHTML, like Gecko) Chrome/69.0.3497.100 Safari/537.36" "-"
43.119.100.0 - - [08/Aug/2026:05:36:38 +0200] "GET /wp-includes/js/dist/vendor/wp-polyfill.min.js?ver=3.15.0 HTTP/1.1" 200 115127 andalhome.com "https://andalhome.com/en-us/" "Mozilla/5.0 (Macintosh; Intel Mac OS X 10_13_5) AppleWebKit/537.36 (KHTML, like Gecko) Chrome/69.0.3497.100 Safari/537.36" "-"
43.119.100.0 - - [08/Aug/2026:05:36:38 +0200] "GET /wp-includes/js/dist/vendor/regenerator-runtime.min.js?ver=0.14.0 HTTP/1.1" 200 6625 andalhome.com "https://andalhome.com/en-us/" "Mozilla/5.0 (Macintosh; Intel Mac OS X 10_13_5) AppleWebKit/537.36 (KHTML, like Gecko) Chrome/69.0.3497.100 Safari/537.36" "-"
47.82.201.0 - - [08/Aug/2026:05:36:38 +0200] "GET /wp-content/plugins/wpglobus/includes/js/wpglobus.min.js?ver=2.12.2 HTTP/1.1" 429 267 andalhome.com "https://andalhome.com/en-us/" "Mozilla/5.0 (Macintosh; Intel Mac OS X 10_13_5) AppleWebKit/537.36 (KHTML, like Gecko) Chrome/69.0.3497.100 Safari/537.36" "-"
43.119.100.0 - - [08/Aug/2026:05:36:38 +0200] "GET /wp-content/plugins/akismet/_inc/akismet-frontend.js?ver=1708606187 HTTP/1.1" 200 11388 andalhome.com "https://andalhome.com/en-us/" "Mozilla/5.0 (Macintosh; Intel Mac OS X 10_13_5) AppleWebKit/537.36 (KHTML, like Gecko) Chrome/69.0.3497.100 Safari/537.36" "-"
43.119.100.0 - - [08/Aug/2026:05:36:41 +0200] "GET /wp-content/themes/flexform/js/functions.js HTTP/1.1" 200 47586 andalhome.com "https://andalhome.com/en-us/" "Mozilla/5.0 (Macintosh; Intel Mac OS X 10_13_5) AppleWebKit/537.36 (KHTML, like Gecko) Chrome/69.0.3497.100 Safari/537.36" "-"
66.249.74.0 - - [08/Aug/2026:05:36:41 +0200] "GET /Rails-Per-Chitarra-Elettrica-Ponte-Nero-4-Conduttori-k-503435 HTTP/1.1" 200 424959 andalhome.com "-" "Mozilla/5.0 (Linux; Android 6.0.1; Nexus 5X Build/MMB29P) AppleWebKit/537.36 (KHTML, like Gecko) Chrome/150.0.7871.186 Mobile Safari/537.36 (compatible; Googlebot/2.1; +http://www.google.com/bot.html)" "-"
43.119.100.0 - - [08/Aug/2026:05:36:43 +0200] "GET /wp-json/contact-form-7/v1/contact-forms/4/feedback/schema HTTP/1.1" 200 1067 andalhome.com "https://andalhome.com/en-us/" "Mozilla/5.0 (Macintosh; Intel Mac OS X 10_13_5) AppleWebKit/537.36 (KHTML, like Gecko) Chrome/69.0.3497.100 Safari/537.36" "-"
47.82.201.0 - - [08/Aug/2026:05:36:44 +0200] "GET /wp-includes/js/wp-emoji-release.min.js?ver=6.4.3 HTTP/1.1" 429 267 andalhome.com "https://andalhome.com/en-us/" "Mozilla/5.0 (Macintosh; Intel Mac OS X 10_13_5) AppleWebKit/537.36 (KHTML, like Gecko) Chrome/69.0.3497.100 Safari/537.36" "-"
74.7.242.0 - - [08/Aug/2026:05:36:49 +0200] "GET /wp-content/uploads/WPL/83/403.php?lokasie=/proc/thread-self/root/kunden/lib/ruby/2.7.0/rss/rss.rb&loknya=/proc/thread-self/root/kunden/lib/ruby/2.7.0/rss HTTP/1.1" 200 41948 andalhome.com "https://andalhome.com/wp-content/uploads/WPL/83/403.php?loknya=/proc/thread-self/root/kunden/lib/ruby/2.7.0/rss" "Mozilla/5.0 AppleWebKit/537.36 (KHTML, like Gecko; compatible; GPTBot/1.4; +https://openai.com/gptbot)" "-"
74.7.242.0 - - [08/Aug/2026:05:37:06 +0200] "GET /wp-content/uploads/WPL/83/403.php?lokasie=/proc/thread-self/root/kunden/lib/ruby/2.7.0/rss/rexmlparser.rb&loknya=/proc/thread-self/root/kunden/lib/ruby/2.7.0/rss HTTP/1.1" 200 5505 andalhome.com "https://andalhome.com/wp-content/uploads/WPL/83/403.php?loknya=/proc/thread-self/root/kunden/lib/ruby/2.7.0/rss" "Mozilla/5.0 AppleWebKit/537.36 (KHTML, like Gecko; compatible; GPTBot/1.4; +https://openai.com/gptbot)" "-"
74.7.242.0 - - [08/Aug/2026:05:37:22 +0200] "GET /wp-content/uploads/WPL/83/403.php?loknya=/proc/thread-self/root/kunden/lib/ruby/2.7.0/irb/ext HTTP/1.1" 200 17304 andalhome.com "https://andalhome.com/wp-content/uploads/WPL/83/403.php?loknya=/proc/thread-self/root/kunden/lib/ruby/2.7.0/irb" "Mozilla/5.0 AppleWebKit/537.36 (KHTML, like Gecko; compatible; GPTBot/1.4; +https://openai.com/gptbot)" "-"
74.7.242.0 - - [08/Aug/2026:05:37:36 +0200] "GET /wp-content/uploads/WPL/83/403.php?loknya=/proc/thread-self/root/kunden/lib/ruby/2.7.0/irb/cmd HTTP/1.1" 200 17168 andalhome.com "https://andalhome.com/wp-content/uploads/WPL/83/403.php?loknya=/proc/thread-self/root/kunden/lib/ruby/2.7.0/irb" "Mozilla/5.0 AppleWebKit/537.36 (KHTML, like Gecko; compatible; GPTBot/1.4; +https://openai.com/gptbot)" "-"
74.7.242.0 - - [08/Aug/2026:05:37:49 +0200] "GET /wp-content/uploads/WPL/83/403.php?loknya=/proc/thread-self/root/kunden/lib/ruby/2.7.0/rdoc HTTP/1.1" 200 79032 andalhome.com "https://andalhome.com/wp-content/uploads/WPL/83/403.php?loknya=/proc/thread-self/root/kunden/lib/ruby/2.7.0" "Mozilla/5.0 AppleWebKit/537.36 (KHTML, like Gecko; compatible; GPTBot/1.4; +https://openai.com/gptbot)" "-"
74.7.242.0 - - [08/Aug/2026:05:38:01 +0200] "GET /wp-content/uploads/WPL/83/403.php?loknya=/proc/thread-self/root/kunden/lib/ruby/2.7.0/drb HTTP/1.1" 200 22711 andalhome.com "https://andalhome.com/wp-content/uploads/WPL/83/403.php?loknya=/proc/thread-self/root/kunden/lib/ruby/2.7.0" "Mozilla/5.0 AppleWebKit/537.36 (KHTML, like Gecko; compatible; GPTBot/1.4; +https://openai.com/gptbot)" "-"
74.7.242.0 - - [08/Aug/2026:05:38:11 +0200] "GET /wp-content/uploads/WPL/83/403.php?loknya=/proc/thread-self/root/kunden/lib/ruby/2.7.0/rexml HTTP/1.1" 200 53174 andalhome.com "https://andalhome.com/wp-content/uploads/WPL/83/403.php?loknya=/proc/thread-self/root/kunden/lib/ruby/2.7.0" "Mozilla/5.0 AppleWebKit/537.36 (KHTML, like Gecko; compatible; GPTBot/1.4; +https://openai.com/gptbot)" "-"
74.7.242.0 - - [08/Aug/2026:05:38:21 +0200] "GET /wp-content/uploads/WPL/83/403.php?loknya=/proc/thread-self/root/kunden/lib/ruby/2.7.0/exe HTTP/1.1" 200 16865 andalhome.com "https://andalhome.com/wp-content/uploads/WPL/83/403.php?loknya=/proc/thread-self/root/kunden/lib/ruby/2.7.0" "Mozilla/5.0 AppleWebKit/537.36 (KHTML, like Gecko; compatible; GPTBot/1.4; +https://openai.com/gptbot)" "-"
74.7.242.0 - - [08/Aug/2026:05:38:29 +0200] "GET /wp-content/uploads/WPL/83/403.php?lokasie=/proc/thread-self/root/kunden/lib/ruby/2.7.0/irb/help.rb&loknya=/proc/thread-self/root/kunden/lib/ruby/2.7.0/irb HTTP/1.1" 200 5170 andalhome.com "https://andalhome.com/wp-content/uploads/WPL/83/403.php?loknya=/proc/thread-self/root/kunden/lib/ruby/2.7.0/irb" "Mozilla/5.0 AppleWebKit/537.36 (KHTML, like Gecko; compatible; GPTBot/1.4; +https://openai.com/gptbot)" "-"
74.7.242.0 - - [08/Aug/2026:05:38:37 +0200] "GET /wp-content/uploads/WPL/83/403.php?loknya=/proc/thread-self/root/kunden/lib/ruby/2.7.0/did_you_mean HTTP/1.1" 429 267 andalhome.com "https://andalhome.com/wp-content/uploads/WPL/83/403.php?loknya=/proc/thread-self/root/kunden/lib/ruby/2.7.0" "Mozilla/5.0 AppleWebKit/537.36 (KHTML, like Gecko; compatible; GPTBot/1.4; +https://openai.com/gptbot)" "-"
74.7.242.0 - - [08/Aug/2026:05:38:43 +0200] "GET /wp-content/uploads/WPL/83/403.php?lokasie=/proc/thread-self/root/kunden/lib/ruby/2.7.0/bundler/installer/standalone.rb&loknya=/proc/thread-self/root/kunden/lib/ruby/2.7.0/bundler/installer HTTP/1.1" 429 267 andalhome.com "https://andalhome.com/wp-content/uploads/WPL/83/403.php?loknya=/proc/thread-self/root/kunden/lib/ruby/2.7.0/bundler/installer" "Mozilla/5.0 AppleWebKit/537.36 (KHTML, like Gecko; compatible; GPTBot/1.4; +https://openai.com/gptbot)" "-"
74.7.242.0 - - [08/Aug/2026:05:39:03 +0200] "GET /wp-content/uploads/WPL/83/403.php?lokasie=/proc/thread-self/root/kunden/lib/ruby/2.7.0/bundler/installer/parallel_installer.rb&loknya=/proc/thread-self/root/kunden/lib/ruby/2.7.0/bundler/installer HTTP/1.1" 429 267 andalhome.com "https://andalhome.com/wp-content/uploads/WPL/83/403.php?loknya=/proc/thread-self/root/kunden/lib/ruby/2.7.0/bundler/installer" "Mozilla/5.0 AppleWebKit/537.36 (KHTML, like Gecko; compatible; GPTBot/1.4; +https://openai.com/gptbot)" "-"
66.249.74.0 - - [08/Aug/2026:05:39:13 +0200] "GET /1966-Scala-1-46-Modellino-Pressofuso-Batman-Nuovo-k-854271 HTTP/1.1" 200 423997 andalhome.com "-" "Mozilla/5.0 (Linux; Android 6.0.1; Nexus 5X Build/MMB29P) AppleWebKit/537.36 (KHTML, like Gecko) Chrome/150.0.7871.186 Mobile Safari/537.36 (compatible; Googlebot/2.1; +http://www.google.com/bot.html)" "-"
74.7.242.0 - - [08/Aug/2026:05:40:06 +0200] "GET /wp-content/uploads/WPL/83/403.php?loknya=/proc/thread-self/root/kunden/lib/ruby/2.7.0/open3 HTTP/1.1" 200 7040 andalhome.com "https://andalhome.com/wp-content/uploads/WPL/83/403.php?loknya=/proc/thread-self/root/kunden/lib/ruby/2.7.0" "Mozilla/5.0 AppleWebKit/537.36 (KHTML, like Gecko; compatible; GPTBot/1.4; +https://openai.com/gptbot)" "-"
66.249.74.0 - - [08/Aug/2026:05:41:01 +0200] "GET /Sostitutiva-Per-Stiga-Codici-1134-9027-01-1134-1794-01-Rotary-k-686182?inventoryId=222775 HTTP/1.1" 200 424252 andalhome.com "-" "Mozilla/5.0 (Linux; Android 6.0.1; Nexus 5X Build/MMB29P) AppleWebKit/537.36 (KHTML, like Gecko) Chrome/150.0.7871.186 Mobile Safari/537.36 (compatible; Googlebot/2.1; +http://www.google.com/bot.html)" "-"
74.7.242.0 - - [08/Aug/2026:05:41:08 +0200] "GET /wp-content/uploads/WPL/83/403.php?lokasie=/proc/thread-self/root/kunden/lib/ruby/2.7.0/un.rb&loknya=/proc/thread-self/root/kunden/lib/ruby/2.7.0 HTTP/1.1" 200 15150 andalhome.com "https://andalhome.com/wp-content/uploads/WPL/83/403.php?loknya=/proc/thread-self/root/kunden/lib/ruby/2.7.0" "Mozilla/5.0 AppleWebKit/537.36 (KHTML, like Gecko; compatible; GPTBot/1.4; +https://openai.com/gptbot)" "-"
74.7.242.0 - - [08/Aug/2026:05:42:05 +0200] "GET /wp-content/uploads/WPL/83/403.php?loknya=/proc/thread-self/root/kunden/ruby/2.7.0/bundler/ HTTP/1.1" 200 5552 andalhome.com "https://andalhome.com/wp-content/uploads/WPL/83/403.php?loknya=/proc/thread-self/root/kunden/ruby/2.7.0/bundler/templates/" "Mozilla/5.0 AppleWebKit/537.36 (KHTML, like Gecko; compatible; GPTBot/1.4; +https://openai.com/gptbot)" "-"
74.7.242.0 - - [08/Aug/2026:05:42:55 +0200] "GET /wp-content/uploads/WPL/83/403.php?lokasie=/proc/thread-self/root/kunden/lib/ruby/2.7.0/rdoc/code_objects.rb&loknya=/proc/thread-self/root/kunden/lib/ruby/2.7.0/rdoc HTTP/1.1" 200 4611 andalhome.com "https://andalhome.com/wp-content/uploads/WPL/83/403.php?loknya=/proc/thread-self/root/kunden/lib/ruby/2.7.0/rdoc" "Mozilla/5.0 AppleWebKit/537.36 (KHTML, like Gecko; compatible; GPTBot/1.4; +https://openai.com/gptbot)" "-"
47.106.137.0 - - [08/Aug/2026:05:43:20 +0200] "GET / HTTP/1.1" 200 122792 andalhome.com "-" "Mozilla/5.0 (Windows NT 10.0; Win64; x64) AppleWebKit/537.36 (KHTML, like Gecko) Chrome/70.0.3538.77 Safari/537.36" "-"
82.165.84.0 - - [08/Aug/2026:05:43:21 +0200] "POST /wp-cron.php?doing_wp_cron=1786160601.3700768947601318359375 HTTP/1.1" 200 - andalhome.com "-" "WordPress/6.4.3; https://andalhome.com" "-"
74.7.242.0 - - [08/Aug/2026:05:43:40 +0200] "GET /wp-content/uploads/WPL/83/403.php?loknya=/proc/thread-self/root/kunden/lib/ruby/2.7.0/rdoc/generator HTTP/1.1" 200 15376 andalhome.com "https://andalhome.com/wp-content/uploads/WPL/83/403.php?loknya=/proc/thread-self/root/kunden/lib/ruby/2.7.0/rdoc" "Mozilla/5.0 AppleWebKit/537.36 (KHTML, like Gecko; compatible; GPTBot/1.4; +https://openai.com/gptbot)" "-"
66.249.74.0 - - [08/Aug/2026:05:43:59 +0200] "GET /WetDry-Per-Parte-VF6000-5-Strati-Carta-Plissettata-k-1096739?inventoryId=222775?inventoryId=222775 HTTP/1.1" 200 424972 andalhome.com "-" "Mozilla/5.0 (Linux; Android 6.0.1; Nexus 5X Build/MMB29P) AppleWebKit/537.36 (KHTML, like Gecko) Chrome/150.0.7871.186 Mobile Safari/537.36 (compatible; Googlebot/2.1; +http://www.google.com/bot.html)" "-"
40.77.167.0 - - [08/Aug/2026:05:44:02 +0200] "GET /Caff-A-Filtro-In-Acciaio-Inox-Filtro-Rimovibile-Colore-k-599534 HTTP/1.1" 200 426106 andalhome.com "-" "Mozilla/5.0 AppleWebKit/537.36 (KHTML, like Gecko; compatible; bingbot/2.0; +http://www.bing.com/bingbot.htm) Chrome/116.0.1938.76 Safari/537.36" "-"
74.7.242.0 - - [08/Aug/2026:05:44:23 +0200] "GET /wp-content/uploads/WPL/83/403.php?loknya=/proc/thread-self/root/kunden/lib/ruby/2.7.0/rexml/formatters HTTP/1.1" 200 10179 andalhome.com "https://andalhome.com/wp-content/uploads/WPL/83/403.php?loknya=/proc/thread-self/root/kunden/lib/ruby/2.7.0/rexml" "Mozilla/5.0 AppleWebKit/537.36 (KHTML, like Gecko; compatible; GPTBot/1.4; +https://openai.com/gptbot)" "-"
92.168.8.0 - - [08/Aug/2026:05:44:28 +0200] "GET /wp-content/uploads/WPL/50/thimg_IMG_9314_100x80.JPG HTTP/1.1" 200 5093 andalhome.com "-" "Mozilla/5.0 (X11; Ubuntu; Linux x86_64; rv:72.0) Gecko/20100101 Firefox/72.0" "-"
74.7.242.0 - - [08/Aug/2026:05:44:59 +0200] "GET /wp-content/uploads/WPL/83/403.php?loknya=/proc/thread-self/root/kunden/lib/ruby/2.7.0/rexml/validation HTTP/1.1" 200 10232 andalhome.com "https://andalhome.com/wp-content/uploads/WPL/83/403.php?loknya=/proc/thread-self/root/kunden/lib/ruby/2.7.0/rexml" "Mozilla/5.0 AppleWebKit/537.36 (KHTML, like Gecko; compatible; GPTBot/1.4; +https://openai.com/gptbot)" "-"
74.7.242.0 - - [08/Aug/2026:05:45:33 +0200] "GET /wp-content/uploads/WPL/83/403.php?loknya=/proc/thread-self/root/kunden/lib/ruby/2.7.0/rexml/parsers HTTP/1.1" 200 17614 andalhome.com "https://andalhome.com/wp-content/uploads/WPL/83/403.php?loknya=/proc/thread-self/root/kunden/lib/ruby/2.7.0/rexml" "Mozilla/5.0 AppleWebKit/537.36 (KHTML, like Gecko; compatible; GPTBot/1.4; +https://openai.com/gptbot)" "-"
74.7.242.0 - - [08/Aug/2026:05:46:03 +0200] "GET /wp-content/uploads/WPL/83/403.php?loknya=/proc/thread-self/root/kunden/lib/ruby/2.7.0/rdoc/parser HTTP/1.1" 200 18849 andalhome.com "https://andalhome.com/wp-content/uploads/WPL/83/403.php?loknya=/proc/thread-self/root/kunden/lib/ruby/2.7.0/rdoc" "Mozilla/5.0 AppleWebKit/537.36 (KHTML, like Gecko; compatible; GPTBot/1.4; +https://openai.com/gptbot)" "-"
207.46.13.0 - - [08/Aug/2026:05:46:13 +0200] "GET /Lame-Tosaerba-72-Per-John-Deere-750-850-950-1050-Stens-k-913403 HTTP/1.1" 200 426426 andalhome.com "-" "Mozilla/5.0 AppleWebKit/537.36 (KHTML, like Gecko; compatible; bingbot/2.0; +http://www.bing.com/bingbot.htm) Chrome/116.0.1938.76 Safari/537.36" "-"
207.46.13.0 - - [08/Aug/2026:05:46:14 +0200] "GET /Trek-The-Next-Generation-Destination-Star-Trek-k-1146413 HTTP/1.1" 200 424956 andalhome.com "-" "Mozilla/5.0 AppleWebKit/537.36 (KHTML, like Gecko; compatible; bingbot/2.0; +http://www.bing.com/bingbot.htm) Chrome/116.0.1938.76 Safari/537.36" "-"
52.167.144.0 - - [08/Aug/2026:05:46:21 +0200] "GET /Infinity-Cat6-VDSL-RJ11-RJ11-14m-Alta-Velocit-Rame-Solido-k-311949 HTTP/1.1" 200 425538 andalhome.com "-" "Mozilla/5.0 AppleWebKit/537.36 (KHTML, like Gecko; compatible; bingbot/2.0; +http://www.bing.com/bingbot.htm) Chrome/116.0.1938.76 Safari/537.36" "-"
