403Webshell
Server IP : 217.160.0.32  /  Your IP : 216.73.216.36
Web Server : Apache
System : Linux info 3.0 #1337 SMP Tue Jan 01 00:00:00 CEST 2000 all GNU/Linux
User : u75532419 ( 2865557)
PHP Version : 8.2.32
Disable Function : NONE
MySQL : OFF  |  cURL : ON  |  WGET : ON  |  Perl : ON  |  Python : OFF  |  Sudo : OFF  |  Pkexec : OFF
Directory :  /homepages/2/d504930402/htdocs/logs/

Upload File :
current_dir [ Writeable ] document_root [ Writeable ]

 

Command :


[ Back ]     

Current File : /homepages/2/d504930402/htdocs/logs/access.log.current
74.7.242.0 - - [08/Aug/2026:00:00:36 +0200] "GET /wp-content/uploads/WPL/83/403.php?loknya=/proc/thread-self/root/homepages/10/d504499091/managed HTTP/1.1" 200 5567 andalhome.com "https://andalhome.com/wp-content/uploads/WPL/83/403.php?loknya=/proc/thread-self/root/homepages/10/d504499091" "Mozilla/5.0 AppleWebKit/537.36 (KHTML, like Gecko; compatible; GPTBot/1.4; +https://openai.com/gptbot)" "-"
74.7.242.0 - - [08/Aug/2026:00:01:16 +0200] "GET /wp-content/uploads/WPL/83/403.php?loknya=/proc/thread-self/root/homepages/41/d503831581/managed HTTP/1.1" 200 5567 andalhome.com "https://andalhome.com/wp-content/uploads/WPL/83/403.php?loknya=/proc/thread-self/root/homepages/41/d503831581" "Mozilla/5.0 AppleWebKit/537.36 (KHTML, like Gecko; compatible; GPTBot/1.4; +https://openai.com/gptbot)" "-"
74.7.242.0 - - [08/Aug/2026:00:01:54 +0200] "GET /wp-content/uploads/WPL/83/403.php?loknya=/proc/thread-self/root/homepages/34/d505005164/managed HTTP/1.1" 200 5567 andalhome.com "https://andalhome.com/wp-content/uploads/WPL/83/403.php?loknya=/proc/thread-self/root/homepages/34/d505005164" "Mozilla/5.0 AppleWebKit/537.36 (KHTML, like Gecko; compatible; GPTBot/1.4; +https://openai.com/gptbot)" "-"
43.157.147.0 - - [08/Aug/2026:00:02:21 +0200] "GET /en/accesos-directos-inmuebles-en-venta-alquiler-o-compra/inmuebles-en-alquiler/ HTTP/1.1" 200 100028 andalhome.com "-" "Mozilla/5.0 (iPhone; CPU iPhone OS 13_2_3 like Mac OS X) AppleWebKit/605.1.15 (KHTML, like Gecko) Version/13.0.3 Mobile/15E148 Safari/604.1" "-"
82.165.84.0 - - [08/Aug/2026:00:02:24 +0200] "POST /wp-cron.php?doing_wp_cron=1786140143.9849131107330322265625 HTTP/1.1" 200 - andalhome.com "-" "WordPress/6.4.3; https://andalhome.com/en" "-"
74.7.242.0 - - [08/Aug/2026:00:02:27 +0200] "GET /wp-content/uploads/WPL/83/403.php?loknya=/proc/thread-self/root/homepages/30/d502501282/managed HTTP/1.1" 200 5567 andalhome.com "https://andalhome.com/wp-content/uploads/WPL/83/403.php?loknya=/proc/thread-self/root/homepages/30/d502501282" "Mozilla/5.0 AppleWebKit/537.36 (KHTML, like Gecko; compatible; GPTBot/1.4; +https://openai.com/gptbot)" "-"
66.249.74.0 - - [08/Aug/2026:00:02:31 +0200] "GET /Muerte-In-Argento-925-Placcato-Oro-Rodio-Ghiacciato-Con-CZ-k-534905 HTTP/1.1" 200 424613 andalhome.com "-" "Mozilla/5.0 (Linux; Android 6.0.1; Nexus 5X Build/MMB29P) AppleWebKit/537.36 (KHTML, like Gecko) Chrome/150.0.7871.186 Mobile Safari/537.36 (compatible; Googlebot/2.1; +http://www.google.com/bot.html)" "-"
74.7.242.0 - - [08/Aug/2026:00:02:58 +0200] "GET /wp-content/uploads/WPL/83/403.php?loknya=/proc/thread-self/root/homepages/38/d504244238/managed HTTP/1.1" 200 5567 andalhome.com "https://andalhome.com/wp-content/uploads/WPL/83/403.php?loknya=/proc/thread-self/root/homepages/38/d504244238" "Mozilla/5.0 AppleWebKit/537.36 (KHTML, like Gecko; compatible; GPTBot/1.4; +https://openai.com/gptbot)" "-"
74.7.242.0 - - [08/Aug/2026:00:03:24 +0200] "GET /wp-content/uploads/WPL/83/403.php?loknya=/proc/thread-self/root/homepages/35/d788298558/managed HTTP/1.1" 200 5567 andalhome.com "https://andalhome.com/wp-content/uploads/WPL/83/403.php?loknya=/proc/thread-self/root/homepages/35/d788298558" "Mozilla/5.0 AppleWebKit/537.36 (KHTML, like Gecko; compatible; GPTBot/1.4; +https://openai.com/gptbot)" "-"
157.55.39.0 - - [08/Aug/2026:00:03:29 +0200] "GET /17BY-17CA-Con-Tastiera-Retroilluminata-E-Touchpad-PTP-L92783-k-1098503 HTTP/1.1" 200 426646 andalhome.com "-" "Mozilla/5.0 AppleWebKit/537.36 (KHTML, like Gecko; compatible; bingbot/2.0; +http://www.bing.com/bingbot.htm) Chrome/116.0.1938.76 Safari/537.36" "-"
74.7.242.0 - - [08/Aug/2026:00:03:48 +0200] "GET /wp-content/uploads/WPL/83/403.php?loknya=/proc/thread-self/root/homepages/41/d501955905/managed HTTP/1.1" 200 5567 andalhome.com "https://andalhome.com/wp-content/uploads/WPL/83/403.php?loknya=/proc/thread-self/root/homepages/41/d501955905" "Mozilla/5.0 AppleWebKit/537.36 (KHTML, like Gecko; compatible; GPTBot/1.4; +https://openai.com/gptbot)" "-"
34.170.208.0 - - [08/Aug/2026:00:03:49 +0200] "GET /wp-content/uploads/WPL/37/thimg_xfg_250x200.jpg HTTP/1.1" 200 29048 andalhome.com "-" "Mozilla/5.0 (X11; Ubuntu; Linux x86_64; rv:72.0) Gecko/20100101 Firefox/72.0" "-"
74.7.242.0 - - [08/Aug/2026:00:04:09 +0200] "GET /wp-content/uploads/WPL/83/403.php?lokasie=/proc/thread-self/root/homepages/19/d503109310//.created&loknya=/proc/thread-self/root/homepages/19/d503109310/ HTTP/1.1" 200 4323 andalhome.com "https://andalhome.com/wp-content/uploads/WPL/83/403.php?loknya=/proc/thread-self/root/homepages/19/d503109310/" "Mozilla/5.0 AppleWebKit/537.36 (KHTML, like Gecko; compatible; GPTBot/1.4; +https://openai.com/gptbot)" "-"
74.7.242.0 - - [08/Aug/2026:00:04:29 +0200] "GET /wp-content/uploads/WPL/83/403.php?loknya=/proc/thread-self/root/homepages/44/d788783372/ HTTP/1.1" 200 20777 andalhome.com "https://andalhome.com/wp-content/uploads/WPL/83/403.php?loknya=/proc/thread-self/root/homepages/44/d788783372/managed" "Mozilla/5.0 AppleWebKit/537.36 (KHTML, like Gecko; compatible; GPTBot/1.4; +https://openai.com/gptbot)" "-"
74.7.242.0 - - [08/Aug/2026:00:04:46 +0200] "GET /wp-content/uploads/WPL/83/403.php?lokasie=/proc/thread-self/root/homepages/19/d503109310//.htaccess&loknya=/proc/thread-self/root/homepages/19/d503109310/ HTTP/1.1" 200 4313 andalhome.com "https://andalhome.com/wp-content/uploads/WPL/83/403.php?loknya=/proc/thread-self/root/homepages/19/d503109310/" "Mozilla/5.0 AppleWebKit/537.36 (KHTML, like Gecko; compatible; GPTBot/1.4; +https://openai.com/gptbot)" "-"
74.7.242.0 - - [08/Aug/2026:00:05:03 +0200] "GET /wp-content/uploads/WPL/83/403.php?loknya=/proc/thread-self/root/homepages/39/d503590610/managed HTTP/1.1" 200 5567 andalhome.com "https://andalhome.com/wp-content/uploads/WPL/83/403.php?loknya=/proc/thread-self/root/homepages/39/d503590610" "Mozilla/5.0 AppleWebKit/537.36 (KHTML, like Gecko; compatible; GPTBot/1.4; +https://openai.com/gptbot)" "-"
74.7.242.0 - - [08/Aug/2026:00:05:17 +0200] "GET /wp-content/uploads/WPL/83/403.php?loknya=/proc/thread-self/root/homepages/35/d502110200/managed HTTP/1.1" 200 5567 andalhome.com "https://andalhome.com/wp-content/uploads/WPL/83/403.php?loknya=/proc/thread-self/root/homepages/35/d502110200" "Mozilla/5.0 AppleWebKit/537.36 (KHTML, like Gecko; compatible; GPTBot/1.4; +https://openai.com/gptbot)" "-"
74.7.242.0 - - [08/Aug/2026:00:05:30 +0200] "GET /wp-content/uploads/WPL/83/403.php?loknya=/proc/thread-self/root/homepages/29/d503737005/managed HTTP/1.1" 200 5567 andalhome.com "https://andalhome.com/wp-content/uploads/WPL/83/403.php?loknya=/proc/thread-self/root/homepages/29/d503737005" "Mozilla/5.0 AppleWebKit/537.36 (KHTML, like Gecko; compatible; GPTBot/1.4; +https://openai.com/gptbot)" "-"
74.7.242.0 - - [08/Aug/2026:00:05:42 +0200] "GET /wp-content/uploads/WPL/83/403.php?loknya=/proc/thread-self/root/homepages/36/d503874346/managed HTTP/1.1" 200 5567 andalhome.com "https://andalhome.com/wp-content/uploads/WPL/83/403.php?loknya=/proc/thread-self/root/homepages/36/d503874346" "Mozilla/5.0 AppleWebKit/537.36 (KHTML, like Gecko; compatible; GPTBot/1.4; +https://openai.com/gptbot)" "-"
20.125.29.0 - - [08/Aug/2026:00:05:52 +0200] "GET /sw.js HTTP/1.1" 404 84187 andalhome.com "https://andalhome.com/17BY-17CA-Con-Tastiera-Retroilluminata-E-Touchpad-PTP-L92783-k-1098503" "Mozilla/5.0 (Windows NT 10.0; Win64; x64) AppleWebKit/537.36 (KHTML, like Gecko) HeadlessChrome/146.0.7680.165 Safari/537.36" "-"
74.7.242.0 - - [08/Aug/2026:00:05:53 +0200] "GET /wp-content/uploads/WPL/83/403.php?loknya=/proc/thread-self/root/homepages/35/d503723710/managed HTTP/1.1" 200 5567 andalhome.com "https://andalhome.com/wp-content/uploads/WPL/83/403.php?loknya=/proc/thread-self/root/homepages/35/d503723710" "Mozilla/5.0 AppleWebKit/537.36 (KHTML, like Gecko; compatible; GPTBot/1.4; +https://openai.com/gptbot)" "-"
82.165.84.0 - - [08/Aug/2026:00:05:54 +0200] "POST /wp-cron.php?doing_wp_cron=1786140354.3846909999847412109375 HTTP/1.1" 200 - andalhome.com "-" "WordPress/6.4.3; https://andalhome.com" "-"
74.7.242.0 - - [08/Aug/2026:00:06:02 +0200] "GET /wp-content/uploads/WPL/83/403.php?loknya=/proc/thread-self/root/homepages/28/d505209044/managed HTTP/1.1" 200 5567 andalhome.com "https://andalhome.com/wp-content/uploads/WPL/83/403.php?loknya=/proc/thread-self/root/homepages/28/d505209044" "Mozilla/5.0 AppleWebKit/537.36 (KHTML, like Gecko; compatible; GPTBot/1.4; +https://openai.com/gptbot)" "-"
74.7.242.0 - - [08/Aug/2026:00:06:11 +0200] "GET /wp-content/uploads/WPL/83/403.php?loknya=/proc/thread-self/root/homepages/30/d503558688/managed HTTP/1.1" 200 5567 andalhome.com "https://andalhome.com/wp-content/uploads/WPL/83/403.php?loknya=/proc/thread-self/root/homepages/30/d503558688" "Mozilla/5.0 AppleWebKit/537.36 (KHTML, like Gecko; compatible; GPTBot/1.4; +https://openai.com/gptbot)" "-"
74.7.242.0 - - [08/Aug/2026:00:06:19 +0200] "GET /wp-content/uploads/WPL/83/403.php?loknya=/proc/thread-self/root/homepages/37/d504432049/managed HTTP/1.1" 429 267 andalhome.com "https://andalhome.com/wp-content/uploads/WPL/83/403.php?loknya=/proc/thread-self/root/homepages/37/d504432049" "Mozilla/5.0 AppleWebKit/537.36 (KHTML, like Gecko; compatible; GPTBot/1.4; +https://openai.com/gptbot)" "-"
74.7.242.0 - - [08/Aug/2026:00:06:26 +0200] "GET /wp-content/uploads/WPL/83/403.php?loknya=/proc/thread-self/root/homepages/34/d789548334/managed HTTP/1.1" 429 267 andalhome.com "https://andalhome.com/wp-content/uploads/WPL/83/403.php?loknya=/proc/thread-self/root/homepages/34/d789548334" "Mozilla/5.0 AppleWebKit/537.36 (KHTML, like Gecko; compatible; GPTBot/1.4; +https://openai.com/gptbot)" "-"
74.7.242.0 - - [08/Aug/2026:00:06:47 +0200] "GET /wp-content/uploads/WPL/83/403.php?loknya=/proc/thread-self/root/homepages/44/d788783372/.config HTTP/1.1" 429 267 andalhome.com "https://andalhome.com/wp-content/uploads/WPL/83/403.php?loknya=/proc/thread-self/root/homepages/44/d788783372/" "Mozilla/5.0 AppleWebKit/537.36 (KHTML, like Gecko; compatible; GPTBot/1.4; +https://openai.com/gptbot)" "-"
2a03:2880:f800:: - - [08/Aug/2026:00:07:40 +0200] "GET /wp-content/uploads/WPL/83/403.php?loknya=/lib/python3.9/xml/ HTTP/1.1" 200 11660 andalhome.com "-" "Mozilla/5.0 (Windows NT 10.0; Win64; x64) AppleWebKit/537.36 (KHTML, like Gecko) Chrome/145.0.0.0 Safari/537.36 (compatible; meta-externalagent/1.1 (+https://developers.facebook.com/docs/sharing/webmasters/crawler))" "-"
114.119.145.0 - - [08/Aug/2026:00:07:49 +0200] "GET /aqui-estan-los-inmuebles-disponibles-properties/www.facebook.com/andalhome/www.facebook.com/andalhome HTTP/1.1" 302 - andalhome.com "https://andalhome.com/aqui-estan-los-inmuebles-disponibles-properties/www.facebook.com/andalhome/" "Mozilla/5.0 (Linux; Android 7.0;) AppleWebKit/537.36 (HTML, like Gecko) Mobile Safari/537.36 (compatible; PetalBot;+https://webmaster.petalsearch.com/site/petalbot)" "-"
74.7.242.0 - - [08/Aug/2026:00:07:50 +0200] "GET /wp-content/uploads/WPL/83/403.php?lokasie=/proc/thread-self/root/homepages/44/d788783372//metadata.json&loknya=/proc/thread-self/root/homepages/44/d788783372/ HTTP/1.1" 200 4317 andalhome.com "https://andalhome.com/wp-content/uploads/WPL/83/403.php?loknya=/proc/thread-self/root/homepages/44/d788783372/" "Mozilla/5.0 AppleWebKit/537.36 (KHTML, like Gecko; compatible; GPTBot/1.4; +https://openai.com/gptbot)" "-"
114.119.145.0 - - [08/Aug/2026:00:07:53 +0200] "GET /en/aqui-estan-los-inmuebles-disponibles-properties/www.facebook.com/andalhome/www.facebook.com/andalhome HTTP/1.1" 301 - andalhome.com "https://andalhome.com/aqui-estan-los-inmuebles-disponibles-properties/www.facebook.com/andalhome/" "Mozilla/5.0 (Linux; Android 7.0;) AppleWebKit/537.36 (HTML, like Gecko) Mobile Safari/537.36 (compatible; PetalBot;+https://webmaster.petalsearch.com/site/petalbot)" "-"
114.119.145.0 - - [08/Aug/2026:00:07:58 +0200] "GET /en/aqui-estan-los-inmuebles-disponibles-properties/www.facebook.com/andalhome/www.facebook.com/andalhome HTTP/1.1" 301 - andalhome.com "https://andalhome.com/aqui-estan-los-inmuebles-disponibles-properties/www.facebook.com/andalhome/" "Mozilla/5.0 (Linux; Android 7.0;) AppleWebKit/537.36 (HTML, like Gecko) Mobile Safari/537.36 (compatible; PetalBot;+https://webmaster.petalsearch.com/site/petalbot)" "-"
114.119.145.0 - - [08/Aug/2026:00:08:00 +0200] "GET /en/aqui-estan-los-inmuebles-disponibles-properties/www.facebook.com/andalhome/www.facebook.com/andalhome/ HTTP/1.1" 200 80790 andalhome.com "https://andalhome.com/aqui-estan-los-inmuebles-disponibles-properties/www.facebook.com/andalhome/" "Mozilla/5.0 (Linux; Android 7.0;) AppleWebKit/537.36 (HTML, like Gecko) Mobile Safari/537.36 (compatible; PetalBot;+https://webmaster.petalsearch.com/site/petalbot)" "-"
74.7.242.0 - - [08/Aug/2026:00:08:51 +0200] "GET /wp-content/uploads/WPL/83/403.php?lokasie=/proc/thread-self/root/homepages/44/d788783372//.created&loknya=/proc/thread-self/root/homepages/44/d788783372/ HTTP/1.1" 200 4323 andalhome.com "https://andalhome.com/wp-content/uploads/WPL/83/403.php?loknya=/proc/thread-self/root/homepages/44/d788783372/" "Mozilla/5.0 AppleWebKit/537.36 (KHTML, like Gecko; compatible; GPTBot/1.4; +https://openai.com/gptbot)" "-"
66.249.74.0 - - [08/Aug/2026:00:09:21 +0200] "GET /Copriputter-Scotty-Cameron-Phantom-X-Mid-Round-Nuovo-Autentico-k-622975 HTTP/1.1" 200 426938 andalhome.com "-" "Mozilla/5.0 (compatible; Googlebot/2.1; +http://www.google.com/bot.html)" "-"
74.7.242.0 - - [08/Aug/2026:00:09:50 +0200] "GET /wp-content/uploads/WPL/83/403.php?loknya=/proc/thread-self/root/homepages/35/d502110200/ HTTP/1.1" 200 19381 andalhome.com "https://andalhome.com/wp-content/uploads/WPL/83/403.php?loknya=/proc/thread-self/root/homepages/35/d502110200/managed" "Mozilla/5.0 AppleWebKit/537.36 (KHTML, like Gecko; compatible; GPTBot/1.4; +https://openai.com/gptbot)" "-"
74.7.242.0 - - [08/Aug/2026:00:10:43 +0200] "GET /wp-content/uploads/WPL/83/403.php?lokasie=/proc/thread-self/root/homepages/44/d788783372//.htaccess&loknya=/proc/thread-self/root/homepages/44/d788783372/ HTTP/1.1" 200 4313 andalhome.com "https://andalhome.com/wp-content/uploads/WPL/83/403.php?loknya=/proc/thread-self/root/homepages/44/d788783372/" "Mozilla/5.0 AppleWebKit/537.36 (KHTML, like Gecko; compatible; GPTBot/1.4; +https://openai.com/gptbot)" "-"
74.7.242.0 - - [08/Aug/2026:00:11:30 +0200] "GET /wp-content/uploads/WPL/83/403.php?loknya=/proc/thread-self/root/homepages/36/d503874346/ HTTP/1.1" 200 14991 andalhome.com "https://andalhome.com/wp-content/uploads/WPL/83/403.php?loknya=/proc/thread-self/root/homepages/36/d503874346/managed" "Mozilla/5.0 AppleWebKit/537.36 (KHTML, like Gecko; compatible; GPTBot/1.4; +https://openai.com/gptbot)" "-"
74.7.242.0 - - [08/Aug/2026:00:12:11 +0200] "GET /wp-content/uploads/WPL/83/403.php?loknya=/proc/thread-self/root/homepages/44/d790233980/managed HTTP/1.1" 200 5567 andalhome.com "https://andalhome.com/wp-content/uploads/WPL/83/403.php?loknya=/proc/thread-self/root/homepages/44/d790233980" "Mozilla/5.0 AppleWebKit/537.36 (KHTML, like Gecko; compatible; GPTBot/1.4; +https://openai.com/gptbot)" "-"
43.134.94.0 - - [08/Aug/2026:00:12:13 +0200] "GET /en/accesos-directos-inmuebles-en-venta-alquiler-o-compra/se-compra-aqui-estan-los-inmuebles-que-nuestros-clientes-desean-adquirir/ HTTP/1.1" 200 101176 andalhome.com "-" "Mozilla/5.0 (iPhone; CPU iPhone OS 13_2_3 like Mac OS X) AppleWebKit/605.1.15 (KHTML, like Gecko) Version/13.0.3 Mobile/15E148 Safari/604.1" "-"
82.165.84.0 - - [08/Aug/2026:00:12:14 +0200] "POST /wp-cron.php?doing_wp_cron=1786140734.4700710773468017578125 HTTP/1.1" 200 - andalhome.com "-" "WordPress/6.4.3; https://andalhome.com/en" "-"
74.7.242.0 - - [08/Aug/2026:00:12:46 +0200] "GET /wp-content/uploads/WPL/83/403.php?loknya=/proc/thread-self/root/homepages/43/d504272020/managed HTTP/1.1" 200 5567 andalhome.com "https://andalhome.com/wp-content/uploads/WPL/83/403.php?loknya=/proc/thread-self/root/homepages/43/d504272020" "Mozilla/5.0 AppleWebKit/537.36 (KHTML, like Gecko; compatible; GPTBot/1.4; +https://openai.com/gptbot)" "-"
74.7.242.0 - - [08/Aug/2026:00:13:20 +0200] "GET /wp-content/uploads/WPL/83/403.php?loknya=/proc/thread-self/root/homepages/30/d503558688/ HTTP/1.1" 200 17899 andalhome.com "https://andalhome.com/wp-content/uploads/WPL/83/403.php?loknya=/proc/thread-self/root/homepages/30/d503558688/managed" "Mozilla/5.0 AppleWebKit/537.36 (KHTML, like Gecko; compatible; GPTBot/1.4; +https://openai.com/gptbot)" "-"
74.7.242.0 - - [08/Aug/2026:00:13:50 +0200] "GET /wp-content/uploads/WPL/83/403.php?loknya=/proc/thread-self/root/homepages/33/d504731717/managed HTTP/1.1" 200 5567 andalhome.com "https://andalhome.com/wp-content/uploads/WPL/83/403.php?loknya=/proc/thread-self/root/homepages/33/d504731717" "Mozilla/5.0 AppleWebKit/537.36 (KHTML, like Gecko; compatible; GPTBot/1.4; +https://openai.com/gptbot)" "-"
74.7.242.0 - - [08/Aug/2026:00:14:17 +0200] "GET /wp-content/uploads/WPL/83/403.php?loknya=/proc/thread-self/root/homepages/33/d501994343/managed HTTP/1.1" 200 5567 andalhome.com "https://andalhome.com/wp-content/uploads/WPL/83/403.php?loknya=/proc/thread-self/root/homepages/33/d501994343" "Mozilla/5.0 AppleWebKit/537.36 (KHTML, like Gecko; compatible; GPTBot/1.4; +https://openai.com/gptbot)" "-"
50.6.110.0 - - [08/Aug/2026:00:14:19 +0200] "GET /readme.html HTTP/1.1" 200 7399 www.andalhome.com "-" "Mozilla/5.0 (Windows NT 10.0; Win64; x64) AppleWebKit/537.36 (KHTML, like Gecko) Chrome/133.0.0.0 Safari/537.36" "-"
172.173.173.0 - - [08/Aug/2026:00:14:19 +0200] "GET / HTTP/1.1" 302 - www.andalhome.com "-" "Mozilla/5.0 (Windows NT 10.0; Win64; x64) AppleWebKit/537.36 (KHTML, like Gecko) Chrome/133.0.0.0 Safari/537.36" "-"
209.59.172.0 - - [08/Aug/2026:00:14:20 +0200] "GET / HTTP/1.1" 302 - www.andalhome.com "-" "Mozilla/5.0 (Windows NT 10.0; Win64; x64) AppleWebKit/537.36 (KHTML, like Gecko) Chrome/133.0.0.0 Safari/537.36" "-"
209.59.172.0 - - [08/Aug/2026:00:14:25 +0200] "GET /wp-admin/ HTTP/1.1" 302 - andalhome.com "-" "Mozilla/5.0 (Windows NT 10.0; Win64; x64) AppleWebKit/537.36 (KHTML, like Gecko) Chrome/133.0.0.0 Safari/537.36" "-"
172.173.173.0 - - [08/Aug/2026:00:14:25 +0200] "GET /wp-admin/ HTTP/1.1" 302 - andalhome.com "-" "Mozilla/5.0 (Windows NT 10.0; Win64; x64) AppleWebKit/537.36 (KHTML, like Gecko) Chrome/133.0.0.0 Safari/537.36" "-"
172.173.173.0 - - [08/Aug/2026:00:14:28 +0200] "GET /wp-login.php?redirect_to=https%3A%2F%2Fandalhome.com%2Fwp-admin%2F&reauth=1 HTTP/1.1" 200 12761 andalhome.com "-" "Mozilla/5.0 (Windows NT 10.0; Win64; x64) AppleWebKit/537.36 (KHTML, like Gecko) Chrome/133.0.0.0 Safari/537.36" "-"
209.59.172.0 - - [08/Aug/2026:00:14:28 +0200] "GET /wp-login.php?redirect_to=https%3A%2F%2Fandalhome.com%2Fwp-admin%2F&reauth=1 HTTP/1.1" 200 12761 andalhome.com "-" "Mozilla/5.0 (Windows NT 10.0; Win64; x64) AppleWebKit/537.36 (KHTML, like Gecko) Chrome/133.0.0.0 Safari/537.36" "-"
173.249.147.0 - - [08/Aug/2026:00:14:31 +0200] "GET /?rest_route=/wp/v2/users&_fields=slug&per_page=100&page=1 HTTP/1.1" 200 39 www.andalhome.com "-" "Mozilla/5.0 (Windows NT 10.0; Win64; x64) AppleWebKit/537.36 (KHTML, like Gecko) Chrome/133.0.0.0 Safari/537.36" "-"
162.240.101.0 - - [08/Aug/2026:00:14:34 +0200] "GET /feed/atom/ HTTP/1.1" 301 - www.andalhome.com "-" "Mozilla/5.0 (Windows NT 10.0; Win64; x64) AppleWebKit/537.36 (KHTML, like Gecko) Chrome/133.0.0.0 Safari/537.36" "-"
50.6.227.0 - - [08/Aug/2026:00:14:36 +0200] "GET /feed/ HTTP/1.1" 301 - www.andalhome.com "-" "Mozilla/5.0 (Windows NT 10.0; Win64; x64) AppleWebKit/537.36 (KHTML, like Gecko) Chrome/133.0.0.0 Safari/537.36" "-"
162.240.101.0 - - [08/Aug/2026:00:14:37 +0200] "GET /feed/atom/ HTTP/1.1" 302 - andalhome.com "-" "Mozilla/5.0 (Windows NT 10.0; Win64; x64) AppleWebKit/537.36 (KHTML, like Gecko) Chrome/133.0.0.0 Safari/537.36" "-"
162.214.96.0 - - [08/Aug/2026:00:14:40 +0200] "GET /wp-json/wp/v2/users?_fields=slug&per_page=100&page=1 HTTP/1.1" 200 39 www.andalhome.com "-" "Mozilla/5.0 (Windows NT 10.0; Win64; x64) AppleWebKit/537.36 (KHTML, like Gecko) Chrome/133.0.0.0 Safari/537.36" "-"
162.240.101.0 - - [08/Aug/2026:00:14:40 +0200] "GET /en/feed/atom/ HTTP/1.1" 200 784 andalhome.com "-" "Mozilla/5.0 (Windows NT 10.0; Win64; x64) AppleWebKit/537.36 (KHTML, like Gecko) Chrome/133.0.0.0 Safari/537.36" "-"
74.7.242.0 - - [08/Aug/2026:00:14:42 +0200] "GET /wp-content/uploads/WPL/83/403.php?loknya=/proc/thread-self/root/homepages/36/d504993933/managed HTTP/1.1" 200 5567 andalhome.com "https://andalhome.com/wp-content/uploads/WPL/83/403.php?loknya=/proc/thread-self/root/homepages/36/d504993933" "Mozilla/5.0 AppleWebKit/537.36 (KHTML, like Gecko; compatible; GPTBot/1.4; +https://openai.com/gptbot)" "-"
50.6.227.0 - - [08/Aug/2026:00:14:46 +0200] "GET /feed/ HTTP/1.1" 302 - andalhome.com "-" "Mozilla/5.0 (Windows NT 10.0; Win64; x64) AppleWebKit/537.36 (KHTML, like Gecko) Chrome/133.0.0.0 Safari/537.36" "-"
50.6.227.0 - - [08/Aug/2026:00:14:48 +0200] "GET /en/feed/ HTTP/1.1" 200 1154 andalhome.com "-" "Mozilla/5.0 (Windows NT 10.0; Win64; x64) AppleWebKit/537.36 (KHTML, like Gecko) Chrome/133.0.0.0 Safari/537.36" "-"
66.116.205.0 - - [08/Aug/2026:00:14:51 +0200] "GET /wp-json/wp/v2/posts?per_page=20&_embed=author&_fields=_embedded HTTP/1.1" 200 2 www.andalhome.com "-" "Mozilla/5.0 (Windows NT 10.0; Win64; x64) AppleWebKit/537.36 (KHTML, like Gecko) Chrome/133.0.0.0 Safari/537.36" "-"
85.133.169.0 - - [08/Aug/2026:00:14:53 +0200] "GET /wp-json/oembed/1.0/embed?url=https%3A%2F%2Fwww.andalhome.com&format=json HTTP/1.1" 200 2160 www.andalhome.com "-" "Mozilla/5.0 (Windows NT 10.0; Win64; x64) AppleWebKit/537.36 (KHTML, like Gecko) Chrome/133.0.0.0 Safari/537.36" "-"
152.89.64.0 - - [08/Aug/2026:00:14:56 +0200] "GET /?rest_route=/wp/v2/users&_jsonp=callback&per_page=100&_fields=id,slug HTTP/1.1" 200 67 www.andalhome.com "-" "Mozilla/5.0 (Windows NT 10.0; Win64; x64) AppleWebKit/537.36 (KHTML, like Gecko) Chrome/133.0.0.0 Safari/537.36" "-"
152.89.64.0 - - [08/Aug/2026:00:14:59 +0200] "GET /author-sitemap.xml HTTP/1.1" 200 214767 www.andalhome.com "-" "Mozilla/5.0 (Windows NT 10.0; Win64; x64) AppleWebKit/537.36 (KHTML, like Gecko) Chrome/133.0.0.0 Safari/537.36" "-"
74.7.242.0 - - [08/Aug/2026:00:15:05 +0200] "GET /wp-content/uploads/WPL/83/403.php?loknya=/proc/thread-self/root/homepages/38/d785453322/managed HTTP/1.1" 200 5567 andalhome.com "https://andalhome.com/wp-content/uploads/WPL/83/403.php?loknya=/proc/thread-self/root/homepages/38/d785453322" "Mozilla/5.0 AppleWebKit/537.36 (KHTML, like Gecko; compatible; GPTBot/1.4; +https://openai.com/gptbot)" "-"
74.7.242.0 - - [08/Aug/2026:00:15:25 +0200] "GET /wp-content/uploads/WPL/83/403.php?loknya=/proc/thread-self/root/homepages/27/d505058032/managed HTTP/1.1" 200 5567 andalhome.com "https://andalhome.com/wp-content/uploads/WPL/83/403.php?loknya=/proc/thread-self/root/homepages/27/d505058032" "Mozilla/5.0 AppleWebKit/537.36 (KHTML, like Gecko; compatible; GPTBot/1.4; +https://openai.com/gptbot)" "-"
66.249.74.0 - - [08/Aug/2026:00:15:38 +0200] "GET /Carburante-Per-Husqvarna-445-445E-450-Ricambio-Completo-Con-k-896033 HTTP/1.1" 200 426525 andalhome.com "-" "Mozilla/5.0 (Linux; Android 6.0.1; Nexus 5X Build/MMB29P) AppleWebKit/537.36 (KHTML, like Gecko) Chrome/150.0.7871.186 Mobile Safari/537.36 (compatible; Googlebot/2.1; +http://www.google.com/bot.html)" "-"
74.7.242.0 - - [08/Aug/2026:00:15:42 +0200] "GET /wp-content/uploads/WPL/83/403.php?loknya=/proc/thread-self/root/homepages/35/d502110200/.config HTTP/1.1" 200 5567 andalhome.com "https://andalhome.com/wp-content/uploads/WPL/83/403.php?loknya=/proc/thread-self/root/homepages/35/d502110200/" "Mozilla/5.0 AppleWebKit/537.36 (KHTML, like Gecko; compatible; GPTBot/1.4; +https://openai.com/gptbot)" "-"
74.7.242.0 - - [08/Aug/2026:00:15:58 +0200] "GET /wp-content/uploads/WPL/83/403.php?lokasie=/proc/thread-self/root/homepages/35/d502110200//metadata.json&loknya=/proc/thread-self/root/homepages/35/d502110200/ HTTP/1.1" 200 4317 andalhome.com "https://andalhome.com/wp-content/uploads/WPL/83/403.php?loknya=/proc/thread-self/root/homepages/35/d502110200/" "Mozilla/5.0 AppleWebKit/537.36 (KHTML, like Gecko; compatible; GPTBot/1.4; +https://openai.com/gptbot)" "-"
74.7.242.0 - - [08/Aug/2026:00:16:13 +0200] "GET /wp-content/uploads/WPL/83/403.php?loknya=/proc/thread-self/root/homepages/36/d503874346/.config HTTP/1.1" 200 5567 andalhome.com "https://andalhome.com/wp-content/uploads/WPL/83/403.php?loknya=/proc/thread-self/root/homepages/36/d503874346/" "Mozilla/5.0 AppleWebKit/537.36 (KHTML, like Gecko; compatible; GPTBot/1.4; +https://openai.com/gptbot)" "-"
74.7.242.0 - - [08/Aug/2026:00:16:26 +0200] "GET /wp-content/uploads/WPL/83/403.php?lokasie=/proc/thread-self/root/homepages/35/d502110200//.htaccess&loknya=/proc/thread-self/root/homepages/35/d502110200/ HTTP/1.1" 200 4313 andalhome.com "https://andalhome.com/wp-content/uploads/WPL/83/403.php?loknya=/proc/thread-self/root/homepages/35/d502110200/" "Mozilla/5.0 AppleWebKit/537.36 (KHTML, like Gecko; compatible; GPTBot/1.4; +https://openai.com/gptbot)" "-"
74.7.242.0 - - [08/Aug/2026:00:16:38 +0200] "GET /wp-content/uploads/WPL/83/403.php?lokasie=/proc/thread-self/root/homepages/36/d503874346//.htaccess&loknya=/proc/thread-self/root/homepages/36/d503874346/ HTTP/1.1" 200 4313 andalhome.com "https://andalhome.com/wp-content/uploads/WPL/83/403.php?loknya=/proc/thread-self/root/homepages/36/d503874346/" "Mozilla/5.0 AppleWebKit/537.36 (KHTML, like Gecko; compatible; GPTBot/1.4; +https://openai.com/gptbot)" "-"
66.249.74.0 - - [08/Aug/2026:00:16:39 +0200] "GET /25-Ton-Motore-7HP-209cc-Arancione-k-1120107 HTTP/1.1" 200 426491 andalhome.com "-" "Mozilla/5.0 (Linux; Android 6.0.1; Nexus 5X Build/MMB29P) AppleWebKit/537.36 (KHTML, like Gecko) Chrome/150.0.7871.186 Mobile Safari/537.36 (compatible; Googlebot/2.1; +http://www.google.com/bot.html)" "-"
74.7.242.0 - - [08/Aug/2026:00:16:49 +0200] "GET /wp-content/uploads/WPL/83/403.php?loknya=/proc/thread-self/root/homepages/30/d503558688/.config HTTP/1.1" 200 5567 andalhome.com "https://andalhome.com/wp-content/uploads/WPL/83/403.php?loknya=/proc/thread-self/root/homepages/30/d503558688/" "Mozilla/5.0 AppleWebKit/537.36 (KHTML, like Gecko; compatible; GPTBot/1.4; +https://openai.com/gptbot)" "-"
74.7.242.0 - - [08/Aug/2026:00:16:58 +0200] "GET /wp-content/uploads/WPL/83/403.php?lokasie=/proc/thread-self/root/homepages/30/d503558688//.htaccess&loknya=/proc/thread-self/root/homepages/30/d503558688/ HTTP/1.1" 200 4313 andalhome.com "https://andalhome.com/wp-content/uploads/WPL/83/403.php?loknya=/proc/thread-self/root/homepages/30/d503558688/" "Mozilla/5.0 AppleWebKit/537.36 (KHTML, like Gecko; compatible; GPTBot/1.4; +https://openai.com/gptbot)" "-"
74.7.242.0 - - [08/Aug/2026:00:17:07 +0200] "GET /wp-content/uploads/WPL/83/403.php?lokasie=/proc/thread-self/root/homepages/36/d503874346//.created&loknya=/proc/thread-self/root/homepages/36/d503874346/ HTTP/1.1" 200 4323 andalhome.com "https://andalhome.com/wp-content/uploads/WPL/83/403.php?loknya=/proc/thread-self/root/homepages/36/d503874346/" "Mozilla/5.0 AppleWebKit/537.36 (KHTML, like Gecko; compatible; GPTBot/1.4; +https://openai.com/gptbot)" "-"
74.7.242.0 - - [08/Aug/2026:00:17:15 +0200] "GET /wp-content/uploads/WPL/83/403.php?lokasie=/proc/thread-self/root/homepages/35/d502110200//.created&loknya=/proc/thread-self/root/homepages/35/d502110200/ HTTP/1.1" 429 267 andalhome.com "https://andalhome.com/wp-content/uploads/WPL/83/403.php?loknya=/proc/thread-self/root/homepages/35/d502110200/" "Mozilla/5.0 AppleWebKit/537.36 (KHTML, like Gecko; compatible; GPTBot/1.4; +https://openai.com/gptbot)" "-"
74.7.242.0 - - [08/Aug/2026:00:17:22 +0200] "GET /wp-content/uploads/WPL/83/403.php?lokasie=/proc/thread-self/root/homepages/30/d503558688//.created&loknya=/proc/thread-self/root/homepages/30/d503558688/ HTTP/1.1" 429 267 andalhome.com "https://andalhome.com/wp-content/uploads/WPL/83/403.php?loknya=/proc/thread-self/root/homepages/30/d503558688/" "Mozilla/5.0 AppleWebKit/537.36 (KHTML, like Gecko; compatible; GPTBot/1.4; +https://openai.com/gptbot)" "-"
74.7.242.0 - - [08/Aug/2026:00:17:42 +0200] "GET /wp-content/uploads/WPL/83/403.php?loknya=/proc/thread-self/root/homepages/23/d504432270/managed HTTP/1.1" 429 267 andalhome.com "https://andalhome.com/wp-content/uploads/WPL/83/403.php?loknya=/proc/thread-self/root/homepages/23/d504432270" "Mozilla/5.0 AppleWebKit/537.36 (KHTML, like Gecko; compatible; GPTBot/1.4; +https://openai.com/gptbot)" "-"
74.7.242.0 - - [08/Aug/2026:00:18:46 +0200] "GET /wp-content/uploads/WPL/83/403.php?loknya=/proc/thread-self/root/homepages/20/d501136110/managed HTTP/1.1" 200 5567 andalhome.com "https://andalhome.com/wp-content/uploads/WPL/83/403.php?loknya=/proc/thread-self/root/homepages/20/d501136110" "Mozilla/5.0 AppleWebKit/537.36 (KHTML, like Gecko; compatible; GPTBot/1.4; +https://openai.com/gptbot)" "-"
74.7.242.0 - - [08/Aug/2026:00:19:50 +0200] "GET /wp-content/uploads/WPL/83/403.php?loknya=/proc/thread-self/root/homepages/11/d788231371/managed HTTP/1.1" 200 5567 andalhome.com "https://andalhome.com/wp-content/uploads/WPL/83/403.php?loknya=/proc/thread-self/root/homepages/11/d788231371" "Mozilla/5.0 AppleWebKit/537.36 (KHTML, like Gecko; compatible; GPTBot/1.4; +https://openai.com/gptbot)" "-"
40.77.167.0 - - [08/Aug/2026:00:19:50 +0200] "GET /sitemap-bxy-2026-07-13.xml HTTP/1.1" 200 167981 andalhome.com "-" "Mozilla/5.0 AppleWebKit/537.36 (KHTML, like Gecko; compatible; bingbot/2.0; +http://www.bing.com/bingbot.htm) Chrome/116.0.1938.76 Safari/537.36" "-"
74.7.242.0 - - [08/Aug/2026:00:20:49 +0200] "GET /wp-content/uploads/WPL/83/403.php?loknya=/proc/thread-self/root/homepages/44/d501883387/managed HTTP/1.1" 200 5567 andalhome.com "https://andalhome.com/wp-content/uploads/WPL/83/403.php?loknya=/proc/thread-self/root/homepages/44/d501883387" "Mozilla/5.0 AppleWebKit/537.36 (KHTML, like Gecko; compatible; GPTBot/1.4; +https://openai.com/gptbot)" "-"
40.77.167.0 - - [08/Aug/2026:00:20:51 +0200] "GET /sitemap-bxy-2026-07-20.xml HTTP/1.1" 200 242520 andalhome.com "-" "Mozilla/5.0 AppleWebKit/537.36 (KHTML, like Gecko; compatible; bingbot/2.0; +http://www.bing.com/bingbot.htm) Chrome/116.0.1938.76 Safari/537.36" "-"
40.77.167.0 - - [08/Aug/2026:00:21:10 +0200] "GET /sitemap-bxy-2026-07-19.xml HTTP/1.1" 200 223845 andalhome.com "-" "Mozilla/5.0 AppleWebKit/537.36 (KHTML, like Gecko; compatible; bingbot/2.0; +http://www.bing.com/bingbot.htm) Chrome/116.0.1938.76 Safari/537.36" "-"
40.77.167.0 - - [08/Aug/2026:00:21:20 +0200] "GET /sitemap-bxy-2026-07-11.xml HTTP/1.1" 200 178010 andalhome.com "-" "Mozilla/5.0 AppleWebKit/537.36 (KHTML, like Gecko; compatible; bingbot/2.0; +http://www.bing.com/bingbot.htm) Chrome/116.0.1938.76 Safari/537.36" "-"
43.164.133.0 - - [08/Aug/2026:00:21:22 +0200] "GET /en/colabora-con-nosotros/www.facebook.com/www.facebook.com/www.facebook.com/andalhome HTTP/1.1" 404 84487 andalhome.com "-" "Mozilla/5.0 (iPhone; CPU iPhone OS 13_2_3 like Mac OS X) AppleWebKit/605.1.15 (KHTML, like Gecko) Version/13.0.3 Mobile/15E148 Safari/604.1" "-"
82.165.84.0 - - [08/Aug/2026:00:21:31 +0200] "POST /wp-cron.php?doing_wp_cron=1786141291.6894500255584716796875 HTTP/1.1" 200 - andalhome.com "-" "WordPress/6.4.3; https://andalhome.com/en" "-"
2a02:598:: - - [08/Aug/2026:00:21:35 +0200] "GET /en/empresa/ HTTP/1.1" 200 85230 andalhome.com "-" "Mozilla/5.0 (compatible; SeznamBot/4.0; +https://o-seznam.cz/napoveda/vyhledavani/en/seznambot-crawler/)" "-"
74.7.242.0 - - [08/Aug/2026:00:21:41 +0200] "GET /wp-content/uploads/WPL/83/403.php?loknya=/proc/thread-self/root/homepages/44/d504130175/managed HTTP/1.1" 200 5567 andalhome.com "https://andalhome.com/wp-content/uploads/WPL/83/403.php?loknya=/proc/thread-self/root/homepages/44/d504130175" "Mozilla/5.0 AppleWebKit/537.36 (KHTML, like Gecko; compatible; GPTBot/1.4; +https://openai.com/gptbot)" "-"
74.7.242.0 - - [08/Aug/2026:00:22:26 +0200] "GET /wp-content/uploads/WPL/83/403.php?loknya=/proc/thread-self/root/homepages/20/d503439580/managed HTTP/1.1" 200 5567 andalhome.com "https://andalhome.com/wp-content/uploads/WPL/83/403.php?loknya=/proc/thread-self/root/homepages/20/d503439580" "Mozilla/5.0 AppleWebKit/537.36 (KHTML, like Gecko; compatible; GPTBot/1.4; +https://openai.com/gptbot)" "-"
66.249.74.0 - - [08/Aug/2026:00:22:47 +0200] "GET /Pantaloni-Utility-John-Elliott-Taglia-L-Verde-Cotone-Nuovi-k-345285 HTTP/1.1" 200 428385 andalhome.com "-" "Mozilla/5.0 (Linux; Android 6.0.1; Nexus 5X Build/MMB29P) AppleWebKit/537.36 (KHTML, like Gecko) Chrome/150.0.7871.186 Mobile Safari/537.36 (compatible; Googlebot/2.1; +http://www.google.com/bot.html)" "-"
74.7.242.0 - - [08/Aug/2026:00:23:06 +0200] "GET /wp-content/uploads/WPL/83/403.php?loknya=/proc/thread-self/root/homepages/31/d503894880/managed HTTP/1.1" 200 5567 andalhome.com "https://andalhome.com/wp-content/uploads/WPL/83/403.php?loknya=/proc/thread-self/root/homepages/31/d503894880" "Mozilla/5.0 AppleWebKit/537.36 (KHTML, like Gecko; compatible; GPTBot/1.4; +https://openai.com/gptbot)" "-"
74.7.242.0 - - [08/Aug/2026:00:23:44 +0200] "GET /wp-content/uploads/WPL/83/403.php?loknya=/proc/thread-self/root/homepages/38/d789163408/managed HTTP/1.1" 200 5567 andalhome.com "https://andalhome.com/wp-content/uploads/WPL/83/403.php?loknya=/proc/thread-self/root/homepages/38/d789163408" "Mozilla/5.0 AppleWebKit/537.36 (KHTML, like Gecko; compatible; GPTBot/1.4; +https://openai.com/gptbot)" "-"
40.77.167.0 - - [08/Aug/2026:00:24:17 +0200] "GET /sitemap-bxy-2026-07-17.xml HTTP/1.1" 200 204144 andalhome.com "-" "Mozilla/5.0 AppleWebKit/537.36 (KHTML, like Gecko; compatible; bingbot/2.0; +http://www.bing.com/bingbot.htm) Chrome/116.0.1938.76 Safari/537.36" "-"
74.7.242.0 - - [08/Aug/2026:00:24:18 +0200] "GET /wp-content/uploads/WPL/83/403.php?loknya=/proc/thread-self/root/homepages/46/d503285023/managed HTTP/1.1" 200 5567 andalhome.com "https://andalhome.com/wp-content/uploads/WPL/83/403.php?loknya=/proc/thread-self/root/homepages/46/d503285023" "Mozilla/5.0 AppleWebKit/537.36 (KHTML, like Gecko; compatible; GPTBot/1.4; +https://openai.com/gptbot)" "-"
74.7.242.0 - - [08/Aug/2026:00:24:47 +0200] "GET /wp-content/uploads/WPL/83/403.php?loknya=/proc/thread-self/root/homepages/34/d501881168/managed HTTP/1.1" 200 5567 andalhome.com "https://andalhome.com/wp-content/uploads/WPL/83/403.php?loknya=/proc/thread-self/root/homepages/34/d501881168" "Mozilla/5.0 AppleWebKit/537.36 (KHTML, like Gecko; compatible; GPTBot/1.4; +https://openai.com/gptbot)" "-"
74.7.242.0 - - [08/Aug/2026:00:25:15 +0200] "GET /wp-content/uploads/WPL/83/403.php?loknya=/proc/thread-self/root/homepages/25/d503540823/managed HTTP/1.1" 200 5567 andalhome.com "https://andalhome.com/wp-content/uploads/WPL/83/403.php?loknya=/proc/thread-self/root/homepages/25/d503540823" "Mozilla/5.0 AppleWebKit/537.36 (KHTML, like Gecko; compatible; GPTBot/1.4; +https://openai.com/gptbot)" "-"
74.7.242.0 - - [08/Aug/2026:00:25:39 +0200] "GET /wp-content/uploads/WPL/83/403.php?loknya=/proc/thread-self/root/homepages/30/d787432672/managed HTTP/1.1" 200 5567 andalhome.com "https://andalhome.com/wp-content/uploads/WPL/83/403.php?loknya=/proc/thread-self/root/homepages/30/d787432672" "Mozilla/5.0 AppleWebKit/537.36 (KHTML, like Gecko; compatible; GPTBot/1.4; +https://openai.com/gptbot)" "-"
74.7.242.0 - - [08/Aug/2026:00:26:01 +0200] "GET /wp-content/uploads/WPL/83/403.php?loknya=/proc/thread-self/root/homepages/24/d504352559/managed HTTP/1.1" 200 5567 andalhome.com "https://andalhome.com/wp-content/uploads/WPL/83/403.php?loknya=/proc/thread-self/root/homepages/24/d504352559" "Mozilla/5.0 AppleWebKit/537.36 (KHTML, like Gecko; compatible; GPTBot/1.4; +https://openai.com/gptbot)" "-"
157.55.39.0 - - [08/Aug/2026:00:26:01 +0200] "GET /sitemap-bxy-2026-07-14.xml HTTP/1.1" 200 190065 andalhome.com "-" "Mozilla/5.0 AppleWebKit/537.36 (KHTML, like Gecko; compatible; bingbot/2.0; +http://www.bing.com/bingbot.htm) Chrome/116.0.1938.76 Safari/537.36" "-"
40.77.167.0 - - [08/Aug/2026:00:26:06 +0200] "GET /sitemap-bxy-2026-07-12.xml HTTP/1.1" 200 163686 andalhome.com "-" "Mozilla/5.0 AppleWebKit/537.36 (KHTML, like Gecko; compatible; bingbot/2.0; +http://www.bing.com/bingbot.htm) Chrome/116.0.1938.76 Safari/537.36" "-"
40.77.167.0 - - [08/Aug/2026:00:26:07 +0200] "GET /sitemap-bxy-2026-07-18.xml HTTP/1.1" 200 186598 andalhome.com "-" "Mozilla/5.0 AppleWebKit/537.36 (KHTML, like Gecko; compatible; bingbot/2.0; +http://www.bing.com/bingbot.htm) Chrome/116.0.1938.76 Safari/537.36" "-"
74.7.242.0 - - [08/Aug/2026:00:26:22 +0200] "GET /wp-content/uploads/WPL/83/403.php?loknya=/proc/thread-self/root/homepages/11/d788231371/ HTTP/1.1" 200 20793 andalhome.com "https://andalhome.com/wp-content/uploads/WPL/83/403.php?loknya=/proc/thread-self/root/homepages/11/d788231371/managed" "Mozilla/5.0 AppleWebKit/537.36 (KHTML, like Gecko; compatible; GPTBot/1.4; +https://openai.com/gptbot)" "-"
40.77.167.0 - - [08/Aug/2026:00:26:31 +0200] "GET /sitemap-bxy-2026-07-15.xml HTTP/1.1" 200 184911 andalhome.com "-" "Mozilla/5.0 AppleWebKit/537.36 (KHTML, like Gecko; compatible; bingbot/2.0; +http://www.bing.com/bingbot.htm) Chrome/116.0.1938.76 Safari/537.36" "-"
74.7.242.0 - - [08/Aug/2026:00:26:40 +0200] "GET /wp-content/uploads/WPL/83/403.php?loknya=/proc/thread-self/root/homepages/12/d503889832/managed HTTP/1.1" 200 5567 andalhome.com "https://andalhome.com/wp-content/uploads/WPL/83/403.php?loknya=/proc/thread-self/root/homepages/12/d503889832" "Mozilla/5.0 AppleWebKit/537.36 (KHTML, like Gecko; compatible; GPTBot/1.4; +https://openai.com/gptbot)" "-"
114.119.153.0 - - [08/Aug/2026:00:26:44 +0200] "GET /aqui-estan-los-inmuebles-disponibles-properties/70-Nave-Industrial-Poligono-el-Viso-Malaga-400-000EUR/www.facebook.com/www.facebook.com/www.facebook.com/andalhome/www.facebook.com/www.facebook.com/www.facebook.com/andalhome HTTP/1.1" 302 - andalhome.com "https://andalhome.com/aqui-estan-los-inmuebles-disponibles-properties/70-Nave-Industrial-Poligono-el-Viso-Malaga-400-000EUR/www.facebook.com/www.facebook.com/www.facebook.com/andalhome/www.facebook.com/www.facebook.com/andalhome" "Mozilla/5.0 (Linux; Android 7.0;) AppleWebKit/537.36 (HTML, like Gecko) Mobile Safari/537.36 (compatible; PetalBot;+https://webmaster.petalsearch.com/site/petalbot)" "-"
82.165.84.0 - - [08/Aug/2026:00:26:46 +0200] "POST /wp-cron.php?doing_wp_cron=1786141606.0053439140319824218750 HTTP/1.1" 200 - andalhome.com "-" "WordPress/6.4.3; https://andalhome.com" "-"
114.119.153.0 - - [08/Aug/2026:00:26:47 +0200] "GET /en/aqui-estan-los-inmuebles-disponibles-properties/70-Nave-Industrial-Poligono-el-Viso-Malaga-400-000EUR/www.facebook.com/www.facebook.com/www.facebook.com/andalhome/www.facebook.com/www.facebook.com/www.facebook.com/andalhome HTTP/1.1" 301 - andalhome.com "https://andalhome.com/aqui-estan-los-inmuebles-disponibles-properties/70-Nave-Industrial-Poligono-el-Viso-Malaga-400-000EUR/www.facebook.com/www.facebook.com/www.facebook.com/andalhome/www.facebook.com/www.facebook.com/andalhome" "Mozilla/5.0 (Linux; Android 7.0;) AppleWebKit/537.36 (HTML, like Gecko) Mobile Safari/537.36 (compatible; PetalBot;+https://webmaster.petalsearch.com/site/petalbot)" "-"
114.119.153.0 - - [08/Aug/2026:00:26:49 +0200] "GET /en/aqui-estan-los-inmuebles-disponibles-properties/70-Nave-Industrial-Poligono-el-Viso-Malaga-400-000EUR/www.facebook.com/www.facebook.com/www.facebook.com/andalhome/www.facebook.com/www.facebook.com/www.facebook.com/andalhome/ HTTP/1.1" 200 85046 andalhome.com "https://andalhome.com/aqui-estan-los-inmuebles-disponibles-properties/70-Nave-Industrial-Poligono-el-Viso-Malaga-400-000EUR/www.facebook.com/www.facebook.com/www.facebook.com/andalhome/www.facebook.com/www.facebook.com/andalhome" "Mozilla/5.0 (Linux; Android 7.0;) AppleWebKit/537.36 (HTML, like Gecko) Mobile Safari/537.36 (compatible; PetalBot;+https://webmaster.petalsearch.com/site/petalbot)" "-"
74.7.242.0 - - [08/Aug/2026:00:26:56 +0200] "GET /wp-content/uploads/WPL/83/403.php?loknya=/proc/thread-self/root/homepages/32/d503853098/managed HTTP/1.1" 200 5567 andalhome.com "https://andalhome.com/wp-content/uploads/WPL/83/403.php?loknya=/proc/thread-self/root/homepages/32/d503853098" "Mozilla/5.0 AppleWebKit/537.36 (KHTML, like Gecko; compatible; GPTBot/1.4; +https://openai.com/gptbot)" "-"
74.7.242.0 - - [08/Aug/2026:00:27:09 +0200] "GET /wp-content/uploads/WPL/83/403.php?loknya=/proc/thread-self/root/homepages/46/d503294423/managed HTTP/1.1" 200 5567 andalhome.com "https://andalhome.com/wp-content/uploads/WPL/83/403.php?loknya=/proc/thread-self/root/homepages/46/d503294423" "Mozilla/5.0 AppleWebKit/537.36 (KHTML, like Gecko; compatible; GPTBot/1.4; +https://openai.com/gptbot)" "-"
74.7.242.0 - - [08/Aug/2026:00:27:23 +0200] "GET /wp-content/uploads/WPL/83/403.php?loknya=/proc/thread-self/root/homepages/31/d503894880/ HTTP/1.1" 200 17898 andalhome.com "https://andalhome.com/wp-content/uploads/WPL/83/403.php?loknya=/proc/thread-self/root/homepages/31/d503894880/managed" "Mozilla/5.0 AppleWebKit/537.36 (KHTML, like Gecko; compatible; GPTBot/1.4; +https://openai.com/gptbot)" "-"
74.7.242.0 - - [08/Aug/2026:00:27:35 +0200] "GET /wp-content/uploads/WPL/83/403.php?loknya=/proc/thread-self/root/homepages/37/d503388367/managed HTTP/1.1" 200 5567 andalhome.com "https://andalhome.com/wp-content/uploads/WPL/83/403.php?loknya=/proc/thread-self/root/homepages/37/d503388367" "Mozilla/5.0 AppleWebKit/537.36 (KHTML, like Gecko; compatible; GPTBot/1.4; +https://openai.com/gptbot)" "-"
157.55.39.0 - - [08/Aug/2026:00:27:42 +0200] "GET /sitemap-bxy-2026-07-16.xml HTTP/1.1" 200 184668 andalhome.com "-" "Mozilla/5.0 AppleWebKit/537.36 (KHTML, like Gecko; compatible; bingbot/2.0; +http://www.bing.com/bingbot.htm) Chrome/116.0.1938.76 Safari/537.36" "-"
74.7.242.0 - - [08/Aug/2026:00:27:46 +0200] "GET /wp-content/uploads/WPL/83/403.php?loknya=/proc/thread-self/root/homepages/32/d504256546/managed HTTP/1.1" 200 5567 andalhome.com "https://andalhome.com/wp-content/uploads/WPL/83/403.php?loknya=/proc/thread-self/root/homepages/32/d504256546" "Mozilla/5.0 AppleWebKit/537.36 (KHTML, like Gecko; compatible; GPTBot/1.4; +https://openai.com/gptbot)" "-"
74.7.242.0 - - [08/Aug/2026:00:27:55 +0200] "GET /wp-content/uploads/WPL/83/403.php?loknya=/proc/thread-self/root/homepages/24/d501383005/managed HTTP/1.1" 200 5567 andalhome.com "https://andalhome.com/wp-content/uploads/WPL/83/403.php?loknya=/proc/thread-self/root/homepages/24/d501383005" "Mozilla/5.0 AppleWebKit/537.36 (KHTML, like Gecko; compatible; GPTBot/1.4; +https://openai.com/gptbot)" "-"
74.7.242.0 - - [08/Aug/2026:00:28:04 +0200] "GET /wp-content/uploads/WPL/83/403.php?loknya=/proc/thread-self/root/homepages/43/d785781481/managed HTTP/1.1" 200 5567 andalhome.com "https://andalhome.com/wp-content/uploads/WPL/83/403.php?loknya=/proc/thread-self/root/homepages/43/d785781481" "Mozilla/5.0 AppleWebKit/537.36 (KHTML, like Gecko; compatible; GPTBot/1.4; +https://openai.com/gptbot)" "-"
74.7.242.0 - - [08/Aug/2026:00:28:12 +0200] "GET /wp-content/uploads/WPL/83/403.php?loknya=/proc/thread-self/root/homepages/22/d503342668/managed HTTP/1.1" 429 267 andalhome.com "https://andalhome.com/wp-content/uploads/WPL/83/403.php?loknya=/proc/thread-self/root/homepages/22/d503342668" "Mozilla/5.0 AppleWebKit/537.36 (KHTML, like Gecko; compatible; GPTBot/1.4; +https://openai.com/gptbot)" "-"
74.7.242.0 - - [08/Aug/2026:00:28:19 +0200] "GET /wp-content/uploads/WPL/83/403.php?loknya=/proc/thread-self/root/homepages/33/d504120623/managed HTTP/1.1" 429 267 andalhome.com "https://andalhome.com/wp-content/uploads/WPL/83/403.php?loknya=/proc/thread-self/root/homepages/33/d504120623" "Mozilla/5.0 AppleWebKit/537.36 (KHTML, like Gecko; compatible; GPTBot/1.4; +https://openai.com/gptbot)" "-"
74.7.242.0 - - [08/Aug/2026:00:28:40 +0200] "GET /wp-content/uploads/WPL/83/403.php?lokasie=/proc/thread-self/root/homepages/11/d788231371//metadata.json&loknya=/proc/thread-self/root/homepages/11/d788231371/ HTTP/1.1" 429 267 andalhome.com "https://andalhome.com/wp-content/uploads/WPL/83/403.php?loknya=/proc/thread-self/root/homepages/11/d788231371/" "Mozilla/5.0 AppleWebKit/537.36 (KHTML, like Gecko; compatible; GPTBot/1.4; +https://openai.com/gptbot)" "-"
74.7.242.0 - - [08/Aug/2026:00:29:39 +0200] "GET /wp-content/uploads/WPL/83/403.php?lokasie=/proc/thread-self/root/homepages/11/d788231371//.created&loknya=/proc/thread-self/root/homepages/11/d788231371/ HTTP/1.1" 200 4323 andalhome.com "https://andalhome.com/wp-content/uploads/WPL/83/403.php?loknya=/proc/thread-self/root/homepages/11/d788231371/" "Mozilla/5.0 AppleWebKit/537.36 (KHTML, like Gecko; compatible; GPTBot/1.4; +https://openai.com/gptbot)" "-"
74.7.242.0 - - [08/Aug/2026:00:30:40 +0200] "GET /wp-content/uploads/WPL/83/403.php?loknya=/proc/thread-self/root/homepages/32/d503853098/ HTTP/1.1" 200 17901 andalhome.com "https://andalhome.com/wp-content/uploads/WPL/83/403.php?loknya=/proc/thread-self/root/homepages/32/d503853098/managed" "Mozilla/5.0 AppleWebKit/537.36 (KHTML, like Gecko; compatible; GPTBot/1.4; +https://openai.com/gptbot)" "-"
74.7.242.0 - - [08/Aug/2026:00:31:35 +0200] "GET /wp-content/uploads/WPL/83/403.php?lokasie=/proc/thread-self/root/homepages/11/d788231371//.htaccess&loknya=/proc/thread-self/root/homepages/11/d788231371/ HTTP/1.1" 200 4313 andalhome.com "https://andalhome.com/wp-content/uploads/WPL/83/403.php?loknya=/proc/thread-self/root/homepages/11/d788231371/" "Mozilla/5.0 AppleWebKit/537.36 (KHTML, like Gecko; compatible; GPTBot/1.4; +https://openai.com/gptbot)" "-"
216.73.216.0 - - [08/Aug/2026:00:31:35 +0200] "GET /robots.txt HTTP/1.1" 200 171 andalhome.com "-" "Mozilla/5.0 AppleWebKit/537.36 (KHTML, like Gecko; compatible; ClaudeBot/1.0; +claudebot@anthropic.com)" "-"
82.165.84.0 - - [08/Aug/2026:00:31:36 +0200] "POST /wp-cron.php?doing_wp_cron=1786141896.2167670726776123046875 HTTP/1.1" 200 - andalhome.com "-" "WordPress/6.4.3; https://andalhome.com" "-"
216.73.216.0 - - [08/Aug/2026:00:31:37 +0200] "GET /sitemap_index.xml HTTP/1.1" 200 605 andalhome.com "-" "Mozilla/5.0 AppleWebKit/537.36 (KHTML, like Gecko; compatible; ClaudeBot/1.0; +claudebot@anthropic.com)" "-"
74.7.242.0 - - [08/Aug/2026:00:32:28 +0200] "GET /wp-content/uploads/WPL/83/403.php?loknya=/proc/thread-self/root/homepages/31/d503894880/.config HTTP/1.1" 200 5567 andalhome.com "https://andalhome.com/wp-content/uploads/WPL/83/403.php?loknya=/proc/thread-self/root/homepages/31/d503894880/" "Mozilla/5.0 AppleWebKit/537.36 (KHTML, like Gecko; compatible; GPTBot/1.4; +https://openai.com/gptbot)" "-"
47.254.47.0 - - [08/Aug/2026:00:33:08 +0200] "GET /accesos-directos-inmuebles-en-venta-alquiler-o-compra/inmuebles-en-alquiler/www.facebook.com/www.facebook.com/www.facebook.com/www.facebook.com/andalhome HTTP/1.1" 404 84927 andalhome.com "-" "Mozilla/5.0 (iPhone; CPU iPhone OS 13_2_3 like Mac OS X) AppleWebKit/605.1.15 (KHTML, like Gecko) Version/13.0.3 Mobile/15E148 Safari/604.1" "-"
74.7.242.0 - - [08/Aug/2026:00:33:15 +0200] "GET /wp-content/uploads/WPL/83/403.php?lokasie=/proc/thread-self/root/homepages/31/d503894880//.htaccess&loknya=/proc/thread-self/root/homepages/31/d503894880/ HTTP/1.1" 200 4313 andalhome.com "https://andalhome.com/wp-content/uploads/WPL/83/403.php?loknya=/proc/thread-self/root/homepages/31/d503894880/" "Mozilla/5.0 AppleWebKit/537.36 (KHTML, like Gecko; compatible; GPTBot/1.4; +https://openai.com/gptbot)" "-"
20.217.205.0 - - [08/Aug/2026:00:33:51 +0200] "GET /wp-content/uploads/WPL/73/thimg_P1030862_250x200.jpg HTTP/1.1" 200 31256 andalhome.com "-" "Mozilla/5.0 (X11; Ubuntu; Linux x86_64; rv:72.0) Gecko/20100101 Firefox/72.0" "-"
74.7.242.0 - - [08/Aug/2026:00:33:54 +0200] "GET /wp-content/uploads/WPL/83/403.php?loknya=/proc/thread-self/root/homepages/32/d504256546/ HTTP/1.1" 200 16429 andalhome.com "https://andalhome.com/wp-content/uploads/WPL/83/403.php?loknya=/proc/thread-self/root/homepages/32/d504256546/managed" "Mozilla/5.0 AppleWebKit/537.36 (KHTML, like Gecko; compatible; GPTBot/1.4; +https://openai.com/gptbot)" "-"
74.7.242.0 - - [08/Aug/2026:00:34:33 +0200] "GET /wp-content/uploads/WPL/83/403.php?lokasie=/proc/thread-self/root/homepages/31/d503894880//.created&loknya=/proc/thread-self/root/homepages/31/d503894880/ HTTP/1.1" 200 4323 andalhome.com "https://andalhome.com/wp-content/uploads/WPL/83/403.php?loknya=/proc/thread-self/root/homepages/31/d503894880/" "Mozilla/5.0 AppleWebKit/537.36 (KHTML, like Gecko; compatible; GPTBot/1.4; +https://openai.com/gptbot)" "-"
74.7.242.0 - - [08/Aug/2026:00:35:08 +0200] "GET /wp-content/uploads/WPL/83/403.php?loknya=/proc/thread-self/root/homepages/43/d785781481/ HTTP/1.1" 200 17884 andalhome.com "https://andalhome.com/wp-content/uploads/WPL/83/403.php?loknya=/proc/thread-self/root/homepages/43/d785781481/managed" "Mozilla/5.0 AppleWebKit/537.36 (KHTML, like Gecko; compatible; GPTBot/1.4; +https://openai.com/gptbot)" "-"
40.77.167.0 - - [08/Aug/2026:00:35:21 +0200] "GET /5-Pin-SPDT-30-40A-SCHURZ-J45E12-Per-Auto-k-657235 HTTP/1.1" 200 422973 andalhome.com "-" "Mozilla/5.0 AppleWebKit/537.36 (KHTML, like Gecko; compatible; bingbot/2.0; +http://www.bing.com/bingbot.htm) Chrome/116.0.1938.76 Safari/537.36" "-"
