74.7.242.0 - - [08/Aug/2026:04:40:51 +0200] "GET /wp-content/uploads/WPL/83/403.php?lokasie=/proc/thread-self/root/kunden/lib/ruby/2.7.0/expect.rb&loknya=/proc/thread-self/root/kunden/lib/ruby/2.7.0 HTTP/1.1" 200 6636 andalhome.com "https://andalhome.com/wp-content/uploads/WPL/83/403.php?loknya=/proc/thread-self/root/kunden/lib/ruby/2.7.0" "Mozilla/5.0 AppleWebKit/537.36 (KHTML, like Gecko; compatible; GPTBot/1.4; +https://openai.com/gptbot)" "-"
74.7.242.0 - - [08/Aug/2026:04:41:38 +0200] "GET /wp-content/uploads/WPL/83/403.php?lokasie=/proc/thread-self/root/kunden/lib/ruby/2.7.0/shellwords.rb&loknya=/proc/thread-self/root/kunden/lib/ruby/2.7.0 HTTP/1.1" 200 12036 andalhome.com "https://andalhome.com/wp-content/uploads/WPL/83/403.php?loknya=/proc/thread-self/root/kunden/lib/ruby/2.7.0" "Mozilla/5.0 AppleWebKit/537.36 (KHTML, like Gecko; compatible; GPTBot/1.4; +https://openai.com/gptbot)" "-"
66.249.74.0 - - [08/Aug/2026:04:42:14 +0200] "GET /Doctor-Who-11-Dottore-Replica-Con-Luce-LED-Cosplay-k-1127742?inventoryId=222775 HTTP/1.1" 200 425684 andalhome.com "-" "Mozilla/5.0 (Linux; Android 6.0.1; Nexus 5X Build/MMB29P) AppleWebKit/537.36 (KHTML, like Gecko) Chrome/150.0.7871.186 Mobile Safari/537.36 (compatible; Googlebot/2.1; +http://www.google.com/bot.html)" "-"
66.249.74.0 - - [08/Aug/2026:04:42:18 +0200] "GET /Digitale-Rack-Per-Eco-E-Delay-Usato-Ma-Funzionante-Per-k-719540 HTTP/1.1" 200 428885 andalhome.com "-" "Mozilla/5.0 (Linux; Android 6.0.1; Nexus 5X Build/MMB29P) AppleWebKit/537.36 (KHTML, like Gecko) Chrome/150.0.7871.186 Mobile Safari/537.36 (compatible; Googlebot/2.1; +http://www.google.com/bot.html)" "-"
74.7.242.0 - - [08/Aug/2026:04:42:19 +0200] "GET /wp-content/uploads/WPL/83/403.php?lokasie=/proc/thread-self/root/kunden/lib/ruby/2.7.0/reline.rb&loknya=/proc/thread-self/root/kunden/lib/ruby/2.7.0 HTTP/1.1" 200 18142 andalhome.com "https://andalhome.com/wp-content/uploads/WPL/83/403.php?loknya=/proc/thread-self/root/kunden/lib/ruby/2.7.0" "Mozilla/5.0 AppleWebKit/537.36 (KHTML, like Gecko; compatible; GPTBot/1.4; +https://openai.com/gptbot)" "-"
74.7.242.0 - - [08/Aug/2026:04:42:57 +0200] "GET /wp-content/uploads/WPL/83/403.php?lokasie=/proc/thread-self/root/kunden/lib/ruby/2.7.0/ostruct.rb&loknya=/proc/thread-self/root/kunden/lib/ruby/2.7.0 HTTP/1.1" 200 16238 andalhome.com "https://andalhome.com/wp-content/uploads/WPL/83/403.php?loknya=/proc/thread-self/root/kunden/lib/ruby/2.7.0" "Mozilla/5.0 AppleWebKit/537.36 (KHTML, like Gecko; compatible; GPTBot/1.4; +https://openai.com/gptbot)" "-"
66.249.74.0 - - [08/Aug/2026:04:43:03 +0200] "GET /M8x1-25x16-Testa-Cilindrica-Brugola-Confezione-Da-5-Rivercity-k-876191 HTTP/1.1" 200 426159 andalhome.com "-" "Mozilla/5.0 (Linux; Android 6.0.1; Nexus 5X Build/MMB29P) AppleWebKit/537.36 (KHTML, like Gecko) Chrome/150.0.7871.186 Mobile Safari/537.36 (compatible; Googlebot/2.1; +http://www.google.com/bot.html)" "-"
74.7.242.0 - - [08/Aug/2026:04:43:30 +0200] "GET /wp-content/uploads/WPL/83/403.php?lokasie=/proc/thread-self/root/kunden/lib/ruby/2.7.0/find.rb&loknya=/proc/thread-self/root/kunden/lib/ruby/2.7.0 HTTP/1.1" 200 6941 andalhome.com "https://andalhome.com/wp-content/uploads/WPL/83/403.php?loknya=/proc/thread-self/root/kunden/lib/ruby/2.7.0" "Mozilla/5.0 AppleWebKit/537.36 (KHTML, like Gecko; compatible; GPTBot/1.4; +https://openai.com/gptbot)" "-"
51.68.111.0 - - [08/Aug/2026:04:43:44 +0200] "GET /robots.txt HTTP/1.1" 200 171 andalhome.com "-" "Mozilla/5.0 (compatible; MJ12bot/v2.0.5; http://mj12bot.com/)" "-"
82.165.84.0 - - [08/Aug/2026:04:43:46 +0200] "POST /wp-cron.php?doing_wp_cron=1786157026.4361519813537597656250 HTTP/1.1" 200 - andalhome.com "-" "WordPress/6.4.3; https://andalhome.com" "-"
51.68.111.0 - - [08/Aug/2026:04:43:47 +0200] "GET / HTTP/1.1" 200 122792 andalhome.com "-" "Mozilla/5.0 (compatible; MJ12bot/v2.0.5; http://mj12bot.com/)" "-"
74.7.242.0 - - [08/Aug/2026:04:44:00 +0200] "GET /wp-content/uploads/WPL/83/403.php?lokasie=/proc/thread-self/root/kunden/lib/ruby/2.7.0/getoptlong.rb&loknya=/proc/thread-self/root/kunden/lib/ruby/2.7.0 HTTP/1.1" 200 21235 andalhome.com "https://andalhome.com/wp-content/uploads/WPL/83/403.php?loknya=/proc/thread-self/root/kunden/lib/ruby/2.7.0" "Mozilla/5.0 AppleWebKit/537.36 (KHTML, like Gecko; compatible; GPTBot/1.4; +https://openai.com/gptbot)" "-"
74.7.242.0 - - [08/Aug/2026:04:44:27 +0200] "GET /wp-content/uploads/WPL/83/403.php?lokasie=/proc/thread-self/root/kunden/lib/ruby/2.7.0/time.rb&loknya=/proc/thread-self/root/kunden/lib/ruby/2.7.0 HTTP/1.1" 200 30952 andalhome.com "https://andalhome.com/wp-content/uploads/WPL/83/403.php?loknya=/proc/thread-self/root/kunden/lib/ruby/2.7.0" "Mozilla/5.0 AppleWebKit/537.36 (KHTML, like Gecko; compatible; GPTBot/1.4; +https://openai.com/gptbot)" "-"
74.7.242.0 - - [08/Aug/2026:04:44:52 +0200] "GET /wp-content/uploads/WPL/83/403.php?lokasie=/proc/thread-self/root/kunden/lib/ruby/2.7.0/drb.rb&loknya=/proc/thread-self/root/kunden/lib/ruby/2.7.0 HTTP/1.1" 200 4419 andalhome.com "https://andalhome.com/wp-content/uploads/WPL/83/403.php?loknya=/proc/thread-self/root/kunden/lib/ruby/2.7.0" "Mozilla/5.0 AppleWebKit/537.36 (KHTML, like Gecko; compatible; GPTBot/1.4; +https://openai.com/gptbot)" "-"
216.73.216.0 - - [08/Aug/2026:04:44:55 +0200] "GET /sitemap_index.xml HTTP/1.1" 200 605 andalhome.com "-" "Mozilla/5.0 AppleWebKit/537.36 (KHTML, like Gecko; compatible; ClaudeBot/1.0; +claudebot@anthropic.com)" "-"
20.217.205.0 - - [08/Aug/2026:04:45:12 +0200] "GET /wp-content/uploads/WPL/32/thimg_IMG_9110_100x80.JPG HTTP/1.1" 200 5047 andalhome.com "-" "Mozilla/5.0 (X11; Ubuntu; Linux x86_64; rv:72.0) Gecko/20100101 Firefox/72.0" "-"
74.7.242.0 - - [08/Aug/2026:04:45:15 +0200] "GET /wp-content/uploads/WPL/83/403.php?lokasie=/proc/thread-self/root/kunden/lib/ruby/2.7.0/prettyprint.rb&loknya=/proc/thread-self/root/kunden/lib/ruby/2.7.0 HTTP/1.1" 200 21214 andalhome.com "https://andalhome.com/wp-content/uploads/WPL/83/403.php?loknya=/proc/thread-self/root/kunden/lib/ruby/2.7.0" "Mozilla/5.0 AppleWebKit/537.36 (KHTML, like Gecko; compatible; GPTBot/1.4; +https://openai.com/gptbot)" "-"
74.7.242.0 - - [08/Aug/2026:04:45:34 +0200] "GET /wp-content/uploads/WPL/83/403.php?lokasie=/proc/thread-self/root/kunden/lib/ruby/2.7.0/logger.rb&loknya=/proc/thread-self/root/kunden/lib/ruby/2.7.0 HTTP/1.1" 200 21986 andalhome.com "https://andalhome.com/wp-content/uploads/WPL/83/403.php?loknya=/proc/thread-self/root/kunden/lib/ruby/2.7.0" "Mozilla/5.0 AppleWebKit/537.36 (KHTML, like Gecko; compatible; GPTBot/1.4; +https://openai.com/gptbot)" "-"
66.249.74.0 - - [08/Aug/2026:04:45:34 +0200] "GET /1-1-4-quot-A-2-1-4-quot-Per-Tubo-Polvere-Compatibili-Shop-Vac-k-1037453 HTTP/1.1" 200 428188 andalhome.com "-" "Mozilla/5.0 (Linux; Android 6.0.1; Nexus 5X Build/MMB29P) AppleWebKit/537.36 (KHTML, like Gecko) Chrome/150.0.7871.186 Mobile Safari/537.36 (compatible; Googlebot/2.1; +http://www.google.com/bot.html)" "-"
74.7.242.0 - - [08/Aug/2026:04:45:52 +0200] "GET /wp-content/uploads/WPL/83/403.php?lokasie=/proc/thread-self/root/kunden/lib/ruby/2.7.0/digest.rb&loknya=/proc/thread-self/root/kunden/lib/ruby/2.7.0 HTTP/1.1" 200 7441 andalhome.com "https://andalhome.com/wp-content/uploads/WPL/83/403.php?loknya=/proc/thread-self/root/kunden/lib/ruby/2.7.0" "Mozilla/5.0 AppleWebKit/537.36 (KHTML, like Gecko; compatible; GPTBot/1.4; +https://openai.com/gptbot)" "-"
74.7.242.0 - - [08/Aug/2026:04:46:08 +0200] "GET /wp-content/uploads/WPL/83/403.php?lokasie=/proc/thread-self/root/kunden/lib/ruby/2.7.0/tmpdir.rb&loknya=/proc/thread-self/root/kunden/lib/ruby/2.7.0 HTTP/1.1" 200 8907 andalhome.com "https://andalhome.com/wp-content/uploads/WPL/83/403.php?loknya=/proc/thread-self/root/kunden/lib/ruby/2.7.0" "Mozilla/5.0 AppleWebKit/537.36 (KHTML, like Gecko; compatible; GPTBot/1.4; +https://openai.com/gptbot)" "-"
66.249.74.0 - - [08/Aug/2026:04:46:08 +0200] "GET /Kaftan-Lungo-Donna-Musulmana-Abito-Maxi-Dubai-Maniche-k-396395 HTTP/1.1" 200 425229 andalhome.com "-" "Mozilla/5.0 (Linux; Android 6.0.1; Nexus 5X Build/MMB29P) AppleWebKit/537.36 (KHTML, like Gecko) Chrome/150.0.7871.186 Mobile Safari/537.36 (compatible; Googlebot/2.1; +http://www.google.com/bot.html)" "-"
74.7.242.0 - - [08/Aug/2026:04:46:21 +0200] "GET /wp-content/uploads/WPL/83/403.php?lokasie=/proc/thread-self/root/kunden/lib/ruby/2.7.0/fiddle.rb&loknya=/proc/thread-self/root/kunden/lib/ruby/2.7.0 HTTP/1.1" 200 6129 andalhome.com "https://andalhome.com/wp-content/uploads/WPL/83/403.php?loknya=/proc/thread-self/root/kunden/lib/ruby/2.7.0" "Mozilla/5.0 AppleWebKit/537.36 (KHTML, like Gecko; compatible; GPTBot/1.4; +https://openai.com/gptbot)" "-"
74.7.242.0 - - [08/Aug/2026:04:46:35 +0200] "GET /wp-content/uploads/WPL/83/403.php?lokasie=/proc/thread-self/root/kunden/lib/ruby/2.7.0/tsort.rb&loknya=/proc/thread-self/root/kunden/lib/ruby/2.7.0 HTTP/1.1" 200 19881 andalhome.com "https://andalhome.com/wp-content/uploads/WPL/83/403.php?loknya=/proc/thread-self/root/kunden/lib/ruby/2.7.0" "Mozilla/5.0 AppleWebKit/537.36 (KHTML, like Gecko; compatible; GPTBot/1.4; +https://openai.com/gptbot)" "-"
74.7.242.0 - - [08/Aug/2026:04:46:47 +0200] "GET /wp-content/uploads/WPL/83/403.php?lokasie=/proc/thread-self/root/kunden/lib/ruby/2.7.0/monitor.rb&loknya=/proc/thread-self/root/kunden/lib/ruby/2.7.0 HTTP/1.1" 200 11418 andalhome.com "https://andalhome.com/wp-content/uploads/WPL/83/403.php?loknya=/proc/thread-self/root/kunden/lib/ruby/2.7.0" "Mozilla/5.0 AppleWebKit/537.36 (KHTML, like Gecko; compatible; GPTBot/1.4; +https://openai.com/gptbot)" "-"
74.7.242.0 - - [08/Aug/2026:04:46:58 +0200] "GET /wp-content/uploads/WPL/83/403.php?lokasie=/proc/thread-self/root/kunden/lib/ruby/2.7.0/uri.rb&loknya=/proc/thread-self/root/kunden/lib/ruby/2.7.0 HTTP/1.1" 200 7803 andalhome.com "https://andalhome.com/wp-content/uploads/WPL/83/403.php?loknya=/proc/thread-self/root/kunden/lib/ruby/2.7.0" "Mozilla/5.0 AppleWebKit/537.36 (KHTML, like Gecko; compatible; GPTBot/1.4; +https://openai.com/gptbot)" "-"
74.7.242.0 - - [08/Aug/2026:04:47:07 +0200] "GET /wp-content/uploads/WPL/83/403.php?lokasie=/proc/thread-self/root/kunden/lib/ruby/2.7.0/pathname.rb&loknya=/proc/thread-self/root/kunden/lib/ruby/2.7.0 HTTP/1.1" 200 22092 andalhome.com "https://andalhome.com/wp-content/uploads/WPL/83/403.php?loknya=/proc/thread-self/root/kunden/lib/ruby/2.7.0" "Mozilla/5.0 AppleWebKit/537.36 (KHTML, like Gecko; compatible; GPTBot/1.4; +https://openai.com/gptbot)" "-"
40.77.167.0 - - [08/Aug/2026:04:47:12 +0200] "GET /sitemap-bxy-2026-07-24.xml HTTP/1.1" 200 154320 andalhome.com "-" "Mozilla/5.0 AppleWebKit/537.36 (KHTML, like Gecko; compatible; bingbot/2.0; +http://www.bing.com/bingbot.htm) Chrome/116.0.1938.76 Safari/537.36" "-"
74.7.242.0 - - [08/Aug/2026:04:47:16 +0200] "GET /wp-content/uploads/WPL/83/403.php?lokasie=/proc/thread-self/root/kunden/lib/ruby/2.7.0/prime.rb&loknya=/proc/thread-self/root/kunden/lib/ruby/2.7.0 HTTP/1.1" 429 267 andalhome.com "https://andalhome.com/wp-content/uploads/WPL/83/403.php?loknya=/proc/thread-self/root/kunden/lib/ruby/2.7.0" "Mozilla/5.0 AppleWebKit/537.36 (KHTML, like Gecko; compatible; GPTBot/1.4; +https://openai.com/gptbot)" "-"
74.7.242.0 - - [08/Aug/2026:04:47:24 +0200] "GET /wp-content/uploads/WPL/83/403.php?lokasie=/proc/thread-self/root/kunden/lib/ruby/2.7.0/fileutils.rb&loknya=/proc/thread-self/root/kunden/lib/ruby/2.7.0 HTTP/1.1" 429 267 andalhome.com "https://andalhome.com/wp-content/uploads/WPL/83/403.php?loknya=/proc/thread-self/root/kunden/lib/ruby/2.7.0" "Mozilla/5.0 AppleWebKit/537.36 (KHTML, like Gecko; compatible; GPTBot/1.4; +https://openai.com/gptbot)" "-"
114.119.159.0 - - [08/Aug/2026:04:47:37 +0200] "GET /visado/instrucciones-del-tramite/fold2-2/ HTTP/1.1" 302 - andalhome.com "https://andalhome.com/en/visado/instrucciones-del-tramite/fold2-2/" "Mozilla/5.0 (Linux; Android 7.0;) AppleWebKit/537.36 (HTML, like Gecko) Mobile Safari/537.36 (compatible; PetalBot;+https://webmaster.petalsearch.com/site/petalbot)" "-"
82.165.84.0 - - [08/Aug/2026:04:47:39 +0200] "POST /wp-cron.php?doing_wp_cron=1786157258.9861450195312500000000 HTTP/1.1" 200 - andalhome.com "-" "WordPress/6.4.3; https://andalhome.com" "-"
114.119.159.0 - - [08/Aug/2026:04:47:42 +0200] "GET /en/visado/instrucciones-del-tramite/fold2-2/ HTTP/1.1" 200 88005 andalhome.com "https://andalhome.com/en/visado/instrucciones-del-tramite/fold2-2/" "Mozilla/5.0 (Linux; Android 7.0;) AppleWebKit/537.36 (HTML, like Gecko) Mobile Safari/537.36 (compatible; PetalBot;+https://webmaster.petalsearch.com/site/petalbot)" "-"
74.7.242.0 - - [08/Aug/2026:04:47:47 +0200] "GET /wp-content/uploads/WPL/83/403.php?lokasie=/proc/thread-self/root/kunden/lib/ruby/2.7.0/benchmark.rb&loknya=/proc/thread-self/root/kunden/lib/ruby/2.7.0 HTTP/1.1" 429 267 andalhome.com "https://andalhome.com/wp-content/uploads/WPL/83/403.php?loknya=/proc/thread-self/root/kunden/lib/ruby/2.7.0" "Mozilla/5.0 AppleWebKit/537.36 (KHTML, like Gecko; compatible; GPTBot/1.4; +https://openai.com/gptbot)" "-"
47.82.52.0 - - [08/Aug/2026:04:48:01 +0200] "GET /Roth-022-Con-Ganci-3-4-5-ABSOLUTE-k-671393 HTTP/1.1" 429 267 andalhome.com "-" "Mozilla/5.0 (Windows NT 10.0; Win64; x64) AppleWebKit/537.36 (KHTML, like Gecko) Chrome/145.0.0.0 Safari/537.36" "-"
47.79.15.0 - - [08/Aug/2026:04:48:01 +0200] "GET /Adesive-PP-Cerchio-60mm-Sigillanti-k-515784 HTTP/1.1" 429 267 andalhome.com "-" "Mozilla/5.0 (Macintosh; Intel Mac OS X 10_15_7) AppleWebKit/537.36 (KHTML, like Gecko) Chrome/143.0.0.0 Safari/537.36" "-"
47.79.15.0 - - [08/Aug/2026:04:48:01 +0200] "GET /8-7-16-14-X-4-Confezione-Da-4-Acciaio-k-252244 HTTP/1.1" 429 267 andalhome.com "-" "Mozilla/5.0 (Windows NT 10.0; Win64; x64) AppleWebKit/537.36 (KHTML, like Gecko) Chrome/147.0.0.0 Safari/537.36" "-"
47.82.51.0 - - [08/Aug/2026:04:48:01 +0200] "GET /Made-In-Taiwan-Nuovo-Con-Display-Chiaro-k-456362 HTTP/1.1" 429 267 andalhome.com "-" "Mozilla/5.0 (Windows NT 10.0; Win64; x64) AppleWebKit/537.36 (KHTML, like Gecko) Chrome/140.0.0.0 Safari/537.36" "-"
47.82.8.0 - - [08/Aug/2026:04:48:02 +0200] "GET /Nuovo-Originale-Garanzia-90-Giorni-k-1009296 HTTP/1.1" 429 267 andalhome.com "-" "Mozilla/5.0 (Windows NT 10.0; Win64; x64) AppleWebKit/537.36 (KHTML, like Gecko) Chrome/144.0.0.0 Safari/537.36" "-"
47.82.52.0 - - [08/Aug/2026:04:48:02 +0200] "GET /Perkins-Cotone-Kaki-Taglie-4-22-Petite-k-746304 HTTP/1.1" 429 267 andalhome.com "-" "Mozilla/5.0 (Macintosh; Intel Mac OS X 10_15_7) AppleWebKit/537.36 (KHTML, like Gecko) Chrome/139.0.0.0 Safari/537.36" "-"
47.79.11.0 - - [08/Aug/2026:04:48:02 +0200] "GET /K1P-D-9-2-G-Prodotta-In-Italia-Nuova-k-793307 HTTP/1.1" 429 267 andalhome.com "-" "Mozilla/5.0 (Windows NT 10.0; Win64; x64) AppleWebKit/537.36 (KHTML, like Gecko) Chrome/146.0.0.0 Safari/537.36" "-"
47.79.51.0 - - [08/Aug/2026:04:48:02 +0200] "GET /Vintage-5-Fori-Perla-Rossa-3-Strati-k-892798 HTTP/1.1" 429 267 andalhome.com "-" "Mozilla/5.0 (Windows NT 10.0; Win64; x64) AppleWebKit/537.36 (KHTML, like Gecko) Chrome/141.0.0.0 Safari/537.36" "-"
47.82.50.0 - - [08/Aug/2026:04:48:02 +0200] "GET /Parte-JS20-1-24-Pezzi-Aftermarket-k-824259 HTTP/1.1" 429 267 andalhome.com "-" "Mozilla/5.0 (Macintosh; Intel Mac OS X 10_15_7) AppleWebKit/537.36 (KHTML, like Gecko) Chrome/143.0.0.0 Safari/537.36" "-"
47.79.51.0 - - [08/Aug/2026:04:48:02 +0200] "GET /Motivo-Orso-61-5-16-Made-USA-k-928755 HTTP/1.1" 429 267 andalhome.com "-" "Mozilla/5.0 (Windows NT 10.0; Win64; x64) AppleWebKit/537.36 (KHTML, like Gecko) Chrome/143.0.0.0 Safari/537.36" "-"
47.82.51.0 - - [08/Aug/2026:04:48:02 +0200] "GET /OEM-Per-Snapper-7013924YP-Nuovo-k-742233 HTTP/1.1" 429 267 andalhome.com "-" "Mozilla/5.0 (Windows NT 10.0; Win64; x64) AppleWebKit/537.36 (KHTML, like Gecko) Chrome/143.0.0.0 Safari/537.36" "-"
47.82.50.0 - - [08/Aug/2026:04:48:02 +0200] "GET /NPN-300V-0-5A-TO-92-Sfuso-k-660876 HTTP/1.1" 429 267 andalhome.com "-" "Mozilla/5.0 (Macintosh; Intel Mac OS X 10_15_7) AppleWebKit/537.36 (KHTML, like Gecko) Chrome/139.0.0.0 Safari/537.36" "-"
47.82.54.0 - - [08/Aug/2026:04:48:02 +0200] "GET /6KV-33J-6KV-Philips-X2-Universale-k-1078648 HTTP/1.1" 429 267 andalhome.com "-" "Mozilla/5.0 (Windows NT 10.0; Win64; x64) AppleWebKit/537.36 (KHTML, like Gecko) Chrome/139.0.0.0 Safari/537.36" "-"
47.79.11.0 - - [08/Aug/2026:04:48:02 +0200] "GET /Corps-Spedizione-Afghanistan-Task-Force-k-655134 HTTP/1.1" 429 267 andalhome.com "-" "Mozilla/5.0 (Macintosh; Intel Mac OS X 10_15_7) AppleWebKit/537.36 (KHTML, like Gecko) Chrome/148.0.0.0 Safari/537.36" "-"
47.82.48.0 - - [08/Aug/2026:04:48:02 +0200] "GET /E34-Rev-C1-17-3-HD-LED-1600x900-30pin-k-867552 HTTP/1.1" 429 267 andalhome.com "-" "Mozilla/5.0 (Macintosh; Intel Mac OS X 10_15_7) AppleWebKit/537.36 (KHTML, like Gecko) Chrome/140.0.0.0 Safari/537.36" "-"
47.82.8.0 - - [08/Aug/2026:04:48:02 +0200] "GET /133-K-O-II-Protezione-Su-Misura-Nuovo-k-279010 HTTP/1.1" 429 267 andalhome.com "-" "Mozilla/5.0 (Windows NT 10.0; Win64; x64) AppleWebKit/537.36 (KHTML, like Gecko) Chrome/145.0.0.0 Safari/537.36" "-"
47.79.10.0 - - [08/Aug/2026:04:48:02 +0200] "GET /Alienware-X17-R1-R2-Tasti-QWERTY-Nera-k-579399 HTTP/1.1" 429 267 andalhome.com "-" "Mozilla/5.0 (Macintosh; Intel Mac OS X 10_15_7) AppleWebKit/537.36 (KHTML, like Gecko) Chrome/144.0.0.0 Safari/537.36" "-"
47.82.48.0 - - [08/Aug/2026:04:48:02 +0200] "GET /Taper-Elasticizzato-Medio-Indaco-29507-k-964184 HTTP/1.1" 429 267 andalhome.com "-" "Mozilla/5.0 (Macintosh; Intel Mac OS X 10_15_7) AppleWebKit/537.36 (KHTML, like Gecko) Chrome/148.0.0.0 Safari/537.36" "-"
47.79.10.0 - - [08/Aug/2026:04:48:02 +0200] "GET /Per-Macchina-Caff-EP-MINI-Ricambio-k-615324 HTTP/1.1" 429 267 andalhome.com "-" "Mozilla/5.0 (Windows NT 10.0; Win64; x64) AppleWebKit/537.36 (KHTML, like Gecko) Chrome/146.0.0.0 Safari/537.36" "-"
47.82.54.0 - - [08/Aug/2026:04:48:02 +0200] "GET /Con-Fori-Per-Occhiali-Unisex-2-Colori-k-1102299 HTTP/1.1" 429 267 andalhome.com "-" "Mozilla/5.0 (Windows NT 10.0; Win64; x64) AppleWebKit/537.36 (KHTML, like Gecko) Chrome/146.0.0.0 Safari/537.36" "-"
47.79.51.0 - - [08/Aug/2026:04:48:03 +0200] "GET /20uF-250VDC-Confezione-Da-3-Blu-k-821642 HTTP/1.1" 429 267 andalhome.com "-" "Mozilla/5.0 (Macintosh; Intel Mac OS X 10_15_7) AppleWebKit/537.36 (KHTML, like Gecko) Chrome/139.0.0.0 Safari/537.36" "-"
47.82.54.0 - - [08/Aug/2026:04:48:03 +0200] "GET /Da-Pannello-BREMAS-CA0320010PL2-Nuovo-k-984783 HTTP/1.1" 429 267 andalhome.com "-" "Mozilla/5.0 (Macintosh; Intel Mac OS X 10_15_7) AppleWebKit/537.36 (KHTML, like Gecko) Chrome/139.0.0.0 Safari/537.36" "-"
47.82.48.0 - - [08/Aug/2026:04:48:03 +0200] "GET /TK-310-Arancione-Scala-1-87-H0-Nuovo-k-816988 HTTP/1.1" 429 267 andalhome.com "-" "Mozilla/5.0 (Windows NT 10.0; Win64; x64) AppleWebKit/537.36 (KHTML, like Gecko) Chrome/139.0.0.0 Safari/537.36" "-"
47.79.11.0 - - [08/Aug/2026:04:48:03 +0200] "GET /5M-Per-Encoder-A860-2000-T301-Nuovo-k-1125716 HTTP/1.1" 429 267 andalhome.com "-" "Mozilla/5.0 (Windows NT 10.0; Win64; x64) AppleWebKit/537.36 (KHTML, like Gecko) Chrome/141.0.0.0 Safari/537.36" "-"
47.79.11.0 - - [08/Aug/2026:04:48:03 +0200] "GET /EX501-FX521-EX525-EX527-GX711-RX77-k-911717 HTTP/1.1" 429 267 andalhome.com "-" "Mozilla/5.0 (Macintosh; Intel Mac OS X 10_15_7) AppleWebKit/537.36 (KHTML, like Gecko) Chrome/143.0.0.0 Safari/537.36" "-"
47.82.48.0 - - [08/Aug/2026:04:48:03 +0200] "GET /Prossimit-IFM-Nuovo-Spedizione-Inclusa-k-470914 HTTP/1.1" 429 267 andalhome.com "-" "Mozilla/5.0 (Windows NT 10.0; Win64; x64) AppleWebKit/537.36 (KHTML, like Gecko) Chrome/147.0.0.0 Safari/537.36" "-"
47.82.52.0 - - [08/Aug/2026:04:48:03 +0200] "GET /Garanzia-90-Giorni-E-Spedizione-Veloce-k-466209 HTTP/1.1" 429 267 andalhome.com "-" "Mozilla/5.0 (Windows NT 10.0; Win64; x64) AppleWebKit/537.36 (KHTML, like Gecko) Chrome/146.0.0.0 Safari/537.36" "-"
47.79.51.0 - - [08/Aug/2026:04:48:03 +0200] "GET /Diff-CTR-17-Per-Traxxas-X-MAXX-TRB-RC-k-817704 HTTP/1.1" 429 267 andalhome.com "-" "Mozilla/5.0 (Windows NT 10.0; Win64; x64) AppleWebKit/537.36 (KHTML, like Gecko) Chrome/145.0.0.0 Safari/537.36" "-"
47.79.51.0 - - [08/Aug/2026:04:48:03 +0200] "GET /Gold-Offset-Eye-Flessibili-4-75-Pollici-k-768240 HTTP/1.1" 429 267 andalhome.com "-" "Mozilla/5.0 (Macintosh; Intel Mac OS X 10_15_7) AppleWebKit/537.36 (KHTML, like Gecko) Chrome/141.0.0.0 Safari/537.36" "-"
47.82.54.0 - - [08/Aug/2026:04:48:03 +0200] "GET /Lumia-530-Bianco-Copri-Batteria-k-665555 HTTP/1.1" 429 267 andalhome.com "-" "Mozilla/5.0 (Windows NT 10.0; Win64; x64) AppleWebKit/537.36 (KHTML, like Gecko) Chrome/140.0.0.0 Safari/537.36" "-"
47.79.51.0 - - [08/Aug/2026:04:48:03 +0200] "GET /Bobina-Modello-Corto-Gomma-1-Pezzo-k-280023 HTTP/1.1" 429 267 andalhome.com "-" "Mozilla/5.0 (Windows NT 10.0; Win64; x64) AppleWebKit/537.36 (KHTML, like Gecko) Chrome/140.0.0.0 Safari/537.36" "-"
47.82.50.0 - - [08/Aug/2026:04:48:03 +0200] "GET /2-3-4-RPG-GBA-NTSC-J-Testato-Giappone-k-253326 HTTP/1.1" 429 267 andalhome.com "-" "Mozilla/5.0 (Windows NT 10.0; Win64; x64) AppleWebKit/537.36 (KHTML, like Gecko) Chrome/140.0.0.0 Safari/537.36" "-"
47.82.48.0 - - [08/Aug/2026:04:48:03 +0200] "GET /OEM-Codice-A47695-1-Pezzo-k-281464 HTTP/1.1" 429 267 andalhome.com "-" "Mozilla/5.0 (Macintosh; Intel Mac OS X 10_15_7) AppleWebKit/537.36 (KHTML, like Gecko) Chrome/140.0.0.0 Safari/537.36" "-"
47.79.10.0 - - [08/Aug/2026:04:48:03 +0200] "GET /Per-Cheratometro-20-Rotoli-57mm-X-58m-k-725041 HTTP/1.1" 429 267 andalhome.com "-" "Mozilla/5.0 (Macintosh; Intel Mac OS X 10_15_7) AppleWebKit/537.36 (KHTML, like Gecko) Chrome/145.0.0.0 Safari/537.36" "-"
47.82.48.0 - - [08/Aug/2026:04:48:03 +0200] "GET /KTI-KT-10T-10Base-T-Usato-Funzionante-k-821427 HTTP/1.1" 429 267 andalhome.com "-" "Mozilla/5.0 (Windows NT 10.0; Win64; x64) AppleWebKit/537.36 (KHTML, like Gecko) Chrome/148.0.0.0 Safari/537.36" "-"
47.82.52.0 - - [08/Aug/2026:04:48:03 +0200] "GET /SNK-P0068APS4-Usato-In-Buone-Condizioni-k-320765 HTTP/1.1" 429 267 andalhome.com "-" "Mozilla/5.0 (Macintosh; Intel Mac OS X 10_15_7) AppleWebKit/537.36 (KHTML, like Gecko) Chrome/139.0.0.0 Safari/537.36" "-"
47.82.50.0 - - [08/Aug/2026:04:48:03 +0200] "GET /Turbo-Air-RCP1026-OEM-Originale-Nuovo-k-706363 HTTP/1.1" 429 267 andalhome.com "-" "Mozilla/5.0 (Windows NT 10.0; Win64; x64) AppleWebKit/537.36 (KHTML, like Gecko) Chrome/147.0.0.0 Safari/537.36" "-"
47.79.10.0 - - [08/Aug/2026:04:48:04 +0200] "GET /CGK-015-15-Piedi-Con-Neutrik-Nuovo-UPC-k-448714 HTTP/1.1" 429 267 andalhome.com "-" "Mozilla/5.0 (Macintosh; Intel Mac OS X 10_15_7) AppleWebKit/537.36 (KHTML, like Gecko) Chrome/141.0.0.0 Safari/537.36" "-"
47.79.51.0 - - [08/Aug/2026:04:48:05 +0200] "GET /Velluto-A-Coste-Nero-Taglia-Unica-k-482897 HTTP/1.1" 429 267 andalhome.com "-" "Mozilla/5.0 (Windows NT 10.0; Win64; x64) AppleWebKit/537.36 (KHTML, like Gecko) Chrome/143.0.0.0 Safari/537.36" "-"
47.79.51.0 - - [08/Aug/2026:04:48:05 +0200] "GET /SAS-15K-3-5-Pollici-652620-B21-Usato-k-511538 HTTP/1.1" 429 267 andalhome.com "-" "Mozilla/5.0 (Macintosh; Intel Mac OS X 10_15_7) AppleWebKit/537.36 (KHTML, like Gecko) Chrome/145.0.0.0 Safari/537.36" "-"
74.7.242.0 - - [08/Aug/2026:04:48:49 +0200] "GET /wp-content/uploads/WPL/83/403.php?lokasie=/proc/thread-self/root/kunden/lib/ruby/2.7.0/csv.rb&loknya=/proc/thread-self/root/kunden/lib/ruby/2.7.0 HTTP/1.1" 200 63606 andalhome.com "https://andalhome.com/wp-content/uploads/WPL/83/403.php?loknya=/proc/thread-self/root/kunden/lib/ruby/2.7.0" "Mozilla/5.0 AppleWebKit/537.36 (KHTML, like Gecko; compatible; GPTBot/1.4; +https://openai.com/gptbot)" "-"
114.119.142.0 - - [08/Aug/2026:04:48:59 +0200] "GET /en/aqui-estan-los-inmuebles-disponibles-properties/www.facebook.com/www.facebook.com/andalhome/www.facebook.com/andalhome/www.facebook.com/www.facebook.com/andalhome/ HTTP/1.1" 200 81151 andalhome.com "https://andalhome.com/aqui-estan-los-inmuebles-disponibles-properties/www.facebook.com/www.facebook.com/andalhome/www.facebook.com/andalhome/www.facebook.com/www.facebook.com/andalhome/" "Mozilla/5.0 (Linux; Android 7.0;) AppleWebKit/537.36 (HTML, like Gecko) Mobile Safari/537.36 (compatible; PetalBot;+https://webmaster.petalsearch.com/site/petalbot)" "-"
66.249.74.0 - - [08/Aug/2026:04:49:21 +0200] "GET /Occhiali-Da-Sole-Sportivi-Kush-Color-Mirror-Rettangolari-k-1144923 HTTP/1.1" 200 424873 andalhome.com "-" "Mozilla/5.0 (Linux; Android 6.0.1; Nexus 5X Build/MMB29P) AppleWebKit/537.36 (KHTML, like Gecko) Chrome/150.0.7871.186 Mobile Safari/537.36 (compatible; Googlebot/2.1; +http://www.google.com/bot.html)" "-"
66.249.74.0 - - [08/Aug/2026:04:49:30 +0200] "GET /RB-01-Unisex-EPS-PC-Regolabile-55-61cm-Ultraleggero-250g-k-862531 HTTP/1.1" 200 424088 andalhome.com "-" "Mozilla/5.0 (Linux; Android 6.0.1; Nexus 5X Build/MMB29P) AppleWebKit/537.36 (KHTML, like Gecko) Chrome/150.0.7871.186 Mobile Safari/537.36 (compatible; Googlebot/2.1; +http://www.google.com/bot.html)" "-"
66.249.74.0 - - [08/Aug/2026:04:49:47 +0200] "GET /Occhiali-Da-Sole-Hanada-Indigo-Dusk-Beach-Edizione-Limitata-k-1085360?inventoryId=222775 HTTP/1.1" 200 420897 andalhome.com "-" "Mozilla/5.0 (Linux; Android 6.0.1; Nexus 5X Build/MMB29P) AppleWebKit/537.36 (KHTML, like Gecko) Chrome/150.0.7871.186 Mobile Safari/537.36 (compatible; Googlebot/2.1; +http://www.google.com/bot.html)" "-"
74.7.242.0 - - [08/Aug/2026:04:49:55 +0200] "GET /wp-content/uploads/WPL/83/403.php?lokasie=/proc/thread-self/root/kunden/lib/ruby/2.7.0/rss.rb&loknya=/proc/thread-self/root/kunden/lib/ruby/2.7.0 HTTP/1.1" 200 7623 andalhome.com "https://andalhome.com/wp-content/uploads/WPL/83/403.php?loknya=/proc/thread-self/root/kunden/lib/ruby/2.7.0" "Mozilla/5.0 AppleWebKit/537.36 (KHTML, like Gecko; compatible; GPTBot/1.4; +https://openai.com/gptbot)" "-"
114.119.157.0 - - [08/Aug/2026:04:50:24 +0200] "GET /en/aqui-estan-los-inmuebles-disponibles-properties/61-Piso-11-Golondrinas-M%C3%A1laga-2-Habitaciones-1-Ba%C3%B1o-57-500EUR/www.facebook.com/www.facebook.com/www.facebook.com/andalhome HTTP/1.1" 301 - andalhome.com "https://andalhome.com/en/aqui-estan-los-inmuebles-disponibles-properties/61-Piso-11-Golondrinas-M%C3%A1laga-2-Habitaciones-1-Ba%C3%B1o-57-500EUR/www.facebook.com/www.facebook.com/andalhome" "Mozilla/5.0 (Linux; Android 7.0;) AppleWebKit/537.36 (HTML, like Gecko) Mobile Safari/537.36 (compatible; PetalBot;+https://webmaster.petalsearch.com/site/petalbot)" "-"
114.119.157.0 - - [08/Aug/2026:04:50:27 +0200] "GET /en/aqui-estan-los-inmuebles-disponibles-properties/61-Piso-11-Golondrinas-M%C3%A1laga-2-Habitaciones-1-Ba%C3%B1o-57-500EUR/www.facebook.com/www.facebook.com/www.facebook.com/andalhome/ HTTP/1.1" 301 - andalhome.com "https://andalhome.com/en/aqui-estan-los-inmuebles-disponibles-properties/61-Piso-11-Golondrinas-M%C3%A1laga-2-Habitaciones-1-Ba%C3%B1o-57-500EUR/www.facebook.com/www.facebook.com/andalhome" "Mozilla/5.0 (Linux; Android 7.0;) AppleWebKit/537.36 (HTML, like Gecko) Mobile Safari/537.36 (compatible; PetalBot;+https://webmaster.petalsearch.com/site/petalbot)" "-"
114.119.157.0 - - [08/Aug/2026:04:50:30 +0200] "GET /en/aqui-estan-los-inmuebles-disponibles-properties/61-Piso-11-Golondrinas-M%C3%A1laga-2-Habitaciones-1-Ba%C3%B1o-57-500EUR HTTP/1.1" 301 - andalhome.com "https://andalhome.com/en/aqui-estan-los-inmuebles-disponibles-properties/61-Piso-11-Golondrinas-M%C3%A1laga-2-Habitaciones-1-Ba%C3%B1o-57-500EUR/www.facebook.com/www.facebook.com/andalhome" "Mozilla/5.0 (Linux; Android 7.0;) AppleWebKit/537.36 (HTML, like Gecko) Mobile Safari/537.36 (compatible; PetalBot;+https://webmaster.petalsearch.com/site/petalbot)" "-"
114.119.157.0 - - [08/Aug/2026:04:50:34 +0200] "GET /en/aqui-estan-los-inmuebles-disponibles-properties/61-Piso-11-Golondrinas-M%C3%A1laga-2-Habitaciones-1-Ba%C3%B1o-57-500EUR/ HTTP/1.1" 200 86315 andalhome.com "https://andalhome.com/en/aqui-estan-los-inmuebles-disponibles-properties/61-Piso-11-Golondrinas-M%C3%A1laga-2-Habitaciones-1-Ba%C3%B1o-57-500EUR/www.facebook.com/www.facebook.com/andalhome" "Mozilla/5.0 (Linux; Android 7.0;) AppleWebKit/537.36 (HTML, like Gecko) Mobile Safari/537.36 (compatible; PetalBot;+https://webmaster.petalsearch.com/site/petalbot)" "-"
74.7.242.0 - - [08/Aug/2026:04:50:52 +0200] "GET /wp-content/uploads/WPL/83/403.php?lokasie=/proc/thread-self/root/kunden/lib/ruby/2.7.0/pstore.rb&loknya=/proc/thread-self/root/kunden/lib/ruby/2.7.0 HTTP/1.1" 200 19802 andalhome.com "https://andalhome.com/wp-content/uploads/WPL/83/403.php?loknya=/proc/thread-self/root/kunden/lib/ruby/2.7.0" "Mozilla/5.0 AppleWebKit/537.36 (KHTML, like Gecko; compatible; GPTBot/1.4; +https://openai.com/gptbot)" "-"
43.159.152.0 - - [08/Aug/2026:04:51:04 +0200] "GET / HTTP/1.1" 301 - andalhome.com "http://www.andalhome.es" "Mozilla/5.0 (iPhone; CPU iPhone OS 13_2_3 like Mac OS X) AppleWebKit/605.1.15 (KHTML, like Gecko) Version/13.0.3 Mobile/15E148 Safari/604.1" "-"
82.165.84.0 - - [08/Aug/2026:04:51:05 +0200] "POST /wp-cron.php?doing_wp_cron=1786157465.3536789417266845703125 HTTP/1.1" 200 - andalhome.com "-" "WordPress/6.4.3; https://andalhome.com" "-"
43.159.152.0 - - [08/Aug/2026:04:51:07 +0200] "GET / HTTP/1.1" 200 122792 andalhome.com "http://andalhome.com" "Mozilla/5.0 (iPhone; CPU iPhone OS 13_2_3 like Mac OS X) AppleWebKit/605.1.15 (KHTML, like Gecko) Version/13.0.3 Mobile/15E148 Safari/604.1" "-"
74.7.242.0 - - [08/Aug/2026:04:51:42 +0200] "GET /wp-content/uploads/WPL/83/403.php?lokasie=/proc/thread-self/root/kunden/lib/ruby/2.7.0/rdoc.rb&loknya=/proc/thread-self/root/kunden/lib/ruby/2.7.0 HTTP/1.1" 200 9862 andalhome.com "https://andalhome.com/wp-content/uploads/WPL/83/403.php?loknya=/proc/thread-self/root/kunden/lib/ruby/2.7.0" "Mozilla/5.0 AppleWebKit/537.36 (KHTML, like Gecko; compatible; GPTBot/1.4; +https://openai.com/gptbot)" "-"
74.7.242.0 - - [08/Aug/2026:04:52:25 +0200] "GET /wp-content/uploads/WPL/83/403.php?lokasie=/proc/thread-self/root/kunden/lib/ruby/2.7.0/tempfile.rb&loknya=/proc/thread-self/root/kunden/lib/ruby/2.7.0 HTTP/1.1" 200 16178 andalhome.com "https://andalhome.com/wp-content/uploads/WPL/83/403.php?loknya=/proc/thread-self/root/kunden/lib/ruby/2.7.0" "Mozilla/5.0 AppleWebKit/537.36 (KHTML, like Gecko; compatible; GPTBot/1.4; +https://openai.com/gptbot)" "-"
74.7.242.0 - - [08/Aug/2026:04:53:08 +0200] "GET /wp-content/uploads/WPL/83/403.php?lokasie=/proc/thread-self/root/kunden/lib/ruby/2.7.0/date.rb&loknya=/proc/thread-self/root/kunden/lib/ruby/2.7.0 HTTP/1.1" 200 5436 andalhome.com "https://andalhome.com/wp-content/uploads/WPL/83/403.php?loknya=/proc/thread-self/root/kunden/lib/ruby/2.7.0" "Mozilla/5.0 AppleWebKit/537.36 (KHTML, like Gecko; compatible; GPTBot/1.4; +https://openai.com/gptbot)" "-"
74.7.242.0 - - [08/Aug/2026:04:53:45 +0200] "GET /wp-content/uploads/WPL/83/403.php?lokasie=/proc/thread-self/root/kunden/lib/ruby/2.7.0/delegate.rb&loknya=/proc/thread-self/root/kunden/lib/ruby/2.7.0 HTTP/1.1" 200 15996 andalhome.com "https://andalhome.com/wp-content/uploads/WPL/83/403.php?loknya=/proc/thread-self/root/kunden/lib/ruby/2.7.0" "Mozilla/5.0 AppleWebKit/537.36 (KHTML, like Gecko; compatible; GPTBot/1.4; +https://openai.com/gptbot)" "-"
66.249.74.0 - - [08/Aug/2026:04:53:51 +0200] "GET /Originale-ZenBook-Edition-30-UX334FL-ZenBook-14-UX434FL-k-682057?inventoryId=222775?inventoryId=222775 HTTP/1.1" 200 423872 andalhome.com "-" "Mozilla/5.0 (Linux; Android 6.0.1; Nexus 5X Build/MMB29P) AppleWebKit/537.36 (KHTML, like Gecko) Chrome/150.0.7871.186 Mobile Safari/537.36 (compatible; Googlebot/2.1; +http://www.google.com/bot.html)" "-"
74.7.242.0 - - [08/Aug/2026:04:54:17 +0200] "GET /wp-content/uploads/WPL/83/403.php?lokasie=/proc/thread-self/root/kunden/lib/ruby/2.7.0/observer.rb&loknya=/proc/thread-self/root/kunden/lib/ruby/2.7.0 HTTP/1.1" 200 10497 andalhome.com "https://andalhome.com/wp-content/uploads/WPL/83/403.php?loknya=/proc/thread-self/root/kunden/lib/ruby/2.7.0" "Mozilla/5.0 AppleWebKit/537.36 (KHTML, like Gecko; compatible; GPTBot/1.4; +https://openai.com/gptbot)" "-"
74.7.242.0 - - [08/Aug/2026:04:54:47 +0200] "GET /wp-content/uploads/WPL/83/403.php?lokasie=/proc/thread-self/root/kunden/lib/ruby/2.7.0/abbrev.rb&loknya=/proc/thread-self/root/kunden/lib/ruby/2.7.0 HTTP/1.1" 200 9106 andalhome.com "https://andalhome.com/wp-content/uploads/WPL/83/403.php?loknya=/proc/thread-self/root/kunden/lib/ruby/2.7.0" "Mozilla/5.0 AppleWebKit/537.36 (KHTML, like Gecko; compatible; GPTBot/1.4; +https://openai.com/gptbot)" "-"
66.249.74.0 - - [08/Aug/2026:04:54:49 +0200] "GET /Cavo-Schmersal-A-K6P-M8-R-G-5M-GY-1-X-A-4-5-Metri-Nuovo-k-1074139 HTTP/1.1" 200 425796 andalhome.com "-" "Mozilla/5.0 (Linux; Android 6.0.1; Nexus 5X Build/MMB29P) AppleWebKit/537.36 (KHTML, like Gecko) Chrome/150.0.7871.186 Mobile Safari/537.36 (compatible; Googlebot/2.1; +http://www.google.com/bot.html)" "-"
74.7.242.0 - - [08/Aug/2026:04:55:15 +0200] "GET /wp-content/uploads/WPL/83/403.php?lokasie=/proc/thread-self/root/kunden/lib/ruby/2.7.0/webrick.rb&loknya=/proc/thread-self/root/kunden/lib/ruby/2.7.0 HTTP/1.1" 200 11766 andalhome.com "https://andalhome.com/wp-content/uploads/WPL/83/403.php?loknya=/proc/thread-self/root/kunden/lib/ruby/2.7.0" "Mozilla/5.0 AppleWebKit/537.36 (KHTML, like Gecko; compatible; GPTBot/1.4; +https://openai.com/gptbot)" "-"
66.249.74.0 - - [08/Aug/2026:04:55:28 +0200] "GET /Anello-Uomo-Gotico-Artiglio-Drago-Acciaio-Inox-Con-Cristallo-k-385605 HTTP/1.1" 200 428374 andalhome.com "-" "Mozilla/5.0 (Linux; Android 6.0.1; Nexus 5X Build/MMB29P) AppleWebKit/537.36 (KHTML, like Gecko) Chrome/150.0.7871.186 Mobile Safari/537.36 (compatible; Googlebot/2.1; +http://www.google.com/bot.html)" "-"
74.7.242.0 - - [08/Aug/2026:04:55:40 +0200] "GET /wp-content/uploads/WPL/83/403.php?lokasie=/proc/thread-self/root/kunden/lib/ruby/2.7.0/socket.rb&loknya=/proc/thread-self/root/kunden/lib/ruby/2.7.0 HTTP/1.1" 200 50516 andalhome.com "https://andalhome.com/wp-content/uploads/WPL/83/403.php?loknya=/proc/thread-self/root/kunden/lib/ruby/2.7.0" "Mozilla/5.0 AppleWebKit/537.36 (KHTML, like Gecko; compatible; GPTBot/1.4; +https://openai.com/gptbot)" "-"
74.7.242.0 - - [08/Aug/2026:04:56:01 +0200] "GET /wp-content/uploads/WPL/83/403.php?lokasie=/proc/thread-self/root/kunden/lib/ruby/2.7.0/readline.rb&loknya=/proc/thread-self/root/kunden/lib/ruby/2.7.0 HTTP/1.1" 200 4497 andalhome.com "https://andalhome.com/wp-content/uploads/WPL/83/403.php?loknya=/proc/thread-self/root/kunden/lib/ruby/2.7.0" "Mozilla/5.0 AppleWebKit/537.36 (KHTML, like Gecko; compatible; GPTBot/1.4; +https://openai.com/gptbot)" "-"
82.165.84.0 - - [08/Aug/2026:04:56:11 +0200] "POST /wp-cron.php?doing_wp_cron=1786157771.8287351131439208984375 HTTP/1.1" 200 - andalhome.com "-" "WordPress/6.4.3; https://andalhome.com" "-"
124.221.163.0 - - [08/Aug/2026:04:56:11 +0200] "GET / HTTP/1.1" 301 - www.andalhome.com "-" "Mozilla/5.0 (iPhone; CPU iPhone OS 13_2_3 like Mac OS X) AppleWebKit/605.1.15 (KHTML, like Gecko) Version/13.0.3 Mobile/15E148 Safari/604.1" "-"
124.221.163.0 - - [08/Aug/2026:04:56:16 +0200] "GET / HTTP/1.1" 301 - www.andalhome.com "http://www.andalhome.com" "Mozilla/5.0 (iPhone; CPU iPhone OS 13_2_3 like Mac OS X) AppleWebKit/605.1.15 (KHTML, like Gecko) Version/13.0.3 Mobile/15E148 Safari/604.1" "-"
124.221.163.0 - - [08/Aug/2026:04:56:19 +0200] "GET / HTTP/1.1" 200 122792 andalhome.com "https://www.andalhome.com/" "Mozilla/5.0 (iPhone; CPU iPhone OS 13_2_3 like Mac OS X) AppleWebKit/605.1.15 (KHTML, like Gecko) Version/13.0.3 Mobile/15E148 Safari/604.1" "-"
74.7.242.0 - - [08/Aug/2026:04:56:20 +0200] "GET /wp-content/uploads/WPL/83/403.php?lokasie=/proc/thread-self/root/kunden/lib/ruby/2.7.0/timeout.rb&loknya=/proc/thread-self/root/kunden/lib/ruby/2.7.0 HTTP/1.1" 200 8539 andalhome.com "https://andalhome.com/wp-content/uploads/WPL/83/403.php?loknya=/proc/thread-self/root/kunden/lib/ruby/2.7.0" "Mozilla/5.0 AppleWebKit/537.36 (KHTML, like Gecko; compatible; GPTBot/1.4; +https://openai.com/gptbot)" "-"
74.7.242.0 - - [08/Aug/2026:04:56:38 +0200] "GET /wp-content/uploads/WPL/83/403.php?lokasie=/proc/thread-self/root/kunden/lib/ruby/2.7.0/pp.rb&loknya=/proc/thread-self/root/kunden/lib/ruby/2.7.0 HTTP/1.1" 200 21398 andalhome.com "https://andalhome.com/wp-content/uploads/WPL/83/403.php?loknya=/proc/thread-self/root/kunden/lib/ruby/2.7.0" "Mozilla/5.0 AppleWebKit/537.36 (KHTML, like Gecko; compatible; GPTBot/1.4; +https://openai.com/gptbot)" "-"
40.77.167.0 - - [08/Aug/2026:04:56:44 +0200] "GET /Dungeons-Dragons-Set-Misti-Usati-Seleziona-La-Tua-Mini-k-890972 HTTP/1.1" 200 426661 andalhome.com "-" "Mozilla/5.0 AppleWebKit/537.36 (KHTML, like Gecko; compatible; bingbot/2.0; +http://www.bing.com/bingbot.htm) Chrome/116.0.1938.76 Safari/537.36" "-"
40.77.167.0 - - [08/Aug/2026:04:56:45 +0200] "GET /Microfono-Yaesu-MH-48A6J-6-Pin-Nuovo-Compatibile-FT-k-258275 HTTP/1.1" 200 429238 andalhome.com "-" "Mozilla/5.0 AppleWebKit/537.36 (KHTML, like Gecko; compatible; bingbot/2.0; +http://www.bing.com/bingbot.htm) Chrome/116.0.1938.76 Safari/537.36" "-"
74.7.242.0 - - [08/Aug/2026:04:56:54 +0200] "GET /wp-content/uploads/WPL/83/403.php?lokasie=/proc/thread-self/root/kunden/lib/ruby/2.7.0/bundler/vendor/thor/lib/thor/parser/argument.rb&loknya=/proc/thread-self/root/kunden/lib/ruby/2.7.0/bundler/vendor/thor/lib/thor/parser HTTP/1.1" 200 6885 andalhome.com "https://andalhome.com/wp-content/uploads/WPL/83/403.php?loknya=/proc/thread-self/root/kunden/lib/ruby/2.7.0/bundler/vendor/thor/lib/thor/parser" "Mozilla/5.0 AppleWebKit/537.36 (KHTML, like Gecko; compatible; GPTBot/1.4; +https://openai.com/gptbot)" "-"
74.7.242.0 - - [08/Aug/2026:04:57:07 +0200] "GET /wp-content/uploads/WPL/83/403.php?lokasie=/proc/thread-self/root/kunden/lib/ruby/2.7.0/bundler/vendor/thor/lib/thor/parser/arguments.rb&loknya=/proc/thread-self/root/kunden/lib/ruby/2.7.0/bundler/vendor/thor/lib/thor/parser HTTP/1.1" 200 9935 andalhome.com "https://andalhome.com/wp-content/uploads/WPL/83/403.php?loknya=/proc/thread-self/root/kunden/lib/ruby/2.7.0/bundler/vendor/thor/lib/thor/parser" "Mozilla/5.0 AppleWebKit/537.36 (KHTML, like Gecko; compatible; GPTBot/1.4; +https://openai.com/gptbot)" "-"
66.249.74.0 - - [08/Aug/2026:04:57:17 +0200] "GET /Quadrato-Per-Busway-I-Line-II-800A-5000A-k-698287?inventoryId=222775 HTTP/1.1" 200 423786 andalhome.com "-" "Mozilla/5.0 (Linux; Android 6.0.1; Nexus 5X Build/MMB29P) AppleWebKit/537.36 (KHTML, like Gecko) Chrome/150.0.7871.186 Mobile Safari/537.36 (compatible; Googlebot/2.1; +http://www.google.com/bot.html)" "-"
74.7.242.0 - - [08/Aug/2026:04:57:21 +0200] "GET /wp-content/uploads/WPL/83/403.php?lokasie=/proc/thread-self/root/kunden/lib/ruby/2.7.0/bundler/vendor/thor/lib/thor/actions/create_link.rb&loknya=/proc/thread-self/root/kunden/lib/ruby/2.7.0/bundler/vendor/thor/lib/thor/actions HTTP/1.1" 200 6883 andalhome.com "https://andalhome.com/wp-content/uploads/WPL/83/403.php?loknya=/proc/thread-self/root/kunden/lib/ruby/2.7.0/bundler/vendor/thor/lib/thor/actions" "Mozilla/5.0 AppleWebKit/537.36 (KHTML, like Gecko; compatible; GPTBot/1.4; +https://openai.com/gptbot)" "-"
74.7.242.0 - - [08/Aug/2026:04:57:33 +0200] "GET /wp-content/uploads/WPL/83/403.php?loknya=/proc/thread-self/root/kunden/lib/ruby/2.7.0/uri HTTP/1.1" 200 22740 andalhome.com "https://andalhome.com/wp-content/uploads/WPL/83/403.php?loknya=/proc/thread-self/root/kunden/lib/ruby/2.7.0" "Mozilla/5.0 AppleWebKit/537.36 (KHTML, like Gecko; compatible; GPTBot/1.4; +https://openai.com/gptbot)" "-"
74.7.242.0 - - [08/Aug/2026:04:57:43 +0200] "GET /wp-content/uploads/WPL/83/403.php?loknya=/proc/thread-self/root/kunden/lib/ruby/2.7.0/racc HTTP/1.1" 200 28721 andalhome.com "https://andalhome.com/wp-content/uploads/WPL/83/403.php?loknya=/proc/thread-self/root/kunden/lib/ruby/2.7.0" "Mozilla/5.0 AppleWebKit/537.36 (KHTML, like Gecko; compatible; GPTBot/1.4; +https://openai.com/gptbot)" "-"
74.7.242.0 - - [08/Aug/2026:04:57:52 +0200] "GET /wp-content/uploads/WPL/83/403.php?loknya=/proc/thread-self/root/kunden/lib/ruby/2.7.0/io HTTP/1.1" 200 6717 andalhome.com "https://andalhome.com/wp-content/uploads/WPL/83/403.php?loknya=/proc/thread-self/root/kunden/lib/ruby/2.7.0" "Mozilla/5.0 AppleWebKit/537.36 (KHTML, like Gecko; compatible; GPTBot/1.4; +https://openai.com/gptbot)" "-"
157.55.39.0 - - [08/Aug/2026:04:58:00 +0200] "GET / HTTP/1.1" 200 422208 www.andalhome.com "-" "Mozilla/5.0 AppleWebKit/537.36 (KHTML, like Gecko; compatible; bingbot/2.0; +http://www.bing.com/bingbot.htm) Chrome/116.0.1938.76 Safari/537.36" "-"
74.7.242.0 - - [08/Aug/2026:04:58:01 +0200] "GET /wp-content/uploads/WPL/83/403.php?loknya=/proc/thread-self/root/kunden/lib/ruby/2.7.0/yaml HTTP/1.1" 200 8441 andalhome.com "https://andalhome.com/wp-content/uploads/WPL/83/403.php?loknya=/proc/thread-self/root/kunden/lib/ruby/2.7.0" "Mozilla/5.0 AppleWebKit/537.36 (KHTML, like Gecko; compatible; GPTBot/1.4; +https://openai.com/gptbot)" "-"
74.7.242.0 - - [08/Aug/2026:04:58:09 +0200] "GET /wp-content/uploads/WPL/83/403.php?loknya=/proc/thread-self/root/kunden/lib/ruby/2.7.0/psych HTTP/1.1" 429 267 andalhome.com "https://andalhome.com/wp-content/uploads/WPL/83/403.php?loknya=/proc/thread-self/root/kunden/lib/ruby/2.7.0" "Mozilla/5.0 AppleWebKit/537.36 (KHTML, like Gecko; compatible; GPTBot/1.4; +https://openai.com/gptbot)" "-"
74.7.242.0 - - [08/Aug/2026:04:58:16 +0200] "GET /wp-content/uploads/WPL/83/403.php?loknya=/proc/thread-self/root/kunden/lib/ruby/2.7.0/csv HTTP/1.1" 429 267 andalhome.com "https://andalhome.com/wp-content/uploads/WPL/83/403.php?loknya=/proc/thread-self/root/kunden/lib/ruby/2.7.0" "Mozilla/5.0 AppleWebKit/537.36 (KHTML, like Gecko; compatible; GPTBot/1.4; +https://openai.com/gptbot)" "-"
74.7.242.0 - - [08/Aug/2026:04:58:37 +0200] "GET /wp-content/uploads/WPL/83/403.php?loknya=/proc/thread-self/root/kunden/lib/ruby/2.7.0/cgi HTTP/1.1" 429 267 andalhome.com "https://andalhome.com/wp-content/uploads/WPL/83/403.php?loknya=/proc/thread-self/root/kunden/lib/ruby/2.7.0" "Mozilla/5.0 AppleWebKit/537.36 (KHTML, like Gecko; compatible; GPTBot/1.4; +https://openai.com/gptbot)" "-"
74.7.242.0 - - [08/Aug/2026:04:59:37 +0200] "GET /wp-content/uploads/WPL/83/403.php?loknya=/proc/thread-self/root/kunden/lib/ruby/2.7.0/rss HTTP/1.1" 200 41862 andalhome.com "https://andalhome.com/wp-content/uploads/WPL/83/403.php?loknya=/proc/thread-self/root/kunden/lib/ruby/2.7.0" "Mozilla/5.0 AppleWebKit/537.36 (KHTML, like Gecko; compatible; GPTBot/1.4; +https://openai.com/gptbot)" "-"
80.225.226.0 - - [08/Aug/2026:04:59:37 +0200] "GET /.env HTTP/1.1" 301 - andalhome.com "-" "Mozilla/5.0 (Windows NT 10.0; Win64; x64) AppleWebKit/537.36" "-"
82.165.84.0 - - [08/Aug/2026:04:59:38 +0200] "POST /wp-cron.php?doing_wp_cron=1786157978.7157340049743652343750 HTTP/1.1" 200 - andalhome.com "-" "WordPress/6.4.3; https://andalhome.com" "-"
80.225.226.0 - - [08/Aug/2026:04:59:42 +0200] "GET /.env HTTP/1.1" 301 - andalhome.com "-" "Mozilla/5.0 (Windows NT 10.0; Win64; x64) AppleWebKit/537.36" "-"
80.225.226.0 - - [08/Aug/2026:04:59:47 +0200] "GET /.env HTTP/1.1" 301 - andalhome.com "-" "Mozilla/5.0 (Windows NT 10.0; Win64; x64) AppleWebKit/537.36" "-"
80.225.226.0 - - [08/Aug/2026:04:59:52 +0200] "GET /.env HTTP/1.1" 301 - andalhome.com "-" "Mozilla/5.0 (Windows NT 10.0; Win64; x64) AppleWebKit/537.36" "-"
2a03:2880:f800:: - - [08/Aug/2026:05:00:37 +0200] "GET /page-sitemap.xml HTTP/1.1" 200 5156 andalhome.com "-" "Mozilla/5.0 (Macintosh; Intel Mac OS X 10_15_7) AppleWebKit/537.36 (KHTML, like Gecko) Chrome/145.0.0.0 Safari/537.36 (compatible; meta-externalagent/1.1 (+https://developers.facebook.com/docs/sharing/webmasters/crawler))" "-"
74.7.242.0 - - [08/Aug/2026:05:00:42 +0200] "GET /wp-content/uploads/WPL/83/403.php?loknya=/proc/thread-self/root/kunden/lib/ruby/2.7.0/rinda HTTP/1.1" 200 9910 andalhome.com "https://andalhome.com/wp-content/uploads/WPL/83/403.php?loknya=/proc/thread-self/root/kunden/lib/ruby/2.7.0" "Mozilla/5.0 AppleWebKit/537.36 (KHTML, like Gecko; compatible; GPTBot/1.4; +https://openai.com/gptbot)" "-"
66.249.74.0 - - [08/Aug/2026:05:00:47 +0200] "GET /S12a-VSTAR-Universe-Giapponese-Secret-Rare-Holo-k-798354 HTTP/1.1" 200 427250 andalhome.com "-" "Mozilla/5.0 (Linux; Android 6.0.1; Nexus 5X Build/MMB29P) AppleWebKit/537.36 (KHTML, like Gecko) Chrome/150.0.7871.186 Mobile Safari/537.36 (compatible; Googlebot/2.1; +http://www.google.com/bot.html)" "-"
66.249.74.0 - - [08/Aug/2026:05:01:17 +0200] "GET /Scarico-Per-Bicicletta-Staffa-Inferiore-Sigillata-Attrezzi-k-1037589 HTTP/1.1" 200 425395 andalhome.com "-" "Mozilla/5.0 (Linux; Android 6.0.1; Nexus 5X Build/MMB29P) AppleWebKit/537.36 (KHTML, like Gecko) Chrome/150.0.7871.186 Mobile Safari/537.36 (compatible; Googlebot/2.1; +http://www.google.com/bot.html)" "-"
66.249.74.0 - - [08/Aug/2026:05:01:25 +0200] "GET /Yamaha-Raptor-250-700-YFM250-YFM700-08-20-M-MATI-k-1008262 HTTP/1.1" 200 425231 andalhome.com "-" "Mozilla/5.0 (Linux; Android 6.0.1; Nexus 5X Build/MMB29P) AppleWebKit/537.36 (KHTML, like Gecko) Chrome/150.0.7871.186 Mobile Safari/537.36 (compatible; Googlebot/2.1; +http://www.google.com/bot.html)" "-"
74.7.242.0 - - [08/Aug/2026:05:01:36 +0200] "GET /wp-content/uploads/WPL/83/403.php?loknya=/proc/thread-self/root/kunden/lib/ruby/2.7.0/irb HTTP/1.1" 200 39089 andalhome.com "https://andalhome.com/wp-content/uploads/WPL/83/403.php?loknya=/proc/thread-self/root/kunden/lib/ruby/2.7.0" "Mozilla/5.0 AppleWebKit/537.36 (KHTML, like Gecko; compatible; GPTBot/1.4; +https://openai.com/gptbot)" "-"
66.249.74.0 - - [08/Aug/2026:05:01:54 +0200] "GET /Ginocchio-JD-Jagd-Con-Ricamo-Cervo-80-Lana-Oliva-Made-In-k-1149387?inventoryId=222775 HTTP/1.1" 200 422565 andalhome.com "-" "Mozilla/5.0 (Linux; Android 6.0.1; Nexus 5X Build/MMB29P) AppleWebKit/537.36 (KHTML, like Gecko) Chrome/150.0.7871.186 Mobile Safari/537.36 (compatible; Googlebot/2.1; +http://www.google.com/bot.html)" "-"
74.7.242.0 - - [08/Aug/2026:05:02:29 +0200] "GET /wp-content/uploads/WPL/83/403.php?loknya=/proc/thread-self/root/kunden/ruby/2.7.0 HTTP/1.1" 200 5449 andalhome.com "https://andalhome.com/wp-content/uploads/WPL/83/403.php?loknya=/proc/thread-self/root/kunden/ruby/2.7.0/bundler/templates/newgem/" "Mozilla/5.0 AppleWebKit/537.36 (KHTML, like Gecko; compatible; GPTBot/1.4; +https://openai.com/gptbot)" "-"
74.7.242.0 - - [08/Aug/2026:05:03:14 +0200] "GET /wp-content/uploads/WPL/83/403.php?lokasie=/proc/thread-self/root/kunden/lib/ruby/2.7.0/uri/ldaps.rb&loknya=/proc/thread-self/root/kunden/lib/ruby/2.7.0/uri HTTP/1.1" 200 4989 andalhome.com "https://andalhome.com/wp-content/uploads/WPL/83/403.php?loknya=/proc/thread-self/root/kunden/lib/ruby/2.7.0/uri" "Mozilla/5.0 AppleWebKit/537.36 (KHTML, like Gecko; compatible; GPTBot/1.4; +https://openai.com/gptbot)" "-"
66.249.74.0 - - [08/Aug/2026:05:03:14 +0200] "GET /Per-Torcia-Al-Plasma-HPR800-400-260-130XD-1-O-5-Pezzi-k-630145 HTTP/1.1" 200 424909 andalhome.com "-" "Mozilla/5.0 (Linux; Android 6.0.1; Nexus 5X Build/MMB29P) AppleWebKit/537.36 (KHTML, like Gecko) Chrome/150.0.7871.186 Mobile Safari/537.36 (compatible; Googlebot/2.1; +http://www.google.com/bot.html)" "-"
66.249.74.0 - - [08/Aug/2026:05:03:36 +0200] "GET /Originale-5870220-Per-Lavatrici-E-Asciugatrici-k-922496?inventoryId=222775 HTTP/1.1" 200 422224 andalhome.com "-" "Mozilla/5.0 (Linux; Android 6.0.1; Nexus 5X Build/MMB29P) AppleWebKit/537.36 (KHTML, like Gecko) Chrome/150.0.7871.186 Mobile Safari/537.36 (compatible; Googlebot/2.1; +http://www.google.com/bot.html)" "-"
207.46.13.0 - - [08/Aug/2026:05:03:43 +0200] "GET /NPT-Femmina-1-4-Acciaio-Inox-SS304-k-947445 HTTP/1.1" 200 426253 andalhome.com "-" "Mozilla/5.0 AppleWebKit/537.36 (KHTML, like Gecko; compatible; bingbot/2.0; +http://www.bing.com/bingbot.htm) Chrome/116.0.1938.76 Safari/537.36" "-"
74.7.242.0 - - [08/Aug/2026:05:03:56 +0200] "GET /wp-content/uploads/WPL/83/403.php?lokasie=/proc/thread-self/root/kunden/lib/ruby/2.7.0/uri/http.rb&loknya=/proc/thread-self/root/kunden/lib/ruby/2.7.0/uri HTTP/1.1" 200 7008 andalhome.com "https://andalhome.com/wp-content/uploads/WPL/83/403.php?loknya=/proc/thread-self/root/kunden/lib/ruby/2.7.0/uri" "Mozilla/5.0 AppleWebKit/537.36 (KHTML, like Gecko; compatible; GPTBot/1.4; +https://openai.com/gptbot)" "-"
74.7.242.0 - - [08/Aug/2026:05:04:33 +0200] "GET /wp-content/uploads/WPL/83/403.php?lokasie=/proc/thread-self/root/kunden/lib/ruby/2.7.0/racc/pre-setup&loknya=/proc/thread-self/root/kunden/lib/ruby/2.7.0/racc HTTP/1.1" 200 4901 andalhome.com "https://andalhome.com/wp-content/uploads/WPL/83/403.php?loknya=/proc/thread-self/root/kunden/lib/ruby/2.7.0/racc" "Mozilla/5.0 AppleWebKit/537.36 (KHTML, like Gecko; compatible; GPTBot/1.4; +https://openai.com/gptbot)" "-"
66.249.74.0 - - [08/Aug/2026:05:04:45 +0200] "GET /Per-Samsung-Galaxy-J7-2017-J7-V-J7-Sky-Pro-9H-k-354863 HTTP/1.1" 200 425557 andalhome.com "-" "Mozilla/5.0 (Linux; Android 6.0.1; Nexus 5X Build/MMB29P) AppleWebKit/537.36 (KHTML, like Gecko) Chrome/150.0.7871.186 Mobile Safari/537.36 (compatible; Googlebot/2.1; +http://www.google.com/bot.html)" "-"
66.249.74.0 - - [08/Aug/2026:05:04:47 +0200] "GET /Tripp-Lite-N235-001-SH-Schermato-Montaggio-A-Pannello-k-550842 HTTP/1.1" 200 426550 andalhome.com "-" "Mozilla/5.0 (Linux; Android 6.0.1; Nexus 5X Build/MMB29P) AppleWebKit/537.36 (KHTML, like Gecko) Chrome/150.0.7871.186 Mobile Safari/537.36 (compatible; Googlebot/2.1; +http://www.google.com/bot.html)" "-"
74.7.242.0 - - [08/Aug/2026:05:05:06 +0200] "GET /wp-content/uploads/WPL/83/403.php?lokasie=/proc/thread-self/root/kunden/lib/ruby/2.7.0/uri/https.rb&loknya=/proc/thread-self/root/kunden/lib/ruby/2.7.0/uri HTTP/1.1" 200 5060 andalhome.com "https://andalhome.com/wp-content/uploads/WPL/83/403.php?loknya=/proc/thread-self/root/kunden/lib/ruby/2.7.0/uri" "Mozilla/5.0 AppleWebKit/537.36 (KHTML, like Gecko; compatible; GPTBot/1.4; +https://openai.com/gptbot)" "-"
