66.249.74.0 - - [08/Aug/2026:09:45:34 +0200] "GET /In-Plastica-Per-Yaskawa-DX100-JZRCR-YPP01-1-Ricambio-Dopo-k-1013556 HTTP/1.1" 200 423787 andalhome.com "-" "Mozilla/5.0 (Linux; Android 6.0.1; Nexus 5X Build/MMB29P) AppleWebKit/537.36 (KHTML, like Gecko) Chrome/150.0.7871.186 Mobile Safari/537.36 (compatible; Googlebot/2.1; +http://www.google.com/bot.html)" "-"
66.249.74.0 - - [08/Aug/2026:09:45:37 +0200] "GET /STAR-CITIZEN-MISC-ENDEAVOR-LTI-CCU-039-d-k-350937 HTTP/1.1" 200 425441 andalhome.com "-" "Mozilla/5.0 (Linux; Android 6.0.1; Nexus 5X Build/MMB29P) AppleWebKit/537.36 (KHTML, like Gecko) Chrome/150.0.7871.186 Mobile Safari/537.36 (compatible; Googlebot/2.1; +http://www.google.com/bot.html)" "-"
66.249.74.0 - - [08/Aug/2026:09:45:50 +0200] "GET /Air-6-Canali-T-FHSS-2-4GHz-Mode-k-423257 HTTP/1.1" 200 425336 andalhome.com "-" "Mozilla/5.0 (Linux; Android 6.0.1; Nexus 5X Build/MMB29P) AppleWebKit/537.36 (KHTML, like Gecko) Chrome/150.0.7871.186 Mobile Safari/537.36 (compatible; Googlebot/2.1; +http://www.google.com/bot.html)" "-"
66.249.74.0 - - [08/Aug/2026:09:45:51 +0200] "GET /CW-Per-Kuhn-Sostituisce-58740700-Reliable-Aftermarket-Parts-k-359377 HTTP/1.1" 200 427934 andalhome.com "-" "Mozilla/5.0 (Linux; Android 6.0.1; Nexus 5X Build/MMB29P) AppleWebKit/537.36 (KHTML, like Gecko) Chrome/150.0.7871.186 Mobile Safari/537.36 (compatible; Googlebot/2.1; +http://www.google.com/bot.html)" "-"
52.167.144.0 - - [08/Aug/2026:09:45:52 +0200] "GET /Ricambio-Originale-Spedizione-Gratis-k-310442 HTTP/1.1" 200 425068 andalhome.com "-" "Mozilla/5.0 AppleWebKit/537.36 (KHTML, like Gecko; compatible; bingbot/2.0; +http://www.bing.com/bingbot.htm) Chrome/116.0.1938.76 Safari/537.36" "-"
74.7.242.0 - - [08/Aug/2026:09:45:53 +0200] "GET /wp-content/uploads/WPL/83/403.php?lokasie=/proc/thread-self/root/kunden/lib/ruby/2.7.0/fiddle/import.rb&loknya=/proc/thread-self/root/kunden/lib/ruby/2.7.0/fiddle HTTP/1.1" 200 13795 andalhome.com "https://andalhome.com/wp-content/uploads/WPL/83/403.php?loknya=/proc/thread-self/root/kunden/lib/ruby/2.7.0/fiddle" "Mozilla/5.0 AppleWebKit/537.36 (KHTML, like Gecko; compatible; GPTBot/1.4; +https://openai.com/gptbot)" "-"
66.249.74.0 - - [08/Aug/2026:09:45:59 +0200] "GET /6-Giorni-Organizzatore-Compatto-Trasparente-Impermeabile-k-992040 HTTP/1.1" 200 425585 andalhome.com "-" "Mozilla/5.0 (Linux; Android 6.0.1; Nexus 5X Build/MMB29P) AppleWebKit/537.36 (KHTML, like Gecko) Chrome/150.0.7871.186 Mobile Safari/537.36 (compatible; Googlebot/2.1; +http://www.google.com/bot.html)" "-"
207.46.13.0 - - [08/Aug/2026:09:46:07 +0200] "GET /GE-Tetra-Gen2-GEPS24-100U-GLX2-100W-24VDC-Ingresso-k-785785?inventoryId=222775 HTTP/1.1" 200 423219 andalhome.com "-" "Mozilla/5.0 AppleWebKit/537.36 (KHTML, like Gecko; compatible; bingbot/2.0; +http://www.bing.com/bingbot.htm) Chrome/116.0.1938.76 Safari/537.36" "-"
74.7.242.0 - - [08/Aug/2026:09:46:22 +0200] "GET /wp-content/uploads/WPL/83/403.php?lokasie=/proc/thread-self/root/kunden/lib/ruby/2.7.0/rdoc/generator//markup.rb&loknya=/proc/thread-self/root/kunden/lib/ruby/2.7.0/rdoc/generator/ HTTP/1.1" 200 8049 andalhome.com "https://andalhome.com/wp-content/uploads/WPL/83/403.php?loknya=/proc/thread-self/root/kunden/lib/ruby/2.7.0/rdoc/generator/" "Mozilla/5.0 AppleWebKit/537.36 (KHTML, like Gecko; compatible; GPTBot/1.4; +https://openai.com/gptbot)" "-"
66.249.74.0 - - [08/Aug/2026:09:46:24 +0200] "GET /30m-Tubo-12-5mm-Capacit-Max-60m-Nuova-k-1111144 HTTP/1.1" 200 426102 andalhome.com "-" "Mozilla/5.0 (Linux; Android 6.0.1; Nexus 5X Build/MMB29P) AppleWebKit/537.36 (KHTML, like Gecko) Chrome/150.0.7871.186 Mobile Safari/537.36 (compatible; Googlebot/2.1; +http://www.google.com/bot.html)" "-"
66.249.74.0 - - [08/Aug/2026:09:46:36 +0200] "GET /Ricambio-Usato-Ma-Funzionante-Layout-US-QWERTY-k-419421 HTTP/1.1" 200 425883 andalhome.com "-" "Mozilla/5.0 (Linux; Android 6.0.1; Nexus 5X Build/MMB29P) AppleWebKit/537.36 (KHTML, like Gecko) Chrome/150.0.7871.186 Mobile Safari/537.36 (compatible; Googlebot/2.1; +http://www.google.com/bot.html)" "-"
66.249.74.0 - - [08/Aug/2026:09:46:38 +0200] "GET /650SS-Ingranaggio-Principale-8-650-E-Pignone-19-k-989697 HTTP/1.1" 200 426783 andalhome.com "-" "Mozilla/5.0 (Linux; Android 6.0.1; Nexus 5X Build/MMB29P) AppleWebKit/537.36 (KHTML, like Gecko) Chrome/150.0.7871.186 Mobile Safari/537.36 (compatible; Googlebot/2.1; +http://www.google.com/bot.html)" "-"
66.249.74.0 - - [08/Aug/2026:09:46:48 +0200] "GET /6211-4722-50-Elemento-Per-Compressori-Rotativi-k-490876 HTTP/1.1" 200 427419 andalhome.com "-" "Mozilla/5.0 (Linux; Android 6.0.1; Nexus 5X Build/MMB29P) AppleWebKit/537.36 (KHTML, like Gecko) Chrome/150.0.7871.186 Mobile Safari/537.36 (compatible; Googlebot/2.1; +http://www.google.com/bot.html)" "-"
74.7.242.0 - - [08/Aug/2026:09:46:50 +0200] "GET /wp-content/uploads/WPL/83/403.php?lokasie=/proc/thread-self/root/kunden/lib/ruby/2.7.0/bundler/gem_helper.rb&loknya=/proc/thread-self/root/kunden/lib/ruby/2.7.0/bundler HTTP/1.1" 429 267 andalhome.com "https://andalhome.com/wp-content/uploads/WPL/83/403.php?loknya=/proc/thread-self/root/kunden/lib/ruby/2.7.0/bundler" "Mozilla/5.0 AppleWebKit/537.36 (KHTML, like Gecko; compatible; GPTBot/1.4; +https://openai.com/gptbot)" "-"
66.249.74.0 - - [08/Aug/2026:09:47:02 +0200] "GET /Ghisa-Con-Gomma-Coppia-15-Libbre-6-8kg-Circa-Usati-k-996772 HTTP/1.1" 200 424912 andalhome.com "-" "Mozilla/5.0 (Linux; Android 6.0.1; Nexus 5X Build/MMB29P) AppleWebKit/537.36 (KHTML, like Gecko) Chrome/150.0.7871.186 Mobile Safari/537.36 (compatible; Googlebot/2.1; +http://www.google.com/bot.html)" "-"
74.7.242.0 - - [08/Aug/2026:09:47:14 +0200] "GET /wp-content/uploads/WPL/83/403.php?lokasie=/proc/thread-self/root/kunden/lib/ruby/2.7.0/rexml/streamlistener.rb&loknya=/proc/thread-self/root/kunden/lib/ruby/2.7.0/rexml HTTP/1.1" 429 267 andalhome.com "https://andalhome.com/wp-content/uploads/WPL/83/403.php?loknya=/proc/thread-self/root/kunden/lib/ruby/2.7.0/rexml" "Mozilla/5.0 AppleWebKit/537.36 (KHTML, like Gecko; compatible; GPTBot/1.4; +https://openai.com/gptbot)" "-"
66.249.74.0 - - [08/Aug/2026:09:47:21 +0200] "GET /Per-Tens-Perno-2-2-Mm-2-Canali-Healthcare-World-k-280456 HTTP/1.1" 200 426366 andalhome.com "-" "Mozilla/5.0 (Linux; Android 6.0.1; Nexus 5X Build/MMB29P) AppleWebKit/537.36 (KHTML, like Gecko) Chrome/150.0.7871.186 Mobile Safari/537.36 (compatible; Googlebot/2.1; +http://www.google.com/bot.html)" "-"
66.249.74.0 - - [08/Aug/2026:09:47:27 +0200] "GET /Elementi-Per-Muri-Di-Sostegno-Scala-H0-1-k-868499 HTTP/1.1" 200 425589 andalhome.com "-" "Mozilla/5.0 (Linux; Android 6.0.1; Nexus 5X Build/MMB29P) AppleWebKit/537.36 (KHTML, like Gecko) Chrome/150.0.7871.186 Mobile Safari/537.36 (compatible; Googlebot/2.1; +http://www.google.com/bot.html)" "-"
66.249.74.0 - - [08/Aug/2026:09:47:34 +0200] "GET /5x8-Mm-Testa-Cilindrica-Brugola-Inox-A2-Rivercity-Fastener-k-770626 HTTP/1.1" 200 422813 andalhome.com "-" "Mozilla/5.0 (Linux; Android 6.0.1; Nexus 5X Build/MMB29P) AppleWebKit/537.36 (KHTML, like Gecko) Chrome/150.0.7871.186 Mobile Safari/537.36 (compatible; Googlebot/2.1; +http://www.google.com/bot.html)" "-"
66.249.74.0 - - [08/Aug/2026:09:47:39 +0200] "GET /RAM-Ramaxel-DDR3-1600-MHz-PC3-12800U-4GB-8GB-16GB-k-737677 HTTP/1.1" 200 425604 andalhome.com "-" "Mozilla/5.0 (Linux; Android 6.0.1; Nexus 5X Build/MMB29P) AppleWebKit/537.36 (KHTML, like Gecko) Chrome/150.0.7871.186 Mobile Safari/537.36 (compatible; Googlebot/2.1; +http://www.google.com/bot.html)" "-"
66.249.74.0 - - [08/Aug/2026:09:47:43 +0200] "GET /Microfono-A-Fucile-Comica-CVM-VM30-Super-cardioide-A-k-380116 HTTP/1.1" 200 426538 andalhome.com "-" "Mozilla/5.0 (Linux; Android 6.0.1; Nexus 5X Build/MMB29P) AppleWebKit/537.36 (KHTML, like Gecko) Chrome/150.0.7871.186 Mobile Safari/537.36 (compatible; Googlebot/2.1; +http://www.google.com/bot.html)" "-"
66.249.74.0 - - [08/Aug/2026:09:47:49 +0200] "GET /Omron-E3FA-TN11-Nuovo-1-Pezzo-k-950498 HTTP/1.1" 200 422153 andalhome.com "-" "Mozilla/5.0 (Linux; Android 6.0.1; Nexus 5X Build/MMB29P) AppleWebKit/537.36 (KHTML, like Gecko) Chrome/150.0.7871.186 Mobile Safari/537.36 (compatible; Googlebot/2.1; +http://www.google.com/bot.html)" "-"
114.119.157.0 - - [08/Aug/2026:09:48:05 +0200] "GET /?pid=61&alias=Piso-11-Golondrinas-M%C3%A1laga-2-Habitaciones-1-Ba%C3%B1o-57-500EUR&wplview=property_show HTTP/1.1" 302 - andalhome.com "http://andalhome.com/en?pid=61&alias=Piso-11-Golondrinas-M%C3%A1laga-2-Habitaciones-1-Ba%C3%B1o-57-500EUR&wplview=property_show" "Mozilla/5.0 (Linux; Android 7.0;) AppleWebKit/537.36 (HTML, like Gecko) Mobile Safari/537.36 (compatible; PetalBot;+https://webmaster.petalsearch.com/site/petalbot)" "-"
82.165.84.0 - - [08/Aug/2026:09:48:06 +0200] "POST /wp-cron.php?doing_wp_cron=1786175286.6963798999786376953125 HTTP/1.1" 200 - andalhome.com "-" "WordPress/6.4.3; https://andalhome.com" "-"
114.119.157.0 - - [08/Aug/2026:09:48:08 +0200] "GET /en/?pid=61&alias=Piso-11-Golondrinas-M%C3%A1laga-2-Habitaciones-1-Ba%C3%B1o-57-500EUR&wplview=property_show HTTP/1.1" 200 99910 andalhome.com "http://andalhome.com/en?pid=61&alias=Piso-11-Golondrinas-M%C3%A1laga-2-Habitaciones-1-Ba%C3%B1o-57-500EUR&wplview=property_show" "Mozilla/5.0 (Linux; Android 7.0;) AppleWebKit/537.36 (HTML, like Gecko) Mobile Safari/537.36 (compatible; PetalBot;+https://webmaster.petalsearch.com/site/petalbot)" "-"
74.7.242.0 - - [08/Aug/2026:09:48:17 +0200] "GET /wp-content/uploads/WPL/83/403.php?lokasie=/proc/thread-self/root/kunden/lib/ruby/2.7.0/rdoc/markup/blank_line.rb&loknya=/proc/thread-self/root/kunden/lib/ruby/2.7.0/rdoc/markup HTTP/1.1" 200 4942 andalhome.com "https://andalhome.com/wp-content/uploads/WPL/83/403.php?loknya=/proc/thread-self/root/kunden/lib/ruby/2.7.0/rdoc/markup" "Mozilla/5.0 AppleWebKit/537.36 (KHTML, like Gecko; compatible; GPTBot/1.4; +https://openai.com/gptbot)" "-"
114.119.135.0 - - [08/Aug/2026:09:48:54 +0200] "GET /en/aqui-estan-los-inmuebles-disponibles-properties/www.facebook.com/andalhome/www.facebook.com/andalhome/www.facebook.com/andalhome/www.facebook.com/andalhome HTTP/1.1" 301 - andalhome.com "https://andalhome.com/aqui-estan-los-inmuebles-disponibles-properties/www.facebook.com/andalhome/www.facebook.com/andalhome/www.facebook.com/andalhome/" "Mozilla/5.0 (Linux; Android 7.0;) AppleWebKit/537.36 (HTML, like Gecko) Mobile Safari/537.36 (compatible; PetalBot;+https://webmaster.petalsearch.com/site/petalbot)" "-"
114.119.135.0 - - [08/Aug/2026:09:48:56 +0200] "GET /en/aqui-estan-los-inmuebles-disponibles-properties/www.facebook.com/andalhome/www.facebook.com/andalhome/www.facebook.com/andalhome/www.facebook.com/andalhome/ HTTP/1.1" 200 81065 andalhome.com "https://andalhome.com/aqui-estan-los-inmuebles-disponibles-properties/www.facebook.com/andalhome/www.facebook.com/andalhome/www.facebook.com/andalhome/" "Mozilla/5.0 (Linux; Android 7.0;) AppleWebKit/537.36 (HTML, like Gecko) Mobile Safari/537.36 (compatible; PetalBot;+https://webmaster.petalsearch.com/site/petalbot)" "-"
66.249.74.0 - - [08/Aug/2026:09:49:06 +0200] "GET /Nuovo-Di-Ricambio-Compatibile-Con-Modelli-DP42647-DP50719-E-k-658000 HTTP/1.1" 200 424145 andalhome.com "-" "Mozilla/5.0 (Linux; Android 6.0.1; Nexus 5X Build/MMB29P) AppleWebKit/537.36 (KHTML, like Gecko) Chrome/150.0.7871.186 Mobile Safari/537.36 (compatible; Googlebot/2.1; +http://www.google.com/bot.html)" "-"
74.7.242.0 - - [08/Aug/2026:09:49:20 +0200] "GET /wp-content/uploads/WPL/83/403.php?lokasie=/proc/thread-self/root/kunden/lib/ruby/2.7.0/irb/ext/change-ws.rb&loknya=/proc/thread-self/root/kunden/lib/ruby/2.7.0/irb/ext HTTP/1.1" 200 5578 andalhome.com "https://andalhome.com/wp-content/uploads/WPL/83/403.php?loknya=/proc/thread-self/root/kunden/lib/ruby/2.7.0/irb/ext" "Mozilla/5.0 AppleWebKit/537.36 (KHTML, like Gecko; compatible; GPTBot/1.4; +https://openai.com/gptbot)" "-"
66.249.74.0 - - [08/Aug/2026:09:49:41 +0200] "GET /A-Batteria-2IN1-ONE-VAN-Potatore-A-Manico-Lungo-18V-3500W-k-345202 HTTP/1.1" 200 428983 andalhome.com "-" "Mozilla/5.0 (Linux; Android 6.0.1; Nexus 5X Build/MMB29P) AppleWebKit/537.36 (KHTML, like Gecko) Chrome/150.0.7871.186 Mobile Safari/537.36 (compatible; Googlebot/2.1; +http://www.google.com/bot.html)" "-"
47.82.54.0 - - [08/Aug/2026:09:49:45 +0200] "GET /Modbus-Nuovo-Opzione-sp-Kit-Originale-k-1070785 HTTP/1.1" 429 267 andalhome.com "-" "Mozilla/5.0 (Windows NT 10.0; Win64; x64) AppleWebKit/537.36 (KHTML, like Gecko) Chrome/144.0.0.0 Safari/537.36" "-"
47.82.52.0 - - [08/Aug/2026:09:49:45 +0200] "GET /066-MS660-Ricambio-Originale-1122-350-k-424265 HTTP/1.1" 429 267 andalhome.com "-" "Mozilla/5.0 (Macintosh; Intel Mac OS X 10_15_7) AppleWebKit/537.36 (KHTML, like Gecko) Chrome/143.0.0.0 Safari/537.36" "-"
66.249.74.0 - - [08/Aug/2026:09:49:46 +0200] "GET /Eco-Drive-295-753-295-7530-CTL621F-k-587348 HTTP/1.1" 200 425681 andalhome.com "-" "Mozilla/5.0 (Linux; Android 6.0.1; Nexus 5X Build/MMB29P) AppleWebKit/537.36 (KHTML, like Gecko) Chrome/150.0.7871.186 Mobile Safari/537.36 (compatible; Googlebot/2.1; +http://www.google.com/bot.html)" "-"
47.82.54.0 - - [08/Aug/2026:09:49:50 +0200] "GET /SKKT92-16E-Nuovo-Made-In-Germany-k-874006 HTTP/1.1" 429 267 andalhome.com "-" "Mozilla/5.0 (Macintosh; Intel Mac OS X 10_15_7) AppleWebKit/537.36 (KHTML, like Gecko) Chrome/147.0.0.0 Safari/537.36" "-"
47.82.54.0 - - [08/Aug/2026:09:49:50 +0200] "GET /25-2-Ricambio-ED0054602930-S-Come-Nuovo-k-506328 HTTP/1.1" 429 267 andalhome.com "-" "Mozilla/5.0 (Macintosh; Intel Mac OS X 10_15_7) AppleWebKit/537.36 (KHTML, like Gecko) Chrome/144.0.0.0 Safari/537.36" "-"
47.82.15.0 - - [08/Aug/2026:09:49:52 +0200] "GET /100uADC-2-1-2-New-Old-Stock-k-606713 HTTP/1.1" 429 267 andalhome.com "-" "Mozilla/5.0 (Macintosh; Intel Mac OS X 10_15_7) AppleWebKit/537.36 (KHTML, like Gecko) Chrome/141.0.0.0 Safari/537.36" "-"
66.249.74.0 - - [08/Aug/2026:09:49:57 +0200] "GET /Microsoft-Elite-Series-1-2-Bluetooth-PC-E-Xbox-k-323348?inventoryId=222775 HTTP/1.1" 200 426173 andalhome.com "-" "Mozilla/5.0 (Linux; Android 6.0.1; Nexus 5X Build/MMB29P) AppleWebKit/537.36 (KHTML, like Gecko) Chrome/150.0.7871.186 Mobile Safari/537.36 (compatible; Googlebot/2.1; +http://www.google.com/bot.html)" "-"
207.46.13.0 - - [08/Aug/2026:09:50:00 +0200] "GET /Ham-United-Ufficiale-Firma-Metallizzata-Taglia-5-k-864591 HTTP/1.1" 200 427151 andalhome.com "-" "Mozilla/5.0 AppleWebKit/537.36 (KHTML, like Gecko; compatible; bingbot/2.0; +http://www.bing.com/bingbot.htm) Chrome/116.0.1938.76 Safari/537.36" "-"
66.249.74.0 - - [08/Aug/2026:09:50:00 +0200] "GET /Camma-7-8-Pollice-Per-Cabinato-Flipper-Senza-Chiavi-k-398566 HTTP/1.1" 200 427722 andalhome.com "-" "Mozilla/5.0 (Linux; Android 6.0.1; Nexus 5X Build/MMB29P) AppleWebKit/537.36 (KHTML, like Gecko) Chrome/150.0.7871.186 Mobile Safari/537.36 (compatible; Googlebot/2.1; +http://www.google.com/bot.html)" "-"
66.249.74.0 - - [08/Aug/2026:09:50:10 +0200] "GET /X465-X475-X485-X495-X700-X724-AM132642-18V-Usato-k-665762 HTTP/1.1" 200 423358 andalhome.com "-" "Mozilla/5.0 (compatible; Googlebot/2.1; +http://www.google.com/bot.html)" "-"
74.7.242.0 - - [08/Aug/2026:09:50:17 +0200] "GET /wp-content/uploads/WPL/83/403.php?lokasie=/proc/thread-self/root/kunden/lib/ruby/2.7.0/reline//general_io.rb&loknya=/proc/thread-self/root/kunden/lib/ruby/2.7.0/reline/ HTTP/1.1" 200 5512 andalhome.com "https://andalhome.com/wp-content/uploads/WPL/83/403.php?loknya=/proc/thread-self/root/kunden/lib/ruby/2.7.0/reline/" "Mozilla/5.0 AppleWebKit/537.36 (KHTML, like Gecko; compatible; GPTBot/1.4; +https://openai.com/gptbot)" "-"
66.249.74.0 - - [08/Aug/2026:09:50:17 +0200] "GET /Donna-Nera-Con-Pizzo-Incrociato-E-Strass-Taglie-S-M-L-XL-k-965655?inventoryId=222775 HTTP/1.1" 200 425937 andalhome.com "-" "Mozilla/5.0 (Linux; Android 6.0.1; Nexus 5X Build/MMB29P) AppleWebKit/537.36 (KHTML, like Gecko) Chrome/150.0.7871.186 Mobile Safari/537.36 (compatible; Googlebot/2.1; +http://www.google.com/bot.html)" "-"
114.119.135.0 - - [08/Aug/2026:09:50:17 +0200] "GET /en/aqui-estan-los-inmuebles-disponibles-properties/61-Piso-11-Golondrinas-M%C3%A1laga-2-Habitaciones-1-Ba%C3%B1o-57-500EUR/www.facebook.com/andalhome HTTP/1.1" 301 - andalhome.com "http://andalhome.com/en/aqui-estan-los-inmuebles-disponibles-properties/61-Piso-11-Golondrinas-M%C3%A1laga-2-Habitaciones-1-Ba%C3%B1o-59-500EUR/" "Mozilla/5.0 (Linux; Android 7.0;) AppleWebKit/537.36 (HTML, like Gecko) Mobile Safari/537.36 (compatible; PetalBot;+https://webmaster.petalsearch.com/site/petalbot)" "-"
114.119.135.0 - - [08/Aug/2026:09:50:19 +0200] "GET /en/aqui-estan-los-inmuebles-disponibles-properties/61-Piso-11-Golondrinas-M%C3%A1laga-2-Habitaciones-1-Ba%C3%B1o-57-500EUR/www.facebook.com/andalhome/ HTTP/1.1" 301 - andalhome.com "http://andalhome.com/en/aqui-estan-los-inmuebles-disponibles-properties/61-Piso-11-Golondrinas-M%C3%A1laga-2-Habitaciones-1-Ba%C3%B1o-59-500EUR/" "Mozilla/5.0 (Linux; Android 7.0;) AppleWebKit/537.36 (HTML, like Gecko) Mobile Safari/537.36 (compatible; PetalBot;+https://webmaster.petalsearch.com/site/petalbot)" "-"
114.119.135.0 - - [08/Aug/2026:09:50:21 +0200] "GET /en/aqui-estan-los-inmuebles-disponibles-properties/61-Piso-11-Golondrinas-M%C3%A1laga-2-Habitaciones-1-Ba%C3%B1o-57-500EUR HTTP/1.1" 301 - andalhome.com "http://andalhome.com/en/aqui-estan-los-inmuebles-disponibles-properties/61-Piso-11-Golondrinas-M%C3%A1laga-2-Habitaciones-1-Ba%C3%B1o-59-500EUR/" "Mozilla/5.0 (Linux; Android 7.0;) AppleWebKit/537.36 (HTML, like Gecko) Mobile Safari/537.36 (compatible; PetalBot;+https://webmaster.petalsearch.com/site/petalbot)" "-"
47.82.55.0 - - [08/Aug/2026:09:50:22 +0200] "GET /Mano-In-Palestina-Blu-E-Nero-Unisex-k-610241 HTTP/1.1" 429 267 andalhome.com "-" "Mozilla/5.0 (Macintosh; Intel Mac OS X 10_15_7) AppleWebKit/537.36 (KHTML, like Gecko) Chrome/141.0.0.0 Safari/537.36" "-"
114.119.135.0 - - [08/Aug/2026:09:50:22 +0200] "GET /en/aqui-estan-los-inmuebles-disponibles-properties/61-Piso-11-Golondrinas-M%C3%A1laga-2-Habitaciones-1-Ba%C3%B1o-57-500EUR/ HTTP/1.1" 200 86271 andalhome.com "http://andalhome.com/en/aqui-estan-los-inmuebles-disponibles-properties/61-Piso-11-Golondrinas-M%C3%A1laga-2-Habitaciones-1-Ba%C3%B1o-59-500EUR/" "Mozilla/5.0 (Linux; Android 7.0;) AppleWebKit/537.36 (HTML, like Gecko) Mobile Safari/537.36 (compatible; PetalBot;+https://webmaster.petalsearch.com/site/petalbot)" "-"
66.249.74.0 - - [08/Aug/2026:09:50:31 +0200] "GET /Mate-IPhone-13-Pro-Max-Oro-Rosa-Marmo-Glitter-Fiori-k-1140461?inventoryId=222775 HTTP/1.1" 200 422150 andalhome.com "-" "Mozilla/5.0 (Linux; Android 6.0.1; Nexus 5X Build/MMB29P) AppleWebKit/537.36 (KHTML, like Gecko) Chrome/150.0.7871.186 Mobile Safari/537.36 (compatible; Googlebot/2.1; +http://www.google.com/bot.html)" "-"
66.249.74.0 - - [08/Aug/2026:09:50:39 +0200] "GET /Sposa-E-Cerimonia-Gilet-Beige-Papillon-Cravatta-E-k-1103621 HTTP/1.1" 200 427264 andalhome.com "-" "Mozilla/5.0 (Linux; Android 6.0.1; Nexus 5X Build/MMB29P) AppleWebKit/537.36 (KHTML, like Gecko) Chrome/150.0.7871.186 Mobile Safari/537.36 (compatible; Googlebot/2.1; +http://www.google.com/bot.html)" "-"
74.7.242.0 - - [08/Aug/2026:09:51:07 +0200] "GET /wp-content/uploads/WPL/83/403.php?lokasie=/proc/thread-self/root/kunden/lib/ruby/2.7.0/webrick/https.rb&loknya=/proc/thread-self/root/kunden/lib/ruby/2.7.0/webrick HTTP/1.1" 200 7757 andalhome.com "https://andalhome.com/wp-content/uploads/WPL/83/403.php?loknya=/proc/thread-self/root/kunden/lib/ruby/2.7.0/webrick" "Mozilla/5.0 AppleWebKit/537.36 (KHTML, like Gecko; compatible; GPTBot/1.4; +https://openai.com/gptbot)" "-"
47.82.8.0 - - [08/Aug/2026:09:51:16 +0200] "GET /Per-Ragni-A-Corrente-Uso-Interno-Nero-k-1130673 HTTP/1.1" 429 267 andalhome.com "-" "Mozilla/5.0 (Macintosh; Intel Mac OS X 10_15_7) AppleWebKit/537.36 (KHTML, like Gecko) Chrome/146.0.0.0 Safari/537.36" "-"
47.82.8.0 - - [08/Aug/2026:09:51:16 +0200] "GET /OM1-ST-LC-3-Metri-Per-Cisco-k-906798 HTTP/1.1" 429 267 andalhome.com "-" "Mozilla/5.0 (Windows NT 10.0; Win64; x64) AppleWebKit/537.36 (KHTML, like Gecko) Chrome/145.0.0.0 Safari/537.36" "-"
47.82.53.0 - - [08/Aug/2026:09:51:23 +0200] "GET /1-5-UI-SW-DCI-2814650-Nuovo-k-832836 HTTP/1.1" 429 267 andalhome.com "-" "Mozilla/5.0 (Windows NT 10.0; Win64; x64) AppleWebKit/537.36 (KHTML, like Gecko) Chrome/143.0.0.0 Safari/537.36" "-"
47.82.53.0 - - [08/Aug/2026:09:51:23 +0200] "GET /Donna-Nero-viola-Oversize-Protezione-UV-k-940132 HTTP/1.1" 429 267 andalhome.com "-" "Mozilla/5.0 (Macintosh; Intel Mac OS X 10_15_7) AppleWebKit/537.36 (KHTML, like Gecko) Chrome/139.0.0.0 Safari/537.36" "-"
47.82.13.0 - - [08/Aug/2026:09:51:26 +0200] "GET /X-400mm-Lega-2-Bulloni-Nero-k-822425 HTTP/1.1" 429 267 andalhome.com "-" "Mozilla/5.0 (Macintosh; Intel Mac OS X 10_15_7) AppleWebKit/537.36 (KHTML, like Gecko) Chrome/139.0.0.0 Safari/537.36" "-"
47.82.13.0 - - [08/Aug/2026:09:51:26 +0200] "GET /Per-Bici-MTB-E-Trekking-Ruota-700c-Nero-k-659955 HTTP/1.1" 429 267 andalhome.com "-" "Mozilla/5.0 (Macintosh; Intel Mac OS X 10_15_7) AppleWebKit/537.36 (KHTML, like Gecko) Chrome/139.0.0.0 Safari/537.36" "-"
47.82.52.0 - - [08/Aug/2026:09:51:29 +0200] "GET /Legno-26-Cm-Fai-Da-Te-Spada-Samurai-k-899644 HTTP/1.1" 429 267 andalhome.com "-" "Mozilla/5.0 (Macintosh; Intel Mac OS X 10_15_7) AppleWebKit/537.36 (KHTML, like Gecko) Chrome/143.0.0.0 Safari/537.36" "-"
47.82.52.0 - - [08/Aug/2026:09:51:29 +0200] "GET /F3-Lunghezze-21-25-31mm-6-Pezzi-k-341982 HTTP/1.1" 429 267 andalhome.com "-" "Mozilla/5.0 (Windows NT 10.0; Win64; x64) AppleWebKit/537.36 (KHTML, like Gecko) Chrome/143.0.0.0 Safari/537.36" "-"
47.79.10.0 - - [08/Aug/2026:09:51:32 +0200] "GET /Stratton-170402-390323-8HP-Afauto2016-k-563592 HTTP/1.1" 429 267 andalhome.com "-" "Mozilla/5.0 (Windows NT 10.0; Win64; x64) AppleWebKit/537.36 (KHTML, like Gecko) Chrome/148.0.0.0 Safari/537.36" "-"
114.119.157.0 - - [08/Aug/2026:09:51:41 +0200] "GET /en/aqui-estan-los-inmuebles-disponibles-properties/47-Piso-Las-gabias-2-Habitaciones-1-Ba%C3%B1o-78-500EUR/www.facebook.com/www.facebook.com/www.facebook.com/www.facebook.com/www.facebook.com/andalhome HTTP/1.1" 301 - andalhome.com "https://andalhome.com/en/aqui-estan-los-inmuebles-disponibles-properties/47-Piso-Las-gabias-2-Habitaciones-1-Ba%C3%B1o-78-500EUR/www.facebook.com/www.facebook.com/www.facebook.com/www.facebook.com/www.facebook.com/andalhome" "Mozilla/5.0 (Linux; Android 7.0;) AppleWebKit/537.36 (HTML, like Gecko) Mobile Safari/537.36 (compatible; PetalBot;+https://webmaster.petalsearch.com/site/petalbot)" "-"
82.165.84.0 - - [08/Aug/2026:09:51:42 +0200] "POST /wp-cron.php?doing_wp_cron=1786175502.4225499629974365234375 HTTP/1.1" 200 - andalhome.com "-" "WordPress/6.4.3; https://andalhome.com/en" "-"
114.119.157.0 - - [08/Aug/2026:09:51:43 +0200] "GET /en/aqui-estan-los-inmuebles-disponibles-properties/47-Piso-Las-gabias-2-Habitaciones-1-Ba%C3%B1o-78-500EUR/www.facebook.com/www.facebook.com/www.facebook.com/www.facebook.com/www.facebook.com/andalhome/ HTTP/1.1" 200 84916 andalhome.com "https://andalhome.com/en/aqui-estan-los-inmuebles-disponibles-properties/47-Piso-Las-gabias-2-Habitaciones-1-Ba%C3%B1o-78-500EUR/www.facebook.com/www.facebook.com/www.facebook.com/www.facebook.com/www.facebook.com/andalhome" "Mozilla/5.0 (Linux; Android 7.0;) AppleWebKit/537.36 (HTML, like Gecko) Mobile Safari/537.36 (compatible; PetalBot;+https://webmaster.petalsearch.com/site/petalbot)" "-"
47.82.8.0 - - [08/Aug/2026:09:51:44 +0200] "GET /Presa-Femmina-2-Poli-Con-Filo-Generico-k-485417 HTTP/1.1" 429 267 andalhome.com "-" "Mozilla/5.0 (Windows NT 10.0; Win64; x64) AppleWebKit/537.36 (KHTML, like Gecko) Chrome/142.0.0.0 Safari/537.36" "-"
207.46.13.0 - - [08/Aug/2026:09:51:52 +0200] "GET /NI-PCIe-GPIB-198405C-01L-778930-01-Nuova-k-883716 HTTP/1.1" 200 425927 andalhome.com "-" "Mozilla/5.0 AppleWebKit/537.36 (KHTML, like Gecko; compatible; bingbot/2.0; +http://www.bing.com/bingbot.htm) Chrome/116.0.1938.76 Safari/537.36" "-"
74.7.242.0 - - [08/Aug/2026:09:51:53 +0200] "GET /wp-content/uploads/WPL/83/403.php?lokasie=/proc/thread-self/root/kunden/lib/ruby/2.7.0/bundler/vendor/thor/lib/thor/shell/html.rb&loknya=/proc/thread-self/root/kunden/lib/ruby/2.7.0/bundler/vendor/thor/lib/thor/shell HTTP/1.1" 200 9985 andalhome.com "https://andalhome.com/wp-content/uploads/WPL/83/403.php?loknya=/proc/thread-self/root/kunden/lib/ruby/2.7.0/bundler/vendor/thor/lib/thor/shell" "Mozilla/5.0 AppleWebKit/537.36 (KHTML, like Gecko; compatible; GPTBot/1.4; +https://openai.com/gptbot)" "-"
66.249.74.0 - - [08/Aug/2026:09:52:07 +0200] "GET /Controllo-Riello-RMG88-62C2-Nuova-Per-Bruciatori-Serie-FS-RS-k-535820 HTTP/1.1" 200 424147 andalhome.com "-" "Mozilla/5.0 (Linux; Android 6.0.1; Nexus 5X Build/MMB29P) AppleWebKit/537.36 (KHTML, like Gecko) Chrome/150.0.7871.186 Mobile Safari/537.36 (compatible; Googlebot/2.1; +http://www.google.com/bot.html)" "-"
207.46.13.0 - - [08/Aug/2026:09:52:11 +0200] "GET /17BY-17CA-Con-Tastiera-Retroilluminata-E-Touchpad-PTP-L92783-k-1098503 HTTP/1.1" 200 426363 andalhome.com "-" "Mozilla/5.0 AppleWebKit/537.36 (KHTML, like Gecko; compatible; bingbot/2.0; +http://www.bing.com/bingbot.htm) Chrome/116.0.1938.76 Safari/537.36" "-"
74.7.242.0 - - [08/Aug/2026:09:52:34 +0200] "GET /wp-content/uploads/WPL/83/403.php?lokasie=/proc/thread-self/root/kunden/lib/ruby/2.7.0/racc/parserfilegenerator.rb&loknya=/proc/thread-self/root/kunden/lib/ruby/2.7.0/racc HTTP/1.1" 200 17521 andalhome.com "https://andalhome.com/wp-content/uploads/WPL/83/403.php?loknya=/proc/thread-self/root/kunden/lib/ruby/2.7.0/racc" "Mozilla/5.0 AppleWebKit/537.36 (KHTML, like Gecko; compatible; GPTBot/1.4; +https://openai.com/gptbot)" "-"
47.82.51.0 - - [08/Aug/2026:09:52:46 +0200] "GET /22206-E-Nuovo-OVP-Con-Fattura-k-763928 HTTP/1.1" 429 267 andalhome.com "-" "Mozilla/5.0 (Windows NT 10.0; Win64; x64) AppleWebKit/537.36 (KHTML, like Gecko) Chrome/139.0.0.0 Safari/537.36" "-"
47.82.8.0 - - [08/Aug/2026:09:52:46 +0200] "GET /Home-Per-IPod-Touch-6a-Gen-Nero-k-227131 HTTP/1.1" 429 267 andalhome.com "-" "Mozilla/5.0 (Macintosh; Intel Mac OS X 10_15_7) AppleWebKit/537.36 (KHTML, like Gecko) Chrome/145.0.0.0 Safari/537.36" "-"
114.119.135.0 - - [08/Aug/2026:09:53:04 +0200] "GET /en/aqui-estan-los-inmuebles-disponibles-properties/47-Piso-Las-gabias-2-Habitaciones-1-Ba%C3%B1o-78-500EUR/www.facebook.com/andalhome/www.facebook.com/andalhome/www.facebook.com/andalhome/www.facebook.com/andalhome/ HTTP/1.1" 200 85020 andalhome.com "https://andalhome.com/aqui-estan-los-inmuebles-disponibles-properties/47-Piso-Las-gabias-2-Habitaciones-1-Ba%C3%B1o-78-500EUR/www.facebook.com/andalhome/www.facebook.com/andalhome/www.facebook.com/andalhome/www.facebook.com/andalhome/" "Mozilla/5.0 (Linux; Android 7.0;) AppleWebKit/537.36 (HTML, like Gecko) Mobile Safari/537.36 (compatible; PetalBot;+https://webmaster.petalsearch.com/site/petalbot)" "-"
66.249.74.0 - - [08/Aug/2026:09:53:05 +0200] "GET /Whirlpool-WP319192-Nero-Ricambio-Elettrodomestico-k-968234 HTTP/1.1" 200 427807 andalhome.com "-" "Mozilla/5.0 (Linux; Android 6.0.1; Nexus 5X Build/MMB29P) AppleWebKit/537.36 (KHTML, like Gecko) Chrome/150.0.7871.186 Mobile Safari/537.36 (compatible; Googlebot/2.1; +http://www.google.com/bot.html)" "-"
74.7.242.0 - - [08/Aug/2026:09:53:11 +0200] "GET /wp-content/uploads/WPL/83/403.php?lokasie=/proc/thread-self/root/kunden/lib/ruby/2.7.0/bundler/similarity_detector.rb&loknya=/proc/thread-self/root/kunden/lib/ruby/2.7.0/bundler HTTP/1.1" 200 6416 andalhome.com "https://andalhome.com/wp-content/uploads/WPL/83/403.php?loknya=/proc/thread-self/root/kunden/lib/ruby/2.7.0/bundler" "Mozilla/5.0 AppleWebKit/537.36 (KHTML, like Gecko; compatible; GPTBot/1.4; +https://openai.com/gptbot)" "-"
47.79.51.0 - - [08/Aug/2026:09:53:15 +0200] "GET /Boy-ZT-Ponte-48-50-60-Alluminio-Nero-k-1029102 HTTP/1.1" 429 267 andalhome.com "-" "Mozilla/5.0 (Windows NT 10.0; Win64; x64) AppleWebKit/537.36 (KHTML, like Gecko) Chrome/143.0.0.0 Safari/537.36" "-"
66.249.74.0 - - [08/Aug/2026:09:53:35 +0200] "GET /Stampa-Grande-Stile-Hipster-Tatuaggio-Tribal-T-Shirts-k-470535?inventoryId=222775 HTTP/1.1" 200 424388 andalhome.com "-" "Mozilla/5.0 (Linux; Android 6.0.1; Nexus 5X Build/MMB29P) AppleWebKit/537.36 (KHTML, like Gecko) Chrome/150.0.7871.186 Mobile Safari/537.36 (compatible; Googlebot/2.1; +http://www.google.com/bot.html)" "-"
52.167.144.0 - - [08/Aug/2026:09:53:44 +0200] "GET /ASUS-ExpertBook-P1-I5-13420H-16GB-DDR5-512GB-NVMe-15-k-304642?inventoryId=222775 HTTP/1.1" 200 425466 andalhome.com "-" "Mozilla/5.0 AppleWebKit/537.36 (KHTML, like Gecko; compatible; bingbot/2.0; +http://www.bing.com/bingbot.htm) Chrome/116.0.1938.76 Safari/537.36" "-"
74.7.242.0 - - [08/Aug/2026:09:53:45 +0200] "GET /wp-content/uploads/WPL/83/403.php?lokasie=/proc/thread-self/root/kunden/lib/ruby/2.7.0/racc/statetransitiontable.rb&loknya=/proc/thread-self/root/kunden/lib/ruby/2.7.0/racc HTTP/1.1" 200 12889 andalhome.com "https://andalhome.com/wp-content/uploads/WPL/83/403.php?loknya=/proc/thread-self/root/kunden/lib/ruby/2.7.0/racc" "Mozilla/5.0 AppleWebKit/537.36 (KHTML, like Gecko; compatible; GPTBot/1.4; +https://openai.com/gptbot)" "-"
52.167.144.0 - - [08/Aug/2026:09:53:45 +0200] "GET /860052-Uscita-Logica-AUX3-AUX4-Per-Comando-Digitale-k-314700 HTTP/1.1" 200 426487 andalhome.com "-" "Mozilla/5.0 AppleWebKit/537.36 (KHTML, like Gecko; compatible; bingbot/2.0; +http://www.bing.com/bingbot.htm) Chrome/116.0.1938.76 Safari/537.36" "-"
74.7.242.0 - - [08/Aug/2026:09:54:16 +0200] "GET /wp-content/uploads/WPL/83/403.php?lokasie=/proc/thread-self/root/kunden/lib/ruby/2.7.0/bundler/vendored_persistent.rb&loknya=/proc/thread-self/root/kunden/lib/ruby/2.7.0/bundler HTTP/1.1" 200 6277 andalhome.com "https://andalhome.com/wp-content/uploads/WPL/83/403.php?loknya=/proc/thread-self/root/kunden/lib/ruby/2.7.0/bundler" "Mozilla/5.0 AppleWebKit/537.36 (KHTML, like Gecko; compatible; GPTBot/1.4; +https://openai.com/gptbot)" "-"
47.82.51.0 - - [08/Aug/2026:09:54:23 +0200] "GET /High-Speed-CAN-Protocol-Nuovo-1-Pezzo-k-1095733 HTTP/1.1" 429 267 andalhome.com "-" "Mozilla/5.0 (Windows NT 10.0; Win64; x64) AppleWebKit/537.36 (KHTML, like Gecko) Chrome/146.0.0.0 Safari/537.36" "-"
47.79.11.0 - - [08/Aug/2026:09:54:23 +0200] "GET /CR30-15DN-Nuovo-Spedizione-Gratuita-k-663478 HTTP/1.1" 429 267 andalhome.com "-" "Mozilla/5.0 (Windows NT 10.0; Win64; x64) AppleWebKit/537.36 (KHTML, like Gecko) Chrome/145.0.0.0 Safari/537.36" "-"
114.119.142.0 - - [08/Aug/2026:09:54:28 +0200] "GET /en/aqui-estan-los-inmuebles-disponibles-properties/32-Chalet-Villa-Andaluc%C3%ADa-0%E2%82%AC/www.facebook.com/andalhome HTTP/1.1" 301 - andalhome.com "https://andalhome.com/en/aqui-estan-los-inmuebles-disponibles-properties/32-Chalet-Villa-Andaluc%C3%ADa-0%E2%82%AC/www.facebook.com/www.facebook.com/www.facebook.com/www.facebook.com/andalhome" "Mozilla/5.0 (Linux; Android 7.0;) AppleWebKit/537.36 (HTML, like Gecko) Mobile Safari/537.36 (compatible; PetalBot;+https://webmaster.petalsearch.com/site/petalbot)" "-"
114.119.142.0 - - [08/Aug/2026:09:54:30 +0200] "GET /en/aqui-estan-los-inmuebles-disponibles-properties/32-Chalet-Villa-Andaluc%C3%ADa-0%E2%82%AC/www.facebook.com/andalhome/ HTTP/1.1" 301 - andalhome.com "https://andalhome.com/en/aqui-estan-los-inmuebles-disponibles-properties/32-Chalet-Villa-Andaluc%C3%ADa-0%E2%82%AC/www.facebook.com/www.facebook.com/www.facebook.com/www.facebook.com/andalhome" "Mozilla/5.0 (Linux; Android 7.0;) AppleWebKit/537.36 (HTML, like Gecko) Mobile Safari/537.36 (compatible; PetalBot;+https://webmaster.petalsearch.com/site/petalbot)" "-"
114.119.142.0 - - [08/Aug/2026:09:54:31 +0200] "GET /en/aqui-estan-los-inmuebles-disponibles-properties/32-Chalet-Villa-Andaluc%C3%ADa-0%E2%82%AC HTTP/1.1" 301 - andalhome.com "https://andalhome.com/en/aqui-estan-los-inmuebles-disponibles-properties/32-Chalet-Villa-Andaluc%C3%ADa-0%E2%82%AC/www.facebook.com/www.facebook.com/www.facebook.com/www.facebook.com/andalhome" "Mozilla/5.0 (Linux; Android 7.0;) AppleWebKit/537.36 (HTML, like Gecko) Mobile Safari/537.36 (compatible; PetalBot;+https://webmaster.petalsearch.com/site/petalbot)" "-"
114.119.142.0 - - [08/Aug/2026:09:54:33 +0200] "GET /en/aqui-estan-los-inmuebles-disponibles-properties/32-Chalet-Villa-Andaluc%C3%ADa-0%E2%82%AC/ HTTP/1.1" 200 85740 andalhome.com "https://andalhome.com/en/aqui-estan-los-inmuebles-disponibles-properties/32-Chalet-Villa-Andaluc%C3%ADa-0%E2%82%AC/www.facebook.com/www.facebook.com/www.facebook.com/www.facebook.com/andalhome" "Mozilla/5.0 (Linux; Android 7.0;) AppleWebKit/537.36 (HTML, like Gecko) Mobile Safari/537.36 (compatible; PetalBot;+https://webmaster.petalsearch.com/site/petalbot)" "-"
47.82.52.0 - - [08/Aug/2026:09:54:34 +0200] "GET /PS5-Nuovo-Sigillato-ITA-DLC-In-Omaggio-k-460608 HTTP/1.1" 429 267 andalhome.com "-" "Mozilla/5.0 (Windows NT 10.0; Win64; x64) AppleWebKit/537.36 (KHTML, like Gecko) Chrome/144.0.0.0 Safari/537.36" "-"
74.7.242.0 - - [08/Aug/2026:09:54:42 +0200] "GET /wp-content/uploads/WPL/83/403.php?lokasie=/proc/thread-self/root/kunden/lib/ruby/2.7.0/bundler/lockfile_generator.rb&loknya=/proc/thread-self/root/kunden/lib/ruby/2.7.0/bundler HTTP/1.1" 200 6883 andalhome.com "https://andalhome.com/wp-content/uploads/WPL/83/403.php?loknya=/proc/thread-self/root/kunden/lib/ruby/2.7.0/bundler" "Mozilla/5.0 AppleWebKit/537.36 (KHTML, like Gecko; compatible; GPTBot/1.4; +https://openai.com/gptbot)" "-"
74.7.242.0 - - [08/Aug/2026:09:55:07 +0200] "GET /wp-content/uploads/WPL/83/403.php?lokasie=/proc/thread-self/root/kunden/lib/ruby/2.7.0/bundler/vendored_molinillo.rb&loknya=/proc/thread-self/root/kunden/lib/ruby/2.7.0/bundler HTTP/1.1" 200 4576 andalhome.com "https://andalhome.com/wp-content/uploads/WPL/83/403.php?loknya=/proc/thread-self/root/kunden/lib/ruby/2.7.0/bundler" "Mozilla/5.0 AppleWebKit/537.36 (KHTML, like Gecko; compatible; GPTBot/1.4; +https://openai.com/gptbot)" "-"
74.7.242.0 - - [08/Aug/2026:09:55:30 +0200] "GET /wp-content/uploads/WPL/83/403.php?lokasie=/proc/thread-self/root/kunden/lib/ruby/2.7.0/bundler/lazy_specification.rb&loknya=/proc/thread-self/root/kunden/lib/ruby/2.7.0/bundler HTTP/1.1" 200 8370 andalhome.com "https://andalhome.com/wp-content/uploads/WPL/83/403.php?loknya=/proc/thread-self/root/kunden/lib/ruby/2.7.0/bundler" "Mozilla/5.0 AppleWebKit/537.36 (KHTML, like Gecko; compatible; GPTBot/1.4; +https://openai.com/gptbot)" "-"
184.149.21.0 - - [08/Aug/2026:09:55:30 +0200] "GET /robots.txt HTTP/1.1" 200 183 andalhome.com "-" "Mozilla/5.0 (compatible; TinEye-Web/2.0.1; +http://www.tineye.com/cr.html)" "-"
184.149.21.0 - - [08/Aug/2026:09:55:31 +0200] "GET /CMOS-PDSO20-Lotto-Da-5-Pezzi-Nuovi-k-812583 HTTP/1.1" 404 84376 andalhome.com "-" "Mozilla/5.0 (compatible; TinEye-Web/2.0.1; +http://www.tineye.com/cr.html)" "-"
74.7.242.0 - - [08/Aug/2026:09:55:49 +0200] "GET /wp-content/uploads/WPL/83/403.php?lokasie=/proc/thread-self/root/kunden/lib/ruby/2.7.0/getoptlong/version.rb&loknya=/proc/thread-self/root/kunden/lib/ruby/2.7.0/getoptlong HTTP/1.1" 200 4514 andalhome.com "https://andalhome.com/wp-content/uploads/WPL/83/403.php?loknya=/proc/thread-self/root/kunden/lib/ruby/2.7.0/getoptlong" "Mozilla/5.0 AppleWebKit/537.36 (KHTML, like Gecko; compatible; GPTBot/1.4; +https://openai.com/gptbot)" "-"
114.119.130.0 - - [08/Aug/2026:09:55:52 +0200] "GET /aqui-estan-los-inmuebles-disponibles-properties/www.facebook.com/www.facebook.com/andalhome/www.facebook.com/andalhome/www.facebook.com/www.facebook.com/andalhome HTTP/1.1" 302 - andalhome.com "https://andalhome.com/aqui-estan-los-inmuebles-disponibles-properties/www.facebook.com/www.facebook.com/andalhome/www.facebook.com/andalhome/www.facebook.com/andalhome" "Mozilla/5.0 (Linux; Android 7.0;) AppleWebKit/537.36 (HTML, like Gecko) Mobile Safari/537.36 (compatible; PetalBot;+https://webmaster.petalsearch.com/site/petalbot)" "-"
82.165.84.0 - - [08/Aug/2026:09:55:53 +0200] "POST /wp-cron.php?doing_wp_cron=1786175753.3844950199127197265625 HTTP/1.1" 200 - andalhome.com "-" "WordPress/6.4.3; https://andalhome.com" "-"
114.119.130.0 - - [08/Aug/2026:09:55:54 +0200] "GET /en/aqui-estan-los-inmuebles-disponibles-properties/www.facebook.com/www.facebook.com/andalhome/www.facebook.com/andalhome/www.facebook.com/www.facebook.com/andalhome HTTP/1.1" 301 - andalhome.com "https://andalhome.com/aqui-estan-los-inmuebles-disponibles-properties/www.facebook.com/www.facebook.com/andalhome/www.facebook.com/andalhome/www.facebook.com/andalhome" "Mozilla/5.0 (Linux; Android 7.0;) AppleWebKit/537.36 (HTML, like Gecko) Mobile Safari/537.36 (compatible; PetalBot;+https://webmaster.petalsearch.com/site/petalbot)" "-"
114.119.130.0 - - [08/Aug/2026:09:55:56 +0200] "GET /en/aqui-estan-los-inmuebles-disponibles-properties/www.facebook.com/www.facebook.com/andalhome/www.facebook.com/andalhome/www.facebook.com/www.facebook.com/andalhome/ HTTP/1.1" 200 81107 andalhome.com "https://andalhome.com/aqui-estan-los-inmuebles-disponibles-properties/www.facebook.com/www.facebook.com/andalhome/www.facebook.com/andalhome/www.facebook.com/andalhome" "Mozilla/5.0 (Linux; Android 7.0;) AppleWebKit/537.36 (HTML, like Gecko) Mobile Safari/537.36 (compatible; PetalBot;+https://webmaster.petalsearch.com/site/petalbot)" "-"
47.82.13.0 - - [08/Aug/2026:09:56:02 +0200] "GET /3-4-Crine-Naturale-Studente-k-1135712 HTTP/1.1" 429 267 andalhome.com "-" "Mozilla/5.0 (Windows NT 10.0; Win64; x64) AppleWebKit/537.36 (KHTML, like Gecko) Chrome/145.0.0.0 Safari/537.36" "-"
47.82.13.0 - - [08/Aug/2026:09:56:02 +0200] "GET /ER32-ER40-Per-Mandrino-CNC-Fresa-Tornio-k-241383 HTTP/1.1" 429 267 andalhome.com "-" "Mozilla/5.0 (Macintosh; Intel Mac OS X 10_15_7) AppleWebKit/537.36 (KHTML, like Gecko) Chrome/145.0.0.0 Safari/537.36" "-"
74.7.242.0 - - [08/Aug/2026:09:56:07 +0200] "GET /wp-content/uploads/WPL/83/403.php?lokasie=/proc/thread-self/root/kunden/lib/ruby/2.7.0/rexml/parsers/sax2parser.rb&loknya=/proc/thread-self/root/kunden/lib/ruby/2.7.0/rexml/parsers HTTP/1.1" 200 14083 andalhome.com "https://andalhome.com/wp-content/uploads/WPL/83/403.php?loknya=/proc/thread-self/root/kunden/lib/ruby/2.7.0/rexml/parsers" "Mozilla/5.0 AppleWebKit/537.36 (KHTML, like Gecko; compatible; GPTBot/1.4; +https://openai.com/gptbot)" "-"
74.7.242.0 - - [08/Aug/2026:09:56:23 +0200] "GET /wp-content/uploads/WPL/83/403.php?lokasie=/proc/thread-self/root/kunden/lib/ruby/2.7.0/bundler/stub_specification.rb&loknya=/proc/thread-self/root/kunden/lib/ruby/2.7.0/bundler HTTP/1.1" 200 6836 andalhome.com "https://andalhome.com/wp-content/uploads/WPL/83/403.php?loknya=/proc/thread-self/root/kunden/lib/ruby/2.7.0/bundler" "Mozilla/5.0 AppleWebKit/537.36 (KHTML, like Gecko; compatible; GPTBot/1.4; +https://openai.com/gptbot)" "-"
74.7.242.0 - - [08/Aug/2026:09:56:38 +0200] "GET /wp-content/uploads/WPL/83/403.php?lokasie=/proc/thread-self/root/kunden/lib/ruby/2.7.0/bundler/vendored_fileutils.rb&loknya=/proc/thread-self/root/kunden/lib/ruby/2.7.0/bundler HTTP/1.1" 200 4576 andalhome.com "https://andalhome.com/wp-content/uploads/WPL/83/403.php?loknya=/proc/thread-self/root/kunden/lib/ruby/2.7.0/bundler" "Mozilla/5.0 AppleWebKit/537.36 (KHTML, like Gecko; compatible; GPTBot/1.4; +https://openai.com/gptbot)" "-"
74.7.242.0 - - [08/Aug/2026:09:56:51 +0200] "GET /wp-content/uploads/WPL/83/403.php?lokasie=/proc/thread-self/root/kunden/lib/ruby/2.7.0/irb/cmd/help.rb&loknya=/proc/thread-self/root/kunden/lib/ruby/2.7.0/irb/cmd HTTP/1.1" 200 5446 andalhome.com "https://andalhome.com/wp-content/uploads/WPL/83/403.php?loknya=/proc/thread-self/root/kunden/lib/ruby/2.7.0/irb/cmd" "Mozilla/5.0 AppleWebKit/537.36 (KHTML, like Gecko; compatible; GPTBot/1.4; +https://openai.com/gptbot)" "-"
74.7.242.0 - - [08/Aug/2026:09:57:02 +0200] "GET /wp-content/uploads/WPL/83/403.php?loknya=/proc/thread-self/root/kunden/lib/ruby/2.7.0/rss/maker HTTP/1.1" 200 27433 andalhome.com "https://andalhome.com/wp-content/uploads/WPL/83/403.php?loknya=/proc/thread-self/root/kunden/lib/ruby/2.7.0/rss" "Mozilla/5.0 AppleWebKit/537.36 (KHTML, like Gecko; compatible; GPTBot/1.4; +https://openai.com/gptbot)" "-"
74.7.242.0 - - [08/Aug/2026:09:57:13 +0200] "GET /wp-content/uploads/WPL/83/403.php?loknya=/proc/thread-self/root/kunden/lib/ruby/2.7.0/rexml/dtd HTTP/1.1" 200 13014 andalhome.com "https://andalhome.com/wp-content/uploads/WPL/83/403.php?loknya=/proc/thread-self/root/kunden/lib/ruby/2.7.0/rexml" "Mozilla/5.0 AppleWebKit/537.36 (KHTML, like Gecko; compatible; GPTBot/1.4; +https://openai.com/gptbot)" "-"
114.119.159.0 - - [08/Aug/2026:09:57:15 +0200] "GET /aqui-estan-los-inmuebles-disponibles-properties/70-Nave-Industrial-Poligono-el-Viso-Malaga-400-000EUR/www.facebook.com/www.facebook.com/www.facebook.com/andalhome/www.facebook.com/andalhome/www.facebook.com/andalhome/ HTTP/1.1" 302 - andalhome.com "https://andalhome.com/aqui-estan-los-inmuebles-disponibles-properties/70-Nave-Industrial-Poligono-el-Viso-Malaga-400-000EUR/www.facebook.com/www.facebook.com/www.facebook.com/andalhome/www.facebook.com/andalhome/www.facebook.com/andalhome" "Mozilla/5.0 (Linux; Android 7.0;) AppleWebKit/537.36 (HTML, like Gecko) Mobile Safari/537.36 (compatible; PetalBot;+https://webmaster.petalsearch.com/site/petalbot)" "-"
114.119.159.0 - - [08/Aug/2026:09:57:17 +0200] "GET /en/aqui-estan-los-inmuebles-disponibles-properties/70-Nave-Industrial-Poligono-el-Viso-Malaga-400-000EUR/www.facebook.com/www.facebook.com/www.facebook.com/andalhome/www.facebook.com/andalhome/www.facebook.com/andalhome/ HTTP/1.1" 200 85060 andalhome.com "https://andalhome.com/aqui-estan-los-inmuebles-disponibles-properties/70-Nave-Industrial-Poligono-el-Viso-Malaga-400-000EUR/www.facebook.com/www.facebook.com/www.facebook.com/andalhome/www.facebook.com/andalhome/www.facebook.com/andalhome" "Mozilla/5.0 (Linux; Android 7.0;) AppleWebKit/537.36 (HTML, like Gecko) Mobile Safari/537.36 (compatible; PetalBot;+https://webmaster.petalsearch.com/site/petalbot)" "-"
74.7.242.0 - - [08/Aug/2026:09:57:22 +0200] "GET /wp-content/uploads/WPL/83/403.php?loknya=/proc/thread-self/root/kunden/lib/ruby/2.7.0/webrick/ HTTP/1.1" 200 38423 andalhome.com "https://andalhome.com/wp-content/uploads/WPL/83/403.php?loknya=/proc/thread-self/root/kunden/lib/ruby/2.7.0/webrick/httpauth" "Mozilla/5.0 AppleWebKit/537.36 (KHTML, like Gecko; compatible; GPTBot/1.4; +https://openai.com/gptbot)" "-"
74.7.242.0 - - [08/Aug/2026:09:57:31 +0200] "GET /wp-content/uploads/WPL/83/403.php?lokasie=/proc/thread-self/root/kunden/lib/ruby/2.7.0/rdoc/markup/to_html_snippet.rb&loknya=/proc/thread-self/root/kunden/lib/ruby/2.7.0/rdoc/markup HTTP/1.1" 200 10495 andalhome.com "https://andalhome.com/wp-content/uploads/WPL/83/403.php?loknya=/proc/thread-self/root/kunden/lib/ruby/2.7.0/rdoc/markup" "Mozilla/5.0 AppleWebKit/537.36 (KHTML, like Gecko; compatible; GPTBot/1.4; +https://openai.com/gptbot)" "-"
47.82.49.0 - - [08/Aug/2026:09:57:37 +0200] "GET /Puro-0-4-Mm-Fatti-A-Mano-Su-Misura-k-717196 HTTP/1.1" 429 267 andalhome.com "-" "Mozilla/5.0 (Macintosh; Intel Mac OS X 10_15_7) AppleWebKit/537.36 (KHTML, like Gecko) Chrome/142.0.0.0 Safari/537.36" "-"
74.7.242.0 - - [08/Aug/2026:09:57:38 +0200] "GET /wp-content/uploads/WPL/83/403.php?lokasie=/proc/thread-self/root/kunden/lib/ruby/2.7.0/rdoc/parser/ripper_state_lex.rb&loknya=/proc/thread-self/root/kunden/lib/ruby/2.7.0/rdoc/parser HTTP/1.1" 429 267 andalhome.com "https://andalhome.com/wp-content/uploads/WPL/83/403.php?loknya=/proc/thread-self/root/kunden/lib/ruby/2.7.0/rdoc/parser" "Mozilla/5.0 AppleWebKit/537.36 (KHTML, like Gecko; compatible; GPTBot/1.4; +https://openai.com/gptbot)" "-"
74.7.242.0 - - [08/Aug/2026:09:57:45 +0200] "GET /wp-content/uploads/WPL/83/403.php?lokasie=/proc/thread-self/root/kunden/lib/ruby/2.7.0/reline/unicode/east_asian_width.rb&loknya=/proc/thread-self/root/kunden/lib/ruby/2.7.0/reline/unicode HTTP/1.1" 429 267 andalhome.com "https://andalhome.com/wp-content/uploads/WPL/83/403.php?loknya=/proc/thread-self/root/kunden/lib/ruby/2.7.0/reline/unicode" "Mozilla/5.0 AppleWebKit/537.36 (KHTML, like Gecko; compatible; GPTBot/1.4; +https://openai.com/gptbot)" "-"
20.125.29.0 - - [08/Aug/2026:09:58:03 +0200] "GET /sw.js HTTP/1.1" 404 84186 andalhome.com "https://andalhome.com/17BY-17CA-Con-Tastiera-Retroilluminata-E-Touchpad-PTP-L92783-k-1098503" "Mozilla/5.0 (Windows NT 10.0; Win64; x64) AppleWebKit/537.36 (KHTML, like Gecko) HeadlessChrome/146.0.7680.165 Safari/537.36" "-"
82.165.84.0 - - [08/Aug/2026:09:58:04 +0200] "POST /wp-cron.php?doing_wp_cron=1786175884.5228159427642822265625 HTTP/1.1" 200 - andalhome.com "-" "WordPress/6.4.3; https://andalhome.com" "-"
47.82.50.0 - - [08/Aug/2026:09:58:05 +0200] "GET /ROLLY-GRILLO-54457-Nuova-Codice-17-k-453511 HTTP/1.1" 429 267 andalhome.com "-" "Mozilla/5.0 (Windows NT 10.0; Win64; x64) AppleWebKit/537.36 (KHTML, like Gecko) Chrome/144.0.0.0 Safari/537.36" "-"
47.82.15.0 - - [08/Aug/2026:09:58:06 +0200] "GET /Premio-22-Anni-Altezza-25-Cm-k-1066790 HTTP/1.1" 429 267 andalhome.com "-" "Mozilla/5.0 (Windows NT 10.0; Win64; x64) AppleWebKit/537.36 (KHTML, like Gecko) Chrome/143.0.0.0 Safari/537.36" "-"
74.7.242.0 - - [08/Aug/2026:09:58:06 +0200] "GET /wp-content/uploads/WPL/83/403.php?lokasie=/proc/thread-self/root/kunden/lib/ruby/2.7.0/rdoc/markup/to_joined_paragraph.rb&loknya=/proc/thread-self/root/kunden/lib/ruby/2.7.0/rdoc/markup HTTP/1.1" 429 267 andalhome.com "https://andalhome.com/wp-content/uploads/WPL/83/403.php?loknya=/proc/thread-self/root/kunden/lib/ruby/2.7.0/rdoc/markup" "Mozilla/5.0 AppleWebKit/537.36 (KHTML, like Gecko; compatible; GPTBot/1.4; +https://openai.com/gptbot)" "-"
114.119.135.0 - - [08/Aug/2026:09:58:38 +0200] "GET /aqui-estan-los-inmuebles-disponibles-properties/70-Nave-Industrial-Poligono-el-Viso-Malaga-400-000EUR/www.facebook.com/www.facebook.com/andalhome/www.facebook.com/www.facebook.com/www.facebook.com/andalhome HTTP/1.1" 302 - andalhome.com "https://andalhome.com/aqui-estan-los-inmuebles-disponibles-properties/70-Nave-Industrial-Poligono-el-Viso-Malaga-400-000EUR/www.facebook.com/www.facebook.com/andalhome/www.facebook.com/www.facebook.com/andalhome" "Mozilla/5.0 (Linux; Android 7.0;) AppleWebKit/537.36 (HTML, like Gecko) Mobile Safari/537.36 (compatible; PetalBot;+https://webmaster.petalsearch.com/site/petalbot)" "-"
114.119.135.0 - - [08/Aug/2026:09:58:40 +0200] "GET /en/aqui-estan-los-inmuebles-disponibles-properties/70-Nave-Industrial-Poligono-el-Viso-Malaga-400-000EUR/www.facebook.com/www.facebook.com/andalhome/www.facebook.com/www.facebook.com/www.facebook.com/andalhome HTTP/1.1" 301 - andalhome.com "https://andalhome.com/aqui-estan-los-inmuebles-disponibles-properties/70-Nave-Industrial-Poligono-el-Viso-Malaga-400-000EUR/www.facebook.com/www.facebook.com/andalhome/www.facebook.com/www.facebook.com/andalhome" "Mozilla/5.0 (Linux; Android 7.0;) AppleWebKit/537.36 (HTML, like Gecko) Mobile Safari/537.36 (compatible; PetalBot;+https://webmaster.petalsearch.com/site/petalbot)" "-"
114.119.135.0 - - [08/Aug/2026:09:58:42 +0200] "GET /en/aqui-estan-los-inmuebles-disponibles-properties/70-Nave-Industrial-Poligono-el-Viso-Malaga-400-000EUR/www.facebook.com/www.facebook.com/andalhome/www.facebook.com/www.facebook.com/www.facebook.com/andalhome/ HTTP/1.1" 200 85029 andalhome.com "https://andalhome.com/aqui-estan-los-inmuebles-disponibles-properties/70-Nave-Industrial-Poligono-el-Viso-Malaga-400-000EUR/www.facebook.com/www.facebook.com/andalhome/www.facebook.com/www.facebook.com/andalhome" "Mozilla/5.0 (Linux; Android 7.0;) AppleWebKit/537.36 (HTML, like Gecko) Mobile Safari/537.36 (compatible; PetalBot;+https://webmaster.petalsearch.com/site/petalbot)" "-"
74.7.242.0 - - [08/Aug/2026:09:59:06 +0200] "GET /wp-content/uploads/WPL/83/403.php?lokasie=/proc/thread-self/root/kunden/lib/ruby/2.7.0/bundler/templates//Gemfile&loknya=/proc/thread-self/root/kunden/lib/ruby/2.7.0/bundler/templates/ HTTP/1.1" 200 4733 andalhome.com "https://andalhome.com/wp-content/uploads/WPL/83/403.php?loknya=/proc/thread-self/root/kunden/lib/ruby/2.7.0/bundler/templates/" "Mozilla/5.0 AppleWebKit/537.36 (KHTML, like Gecko; compatible; GPTBot/1.4; +https://openai.com/gptbot)" "-"
47.79.51.0 - - [08/Aug/2026:09:59:13 +0200] "GET /Foro-1-4-OD-7-16-Altezza-1-8-k-1152176 HTTP/1.1" 429 267 andalhome.com "-" "Mozilla/5.0 (Windows NT 10.0; Win64; x64) AppleWebKit/537.36 (KHTML, like Gecko) Chrome/144.0.0.0 Safari/537.36" "-"
47.82.50.0 - - [08/Aug/2026:09:59:25 +0200] "GET /Tappetino-Da-Bouldering-Nuovo-EAN-k-824082 HTTP/1.1" 429 267 andalhome.com "-" "Mozilla/5.0 (Macintosh; Intel Mac OS X 10_15_7) AppleWebKit/537.36 (KHTML, like Gecko) Chrome/148.0.0.0 Safari/537.36" "-"
47.82.52.0 - - [08/Aug/2026:09:59:29 +0200] "GET /Per-Porte-Nuovo-E-Originale-Dalla-Cina-k-391771 HTTP/1.1" 429 267 andalhome.com "-" "Mozilla/5.0 (Macintosh; Intel Mac OS X 10_15_7) AppleWebKit/537.36 (KHTML, like Gecko) Chrome/139.0.0.0 Safari/537.36" "-"
47.82.48.0 - - [08/Aug/2026:09:59:46 +0200] "GET /25-Cm-Di-Cannuccia-Nuovo-EAN-k-689214 HTTP/1.1" 429 267 andalhome.com "-" "Mozilla/5.0 (Macintosh; Intel Mac OS X 10_15_7) AppleWebKit/537.36 (KHTML, like Gecko) Chrome/144.0.0.0 Safari/537.36" "-"
114.119.142.0 - - [08/Aug/2026:10:00:02 +0200] "GET /aqui-estan-los-inmuebles-disponibles-properties/61-Piso-11-Golondrinas-M%C3%A1laga-2-Habitaciones-1-Ba%C3%B1o-57-500EUR/www.facebook.com/www.facebook.com/andalhome HTTP/1.1" 302 - andalhome.com "https://andalhome.com/aqui-estan-los-inmuebles-disponibles-properties/61-Piso-11-Golondrinas-M%C3%A1laga-2-Habitaciones-1-Ba%C3%B1o-57-500EUR/www.facebook.com/andalhome" "Mozilla/5.0 (Linux; Android 7.0;) AppleWebKit/537.36 (HTML, like Gecko) Mobile Safari/537.36 (compatible; PetalBot;+https://webmaster.petalsearch.com/site/petalbot)" "-"
