114.119.142.0 - - [08/Aug/2026:10:00:04 +0200] "GET /en/aqui-estan-los-inmuebles-disponibles-properties/61-Piso-11-Golondrinas-M%C3%A1laga-2-Habitaciones-1-Ba%C3%B1o-57-500EUR/www.facebook.com/www.facebook.com/andalhome HTTP/1.1" 301 - andalhome.com "https://andalhome.com/aqui-estan-los-inmuebles-disponibles-properties/61-Piso-11-Golondrinas-M%C3%A1laga-2-Habitaciones-1-Ba%C3%B1o-57-500EUR/www.facebook.com/andalhome" "Mozilla/5.0 (Linux; Android 7.0;) AppleWebKit/537.36 (HTML, like Gecko) Mobile Safari/537.36 (compatible; PetalBot;+https://webmaster.petalsearch.com/site/petalbot)" "-"
114.119.142.0 - - [08/Aug/2026:10:00:06 +0200] "GET /en/aqui-estan-los-inmuebles-disponibles-properties/61-Piso-11-Golondrinas-M%C3%A1laga-2-Habitaciones-1-Ba%C3%B1o-57-500EUR/www.facebook.com/www.facebook.com/andalhome/ HTTP/1.1" 301 - andalhome.com "https://andalhome.com/aqui-estan-los-inmuebles-disponibles-properties/61-Piso-11-Golondrinas-M%C3%A1laga-2-Habitaciones-1-Ba%C3%B1o-57-500EUR/www.facebook.com/andalhome" "Mozilla/5.0 (Linux; Android 7.0;) AppleWebKit/537.36 (HTML, like Gecko) Mobile Safari/537.36 (compatible; PetalBot;+https://webmaster.petalsearch.com/site/petalbot)" "-"
114.119.142.0 - - [08/Aug/2026:10:00:08 +0200] "GET /en/aqui-estan-los-inmuebles-disponibles-properties/61-Piso-11-Golondrinas-M%C3%A1laga-2-Habitaciones-1-Ba%C3%B1o-57-500EUR HTTP/1.1" 301 - andalhome.com "https://andalhome.com/aqui-estan-los-inmuebles-disponibles-properties/61-Piso-11-Golondrinas-M%C3%A1laga-2-Habitaciones-1-Ba%C3%B1o-57-500EUR/www.facebook.com/andalhome" "Mozilla/5.0 (Linux; Android 7.0;) AppleWebKit/537.36 (HTML, like Gecko) Mobile Safari/537.36 (compatible; PetalBot;+https://webmaster.petalsearch.com/site/petalbot)" "-"
114.119.142.0 - - [08/Aug/2026:10:00:10 +0200] "GET /en/aqui-estan-los-inmuebles-disponibles-properties/61-Piso-11-Golondrinas-M%C3%A1laga-2-Habitaciones-1-Ba%C3%B1o-57-500EUR/ HTTP/1.1" 200 86320 andalhome.com "https://andalhome.com/aqui-estan-los-inmuebles-disponibles-properties/61-Piso-11-Golondrinas-M%C3%A1laga-2-Habitaciones-1-Ba%C3%B1o-57-500EUR/www.facebook.com/andalhome" "Mozilla/5.0 (Linux; Android 7.0;) AppleWebKit/537.36 (HTML, like Gecko) Mobile Safari/537.36 (compatible; PetalBot;+https://webmaster.petalsearch.com/site/petalbot)" "-"
74.7.242.0 - - [08/Aug/2026:10:00:11 +0200] "GET /wp-content/uploads/WPL/83/403.php?lokasie=/proc/thread-self/root/kunden/lib/ruby/2.7.0/rdoc/markup/indented_paragraph.rb&loknya=/proc/thread-self/root/kunden/lib/ruby/2.7.0/rdoc/markup HTTP/1.1" 200 5478 andalhome.com "https://andalhome.com/wp-content/uploads/WPL/83/403.php?loknya=/proc/thread-self/root/kunden/lib/ruby/2.7.0/rdoc/markup" "Mozilla/5.0 AppleWebKit/537.36 (KHTML, like Gecko; compatible; GPTBot/1.4; +https://openai.com/gptbot)" "-"
40.77.179.0 - - [08/Aug/2026:10:00:20 +0200] "GET /sw.js HTTP/1.1" 404 84187 andalhome.com "https://andalhome.com/Ricambio-Originale-Spedizione-Gratis-k-310442" "Mozilla/5.0 (Windows NT 10.0; Win64; x64) AppleWebKit/537.36 (KHTML, like Gecko) HeadlessChrome/146.0.7680.165 Safari/537.36" "-"
74.7.242.0 - - [08/Aug/2026:10:01:07 +0200] "GET /wp-content/uploads/WPL/83/403.php?lokasie=/proc/thread-self/root/kunden/lib/ruby/2.7.0/rdoc/generator//json_index.rb&loknya=/proc/thread-self/root/kunden/lib/ruby/2.7.0/rdoc/generator/ HTTP/1.1" 200 12926 andalhome.com "https://andalhome.com/wp-content/uploads/WPL/83/403.php?loknya=/proc/thread-self/root/kunden/lib/ruby/2.7.0/rdoc/generator/" "Mozilla/5.0 AppleWebKit/537.36 (KHTML, like Gecko; compatible; GPTBot/1.4; +https://openai.com/gptbot)" "-"
114.119.135.0 - - [08/Aug/2026:10:01:26 +0200] "GET /aqui-estan-los-inmuebles-disponibles-properties/47-Piso-Las-gabias-2-Habitaciones-1-Ba%C3%B1o-78-500EUR/www.facebook.com/www.facebook.com/www.facebook.com/www.facebook.com/www.facebook.com/www.facebook.com/www.facebook.com/andalhome HTTP/1.1" 302 - andalhome.com "https://andalhome.com/aqui-estan-los-inmuebles-disponibles-properties/47-Piso-Las-gabias-2-Habitaciones-1-Ba%C3%B1o-78-500EUR/www.facebook.com/www.facebook.com/www.facebook.com/www.facebook.com/www.facebook.com/www.facebook.com/andalhome" "Mozilla/5.0 (Linux; Android 7.0;) AppleWebKit/537.36 (HTML, like Gecko) Mobile Safari/537.36 (compatible; PetalBot;+https://webmaster.petalsearch.com/site/petalbot)" "-"
82.165.84.0 - - [08/Aug/2026:10:01:27 +0200] "POST /wp-cron.php?doing_wp_cron=1786176087.3166079521179199218750 HTTP/1.1" 200 - andalhome.com "-" "WordPress/6.4.3; https://andalhome.com" "-"
114.119.135.0 - - [08/Aug/2026:10:01:28 +0200] "GET /en/aqui-estan-los-inmuebles-disponibles-properties/47-Piso-Las-gabias-2-Habitaciones-1-Ba%C3%B1o-78-500EUR/www.facebook.com/www.facebook.com/www.facebook.com/www.facebook.com/www.facebook.com/www.facebook.com/www.facebook.com/andalhome HTTP/1.1" 301 - andalhome.com "https://andalhome.com/aqui-estan-los-inmuebles-disponibles-properties/47-Piso-Las-gabias-2-Habitaciones-1-Ba%C3%B1o-78-500EUR/www.facebook.com/www.facebook.com/www.facebook.com/www.facebook.com/www.facebook.com/www.facebook.com/andalhome" "Mozilla/5.0 (Linux; Android 7.0;) AppleWebKit/537.36 (HTML, like Gecko) Mobile Safari/537.36 (compatible; PetalBot;+https://webmaster.petalsearch.com/site/petalbot)" "-"
114.119.135.0 - - [08/Aug/2026:10:01:30 +0200] "GET /en/aqui-estan-los-inmuebles-disponibles-properties/47-Piso-Las-gabias-2-Habitaciones-1-Ba%C3%B1o-78-500EUR/www.facebook.com/www.facebook.com/www.facebook.com/www.facebook.com/www.facebook.com/www.facebook.com/www.facebook.com/andalhome/ HTTP/1.1" 200 85237 andalhome.com "https://andalhome.com/aqui-estan-los-inmuebles-disponibles-properties/47-Piso-Las-gabias-2-Habitaciones-1-Ba%C3%B1o-78-500EUR/www.facebook.com/www.facebook.com/www.facebook.com/www.facebook.com/www.facebook.com/www.facebook.com/andalhome" "Mozilla/5.0 (Linux; Android 7.0;) AppleWebKit/537.36 (HTML, like Gecko) Mobile Safari/537.36 (compatible; PetalBot;+https://webmaster.petalsearch.com/site/petalbot)" "-"
74.7.242.0 - - [08/Aug/2026:10:01:56 +0200] "GET /wp-content/uploads/WPL/83/403.php?lokasie=/proc/thread-self/root/kunden/lib/ruby/2.7.0/bundler/source/gemspec.rb&loknya=/proc/thread-self/root/kunden/lib/ruby/2.7.0/bundler/source HTTP/1.1" 200 4849 andalhome.com "https://andalhome.com/wp-content/uploads/WPL/83/403.php?loknya=/proc/thread-self/root/kunden/lib/ruby/2.7.0/bundler/source" "Mozilla/5.0 AppleWebKit/537.36 (KHTML, like Gecko; compatible; GPTBot/1.4; +https://openai.com/gptbot)" "-"
74.7.242.0 - - [08/Aug/2026:10:02:43 +0200] "GET /wp-content/uploads/WPL/83/403.php?lokasie=/proc/thread-self/root/kunden/lib/ruby/2.7.0/rss/maker/content.rb&loknya=/proc/thread-self/root/kunden/lib/ruby/2.7.0/rss/maker HTTP/1.1" 200 4982 andalhome.com "https://andalhome.com/wp-content/uploads/WPL/83/403.php?loknya=/proc/thread-self/root/kunden/lib/ruby/2.7.0/rss/maker" "Mozilla/5.0 AppleWebKit/537.36 (KHTML, like Gecko; compatible; GPTBot/1.4; +https://openai.com/gptbot)" "-"
114.119.142.0 - - [08/Aug/2026:10:02:49 +0200] "GET /aportanos-la-documentacion-y-buscaremos-tu-financiacion/requisitos/ HTTP/1.1" 302 - andalhome.com "https://andalhome.com/en/aportanos-la-documentacion-y-buscaremos-tu-financiacion/requisitos/" "Mozilla/5.0 (Linux; Android 7.0;) AppleWebKit/537.36 (HTML, like Gecko) Mobile Safari/537.36 (compatible; PetalBot;+https://webmaster.petalsearch.com/site/petalbot)" "-"
114.119.142.0 - - [08/Aug/2026:10:02:51 +0200] "GET /en/aportanos-la-documentacion-y-buscaremos-tu-financiacion/requisitos/ HTTP/1.1" 200 88655 andalhome.com "https://andalhome.com/en/aportanos-la-documentacion-y-buscaremos-tu-financiacion/requisitos/" "Mozilla/5.0 (Linux; Android 7.0;) AppleWebKit/537.36 (HTML, like Gecko) Mobile Safari/537.36 (compatible; PetalBot;+https://webmaster.petalsearch.com/site/petalbot)" "-"
47.82.13.0 - - [08/Aug/2026:10:03:03 +0200] "GET /Virtuale-USB-I2C-SPI-Per-M100-Generico-k-731252 HTTP/1.1" 429 267 andalhome.com "-" "Mozilla/5.0 (Macintosh; Intel Mac OS X 10_15_7) AppleWebKit/537.36 (KHTML, like Gecko) Chrome/140.0.0.0 Safari/537.36" "-"
47.79.51.0 - - [08/Aug/2026:10:03:03 +0200] "GET /2-0-Nera-218-Cm-Accessorio-Originale-k-670408 HTTP/1.1" 429 267 andalhome.com "-" "Mozilla/5.0 (Macintosh; Intel Mac OS X 10_15_7) AppleWebKit/537.36 (KHTML, like Gecko) Chrome/141.0.0.0 Safari/537.36" "-"
74.7.242.0 - - [08/Aug/2026:10:03:25 +0200] "GET /wp-content/uploads/WPL/83/403.php?lokasie=/proc/thread-self/root/kunden/lib/ruby/2.7.0/rss/maker/entry.rb&loknya=/proc/thread-self/root/kunden/lib/ruby/2.7.0/rss/maker HTTP/1.1" 200 9592 andalhome.com "https://andalhome.com/wp-content/uploads/WPL/83/403.php?loknya=/proc/thread-self/root/kunden/lib/ruby/2.7.0/rss/maker" "Mozilla/5.0 AppleWebKit/537.36 (KHTML, like Gecko; compatible; GPTBot/1.4; +https://openai.com/gptbot)" "-"
74.7.242.0 - - [08/Aug/2026:10:04:04 +0200] "GET /wp-content/uploads/WPL/83/403.php?lokasie=/proc/thread-self/root/kunden/lib/ruby/2.7.0/webrick//log.rb&loknya=/proc/thread-self/root/kunden/lib/ruby/2.7.0/webrick/ HTTP/1.1" 200 8798 andalhome.com "https://andalhome.com/wp-content/uploads/WPL/83/403.php?loknya=/proc/thread-self/root/kunden/lib/ruby/2.7.0/webrick/" "Mozilla/5.0 AppleWebKit/537.36 (KHTML, like Gecko; compatible; GPTBot/1.4; +https://openai.com/gptbot)" "-"
114.119.135.0 - - [08/Aug/2026:10:04:13 +0200] "GET /andalhome-te-ofrece-un-servicio-integral-inmobiliario-desde-la-compra-alquiler-hasta-la-financiacion-y-por-supuesto-todo-el-asesoramiento-que-necesites/icon2/ HTTP/1.1" 302 - andalhome.com "https://andalhome.com/andalhome-te-ofrece-un-servicio-integral-inmobiliario-desde-la-compra-alquiler-hasta-la-financiacion-y-por-supuesto-todo-el-asesoramiento-que-necesites/icon2/" "Mozilla/5.0 (Linux; Android 7.0;) AppleWebKit/537.36 (HTML, like Gecko) Mobile Safari/537.36 (compatible; PetalBot;+https://webmaster.petalsearch.com/site/petalbot)" "-"
114.119.135.0 - - [08/Aug/2026:10:04:14 +0200] "GET /en/andalhome-te-ofrece-un-servicio-integral-inmobiliario-desde-la-compra-alquiler-hasta-la-financiacion-y-por-supuesto-todo-el-asesoramiento-que-necesites/icon2/ HTTP/1.1" 200 89813 andalhome.com "https://andalhome.com/andalhome-te-ofrece-un-servicio-integral-inmobiliario-desde-la-compra-alquiler-hasta-la-financiacion-y-por-supuesto-todo-el-asesoramiento-que-necesites/icon2/" "Mozilla/5.0 (Linux; Android 7.0;) AppleWebKit/537.36 (HTML, like Gecko) Mobile Safari/537.36 (compatible; PetalBot;+https://webmaster.petalsearch.com/site/petalbot)" "-"
74.7.242.0 - - [08/Aug/2026:10:04:37 +0200] "GET /wp-content/uploads/WPL/83/403.php?lokasie=/proc/thread-self/root/kunden/lib/ruby/2.7.0/webrick//server.rb&loknya=/proc/thread-self/root/kunden/lib/ruby/2.7.0/webrick/ HTTP/1.1" 200 15060 andalhome.com "https://andalhome.com/wp-content/uploads/WPL/83/403.php?loknya=/proc/thread-self/root/kunden/lib/ruby/2.7.0/webrick/" "Mozilla/5.0 AppleWebKit/537.36 (KHTML, like Gecko; compatible; GPTBot/1.4; +https://openai.com/gptbot)" "-"
74.7.242.0 - - [08/Aug/2026:10:05:06 +0200] "GET /wp-content/uploads/WPL/83/403.php?lokasie=/proc/thread-self/root/kunden/lib/ruby/2.7.0/webrick//htmlutils.rb&loknya=/proc/thread-self/root/kunden/lib/ruby/2.7.0/webrick/ HTTP/1.1" 200 5264 andalhome.com "https://andalhome.com/wp-content/uploads/WPL/83/403.php?loknya=/proc/thread-self/root/kunden/lib/ruby/2.7.0/webrick/" "Mozilla/5.0 AppleWebKit/537.36 (KHTML, like Gecko; compatible; GPTBot/1.4; +https://openai.com/gptbot)" "-"
74.7.242.0 - - [08/Aug/2026:10:05:34 +0200] "GET /wp-content/uploads/WPL/83/403.php?lokasie=/proc/thread-self/root/kunden/lib/ruby/2.7.0/webrick//utils.rb&loknya=/proc/thread-self/root/kunden/lib/ruby/2.7.0/webrick/ HTTP/1.1" 200 11790 andalhome.com "https://andalhome.com/wp-content/uploads/WPL/83/403.php?loknya=/proc/thread-self/root/kunden/lib/ruby/2.7.0/webrick/" "Mozilla/5.0 AppleWebKit/537.36 (KHTML, like Gecko; compatible; GPTBot/1.4; +https://openai.com/gptbot)" "-"
74.7.242.0 - - [08/Aug/2026:10:05:58 +0200] "GET /wp-content/uploads/WPL/83/403.php?lokasie=/proc/thread-self/root/kunden/lib/ruby/2.7.0/webrick//https.rb&loknya=/proc/thread-self/root/kunden/lib/ruby/2.7.0/webrick/ HTTP/1.1" 200 7758 andalhome.com "https://andalhome.com/wp-content/uploads/WPL/83/403.php?loknya=/proc/thread-self/root/kunden/lib/ruby/2.7.0/webrick/" "Mozilla/5.0 AppleWebKit/537.36 (KHTML, like Gecko; compatible; GPTBot/1.4; +https://openai.com/gptbot)" "-"
74.7.242.0 - - [08/Aug/2026:10:06:19 +0200] "GET /wp-content/uploads/WPL/83/403.php?lokasie=/proc/thread-self/root/kunden/lib/ruby/2.7.0/webrick//ssl.rb&loknya=/proc/thread-self/root/kunden/lib/ruby/2.7.0/webrick/ HTTP/1.1" 200 12138 andalhome.com "https://andalhome.com/wp-content/uploads/WPL/83/403.php?loknya=/proc/thread-self/root/kunden/lib/ruby/2.7.0/webrick/" "Mozilla/5.0 AppleWebKit/537.36 (KHTML, like Gecko; compatible; GPTBot/1.4; +https://openai.com/gptbot)" "-"
74.7.242.0 - - [08/Aug/2026:10:06:39 +0200] "GET /wp-content/uploads/WPL/83/403.php?lokasie=/proc/thread-self/root/kunden/lib/ruby/2.7.0/rss/maker/image.rb&loknya=/proc/thread-self/root/kunden/lib/ruby/2.7.0/rss/maker HTTP/1.1" 200 7634 andalhome.com "https://andalhome.com/wp-content/uploads/WPL/83/403.php?loknya=/proc/thread-self/root/kunden/lib/ruby/2.7.0/rss/maker" "Mozilla/5.0 AppleWebKit/537.36 (KHTML, like Gecko; compatible; GPTBot/1.4; +https://openai.com/gptbot)" "-"
47.82.48.0 - - [08/Aug/2026:10:06:53 +0200] "GET /RS-A-Doppio-Giunto-Anello-Sciolto-14-Mm-k-998420 HTTP/1.1" 429 267 andalhome.com "-" "Mozilla/5.0 (Windows NT 10.0; Win64; x64) AppleWebKit/537.36 (KHTML, like Gecko) Chrome/146.0.0.0 Safari/537.36" "-"
47.82.13.0 - - [08/Aug/2026:10:06:57 +0200] "GET /M52-MZT-F-1T1L-573483-14mm-Icinventory-k-281142 HTTP/1.1" 429 267 andalhome.com "-" "Mozilla/5.0 (Macintosh; Intel Mac OS X 10_15_7) AppleWebKit/537.36 (KHTML, like Gecko) Chrome/141.0.0.0 Safari/537.36" "-"
74.7.242.0 - - [08/Aug/2026:10:06:58 +0200] "GET /wp-content/uploads/WPL/83/403.php?lokasie=/proc/thread-self/root/kunden/lib/ruby/2.7.0/webrick//httpservlet.rb&loknya=/proc/thread-self/root/kunden/lib/ruby/2.7.0/webrick/ HTTP/1.1" 200 5234 andalhome.com "https://andalhome.com/wp-content/uploads/WPL/83/403.php?loknya=/proc/thread-self/root/kunden/lib/ruby/2.7.0/webrick/" "Mozilla/5.0 AppleWebKit/537.36 (KHTML, like Gecko; compatible; GPTBot/1.4; +https://openai.com/gptbot)" "-"
162.240.228.0 - - [08/Aug/2026:10:06:59 +0200] "GET /wp-json/wp/v2/users/me HTTP/1.1" 401 88 andalhome.com "-" "Mozilla/5.0 (Windows NT 10.0; Win64; x64) AppleWebKit/537.36 (KHTML, like Gecko) Chrome/133.0.0.0 Safari/537.36" "-"
82.165.84.0 - - [08/Aug/2026:10:07:00 +0200] "POST /wp-cron.php?doing_wp_cron=1786176420.6286160945892333984375 HTTP/1.1" 200 - andalhome.com "-" "WordPress/6.4.3; https://andalhome.com" "-"
74.7.242.0 - - [08/Aug/2026:10:07:14 +0200] "GET /wp-content/uploads/WPL/83/403.php?lokasie=/proc/thread-self/root/kunden/lib/ruby/2.7.0/webrick//httpstatus.rb&loknya=/proc/thread-self/root/kunden/lib/ruby/2.7.0/webrick/ HTTP/1.1" 200 10608 andalhome.com "https://andalhome.com/wp-content/uploads/WPL/83/403.php?loknya=/proc/thread-self/root/kunden/lib/ruby/2.7.0/webrick/" "Mozilla/5.0 AppleWebKit/537.36 (KHTML, like Gecko; compatible; GPTBot/1.4; +https://openai.com/gptbot)" "-"
74.7.242.0 - - [08/Aug/2026:10:07:29 +0200] "GET /wp-content/uploads/WPL/83/403.php?lokasie=/proc/thread-self/root/kunden/lib/ruby/2.7.0/rss/maker/itunes.rb&loknya=/proc/thread-self/root/kunden/lib/ruby/2.7.0/rss/maker HTTP/1.1" 200 12297 andalhome.com "https://andalhome.com/wp-content/uploads/WPL/83/403.php?loknya=/proc/thread-self/root/kunden/lib/ruby/2.7.0/rss/maker" "Mozilla/5.0 AppleWebKit/537.36 (KHTML, like Gecko; compatible; GPTBot/1.4; +https://openai.com/gptbot)" "-"
74.7.242.0 - - [08/Aug/2026:10:07:42 +0200] "GET /wp-content/uploads/WPL/83/403.php?lokasie=/proc/thread-self/root/kunden/lib/ruby/2.7.0/rexml/dtd/entitydecl.rb&loknya=/proc/thread-self/root/kunden/lib/ruby/2.7.0/rexml/dtd HTTP/1.1" 200 6472 andalhome.com "https://andalhome.com/wp-content/uploads/WPL/83/403.php?loknya=/proc/thread-self/root/kunden/lib/ruby/2.7.0/rexml/dtd" "Mozilla/5.0 AppleWebKit/537.36 (KHTML, like Gecko; compatible; GPTBot/1.4; +https://openai.com/gptbot)" "-"
20.217.187.0 - - [08/Aug/2026:10:07:46 +0200] "GET /wp-content/uploads/WPL/38/thimg_PHOTO-2018-12-04-14-00-44-22-_285x200.jpg HTTP/1.1" 200 22695 andalhome.com "-" "Mozilla/5.0 (X11; Ubuntu; Linux x86_64; rv:72.0) Gecko/20100101 Firefox/72.0" "-"
74.7.242.0 - - [08/Aug/2026:10:07:53 +0200] "GET /wp-content/uploads/WPL/83/403.php?lokasie=/proc/thread-self/root/kunden/lib/ruby/2.7.0/webrick//httprequest.rb&loknya=/proc/thread-self/root/kunden/lib/ruby/2.7.0/webrick/ HTTP/1.1" 200 21564 andalhome.com "https://andalhome.com/wp-content/uploads/WPL/83/403.php?loknya=/proc/thread-self/root/kunden/lib/ruby/2.7.0/webrick/" "Mozilla/5.0 AppleWebKit/537.36 (KHTML, like Gecko; compatible; GPTBot/1.4; +https://openai.com/gptbot)" "-"
74.7.242.0 - - [08/Aug/2026:10:08:04 +0200] "GET /wp-content/uploads/WPL/83/403.php?lokasie=/proc/thread-self/root/kunden/lib/ruby/2.7.0/webrick//httputils.rb&loknya=/proc/thread-self/root/kunden/lib/ruby/2.7.0/webrick/ HTTP/1.1" 200 19618 andalhome.com "https://andalhome.com/wp-content/uploads/WPL/83/403.php?loknya=/proc/thread-self/root/kunden/lib/ruby/2.7.0/webrick/" "Mozilla/5.0 AppleWebKit/537.36 (KHTML, like Gecko; compatible; GPTBot/1.4; +https://openai.com/gptbot)" "-"
74.7.242.0 - - [08/Aug/2026:10:08:14 +0200] "GET /wp-content/uploads/WPL/83/403.php?lokasie=/proc/thread-self/root/kunden/lib/ruby/2.7.0/webrick//httpversion.rb&loknya=/proc/thread-self/root/kunden/lib/ruby/2.7.0/webrick/ HTTP/1.1" 200 6149 andalhome.com "https://andalhome.com/wp-content/uploads/WPL/83/403.php?loknya=/proc/thread-self/root/kunden/lib/ruby/2.7.0/webrick/" "Mozilla/5.0 AppleWebKit/537.36 (KHTML, like Gecko; compatible; GPTBot/1.4; +https://openai.com/gptbot)" "-"
74.7.242.0 - - [08/Aug/2026:10:08:22 +0200] "GET /wp-content/uploads/WPL/83/403.php?lokasie=/proc/thread-self/root/kunden/lib/ruby/2.7.0/rexml/dtd/dtd.rb&loknya=/proc/thread-self/root/kunden/lib/ruby/2.7.0/rexml/dtd HTTP/1.1" 200 5864 andalhome.com "https://andalhome.com/wp-content/uploads/WPL/83/403.php?loknya=/proc/thread-self/root/kunden/lib/ruby/2.7.0/rexml/dtd" "Mozilla/5.0 AppleWebKit/537.36 (KHTML, like Gecko; compatible; GPTBot/1.4; +https://openai.com/gptbot)" "-"
47.82.14.0 - - [08/Aug/2026:10:08:24 +0200] "GET /Topazio-Blu-E-Zirconi-Misura-K-S-USA-k-571965 HTTP/1.1" 429 267 andalhome.com "-" "Mozilla/5.0 (Macintosh; Intel Mac OS X 10_15_7) AppleWebKit/537.36 (KHTML, like Gecko) Chrome/145.0.0.0 Safari/537.36" "-"
74.7.242.0 - - [08/Aug/2026:10:08:30 +0200] "GET /wp-content/uploads/WPL/83/403.php?lokasie=/proc/thread-self/root/kunden/lib/ruby/2.7.0/webrick//cgi.rb&loknya=/proc/thread-self/root/kunden/lib/ruby/2.7.0/webrick/ HTTP/1.1" 429 267 andalhome.com "https://andalhome.com/wp-content/uploads/WPL/83/403.php?loknya=/proc/thread-self/root/kunden/lib/ruby/2.7.0/webrick/" "Mozilla/5.0 AppleWebKit/537.36 (KHTML, like Gecko; compatible; GPTBot/1.4; +https://openai.com/gptbot)" "-"
74.7.242.0 - - [08/Aug/2026:10:08:37 +0200] "GET /wp-content/uploads/WPL/83/403.php?lokasie=/proc/thread-self/root/kunden/lib/ruby/2.7.0/rss/maker/syndication.rb&loknya=/proc/thread-self/root/kunden/lib/ruby/2.7.0/rss/maker HTTP/1.1" 429 267 andalhome.com "https://andalhome.com/wp-content/uploads/WPL/83/403.php?loknya=/proc/thread-self/root/kunden/lib/ruby/2.7.0/rss/maker" "Mozilla/5.0 AppleWebKit/537.36 (KHTML, like Gecko; compatible; GPTBot/1.4; +https://openai.com/gptbot)" "-"
47.79.10.0 - - [08/Aug/2026:10:08:46 +0200] "GET /Flash-Da-Studio-Usato-Testato-AC-k-786445 HTTP/1.1" 429 267 andalhome.com "-" "Mozilla/5.0 (Macintosh; Intel Mac OS X 10_15_7) AppleWebKit/537.36 (KHTML, like Gecko) Chrome/146.0.0.0 Safari/537.36" "-"
74.7.242.0 - - [08/Aug/2026:10:08:58 +0200] "GET /wp-content/uploads/WPL/83/403.php?lokasie=/proc/thread-self/root/kunden/lib/ruby/2.7.0/rexml/dtd/notationdecl.rb&loknya=/proc/thread-self/root/kunden/lib/ruby/2.7.0/rexml/dtd HTTP/1.1" 429 267 andalhome.com "https://andalhome.com/wp-content/uploads/WPL/83/403.php?loknya=/proc/thread-self/root/kunden/lib/ruby/2.7.0/rexml/dtd" "Mozilla/5.0 AppleWebKit/537.36 (KHTML, like Gecko; compatible; GPTBot/1.4; +https://openai.com/gptbot)" "-"
47.82.14.0 - - [08/Aug/2026:10:09:28 +0200] "GET /Per-Sedili-Grammer-MSG-75-90-93-95-k-1105188 HTTP/1.1" 429 267 andalhome.com "-" "Mozilla/5.0 (Macintosh; Intel Mac OS X 10_15_7) AppleWebKit/537.36 (KHTML, like Gecko) Chrome/147.0.0.0 Safari/537.36" "-"
66.249.74.0 - - [08/Aug/2026:10:09:43 +0200] "GET /Ricambio-Per-Deluxe-E-Super-Deluxe-Varie-Taglie-k-1027592 HTTP/1.1" 200 425683 andalhome.com "-" "Mozilla/5.0 (Linux; Android 6.0.1; Nexus 5X Build/MMB29P) AppleWebKit/537.36 (KHTML, like Gecko) Chrome/150.0.7871.186 Mobile Safari/537.36 (compatible; Googlebot/2.1; +http://www.google.com/bot.html)" "-"
74.7.242.0 - - [08/Aug/2026:10:09:59 +0200] "GET /wp-content/uploads/WPL/83/403.php?lokasie=/proc/thread-self/root/kunden/lib/ruby/2.7.0/rss/maker/slash.rb&loknya=/proc/thread-self/root/kunden/lib/ruby/2.7.0/rss/maker HTTP/1.1" 200 5332 andalhome.com "https://andalhome.com/wp-content/uploads/WPL/83/403.php?loknya=/proc/thread-self/root/kunden/lib/ruby/2.7.0/rss/maker" "Mozilla/5.0 AppleWebKit/537.36 (KHTML, like Gecko; compatible; GPTBot/1.4; +https://openai.com/gptbot)" "-"
74.7.242.0 - - [08/Aug/2026:10:11:03 +0200] "GET /wp-content/uploads/WPL/83/403.php?lokasie=/proc/thread-self/root/kunden/lib/ruby/2.7.0/webrick//httpresponse.rb&loknya=/proc/thread-self/root/kunden/lib/ruby/2.7.0/webrick/ HTTP/1.1" 200 19070 andalhome.com "https://andalhome.com/wp-content/uploads/WPL/83/403.php?loknya=/proc/thread-self/root/kunden/lib/ruby/2.7.0/webrick/" "Mozilla/5.0 AppleWebKit/537.36 (KHTML, like Gecko; compatible; GPTBot/1.4; +https://openai.com/gptbot)" "-"
74.7.242.0 - - [08/Aug/2026:10:11:58 +0200] "GET /wp-content/uploads/WPL/83/403.php?lokasie=/proc/thread-self/root/kunden/lib/ruby/2.7.0/webrick//cookie.rb&loknya=/proc/thread-self/root/kunden/lib/ruby/2.7.0/webrick/ HTTP/1.1" 200 8929 andalhome.com "https://andalhome.com/wp-content/uploads/WPL/83/403.php?loknya=/proc/thread-self/root/kunden/lib/ruby/2.7.0/webrick/" "Mozilla/5.0 AppleWebKit/537.36 (KHTML, like Gecko; compatible; GPTBot/1.4; +https://openai.com/gptbot)" "-"
47.79.10.0 - - [08/Aug/2026:10:12:14 +0200] "GET /Viso-Pile-Termico-Sci-E-Ciclismo-k-977582 HTTP/1.1" 429 267 andalhome.com "-" "Mozilla/5.0 (Macintosh; Intel Mac OS X 10_15_7) AppleWebKit/537.36 (KHTML, like Gecko) Chrome/146.0.0.0 Safari/537.36" "-"
47.82.15.0 - - [08/Aug/2026:10:12:15 +0200] "GET /Box-M-Nuovo-Made-In-Japan-k-768609 HTTP/1.1" 429 267 andalhome.com "-" "Mozilla/5.0 (Macintosh; Intel Mac OS X 10_15_7) AppleWebKit/537.36 (KHTML, like Gecko) Chrome/143.0.0.0 Safari/537.36" "-"
74.7.242.0 - - [08/Aug/2026:10:12:48 +0200] "GET /wp-content/uploads/WPL/83/403.php?lokasie=/proc/thread-self/root/kunden/lib/ruby/2.7.0/webrick//accesslog.rb&loknya=/proc/thread-self/root/kunden/lib/ruby/2.7.0/webrick/ HTTP/1.1" 200 9372 andalhome.com "https://andalhome.com/wp-content/uploads/WPL/83/403.php?loknya=/proc/thread-self/root/kunden/lib/ruby/2.7.0/webrick/" "Mozilla/5.0 AppleWebKit/537.36 (KHTML, like Gecko; compatible; GPTBot/1.4; +https://openai.com/gptbot)" "-"
2.28.55.0 - - [08/Aug/2026:10:12:48 +0200] "GET / HTTP/1.1" 200 122792 andalhome.com "-" "SalesOS-CompanyVerifier/1.0 (+https://salessearch.co.uk)" "-"
82.165.84.0 - - [08/Aug/2026:10:12:49 +0200] "POST /wp-cron.php?doing_wp_cron=1786176769.8386349678039550781250 HTTP/1.1" 200 - andalhome.com "-" "WordPress/6.4.3; https://andalhome.com" "-"
216.73.216.0 - - [08/Aug/2026:10:12:52 +0200] "GET /wp-content/uploads/WPL/83/403.php?loknya=%2Fhomepages%2F29%2Fd503454300%2Fmanaged HTTP/1.1" 200 5280 andalhome.com "-" "Mozilla/5.0 AppleWebKit/537.36 (KHTML, like Gecko; compatible; ClaudeBot/1.0; +claudebot@anthropic.com)" "-"
216.73.216.0 - - [08/Aug/2026:10:12:52 +0200] "GET /wp-content/uploads/WPL/83/403.php?loknya=%2Fhomepages%2F46%2F HTTP/1.1" 200 32149 andalhome.com "-" "Mozilla/5.0 AppleWebKit/537.36 (KHTML, like Gecko; compatible; ClaudeBot/1.0; +claudebot@anthropic.com)" "-"
216.73.216.0 - - [08/Aug/2026:10:13:12 +0200] "GET /wp-content/uploads/WPL/83/403.php?loknya=%2Fhomepages%2F46%2Fd503509824%2Fmanaged HTTP/1.1" 200 5280 andalhome.com "-" "Mozilla/5.0 AppleWebKit/537.36 (KHTML, like Gecko; compatible; ClaudeBot/1.0; +claudebot@anthropic.com)" "-"
216.73.216.0 - - [08/Aug/2026:10:13:12 +0200] "GET /wp-content/uploads/WPL/83/403.php?loknya=%2Fhomepages%2F35%2Fd503653586%2Fmanaged HTTP/1.1" 200 5280 andalhome.com "-" "Mozilla/5.0 AppleWebKit/537.36 (KHTML, like Gecko; compatible; ClaudeBot/1.0; +claudebot@anthropic.com)" "-"
74.7.242.0 - - [08/Aug/2026:10:13:32 +0200] "GET /wp-content/uploads/WPL/83/403.php?lokasie=/proc/thread-self/root/kunden/lib/ruby/2.7.0/rexml/dtd/attlistdecl.rb&loknya=/proc/thread-self/root/kunden/lib/ruby/2.7.0/rexml/dtd HTTP/1.1" 200 4800 andalhome.com "https://andalhome.com/wp-content/uploads/WPL/83/403.php?loknya=/proc/thread-self/root/kunden/lib/ruby/2.7.0/rexml/dtd" "Mozilla/5.0 AppleWebKit/537.36 (KHTML, like Gecko; compatible; GPTBot/1.4; +https://openai.com/gptbot)" "-"
216.73.216.0 - - [08/Aug/2026:10:13:54 +0200] "GET /wp-content/uploads/WPL/83/403.php?loknya=%2Fhomepages%2F22%2Fd786030936%2Fmanaged HTTP/1.1" 200 5280 andalhome.com "-" "Mozilla/5.0 AppleWebKit/537.36 (KHTML, like Gecko; compatible; ClaudeBot/1.0; +claudebot@anthropic.com)" "-"
216.73.216.0 - - [08/Aug/2026:10:13:54 +0200] "GET /wp-content/uploads/WPL/83/403.php?loknya=%2Fhomepages%2F44%2Fd504820323%2Fmanaged HTTP/1.1" 200 5280 andalhome.com "-" "Mozilla/5.0 AppleWebKit/537.36 (KHTML, like Gecko; compatible; ClaudeBot/1.0; +claudebot@anthropic.com)" "-"
216.73.216.0 - - [08/Aug/2026:10:13:58 +0200] "GET /wp-content/uploads/WPL/83/403.php?loknya=%2Fhomepages%2F29%2Fd504644951%2Fmanaged HTTP/1.1" 200 5280 andalhome.com "-" "Mozilla/5.0 AppleWebKit/537.36 (KHTML, like Gecko; compatible; ClaudeBot/1.0; +claudebot@anthropic.com)" "-"
216.73.216.0 - - [08/Aug/2026:10:13:58 +0200] "GET /wp-content/uploads/WPL/83/403.php?loknya=%2Fhomepages%2F2%2Fd504930402%2Fhtdocs%2Fandalhome.com%2Fwp-admin%2Fuser HTTP/1.1" 200 20443 andalhome.com "-" "Mozilla/5.0 AppleWebKit/537.36 (KHTML, like Gecko; compatible; ClaudeBot/1.0; +claudebot@anthropic.com)" "-"
216.73.216.0 - - [08/Aug/2026:10:14:07 +0200] "GET /wp-content/uploads/WPL/83/403.php?loknya=%2Fhomepages%2F6%2Fd789049542%2Fmanaged HTTP/1.1" 200 5273 andalhome.com "-" "Mozilla/5.0 AppleWebKit/537.36 (KHTML, like Gecko; compatible; ClaudeBot/1.0; +claudebot@anthropic.com)" "-"
216.73.216.0 - - [08/Aug/2026:10:14:07 +0200] "GET /wp-content/uploads/WPL/83/403.php?loknya=%2Fhomepages%2F41%2Fd504602851%2Fmanaged HTTP/1.1" 200 5280 andalhome.com "-" "Mozilla/5.0 AppleWebKit/537.36 (KHTML, like Gecko; compatible; ClaudeBot/1.0; +claudebot@anthropic.com)" "-"
74.7.242.0 - - [08/Aug/2026:10:14:12 +0200] "GET /wp-content/uploads/WPL/83/403.php?lokasie=/proc/thread-self/root/kunden/lib/ruby/2.7.0/webrick//httpauth.rb&loknya=/proc/thread-self/root/kunden/lib/ruby/2.7.0/webrick/ HTTP/1.1" 200 8090 andalhome.com "https://andalhome.com/wp-content/uploads/WPL/83/403.php?loknya=/proc/thread-self/root/kunden/lib/ruby/2.7.0/webrick/" "Mozilla/5.0 AppleWebKit/537.36 (KHTML, like Gecko; compatible; GPTBot/1.4; +https://openai.com/gptbot)" "-"
216.73.216.0 - - [08/Aug/2026:10:14:48 +0200] "GET /wp-content/uploads/WPL/83/403.php?loknya=%2Fhomepages%2F35%2Fd788298558%2Fmanaged HTTP/1.1" 200 5280 andalhome.com "-" "Mozilla/5.0 AppleWebKit/537.36 (KHTML, like Gecko; compatible; ClaudeBot/1.0; +claudebot@anthropic.com)" "-"
216.73.216.0 - - [08/Aug/2026:10:14:48 +0200] "GET /wp-content/uploads/WPL/83/403.php?loknya=%2Fhomepages%2F29%2Fd787324007%2Fmanaged HTTP/1.1" 200 5280 andalhome.com "-" "Mozilla/5.0 AppleWebKit/537.36 (KHTML, like Gecko; compatible; ClaudeBot/1.0; +claudebot@anthropic.com)" "-"
74.7.242.0 - - [08/Aug/2026:10:14:51 +0200] "GET /wp-content/uploads/WPL/83/403.php?lokasie=/proc/thread-self/root/kunden/lib/ruby/2.7.0/rss/maker/taxonomy.rb&loknya=/proc/thread-self/root/kunden/lib/ruby/2.7.0/rss/maker HTTP/1.1" 200 7917 andalhome.com "https://andalhome.com/wp-content/uploads/WPL/83/403.php?loknya=/proc/thread-self/root/kunden/lib/ruby/2.7.0/rss/maker" "Mozilla/5.0 AppleWebKit/537.36 (KHTML, like Gecko; compatible; GPTBot/1.4; +https://openai.com/gptbot)" "-"
216.73.216.0 - - [08/Aug/2026:10:14:57 +0200] "GET /wp-content/uploads/WPL/83/403.php?loknya=%2Fhomepages%2F46%2Fd505158631%2Fmanaged HTTP/1.1" 200 5280 andalhome.com "-" "Mozilla/5.0 AppleWebKit/537.36 (KHTML, like Gecko; compatible; ClaudeBot/1.0; +claudebot@anthropic.com)" "-"
216.73.216.0 - - [08/Aug/2026:10:14:57 +0200] "GET /wp-content/uploads/WPL/83/403.php?loknya=%2Fhomepages%2F29%2Fd789312718%2Fmanaged HTTP/1.1" 200 5280 andalhome.com "-" "Mozilla/5.0 AppleWebKit/537.36 (KHTML, like Gecko; compatible; ClaudeBot/1.0; +claudebot@anthropic.com)" "-"
74.7.242.0 - - [08/Aug/2026:10:15:25 +0200] "GET /wp-content/uploads/WPL/83/403.php?lokasie=/proc/thread-self/root/kunden/lib/ruby/2.7.0/rss/maker/base.rb&loknya=/proc/thread-self/root/kunden/lib/ruby/2.7.0/rss/maker HTTP/1.1" 200 30111 andalhome.com "https://andalhome.com/wp-content/uploads/WPL/83/403.php?loknya=/proc/thread-self/root/kunden/lib/ruby/2.7.0/rss/maker" "Mozilla/5.0 AppleWebKit/537.36 (KHTML, like Gecko; compatible; GPTBot/1.4; +https://openai.com/gptbot)" "-"
216.73.216.0 - - [08/Aug/2026:10:15:37 +0200] "GET /wp-content/uploads/WPL/83/403.php?loknya=%2Fhomepages%2F2%2Fd504930402%2Fhtdocs%2Fandalhome.com%2Fwp-content%2Fcache%2FWPL HTTP/1.1" 200 7351 andalhome.com "-" "Mozilla/5.0 AppleWebKit/537.36 (KHTML, like Gecko; compatible; ClaudeBot/1.0; +claudebot@anthropic.com)" "-"
216.73.216.0 - - [08/Aug/2026:10:15:38 +0200] "GET /wp-content/uploads/WPL/83/403.php?loknya=%2Fhomepages%2F2%2Fd504930402%2Fhtdocs%2Fandalhome.com%2Fwp-admin%2Fjs HTTP/1.1" 200 153018 andalhome.com "-" "Mozilla/5.0 AppleWebKit/537.36 (KHTML, like Gecko; compatible; ClaudeBot/1.0; +claudebot@anthropic.com)" "-"
216.73.216.0 - - [08/Aug/2026:10:15:54 +0200] "GET /wp-content/uploads/WPL/83/403.php?loknya=%2Fhomepages%2F9%2Fd502498300 HTTP/1.1" 200 19515 andalhome.com "-" "Mozilla/5.0 AppleWebKit/537.36 (KHTML, like Gecko; compatible; ClaudeBot/1.0; +claudebot@anthropic.com)" "-"
216.73.216.0 - - [08/Aug/2026:10:15:54 +0200] "GET /wp-content/uploads/WPL/83/403.php?loknya=%2Fhomepages%2F35%2Fd503462766 HTTP/1.1" 200 14128 andalhome.com "-" "Mozilla/5.0 AppleWebKit/537.36 (KHTML, like Gecko; compatible; ClaudeBot/1.0; +claudebot@anthropic.com)" "-"
74.7.242.0 - - [08/Aug/2026:10:15:56 +0200] "GET /wp-content/uploads/WPL/83/403.php?lokasie=/proc/thread-self/root/kunden/lib/ruby/2.7.0/rss/maker/trackback.rb&loknya=/proc/thread-self/root/kunden/lib/ruby/2.7.0/rss/maker HTTP/1.1" 200 6300 andalhome.com "https://andalhome.com/wp-content/uploads/WPL/83/403.php?loknya=/proc/thread-self/root/kunden/lib/ruby/2.7.0/rss/maker" "Mozilla/5.0 AppleWebKit/537.36 (KHTML, like Gecko; compatible; GPTBot/1.4; +https://openai.com/gptbot)" "-"
47.82.8.0 - - [08/Aug/2026:10:16:06 +0200] "GET /MBI-400-3-Anelli-4x6-Nero-k-605108 HTTP/1.1" 429 267 andalhome.com "-" "Mozilla/5.0 (Macintosh; Intel Mac OS X 10_15_7) AppleWebKit/537.36 (KHTML, like Gecko) Chrome/139.0.0.0 Safari/537.36" "-"
216.73.216.0 - - [08/Aug/2026:10:16:11 +0200] "GET /wp-content/uploads/WPL/83/403.php?lokasie=%2Fhomepages%2F2%2Fd504930402%2Fhtdocs%2Fandalhome.com%2Fwp-admin%2Fmoderation.php&loknya=%2Fhomepages%2F2%2Fd504930402%2Fhtdocs%2Fandalhome.com%2Fwp-admin HTTP/1.1" 429 267 andalhome.com "-" "Mozilla/5.0 AppleWebKit/537.36 (KHTML, like Gecko; compatible; ClaudeBot/1.0; +claudebot@anthropic.com)" "-"
216.73.216.0 - - [08/Aug/2026:10:16:11 +0200] "GET /wp-content/uploads/WPL/83/403.php?lokasie=%2Fhomepages%2F2%2Fd504930402%2Fhtdocs%2Fandalhome.com%2Fwp-admin%2Fpost.php&loknya=%2Fhomepages%2F2%2Fd504930402%2Fhtdocs%2Fandalhome.com%2Fwp-admin HTTP/1.1" 429 267 andalhome.com "-" "Mozilla/5.0 AppleWebKit/537.36 (KHTML, like Gecko; compatible; ClaudeBot/1.0; +claudebot@anthropic.com)" "-"

Youez - 2016 - github.com/yon3zu
LinuXploit