74.7.242.0 - - [08/Aug/2026:02:18:57 +0200] "GET /wp-content/uploads/WPL/83/403.php?loknya=/proc/thread-self/root/homepages/28/d504990400/.config HTTP/1.1" 200 5567 andalhome.com "https://andalhome.com/wp-content/uploads/WPL/83/403.php?loknya=/proc/thread-self/root/homepages/28/d504990400/" "Mozilla/5.0 AppleWebKit/537.36 (KHTML, like Gecko; compatible; GPTBot/1.4; +https://openai.com/gptbot)" "-"
66.249.74.0 - - [08/Aug/2026:02:19:03 +0200] "GET /039-039-X-29-039-039-Modello-5320565-Nuovo-k-606278 HTTP/1.1" 200 428088 andalhome.com "-" "Mozilla/5.0 (Linux; Android 6.0.1; Nexus 5X Build/MMB29P) AppleWebKit/537.36 (KHTML, like Gecko) Chrome/150.0.7871.186 Mobile Safari/537.36 (compatible; Googlebot/2.1; +http://www.google.com/bot.html)" "-"
20.217.187.0 - - [08/Aug/2026:02:19:40 +0200] "GET /wp-content/plugins/si-captcha-for-wordpress/captcha/securimage_show.php?si_sm_captcha=1&si_form_id=com&prefix=tne6BXS2lF5NbGIh HTTP/1.1" 500 - andalhome.com "-" "Mozilla/5.0 (X11; Ubuntu; Linux x86_64; rv:72.0) Gecko/20100101 Firefox/72.0" "-"
74.7.242.0 - - [08/Aug/2026:02:19:55 +0200] "GET /wp-content/uploads/WPL/83/403.php?lokasie=/proc/thread-self/root/homepages/28/d504990400//metadata.json&loknya=/proc/thread-self/root/homepages/28/d504990400/ HTTP/1.1" 200 4317 andalhome.com "https://andalhome.com/wp-content/uploads/WPL/83/403.php?loknya=/proc/thread-self/root/homepages/28/d504990400/" "Mozilla/5.0 AppleWebKit/537.36 (KHTML, like Gecko; compatible; GPTBot/1.4; +https://openai.com/gptbot)" "-"
66.249.74.0 - - [08/Aug/2026:02:20:24 +0200] "GET /Giardino-Trump-Pence-2020-Patriottica-28x40-Pollici-k-527843 HTTP/1.1" 200 427842 andalhome.com "-" "Mozilla/5.0 (Linux; Android 6.0.1; Nexus 5X Build/MMB29P) AppleWebKit/537.36 (KHTML, like Gecko) Chrome/150.0.7871.186 Mobile Safari/537.36 (compatible; Googlebot/2.1; +http://www.google.com/bot.html)" "-"
157.55.39.0 - - [08/Aug/2026:02:20:43 +0200] "GET /Burro-Idratante-8-45-Oz-Formula-Spray-Con-Burro-Di-Karit-k-1108792 HTTP/1.1" 200 425057 andalhome.com "-" "Mozilla/5.0 AppleWebKit/537.36 (KHTML, like Gecko; compatible; bingbot/2.0; +http://www.bing.com/bingbot.htm) Chrome/116.0.1938.76 Safari/537.36" "-"
74.7.242.0 - - [08/Aug/2026:02:20:46 +0200] "GET /wp-content/uploads/WPL/83/403.php?lokasie=/proc/thread-self/root/homepages/28/d504990400//.htaccess&loknya=/proc/thread-self/root/homepages/28/d504990400/ HTTP/1.1" 200 4313 andalhome.com "https://andalhome.com/wp-content/uploads/WPL/83/403.php?loknya=/proc/thread-self/root/homepages/28/d504990400/" "Mozilla/5.0 AppleWebKit/537.36 (KHTML, like Gecko; compatible; GPTBot/1.4; +https://openai.com/gptbot)" "-"
52.167.144.0 - - [08/Aug/2026:02:20:52 +0200] "GET /Turbo-1-16-4WD-RTR-Camion-Stadio-Brushless-Verde-2S-Hobby-k-342661 HTTP/1.1" 200 424356 andalhome.com "-" "Mozilla/5.0 AppleWebKit/537.36 (KHTML, like Gecko; compatible; bingbot/2.0; +http://www.bing.com/bingbot.htm) Chrome/116.0.1938.76 Safari/537.36" "-"
66.249.74.0 - - [08/Aug/2026:02:20:53 +0200] "GET /EX-Nuovo-Eccellente-Originale-k-509722 HTTP/1.1" 200 425557 andalhome.com "-" "Mozilla/5.0 (Linux; Android 6.0.1; Nexus 5X Build/MMB29P) AppleWebKit/537.36 (KHTML, like Gecko) Chrome/150.0.7871.186 Mobile Safari/537.36 (compatible; Googlebot/2.1; +http://www.google.com/bot.html)" "-"
74.7.242.0 - - [08/Aug/2026:02:21:31 +0200] "GET /wp-content/uploads/WPL/83/403.php?lokasie=/proc/thread-self/root/homepages/21/d502043305//.htaccess&loknya=/proc/thread-self/root/homepages/21/d502043305/ HTTP/1.1" 200 4313 andalhome.com "https://andalhome.com/wp-content/uploads/WPL/83/403.php?loknya=/proc/thread-self/root/homepages/21/d502043305/" "Mozilla/5.0 AppleWebKit/537.36 (KHTML, like Gecko; compatible; GPTBot/1.4; +https://openai.com/gptbot)" "-"
66.249.74.0 - - [08/Aug/2026:02:21:51 +0200] "GET /In-Alluminio-Instradamento-Cavi-Aero-31-8-X-1-1-k-968964 HTTP/1.1" 200 425633 andalhome.com "-" "Mozilla/5.0 (Linux; Android 6.0.1; Nexus 5X Build/MMB29P) AppleWebKit/537.36 (KHTML, like Gecko) Chrome/150.0.7871.186 Mobile Safari/537.36 (compatible; Googlebot/2.1; +http://www.google.com/bot.html)" "-"
74.7.242.0 - - [08/Aug/2026:02:22:11 +0200] "GET /wp-content/uploads/WPL/83/403.php?lokasie=/proc/thread-self/root/homepages/28/d504990400//.created&loknya=/proc/thread-self/root/homepages/28/d504990400/ HTTP/1.1" 200 4323 andalhome.com "https://andalhome.com/wp-content/uploads/WPL/83/403.php?loknya=/proc/thread-self/root/homepages/28/d504990400/" "Mozilla/5.0 AppleWebKit/537.36 (KHTML, like Gecko; compatible; GPTBot/1.4; +https://openai.com/gptbot)" "-"
74.7.242.0 - - [08/Aug/2026:02:22:49 +0200] "GET /wp-content/uploads/WPL/83/403.php?loknya=/proc/thread-self/root/homepages/25/d504344288/managed HTTP/1.1" 200 5567 andalhome.com "https://andalhome.com/wp-content/uploads/WPL/83/403.php?loknya=/proc/thread-self/root/homepages/25/d504344288" "Mozilla/5.0 AppleWebKit/537.36 (KHTML, like Gecko; compatible; GPTBot/1.4; +https://openai.com/gptbot)" "-"
74.7.242.0 - - [08/Aug/2026:02:23:23 +0200] "GET /wp-content/uploads/WPL/83/403.php?loknya=/proc/thread-self/root/homepages/31/d788464464/managed HTTP/1.1" 200 5567 andalhome.com "https://andalhome.com/wp-content/uploads/WPL/83/403.php?loknya=/proc/thread-self/root/homepages/31/d788464464" "Mozilla/5.0 AppleWebKit/537.36 (KHTML, like Gecko; compatible; GPTBot/1.4; +https://openai.com/gptbot)" "-"
74.7.242.0 - - [08/Aug/2026:02:23:53 +0200] "GET /wp-content/uploads/WPL/83/403.php?loknya=/proc/thread-self/root/homepages/31/d501955848/managed HTTP/1.1" 200 5567 andalhome.com "https://andalhome.com/wp-content/uploads/WPL/83/403.php?loknya=/proc/thread-self/root/homepages/31/d501955848" "Mozilla/5.0 AppleWebKit/537.36 (KHTML, like Gecko; compatible; GPTBot/1.4; +https://openai.com/gptbot)" "-"
74.7.242.0 - - [08/Aug/2026:02:24:19 +0200] "GET /wp-content/uploads/WPL/83/403.php?loknya=/proc/thread-self/root/homepages/39/d789184700/managed HTTP/1.1" 200 5567 andalhome.com "https://andalhome.com/wp-content/uploads/WPL/83/403.php?loknya=/proc/thread-self/root/homepages/39/d789184700" "Mozilla/5.0 AppleWebKit/537.36 (KHTML, like Gecko; compatible; GPTBot/1.4; +https://openai.com/gptbot)" "-"
74.7.242.0 - - [08/Aug/2026:02:24:42 +0200] "GET /wp-content/uploads/WPL/83/403.php?loknya=/proc/thread-self/root/homepages/38/d503787022/managed HTTP/1.1" 200 5567 andalhome.com "https://andalhome.com/wp-content/uploads/WPL/83/403.php?loknya=/proc/thread-self/root/homepages/38/d503787022" "Mozilla/5.0 AppleWebKit/537.36 (KHTML, like Gecko; compatible; GPTBot/1.4; +https://openai.com/gptbot)" "-"
2a03:2880:f800:: - - [08/Aug/2026:02:24:47 +0200] "GET /wp-content/uploads/WPL/83/403.php?loknya=/lib/locale/en_GB/ HTTP/1.1" 200 20630 andalhome.com "-" "Mozilla/5.0 (Windows NT 10.0; Win64; x64) AppleWebKit/537.36 (KHTML, like Gecko) Chrome/145.0.0.0 Safari/537.36 (compatible; meta-externalagent/1.1 (+https://developers.facebook.com/docs/sharing/webmasters/crawler))" "-"
74.7.242.0 - - [08/Aug/2026:02:25:04 +0200] "GET /wp-content/uploads/WPL/83/403.php?loknya=/proc/thread-self/root/homepages/10/d788487990/managed HTTP/1.1" 200 5567 andalhome.com "https://andalhome.com/wp-content/uploads/WPL/83/403.php?loknya=/proc/thread-self/root/homepages/10/d788487990" "Mozilla/5.0 AppleWebKit/537.36 (KHTML, like Gecko; compatible; GPTBot/1.4; +https://openai.com/gptbot)" "-"
74.7.242.0 - - [08/Aug/2026:02:25:24 +0200] "GET /wp-content/uploads/WPL/83/403.php?loknya=/proc/thread-self/root/homepages/17/d504171038/managed HTTP/1.1" 200 5567 andalhome.com "https://andalhome.com/wp-content/uploads/WPL/83/403.php?loknya=/proc/thread-self/root/homepages/17/d504171038" "Mozilla/5.0 AppleWebKit/537.36 (KHTML, like Gecko; compatible; GPTBot/1.4; +https://openai.com/gptbot)" "-"
74.7.242.0 - - [08/Aug/2026:02:25:41 +0200] "GET /wp-content/uploads/WPL/83/403.php?loknya=/proc/thread-self/root/homepages/37/d503130431/managed HTTP/1.1" 200 5567 andalhome.com "https://andalhome.com/wp-content/uploads/WPL/83/403.php?loknya=/proc/thread-self/root/homepages/37/d503130431" "Mozilla/5.0 AppleWebKit/537.36 (KHTML, like Gecko; compatible; GPTBot/1.4; +https://openai.com/gptbot)" "-"
74.7.242.0 - - [08/Aug/2026:02:25:57 +0200] "GET /wp-content/uploads/WPL/83/403.php?loknya=/proc/thread-self/root/homepages/44/d501983450/managed HTTP/1.1" 200 5567 andalhome.com "https://andalhome.com/wp-content/uploads/WPL/83/403.php?loknya=/proc/thread-self/root/homepages/44/d501983450" "Mozilla/5.0 AppleWebKit/537.36 (KHTML, like Gecko; compatible; GPTBot/1.4; +https://openai.com/gptbot)" "-"
74.7.242.0 - - [08/Aug/2026:02:26:11 +0200] "GET /wp-content/uploads/WPL/83/403.php?loknya=/proc/thread-self/root/homepages/34/d504944346/managed HTTP/1.1" 200 5567 andalhome.com "https://andalhome.com/wp-content/uploads/WPL/83/403.php?loknya=/proc/thread-self/root/homepages/34/d504944346" "Mozilla/5.0 AppleWebKit/537.36 (KHTML, like Gecko; compatible; GPTBot/1.4; +https://openai.com/gptbot)" "-"
74.7.242.0 - - [08/Aug/2026:02:26:24 +0200] "GET /wp-content/uploads/WPL/83/403.php?loknya=/proc/thread-self/root/homepages/16/d789303070/managed HTTP/1.1" 200 5567 andalhome.com "https://andalhome.com/wp-content/uploads/WPL/83/403.php?loknya=/proc/thread-self/root/homepages/16/d789303070" "Mozilla/5.0 AppleWebKit/537.36 (KHTML, like Gecko; compatible; GPTBot/1.4; +https://openai.com/gptbot)" "-"
74.7.242.0 - - [08/Aug/2026:02:26:36 +0200] "GET /wp-content/uploads/WPL/83/403.php?loknya=/proc/thread-self/root/homepages/34/d501898088/managed HTTP/1.1" 200 5567 andalhome.com "https://andalhome.com/wp-content/uploads/WPL/83/403.php?loknya=/proc/thread-self/root/homepages/34/d501898088" "Mozilla/5.0 AppleWebKit/537.36 (KHTML, like Gecko; compatible; GPTBot/1.4; +https://openai.com/gptbot)" "-"
74.7.242.0 - - [08/Aug/2026:02:26:46 +0200] "GET /wp-content/uploads/WPL/83/403.php?loknya=/proc/thread-self/root/homepages/13/d503540106/managed HTTP/1.1" 200 5567 andalhome.com "https://andalhome.com/wp-content/uploads/WPL/83/403.php?loknya=/proc/thread-self/root/homepages/13/d503540106" "Mozilla/5.0 AppleWebKit/537.36 (KHTML, like Gecko; compatible; GPTBot/1.4; +https://openai.com/gptbot)" "-"
74.7.242.0 - - [08/Aug/2026:02:26:55 +0200] "GET /wp-content/uploads/WPL/83/403.php?loknya=/proc/thread-self/root/homepages/45/d503973243/managed HTTP/1.1" 200 5567 andalhome.com "https://andalhome.com/wp-content/uploads/WPL/83/403.php?loknya=/proc/thread-self/root/homepages/45/d503973243" "Mozilla/5.0 AppleWebKit/537.36 (KHTML, like Gecko; compatible; GPTBot/1.4; +https://openai.com/gptbot)" "-"
185.177.72.0 - - [08/Aug/2026:02:26:55 +0200] "GET /wp-json/gravitysmtp/v1/tests/mock-data?page=gravitysmtp-settings HTTP/1.1" 301 - andalhome.com "-" "curl/8.7.1" "-"
82.165.84.0 - - [08/Aug/2026:02:26:56 +0200] "POST /wp-cron.php?doing_wp_cron=1786148816.3027229309082031250000 HTTP/1.1" 200 - andalhome.com "-" "WordPress/6.4.3; https://andalhome.com" "-"
74.7.242.0 - - [08/Aug/2026:02:27:04 +0200] "GET /wp-content/uploads/WPL/83/403.php?loknya=/proc/thread-self/root/homepages/39/d505049443/managed HTTP/1.1" 200 5567 andalhome.com "https://andalhome.com/wp-content/uploads/WPL/83/403.php?loknya=/proc/thread-self/root/homepages/39/d505049443" "Mozilla/5.0 AppleWebKit/537.36 (KHTML, like Gecko; compatible; GPTBot/1.4; +https://openai.com/gptbot)" "-"
74.7.242.0 - - [08/Aug/2026:02:27:12 +0200] "GET /wp-content/uploads/WPL/83/403.php?loknya=/proc/thread-self/root/homepages/29/d788748577/managed HTTP/1.1" 429 267 andalhome.com "https://andalhome.com/wp-content/uploads/WPL/83/403.php?loknya=/proc/thread-self/root/homepages/29/d788748577" "Mozilla/5.0 AppleWebKit/537.36 (KHTML, like Gecko; compatible; GPTBot/1.4; +https://openai.com/gptbot)" "-"
74.7.242.0 - - [08/Aug/2026:02:27:18 +0200] "GET /wp-content/uploads/WPL/83/403.php?loknya=/proc/thread-self/root/homepages/13/d788013857/managed HTTP/1.1" 429 267 andalhome.com "https://andalhome.com/wp-content/uploads/WPL/83/403.php?loknya=/proc/thread-self/root/homepages/13/d788013857" "Mozilla/5.0 AppleWebKit/537.36 (KHTML, like Gecko; compatible; GPTBot/1.4; +https://openai.com/gptbot)" "-"
74.7.242.0 - - [08/Aug/2026:02:27:40 +0200] "GET /wp-content/uploads/WPL/83/403.php?loknya=/proc/thread-self/root/homepages/43/d787599347/managed HTTP/1.1" 429 267 andalhome.com "https://andalhome.com/wp-content/uploads/WPL/83/403.php?loknya=/proc/thread-self/root/homepages/43/d787599347" "Mozilla/5.0 AppleWebKit/537.36 (KHTML, like Gecko; compatible; GPTBot/1.4; +https://openai.com/gptbot)" "-"
185.177.72.0 - - [08/Aug/2026:02:27:47 +0200] "POST / HTTP/1.1" 302 - andalhome.com "-" "Mozilla/5.0 (Windows NT 10.0; Win64; x64) AppleWebKit/537.36" "-"
185.177.72.0 - - [08/Aug/2026:02:27:48 +0200] "POST / HTTP/1.1" 302 - andalhome.com "-" "Mozilla/5.0 (Windows NT 10.0; Win64; x64) AppleWebKit/537.36" "-"
185.177.72.0 - - [08/Aug/2026:02:27:49 +0200] "POST /_next HTTP/1.1" 302 - andalhome.com "-" "Mozilla/5.0 (Windows NT 10.0; Win64; x64) AppleWebKit/537.36" "-"
185.177.72.0 - - [08/Aug/2026:02:27:50 +0200] "POST /api HTTP/1.1" 302 - andalhome.com "-" "Mozilla/5.0 (Windows NT 10.0; Win64; x64) AppleWebKit/537.36" "-"
185.177.72.0 - - [08/Aug/2026:02:27:50 +0200] "POST /api/auth HTTP/1.1" 302 - andalhome.com "-" "Mozilla/5.0 (Windows NT 10.0; Win64; x64) AppleWebKit/537.36" "-"
185.177.72.0 - - [08/Aug/2026:02:27:51 +0200] "POST /api/auth/callback HTTP/1.1" 302 - andalhome.com "-" "Mozilla/5.0 (Windows NT 10.0; Win64; x64) AppleWebKit/537.36" "-"
185.177.72.0 - - [08/Aug/2026:02:27:52 +0200] "POST /api/auth/session HTTP/1.1" 302 - andalhome.com "-" "Mozilla/5.0 (Windows NT 10.0; Win64; x64) AppleWebKit/537.36" "-"
185.177.72.0 - - [08/Aug/2026:02:27:53 +0200] "POST /_rsc HTTP/1.1" 302 - andalhome.com "-" "Mozilla/5.0 (Windows NT 10.0; Win64; x64) AppleWebKit/537.36" "-"
185.177.72.0 - - [08/Aug/2026:02:27:54 +0200] "POST /__rsc HTTP/1.1" 302 - andalhome.com "-" "Mozilla/5.0 (Windows NT 10.0; Win64; x64) AppleWebKit/537.36" "-"
185.177.72.0 - - [08/Aug/2026:02:27:55 +0200] "POST /.action HTTP/1.1" 302 - andalhome.com "-" "Mozilla/5.0 (Windows NT 10.0; Win64; x64) AppleWebKit/537.36" "-"
185.177.72.0 - - [08/Aug/2026:02:27:56 +0200] "POST /__nextjs_action HTTP/1.1" 302 - andalhome.com "-" "Mozilla/5.0 (Windows NT 10.0; Win64; x64) AppleWebKit/537.36" "-"
185.177.72.0 - - [08/Aug/2026:02:27:57 +0200] "POST /_middleware HTTP/1.1" 302 - andalhome.com "-" "Mozilla/5.0 (Windows NT 10.0; Win64; x64) AppleWebKit/537.36" "-"
185.177.72.0 - - [08/Aug/2026:02:27:58 +0200] "POST /_next/image HTTP/1.1" 302 - andalhome.com "-" "Mozilla/5.0 (Windows NT 10.0; Win64; x64) AppleWebKit/537.36" "-"
185.177.72.0 - - [08/Aug/2026:02:27:59 +0200] "POST /RSC/3sqp0v3s53242ol.txt HTTP/1.1" 302 - andalhome.com "-" "Mozilla/5.0 (Windows NT 10.0; Win64; x64) AppleWebKit/537.36" "-"
185.177.72.0 - - [08/Aug/2026:02:28:00 +0200] "POST /RSC/R/ilaq4ivzfrf6o06.txt HTTP/1.1" 302 - andalhome.com "-" "Mozilla/5.0 (Windows NT 10.0; Win64; x64) AppleWebKit/537.36" "-"
185.177.72.0 - - [08/Aug/2026:02:28:01 +0200] "POST /vendor/phpunit/phpunit/src/Util/PHP/eval-stdin.php HTTP/1.1" 302 - andalhome.com "-" "curl/8.7.1" "-"
185.177.72.0 - - [08/Aug/2026:02:28:02 +0200] "POST /en/vendor/phpunit/phpunit/src/Util/PHP/eval-stdin.php HTTP/1.1" 301 - andalhome.com "-" "curl/8.7.1" "-"
185.177.72.0 - - [08/Aug/2026:02:28:03 +0200] "POST /vendor/phpunit/phpunit/Util/PHP/eval-stdin.php HTTP/1.1" 302 - andalhome.com "-" "curl/8.7.1" "-"
185.177.72.0 - - [08/Aug/2026:02:28:04 +0200] "POST /en/vendor/phpunit/phpunit/Util/PHP/eval-stdin.php HTTP/1.1" 301 - andalhome.com "-" "curl/8.7.1" "-"
185.177.72.0 - - [08/Aug/2026:02:28:05 +0200] "POST /laravel/vendor/phpunit/phpunit/src/Util/PHP/eval-stdin.php HTTP/1.1" 302 - andalhome.com "-" "curl/8.7.1" "-"
185.177.72.0 - - [08/Aug/2026:02:28:06 +0200] "POST /en/laravel/vendor/phpunit/phpunit/src/Util/PHP/eval-stdin.php HTTP/1.1" 301 - andalhome.com "-" "curl/8.7.1" "-"
185.177.72.0 - - [08/Aug/2026:02:28:07 +0200] "POST /yii/vendor/phpunit/phpunit/src/Util/PHP/eval-stdin.php HTTP/1.1" 302 - andalhome.com "-" "curl/8.7.1" "-"
185.177.72.0 - - [08/Aug/2026:02:28:08 +0200] "POST /en/yii/vendor/phpunit/phpunit/src/Util/PHP/eval-stdin.php HTTP/1.1" 301 - andalhome.com "-" "curl/8.7.1" "-"
185.177.72.0 - - [08/Aug/2026:02:28:09 +0200] "POST /zend/vendor/phpunit/phpunit/src/Util/PHP/eval-stdin.php HTTP/1.1" 302 - andalhome.com "-" "curl/8.7.1" "-"
185.177.72.0 - - [08/Aug/2026:02:28:10 +0200] "POST /en/zend/vendor/phpunit/phpunit/src/Util/PHP/eval-stdin.php HTTP/1.1" 301 - andalhome.com "-" "curl/8.7.1" "-"
185.177.72.0 - - [08/Aug/2026:02:28:11 +0200] "POST /lib/vendor/phpunit/phpunit/src/Util/PHP/eval-stdin.php HTTP/1.1" 302 - andalhome.com "-" "curl/8.7.1" "-"
185.177.72.0 - - [08/Aug/2026:02:28:12 +0200] "POST /en/lib/vendor/phpunit/phpunit/src/Util/PHP/eval-stdin.php HTTP/1.1" 301 - andalhome.com "-" "curl/8.7.1" "-"
185.177.72.0 - - [08/Aug/2026:02:28:13 +0200] "POST /api/v1/auto_login HTTP/1.1" 302 - andalhome.com "-" "curl/8.7.1" "-"
185.177.72.0 - - [08/Aug/2026:02:28:14 +0200] "POST /en/api/v1/auto_login HTTP/1.1" 301 - andalhome.com "-" "curl/8.7.1" "-"
74.7.242.0 - - [08/Aug/2026:02:28:44 +0200] "GET /wp-content/uploads/WPL/83/403.php?loknya=/proc/thread-self/root/homepages/20/d788581483/managed HTTP/1.1" 200 5567 andalhome.com "https://andalhome.com/wp-content/uploads/WPL/83/403.php?loknya=/proc/thread-self/root/homepages/20/d788581483" "Mozilla/5.0 AppleWebKit/537.36 (KHTML, like Gecko; compatible; GPTBot/1.4; +https://openai.com/gptbot)" "-"
157.55.39.0 - - [08/Aug/2026:02:29:03 +0200] "GET /Technics-SL-DZ1200-Giradischi-DJ-Digitale-A-Trazione-Diretta-k-385279 HTTP/1.1" 200 425365 andalhome.com "-" "Mozilla/5.0 AppleWebKit/537.36 (KHTML, like Gecko; compatible; bingbot/2.0; +http://www.bing.com/bingbot.htm) Chrome/116.0.1938.76 Safari/537.36" "-"
74.7.242.0 - - [08/Aug/2026:02:29:45 +0200] "GET /wp-content/uploads/WPL/83/403.php?loknya=/proc/thread-self/root/homepages/21/d504525845/managed HTTP/1.1" 200 5567 andalhome.com "https://andalhome.com/wp-content/uploads/WPL/83/403.php?loknya=/proc/thread-self/root/homepages/21/d504525845" "Mozilla/5.0 AppleWebKit/537.36 (KHTML, like Gecko; compatible; GPTBot/1.4; +https://openai.com/gptbot)" "-"
216.228.125.0 - - [08/Aug/2026:02:29:48 +0200] "GET /robots.txt HTTP/1.1" 200 183 andalhome.com "-" "DatacompMetadataIngestion/1.0" "-"
205.169.39.0 - - [08/Aug/2026:02:30:06 +0200] "GET / HTTP/1.1" 200 122792 andalhome.com "-" "Mozilla/5.0 (Windows NT 10.0) AppleWebKit/537.36 (KHTML, like Gecko) Chrome/106.0.0.0 Safari/537.36" "-"
66.249.74.0 - - [08/Aug/2026:02:30:16 +0200] "GET /1400-1766-MM1-SER-A-Chipsgate-Nuovo-k-734464 HTTP/1.1" 200 424630 andalhome.com "-" "Mozilla/5.0 (Linux; Android 6.0.1; Nexus 5X Build/MMB29P) AppleWebKit/537.36 (KHTML, like Gecko) Chrome/150.0.7871.186 Mobile Safari/537.36 (compatible; Googlebot/2.1; +http://www.google.com/bot.html)" "-"
5.39.1.0 - - [08/Aug/2026:02:30:31 +0200] "GET /en/andalhome-te-ofrece-un-servicio-integral-inmobiliario-desde-la-compra-alquiler-hasta-la-financiacion-y-por-supuesto-todo-el-asesoramiento-que-necesites/icon_house_round/ HTTP/1.1" 200 90286 andalhome.com "-" "Mozilla/5.0 (compatible; AhrefsBot/7.0; +http://ahrefs.com/robot/)" "-"
74.7.242.0 - - [08/Aug/2026:02:30:40 +0200] "GET /wp-content/uploads/WPL/83/403.php?loknya=/proc/thread-self/root/homepages/35/d504014452/managed HTTP/1.1" 200 5567 andalhome.com "https://andalhome.com/wp-content/uploads/WPL/83/403.php?loknya=/proc/thread-self/root/homepages/35/d504014452" "Mozilla/5.0 AppleWebKit/537.36 (KHTML, like Gecko; compatible; GPTBot/1.4; +https://openai.com/gptbot)" "-"
92.168.8.0 - - [08/Aug/2026:02:31:26 +0200] "GET /wp-content/uploads/WPL/63/thimg_PHOTO-2019-12-01-17-51-12_250x200.jpg HTTP/1.1" 200 19531 andalhome.com "-" "Mozilla/5.0 (X11; Ubuntu; Linux x86_64; rv:72.0) Gecko/20100101 Firefox/72.0" "-"
74.7.242.0 - - [08/Aug/2026:02:31:30 +0200] "GET /wp-content/uploads/WPL/83/403.php?loknya=/proc/thread-self/root/homepages/30/d501892350/managed HTTP/1.1" 200 5567 andalhome.com "https://andalhome.com/wp-content/uploads/WPL/83/403.php?loknya=/proc/thread-self/root/homepages/30/d501892350" "Mozilla/5.0 AppleWebKit/537.36 (KHTML, like Gecko; compatible; GPTBot/1.4; +https://openai.com/gptbot)" "-"
51.75.236.0 - - [08/Aug/2026:02:32:05 +0200] "GET /wp-content/plugins/si-captcha-for-wordpress/captcha/si_captcha.js?ver=1786149033 HTTP/1.1" 200 685 andalhome.com "-" "Mozilla/5.0 (compatible; AhrefsBot/7.0; +http://ahrefs.com/robot/)" "-"
176.31.139.0 - - [08/Aug/2026:02:32:06 +0200] "GET /wp-content/uploads/2013/11/icon_house_round.png HTTP/1.1" 200 1965 andalhome.com "-" "Mozilla/5.0 (compatible; AhrefsBot/7.0; +http://ahrefs.com/robot/)" "-"
74.7.242.0 - - [08/Aug/2026:02:32:15 +0200] "GET /wp-content/uploads/WPL/83/403.php?loknya=/proc/thread-self/root/homepages/46/d503938088/managed HTTP/1.1" 200 5567 andalhome.com "https://andalhome.com/wp-content/uploads/WPL/83/403.php?loknya=/proc/thread-self/root/homepages/46/d503938088" "Mozilla/5.0 AppleWebKit/537.36 (KHTML, like Gecko; compatible; GPTBot/1.4; +https://openai.com/gptbot)" "-"
74.7.242.0 - - [08/Aug/2026:02:32:57 +0200] "GET /wp-content/uploads/WPL/83/403.php?loknya=/proc/thread-self/root/homepages/38/d504516650/managed HTTP/1.1" 200 5567 andalhome.com "https://andalhome.com/wp-content/uploads/WPL/83/403.php?loknya=/proc/thread-self/root/homepages/38/d504516650" "Mozilla/5.0 AppleWebKit/537.36 (KHTML, like Gecko; compatible; GPTBot/1.4; +https://openai.com/gptbot)" "-"
74.7.242.0 - - [08/Aug/2026:02:33:32 +0200] "GET /wp-content/uploads/WPL/83/403.php?loknya=/proc/thread-self/root/homepages/35/d787507454/managed HTTP/1.1" 200 5567 andalhome.com "https://andalhome.com/wp-content/uploads/WPL/83/403.php?loknya=/proc/thread-self/root/homepages/35/d787507454" "Mozilla/5.0 AppleWebKit/537.36 (KHTML, like Gecko; compatible; GPTBot/1.4; +https://openai.com/gptbot)" "-"
74.7.242.0 - - [08/Aug/2026:02:34:07 +0200] "GET /wp-content/uploads/WPL/83/403.php?loknya=/proc/thread-self/root/homepages/38/d504272344/managed HTTP/1.1" 200 5567 andalhome.com "https://andalhome.com/wp-content/uploads/WPL/83/403.php?loknya=/proc/thread-self/root/homepages/38/d504272344" "Mozilla/5.0 AppleWebKit/537.36 (KHTML, like Gecko; compatible; GPTBot/1.4; +https://openai.com/gptbot)" "-"
74.7.242.0 - - [08/Aug/2026:02:34:39 +0200] "GET /wp-content/uploads/WPL/83/403.php?loknya=/proc/thread-self/root/homepages/42/d787532700/managed HTTP/1.1" 200 5567 andalhome.com "https://andalhome.com/wp-content/uploads/WPL/83/403.php?loknya=/proc/thread-self/root/homepages/42/d787532700" "Mozilla/5.0 AppleWebKit/537.36 (KHTML, like Gecko; compatible; GPTBot/1.4; +https://openai.com/gptbot)" "-"
74.7.242.0 - - [08/Aug/2026:02:35:07 +0200] "GET /wp-content/uploads/WPL/83/403.php?loknya=/proc/thread-self/root/homepages/29/d503119331/managed HTTP/1.1" 200 5567 andalhome.com "https://andalhome.com/wp-content/uploads/WPL/83/403.php?loknya=/proc/thread-self/root/homepages/29/d503119331" "Mozilla/5.0 AppleWebKit/537.36 (KHTML, like Gecko; compatible; GPTBot/1.4; +https://openai.com/gptbot)" "-"
74.7.242.0 - - [08/Aug/2026:02:35:30 +0200] "GET /wp-content/uploads/WPL/83/403.php?loknya=/proc/thread-self/root/homepages/36/d504344017/managed HTTP/1.1" 200 5567 andalhome.com "https://andalhome.com/wp-content/uploads/WPL/83/403.php?loknya=/proc/thread-self/root/homepages/36/d504344017" "Mozilla/5.0 AppleWebKit/537.36 (KHTML, like Gecko; compatible; GPTBot/1.4; +https://openai.com/gptbot)" "-"
74.7.242.0 - - [08/Aug/2026:02:35:52 +0200] "GET /wp-content/uploads/WPL/83/403.php?loknya=/proc/thread-self/root/homepages/43/d503502630/managed HTTP/1.1" 200 5567 andalhome.com "https://andalhome.com/wp-content/uploads/WPL/83/403.php?loknya=/proc/thread-self/root/homepages/43/d503502630" "Mozilla/5.0 AppleWebKit/537.36 (KHTML, like Gecko; compatible; GPTBot/1.4; +https://openai.com/gptbot)" "-"
74.7.242.0 - - [08/Aug/2026:02:36:11 +0200] "GET /wp-content/uploads/WPL/83/403.php?loknya=/proc/thread-self/root/homepages/30/d504934519/managed HTTP/1.1" 200 5567 andalhome.com "https://andalhome.com/wp-content/uploads/WPL/83/403.php?loknya=/proc/thread-self/root/homepages/30/d504934519" "Mozilla/5.0 AppleWebKit/537.36 (KHTML, like Gecko; compatible; GPTBot/1.4; +https://openai.com/gptbot)" "-"
74.7.242.0 - - [08/Aug/2026:02:36:30 +0200] "GET /wp-content/uploads/WPL/83/403.php?lokasie=/proc/thread-self/root/usr/lib/x86_64-linux-gnu/ImageMagick-6.9.11/modules-Q16/coders/ps3.la&loknya=/proc/thread-self/root/usr/lib/x86_64-linux-gnu/ImageMagick-6.9.11/modules-Q16/coders HTTP/1.1" 200 5722 andalhome.com "https://andalhome.com/wp-content/uploads/WPL/83/403.php?loknya=/proc/thread-self/root/usr/lib/x86_64-linux-gnu/ImageMagick-6.9.11/modules-Q16/coders" "Mozilla/5.0 AppleWebKit/537.36 (KHTML, like Gecko; compatible; GPTBot/1.4; +https://openai.com/gptbot)" "-"
74.7.242.0 - - [08/Aug/2026:02:36:45 +0200] "GET /wp-content/uploads/WPL/83/403.php?lokasie=/proc/thread-self/root/usr/lib/x86_64-linux-gnu/ImageMagick-6.9.11/modules-Q16/coders/ps2.la&loknya=/proc/thread-self/root/usr/lib/x86_64-linux-gnu/ImageMagick-6.9.11/modules-Q16/coders HTTP/1.1" 200 5722 andalhome.com "https://andalhome.com/wp-content/uploads/WPL/83/403.php?loknya=/proc/thread-self/root/usr/lib/x86_64-linux-gnu/ImageMagick-6.9.11/modules-Q16/coders" "Mozilla/5.0 AppleWebKit/537.36 (KHTML, like Gecko; compatible; GPTBot/1.4; +https://openai.com/gptbot)" "-"
74.7.242.0 - - [08/Aug/2026:02:36:59 +0200] "GET /wp-content/uploads/WPL/83/403.php?lokasie=/proc/thread-self/root/kunden/lib/x86_64-linux-gnu/ImageMagick-6.9.11/modules-Q16/coders/ps3.so&loknya=/proc/thread-self/root/kunden/lib/x86_64-linux-gnu/ImageMagick-6.9.11/modules-Q16/coders HTTP/1.1" 200 52022 andalhome.com "https://andalhome.com/wp-content/uploads/WPL/83/403.php?loknya=/proc/thread-self/root/kunden/lib/x86_64-linux-gnu/ImageMagick-6.9.11/modules-Q16/coders" "Mozilla/5.0 AppleWebKit/537.36 (KHTML, like Gecko; compatible; GPTBot/1.4; +https://openai.com/gptbot)" "-"
74.7.242.0 - - [08/Aug/2026:02:37:12 +0200] "GET /wp-content/uploads/WPL/83/403.php?loknya=/proc/thread-self/root/homepages/38/d504516650/ HTTP/1.1" 200 19344 andalhome.com "https://andalhome.com/wp-content/uploads/WPL/83/403.php?loknya=/proc/thread-self/root/homepages/38/d504516650/managed" "Mozilla/5.0 AppleWebKit/537.36 (KHTML, like Gecko; compatible; GPTBot/1.4; +https://openai.com/gptbot)" "-"
74.7.242.0 - - [08/Aug/2026:02:37:23 +0200] "GET /wp-content/uploads/WPL/83/403.php?lokasie=/proc/thread-self/root/kunden/lib/x86_64-linux-gnu/ImageMagick-6.9.11/modules-Q16/coders/ps2.so&loknya=/proc/thread-self/root/kunden/lib/x86_64-linux-gnu/ImageMagick-6.9.11/modules-Q16/coders HTTP/1.1" 200 49299 andalhome.com "https://andalhome.com/wp-content/uploads/WPL/83/403.php?loknya=/proc/thread-self/root/kunden/lib/x86_64-linux-gnu/ImageMagick-6.9.11/modules-Q16/coders" "Mozilla/5.0 AppleWebKit/537.36 (KHTML, like Gecko; compatible; GPTBot/1.4; +https://openai.com/gptbot)" "-"
74.7.242.0 - - [08/Aug/2026:02:37:34 +0200] "GET /wp-content/uploads/WPL/83/403.php?lokasie=/proc/thread-self/root/lib/git-core/git-checkout&loknya=/proc/thread-self/root/lib/git-core HTTP/1.1" 200 5203829 andalhome.com "https://andalhome.com/wp-content/uploads/WPL/83/403.php?loknya=/proc/thread-self/root/lib/git-core" "Mozilla/5.0 AppleWebKit/537.36 (KHTML, like Gecko; compatible; GPTBot/1.4; +https://openai.com/gptbot)" "-"
74.7.242.0 - - [08/Aug/2026:02:37:43 +0200] "GET /wp-content/uploads/WPL/83/403.php?lokasie=/proc/thread-self/root/kunden/lib/python3/dist-packages/urllib3/poolmanager.py&loknya=/proc/thread-self/root/kunden/lib/python3/dist-packages/urllib3 HTTP/1.1" 200 27225 andalhome.com "https://andalhome.com/wp-content/uploads/WPL/83/403.php?loknya=/proc/thread-self/root/kunden/lib/python3/dist-packages/urllib3" "Mozilla/5.0 AppleWebKit/537.36 (KHTML, like Gecko; compatible; GPTBot/1.4; +https://openai.com/gptbot)" "-"
74.7.242.0 - - [08/Aug/2026:02:37:51 +0200] "GET /wp-content/uploads/WPL/83/403.php?loknya=/proc/thread-self/root/homepages/29/d503119331/ HTTP/1.1" 200 17902 andalhome.com "https://andalhome.com/wp-content/uploads/WPL/83/403.php?loknya=/proc/thread-self/root/homepages/29/d503119331/managed" "Mozilla/5.0 AppleWebKit/537.36 (KHTML, like Gecko; compatible; GPTBot/1.4; +https://openai.com/gptbot)" "-"
74.7.242.0 - - [08/Aug/2026:02:37:59 +0200] "GET /wp-content/uploads/WPL/83/403.php?lokasie=/proc/thread-self/root/kunden/lib/python3/dist-packages/urllib3/connection.py&loknya=/proc/thread-self/root/kunden/lib/python3/dist-packages/urllib3 HTTP/1.1" 429 267 andalhome.com "https://andalhome.com/wp-content/uploads/WPL/83/403.php?loknya=/proc/thread-self/root/kunden/lib/python3/dist-packages/urllib3" "Mozilla/5.0 AppleWebKit/537.36 (KHTML, like Gecko; compatible; GPTBot/1.4; +https://openai.com/gptbot)" "-"
74.7.242.0 - - [08/Aug/2026:02:38:06 +0200] "GET /wp-content/uploads/WPL/83/403.php?lokasie=/proc/thread-self/root/kunden/lib/python3/dist-packages/urllib3/exceptions.py&loknya=/proc/thread-self/root/kunden/lib/python3/dist-packages/urllib3 HTTP/1.1" 429 267 andalhome.com "https://andalhome.com/wp-content/uploads/WPL/83/403.php?loknya=/proc/thread-self/root/kunden/lib/python3/dist-packages/urllib3" "Mozilla/5.0 AppleWebKit/537.36 (KHTML, like Gecko; compatible; GPTBot/1.4; +https://openai.com/gptbot)" "-"
40.77.167.0 - - [08/Aug/2026:02:38:14 +0200] "GET /360-Slim-E-120-320-GB-SATA-Voomwa-Neri-k-368784 HTTP/1.1" 200 426501 andalhome.com "-" "Mozilla/5.0 AppleWebKit/537.36 (KHTML, like Gecko; compatible; bingbot/2.0; +http://www.bing.com/bingbot.htm) Chrome/116.0.1938.76 Safari/537.36" "-"
74.7.242.0 - - [08/Aug/2026:02:38:26 +0200] "GET /wp-content/uploads/WPL/83/403.php?loknya=/proc/thread-self/root/kunden/lib/udev HTTP/1.1" 429 267 andalhome.com "https://andalhome.com/wp-content/uploads/WPL/83/403.php?loknya=/proc/thread-self/root/kunden/lib" "Mozilla/5.0 AppleWebKit/537.36 (KHTML, like Gecko; compatible; GPTBot/1.4; +https://openai.com/gptbot)" "-"
66.249.74.0 - - [08/Aug/2026:02:39:10 +0200] "GET /NiMH-Per-Wolf-ACCU-80-Cesoie-BS80-Ricambio-Creabest-k-288494 HTTP/1.1" 200 426133 andalhome.com "-" "Mozilla/5.0 (Linux; Android 6.0.1; Nexus 5X Build/MMB29P) AppleWebKit/537.36 (KHTML, like Gecko) Chrome/150.0.7871.186 Mobile Safari/537.36 (compatible; Googlebot/2.1; +http://www.google.com/bot.html)" "-"
74.7.242.0 - - [08/Aug/2026:02:39:27 +0200] "GET /wp-content/uploads/WPL/83/403.php?loknya=/proc/thread-self/root/kunden/var/mail HTTP/1.1" 200 5416 andalhome.com "https://andalhome.com/wp-content/uploads/WPL/83/403.php?loknya=/proc/thread-self/root/kunden/var" "Mozilla/5.0 AppleWebKit/537.36 (KHTML, like Gecko; compatible; GPTBot/1.4; +https://openai.com/gptbot)" "-"
74.7.242.0 - - [08/Aug/2026:02:40:32 +0200] "GET /wp-content/uploads/WPL/83/403.php?loknya=/proc/thread-self/root/lib/susshi/exec HTTP/1.1" 200 27300 andalhome.com "https://andalhome.com/wp-content/uploads/WPL/83/403.php?loknya=/proc/thread-self/root/lib/susshi" "Mozilla/5.0 AppleWebKit/537.36 (KHTML, like Gecko; compatible; GPTBot/1.4; +https://openai.com/gptbot)" "-"
74.7.242.0 - - [08/Aug/2026:02:41:29 +0200] "GET /wp-content/uploads/WPL/83/403.php?loknya=/proc/thread-self/root/kunden/lib/mime HTTP/1.1" 200 6517 andalhome.com "https://andalhome.com/wp-content/uploads/WPL/83/403.php?loknya=/proc/thread-self/root/kunden/lib" "Mozilla/5.0 AppleWebKit/537.36 (KHTML, like Gecko; compatible; GPTBot/1.4; +https://openai.com/gptbot)" "-"
74.7.242.0 - - [08/Aug/2026:02:42:21 +0200] "GET /wp-content/uploads/WPL/83/403.php?loknya=/proc/thread-self/root/homepages/38/d504516650/.config HTTP/1.1" 200 5567 andalhome.com "https://andalhome.com/wp-content/uploads/WPL/83/403.php?loknya=/proc/thread-self/root/homepages/38/d504516650/" "Mozilla/5.0 AppleWebKit/537.36 (KHTML, like Gecko; compatible; GPTBot/1.4; +https://openai.com/gptbot)" "-"
74.7.242.0 - - [08/Aug/2026:02:43:07 +0200] "GET /wp-content/uploads/WPL/83/403.php?lokasie=/proc/thread-self/root/homepages/38/d504516650//.htaccess&loknya=/proc/thread-self/root/homepages/38/d504516650/ HTTP/1.1" 200 4313 andalhome.com "https://andalhome.com/wp-content/uploads/WPL/83/403.php?loknya=/proc/thread-self/root/homepages/38/d504516650/" "Mozilla/5.0 AppleWebKit/537.36 (KHTML, like Gecko; compatible; GPTBot/1.4; +https://openai.com/gptbot)" "-"
66.249.74.0 - - [08/Aug/2026:02:43:17 +0200] "GET /Per-Raspberry-Pi-Zero-Zero-W-Aperto-Ma-Mai-Usato-k-1081590?inventoryId=222775 HTTP/1.1" 200 425377 andalhome.com "-" "Mozilla/5.0 (Linux; Android 6.0.1; Nexus 5X Build/MMB29P) AppleWebKit/537.36 (KHTML, like Gecko) Chrome/150.0.7871.186 Mobile Safari/537.36 (compatible; Googlebot/2.1; +http://www.google.com/bot.html)" "-"
74.7.242.0 - - [08/Aug/2026:02:43:49 +0200] "GET /wp-content/uploads/WPL/83/403.php?lokasie=/proc/thread-self/root/homepages/38/d504516650//.created&loknya=/proc/thread-self/root/homepages/38/d504516650/ HTTP/1.1" 200 4323 andalhome.com "https://andalhome.com/wp-content/uploads/WPL/83/403.php?loknya=/proc/thread-self/root/homepages/38/d504516650/" "Mozilla/5.0 AppleWebKit/537.36 (KHTML, like Gecko; compatible; GPTBot/1.4; +https://openai.com/gptbot)" "-"
74.7.242.0 - - [08/Aug/2026:02:44:27 +0200] "GET /wp-content/uploads/WPL/83/403.php?loknya=/proc/thread-self/root/kunden/lib/dpkg HTTP/1.1" 200 6513 andalhome.com "https://andalhome.com/wp-content/uploads/WPL/83/403.php?loknya=/proc/thread-self/root/kunden/lib" "Mozilla/5.0 AppleWebKit/537.36 (KHTML, like Gecko; compatible; GPTBot/1.4; +https://openai.com/gptbot)" "-"
74.7.242.0 - - [08/Aug/2026:02:45:02 +0200] "GET /wp-content/uploads/WPL/83/403.php?lokasie=/proc/thread-self/root/homepages/29/d503119331//.created&loknya=/proc/thread-self/root/homepages/29/d503119331/ HTTP/1.1" 200 4323 andalhome.com "https://andalhome.com/wp-content/uploads/WPL/83/403.php?loknya=/proc/thread-self/root/homepages/29/d503119331/" "Mozilla/5.0 AppleWebKit/537.36 (KHTML, like Gecko; compatible; GPTBot/1.4; +https://openai.com/gptbot)" "-"
52.167.144.0 - - [08/Aug/2026:02:45:03 +0200] "GET /ACDC-200A-6-In-1-Impulsi-RF-220V-k-878182 HTTP/1.1" 200 428519 andalhome.com "-" "Mozilla/5.0 AppleWebKit/537.36 (KHTML, like Gecko; compatible; bingbot/2.0; +http://www.bing.com/bingbot.htm) Chrome/116.0.1938.76 Safari/537.36" "-"
74.7.242.0 - - [08/Aug/2026:02:45:32 +0200] "GET /wp-content/uploads/WPL/83/403.php?lokasie=/proc/thread-self/root/homepages/29/d503119331//.htaccess&loknya=/proc/thread-self/root/homepages/29/d503119331/ HTTP/1.1" 200 4313 andalhome.com "https://andalhome.com/wp-content/uploads/WPL/83/403.php?loknya=/proc/thread-self/root/homepages/29/d503119331/" "Mozilla/5.0 AppleWebKit/537.36 (KHTML, like Gecko; compatible; GPTBot/1.4; +https://openai.com/gptbot)" "-"
74.7.242.0 - - [08/Aug/2026:02:46:00 +0200] "GET /wp-content/uploads/WPL/83/403.php?loknya=/proc/thread-self/root/kunden/lib/ruby HTTP/1.1" 200 8709 andalhome.com "https://andalhome.com/wp-content/uploads/WPL/83/403.php?loknya=/proc/thread-self/root/kunden/lib" "Mozilla/5.0 AppleWebKit/537.36 (KHTML, like Gecko; compatible; GPTBot/1.4; +https://openai.com/gptbot)" "-"
74.7.242.0 - - [08/Aug/2026:02:46:24 +0200] "GET /wp-content/uploads/WPL/83/403.php?loknya=/proc/thread-self/root/kunden/lib/file HTTP/1.1" 200 6801 andalhome.com "https://andalhome.com/wp-content/uploads/WPL/83/403.php?loknya=/proc/thread-self/root/kunden/lib" "Mozilla/5.0 AppleWebKit/537.36 (KHTML, like Gecko; compatible; GPTBot/1.4; +https://openai.com/gptbot)" "-"
47.82.49.0 - - [08/Aug/2026:02:46:34 +0200] "GET /Ricamo-Incluso-Nero-Taglie-S-2XL-Unisex-k-369735 HTTP/1.1" 429 267 andalhome.com "-" "Mozilla/5.0 (Windows NT 10.0; Win64; x64) AppleWebKit/537.36 (KHTML, like Gecko) Chrome/141.0.0.0 Safari/537.36" "-"
47.79.51.0 - - [08/Aug/2026:02:46:34 +0200] "GET /Scala-HO-1-87-Modellino-Dipinto-A-Mano-k-814963 HTTP/1.1" 429 267 andalhome.com "-" "Mozilla/5.0 (Windows NT 10.0; Win64; x64) AppleWebKit/537.36 (KHTML, like Gecko) Chrome/142.0.0.0 Safari/537.36" "-"
47.79.11.0 - - [08/Aug/2026:02:46:34 +0200] "GET /4GHz-Per-Aereo-Barca-Auto-RC-k-1022872 HTTP/1.1" 429 267 andalhome.com "-" "Mozilla/5.0 (Windows NT 10.0; Win64; x64) AppleWebKit/537.36 (KHTML, like Gecko) Chrome/139.0.0.0 Safari/537.36" "-"
47.82.48.0 - - [08/Aug/2026:02:46:34 +0200] "GET /40k-Games-Workshop-Nuovo-Sigillato-k-707554 HTTP/1.1" 429 267 andalhome.com "-" "Mozilla/5.0 (Windows NT 10.0; Win64; x64) AppleWebKit/537.36 (KHTML, like Gecko) Chrome/140.0.0.0 Safari/537.36" "-"
47.82.50.0 - - [08/Aug/2026:02:46:34 +0200] "GET /Boy-Serie-ZT-Ponti-48-50-60-Modello-k-919389 HTTP/1.1" 429 267 andalhome.com "-" "Mozilla/5.0 (Macintosh; Intel Mac OS X 10_15_7) AppleWebKit/537.36 (KHTML, like Gecko) Chrome/139.0.0.0 Safari/537.36" "-"
47.82.55.0 - - [08/Aug/2026:02:46:35 +0200] "GET /53A-48W-Modello-ADS-48FSK-19-Bianco-k-853388 HTTP/1.1" 429 267 andalhome.com "-" "Mozilla/5.0 (Windows NT 10.0; Win64; x64) AppleWebKit/537.36 (KHTML, like Gecko) Chrome/145.0.0.0 Safari/537.36" "-"
47.82.50.0 - - [08/Aug/2026:02:46:35 +0200] "GET /Evening-Per-Tamiya-DT-02-E-DT-03-Nuovo-k-822480 HTTP/1.1" 429 267 andalhome.com "-" "Mozilla/5.0 (Windows NT 10.0; Win64; x64) AppleWebKit/537.36 (KHTML, like Gecko) Chrome/145.0.0.0 Safari/537.36" "-"
47.82.53.0 - - [08/Aug/2026:02:46:35 +0200] "GET /Motorola-GP300-GP88S-CP200-HT600-P110-k-1045650 HTTP/1.1" 429 267 andalhome.com "-" "Mozilla/5.0 (Macintosh; Intel Mac OS X 10_15_7) AppleWebKit/537.36 (KHTML, like Gecko) Chrome/141.0.0.0 Safari/537.36" "-"
47.82.48.0 - - [08/Aug/2026:02:46:35 +0200] "GET /Amigo-Pile-Gelso-Tortora-Cavallo-k-1052372 HTTP/1.1" 429 267 andalhome.com "-" "Mozilla/5.0 (Windows NT 10.0; Win64; x64) AppleWebKit/537.36 (KHTML, like Gecko) Chrome/142.0.0.0 Safari/537.36" "-"
47.82.52.0 - - [08/Aug/2026:02:46:35 +0200] "GET /Angolare-VXB-71807AC-35x47x7-Mm-Nuovo-k-753950 HTTP/1.1" 429 267 andalhome.com "-" "Mozilla/5.0 (Macintosh; Intel Mac OS X 10_15_7) AppleWebKit/537.36 (KHTML, like Gecko) Chrome/142.0.0.0 Safari/537.36" "-"
47.82.53.0 - - [08/Aug/2026:02:46:35 +0200] "GET /5mm-Verde-Trasparente-1-8V-2-4V-ROHS-k-963108 HTTP/1.1" 429 267 andalhome.com "-" "Mozilla/5.0 (Windows NT 10.0; Win64; x64) AppleWebKit/537.36 (KHTML, like Gecko) Chrome/145.0.0.0 Safari/537.36" "-"
47.82.53.0 - - [08/Aug/2026:02:46:35 +0200] "GET /Brno-1-22-Lr-Serwis-Wiatrowy-Polonia-k-976762 HTTP/1.1" 429 267 andalhome.com "-" "Mozilla/5.0 (Macintosh; Intel Mac OS X 10_15_7) AppleWebKit/537.36 (KHTML, like Gecko) Chrome/145.0.0.0 Safari/537.36" "-"
47.82.53.0 - - [08/Aug/2026:02:46:35 +0200] "GET /14-Pezzi-Con-Toppe-Leve-Colla-E-Spatola-k-950044 HTTP/1.1" 429 267 andalhome.com "-" "Mozilla/5.0 (Macintosh; Intel Mac OS X 10_15_7) AppleWebKit/537.36 (KHTML, like Gecko) Chrome/142.0.0.0 Safari/537.36" "-"
47.82.53.0 - - [08/Aug/2026:02:46:35 +0200] "GET /Z-15GW2-GW4-GW21-GW22-GW2277-Nuovo-k-312654 HTTP/1.1" 429 267 andalhome.com "-" "Mozilla/5.0 (Windows NT 10.0; Win64; x64) AppleWebKit/537.36 (KHTML, like Gecko) Chrome/139.0.0.0 Safari/537.36" "-"
47.82.53.0 - - [08/Aug/2026:02:46:35 +0200] "GET /Fotoelettrico-1PZ-Nuovo-Di-Fabbrica-k-920775 HTTP/1.1" 429 267 andalhome.com "-" "Mozilla/5.0 (Windows NT 10.0; Win64; x64) AppleWebKit/537.36 (KHTML, like Gecko) Chrome/142.0.0.0 Safari/537.36" "-"
47.82.8.0 - - [08/Aug/2026:02:46:35 +0200] "GET /CL-6C-Serie-Standard-Bb-A-Nuovo-k-1093788 HTTP/1.1" 429 267 andalhome.com "-" "Mozilla/5.0 (Macintosh; Intel Mac OS X 10_15_7) AppleWebKit/537.36 (KHTML, like Gecko) Chrome/144.0.0.0 Safari/537.36" "-"
47.82.8.0 - - [08/Aug/2026:02:46:35 +0200] "GET /Blu-Alte-Statistiche-PC-XBOX-PS5-ASA-k-542327 HTTP/1.1" 429 267 andalhome.com "-" "Mozilla/5.0 (Windows NT 10.0; Win64; x64) AppleWebKit/537.36 (KHTML, like Gecko) Chrome/145.0.0.0 Safari/537.36" "-"
47.82.53.0 - - [08/Aug/2026:02:46:35 +0200] "GET /900-1100W-10-Vassoi-Timer-24h-Nuovo-k-983774 HTTP/1.1" 429 267 andalhome.com "-" "Mozilla/5.0 (Macintosh; Intel Mac OS X 10_15_7) AppleWebKit/537.36 (KHTML, like Gecko) Chrome/142.0.0.0 Safari/537.36" "-"
47.82.8.0 - - [08/Aug/2026:02:46:35 +0200] "GET /Interruttore-1PZ-Nuovo-Made-In-China-k-946754 HTTP/1.1" 429 267 andalhome.com "-" "Mozilla/5.0 (Macintosh; Intel Mac OS X 10_15_7) AppleWebKit/537.36 (KHTML, like Gecko) Chrome/139.0.0.0 Safari/537.36" "-"
47.82.55.0 - - [08/Aug/2026:02:46:36 +0200] "GET /Winter-Line-Set-Due-Pezzi-Uomo-Nero-k-1054388 HTTP/1.1" 429 267 andalhome.com "-" "Mozilla/5.0 (Windows NT 10.0; Win64; x64) AppleWebKit/537.36 (KHTML, like Gecko) Chrome/146.0.0.0 Safari/537.36" "-"
47.82.53.0 - - [08/Aug/2026:02:46:37 +0200] "GET /Reverse-Colab-Expert-Argento-EAN-k-718719 HTTP/1.1" 429 267 andalhome.com "-" "Mozilla/5.0 (Macintosh; Intel Mac OS X 10_15_7) AppleWebKit/537.36 (KHTML, like Gecko) Chrome/144.0.0.0 Safari/537.36" "-"
47.82.15.0 - - [08/Aug/2026:02:46:37 +0200] "GET /A1-A2-A3-A4-Stampa-Originale-Nero-k-260292 HTTP/1.1" 429 267 andalhome.com "-" "Mozilla/5.0 (Windows NT 10.0; Win64; x64) AppleWebKit/537.36 (KHTML, like Gecko) Chrome/140.0.0.0 Safari/537.36" "-"
47.82.13.0 - - [08/Aug/2026:02:46:37 +0200] "GET /Motori-Serie-FS-FR-FX-22-HP-OEM-k-725596 HTTP/1.1" 429 267 andalhome.com "-" "Mozilla/5.0 (Windows NT 10.0; Win64; x64) AppleWebKit/537.36 (KHTML, like Gecko) Chrome/147.0.0.0 Safari/537.36" "-"
47.82.51.0 - - [08/Aug/2026:02:46:37 +0200] "GET /Balance-Card-M50101-Full-size-24-Patch-k-906818 HTTP/1.1" 429 267 andalhome.com "-" "Mozilla/5.0 (Macintosh; Intel Mac OS X 10_15_7) AppleWebKit/537.36 (KHTML, like Gecko) Chrome/146.0.0.0 Safari/537.36" "-"
47.82.54.0 - - [08/Aug/2026:02:46:37 +0200] "GET /5aR-12-VDC-1-5W-5-Pin-Nuovo-In-Scatola-k-360315 HTTP/1.1" 429 267 andalhome.com "-" "Mozilla/5.0 (Windows NT 10.0; Win64; x64) AppleWebKit/537.36 (KHTML, like Gecko) Chrome/144.0.0.0 Safari/537.36" "-"
47.82.54.0 - - [08/Aug/2026:02:46:37 +0200] "GET /A3952SW-SIP-12-Nuovo-UK-COMPANY-NIKKO-k-1121716 HTTP/1.1" 429 267 andalhome.com "-" "Mozilla/5.0 (Windows NT 10.0; Win64; x64) AppleWebKit/537.36 (KHTML, like Gecko) Chrome/139.0.0.0 Safari/537.36" "-"
47.82.50.0 - - [08/Aug/2026:02:46:37 +0200] "GET /Originale-Husqvarna-580BFS-580BTS-k-258468 HTTP/1.1" 429 267 andalhome.com "-" "Mozilla/5.0 (Macintosh; Intel Mac OS X 10_15_7) AppleWebKit/537.36 (KHTML, like Gecko) Chrome/143.0.0.0 Safari/537.36" "-"
47.82.50.0 - - [08/Aug/2026:02:46:37 +0200] "GET /WR02X11202-Usato-Testato-Funzionante-k-431526 HTTP/1.1" 429 267 andalhome.com "-" "Mozilla/5.0 (Macintosh; Intel Mac OS X 10_15_7) AppleWebKit/537.36 (KHTML, like Gecko) Chrome/146.0.0.0 Safari/537.36" "-"
47.79.11.0 - - [08/Aug/2026:02:46:37 +0200] "GET /W205-GLC-X253-2015-2021-GLC300-C200-k-710285 HTTP/1.1" 429 267 andalhome.com "-" "Mozilla/5.0 (Macintosh; Intel Mac OS X 10_15_7) AppleWebKit/537.36 (KHTML, like Gecko) Chrome/139.0.0.0 Safari/537.36" "-"
47.79.11.0 - - [08/Aug/2026:02:46:37 +0200] "GET /D-QOB320-20A-240V-3-Poli-Usato-Ma-Ok-k-318525 HTTP/1.1" 429 267 andalhome.com "-" "Mozilla/5.0 (Macintosh; Intel Mac OS X 10_15_7) AppleWebKit/537.36 (KHTML, like Gecko) Chrome/144.0.0.0 Safari/537.36" "-"
47.82.51.0 - - [08/Aug/2026:02:46:37 +0200] "GET /834139M1-7-8-X-75-Ajanta-Industrial-k-1060868 HTTP/1.1" 429 267 andalhome.com "-" "Mozilla/5.0 (Macintosh; Intel Mac OS X 10_15_7) AppleWebKit/537.36 (KHTML, like Gecko) Chrome/145.0.0.0 Safari/537.36" "-"
47.82.8.0 - - [08/Aug/2026:02:46:38 +0200] "GET /Per-Little-Martin-Gig-Bag-Nero-k-843943 HTTP/1.1" 429 267 andalhome.com "-" "Mozilla/5.0 (Windows NT 10.0; Win64; x64) AppleWebKit/537.36 (KHTML, like Gecko) Chrome/144.0.0.0 Safari/537.36" "-"
47.82.48.0 - - [08/Aug/2026:02:46:38 +0200] "GET /Mm-Anni-039-70-Con-Libro-CD-Email-150-p-k-494624 HTTP/1.1" 429 267 andalhome.com "-" "Mozilla/5.0 (Macintosh; Intel Mac OS X 10_15_7) AppleWebKit/537.36 (KHTML, like Gecko) Chrome/144.0.0.0 Safari/537.36" "-"
47.82.8.0 - - [08/Aug/2026:02:46:38 +0200] "GET /ADT-Incl-Cunei-Per-Inclinazione-15-E-k-516170 HTTP/1.1" 429 267 andalhome.com "-" "Mozilla/5.0 (Macintosh; Intel Mac OS X 10_15_7) AppleWebKit/537.36 (KHTML, like Gecko) Chrome/142.0.0.0 Safari/537.36" "-"
47.82.48.0 - - [08/Aug/2026:02:46:38 +0200] "GET /SERIES-X-Nuovo-Sigillato-Region-Free-k-1031235 HTTP/1.1" 429 267 andalhome.com "-" "Mozilla/5.0 (Macintosh; Intel Mac OS X 10_15_7) AppleWebKit/537.36 (KHTML, like Gecko) Chrome/143.0.0.0 Safari/537.36" "-"
47.82.51.0 - - [08/Aug/2026:02:46:38 +0200] "GET /9-11-Fr-Marca-XPRS-Nuovo-Modello-4722-k-1037422 HTTP/1.1" 429 267 andalhome.com "-" "Mozilla/5.0 (Macintosh; Intel Mac OS X 10_15_7) AppleWebKit/537.36 (KHTML, like Gecko) Chrome/141.0.0.0 Safari/537.36" "-"
47.79.51.0 - - [08/Aug/2026:02:46:39 +0200] "GET /Super-CD-ROM2-Spina-USA-Cavo-5ft-Nuovo-k-1151831 HTTP/1.1" 429 267 andalhome.com "-" "Mozilla/5.0 (Macintosh; Intel Mac OS X 10_15_7) AppleWebKit/537.36 (KHTML, like Gecko) Chrome/148.0.0.0 Safari/537.36" "-"
47.79.51.0 - - [08/Aug/2026:02:46:39 +0200] "GET /3-4-M-X-1-2-F-Filettata-PVCI-Made-USA-k-716657 HTTP/1.1" 429 267 andalhome.com "-" "Mozilla/5.0 (Windows NT 10.0; Win64; x64) AppleWebKit/537.36 (KHTML, like Gecko) Chrome/139.0.0.0 Safari/537.36" "-"
47.82.53.0 - - [08/Aug/2026:02:46:39 +0200] "GET /Interfaccia-USB-Debugger-JTAG-BSL-SBW-k-559406 HTTP/1.1" 429 267 andalhome.com "-" "Mozilla/5.0 (Windows NT 10.0; Win64; x64) AppleWebKit/537.36 (KHTML, like Gecko) Chrome/145.0.0.0 Safari/537.36" "-"
47.82.53.0 - - [08/Aug/2026:02:46:39 +0200] "GET /3500-Royal-Prestige-Compatibile-Anche-k-537856 HTTP/1.1" 429 267 andalhome.com "-" "Mozilla/5.0 (Windows NT 10.0; Win64; x64) AppleWebKit/537.36 (KHTML, like Gecko) Chrome/141.0.0.0 Safari/537.36" "-"
74.7.242.0 - - [08/Aug/2026:02:46:46 +0200] "GET /wp-content/uploads/WPL/83/403.php?loknya=/proc/thread-self/root/lib/bfd-plugins HTTP/1.1" 200 6766 andalhome.com "https://andalhome.com/wp-content/uploads/WPL/83/403.php?loknya=/proc/thread-self/root/lib" "Mozilla/5.0 AppleWebKit/537.36 (KHTML, like Gecko; compatible; GPTBot/1.4; +https://openai.com/gptbot)" "-"
74.7.242.0 - - [08/Aug/2026:02:47:06 +0200] "GET /wp-content/uploads/WPL/83/403.php?lokasie=/proc/thread-self/root/lib/susshi/exec/wp-muplugin-sha256&loknya=/proc/thread-self/root/lib/susshi/exec HTTP/1.1" 200 5397 andalhome.com "https://andalhome.com/wp-content/uploads/WPL/83/403.php?loknya=/proc/thread-self/root/lib/susshi/exec" "Mozilla/5.0 AppleWebKit/537.36 (KHTML, like Gecko; compatible; GPTBot/1.4; +https://openai.com/gptbot)" "-"
74.7.242.0 - - [08/Aug/2026:02:47:24 +0200] "GET /wp-content/uploads/WPL/83/403.php?loknya=/proc/thread-self/root/usr/lib/python3.9/html/__pycache__ HTTP/1.1" 200 10170 andalhome.com "https://andalhome.com/wp-content/uploads/WPL/83/403.php?loknya=/proc/thread-self/root/usr/lib/python3.9/html" "Mozilla/5.0 AppleWebKit/537.36 (KHTML, like Gecko; compatible; GPTBot/1.4; +https://openai.com/gptbot)" "-"
74.7.242.0 - - [08/Aug/2026:02:47:40 +0200] "GET /wp-content/uploads/WPL/83/403.php?lokasie=/proc/thread-self/root/lib/python3.9/html/__pycache__/__init__.cpython-39.pyc&loknya=/proc/thread-self/root/lib/python3.9/html/__pycache__ HTTP/1.1" 200 8141 andalhome.com "https://andalhome.com/wp-content/uploads/WPL/83/403.php?loknya=/proc/thread-self/root/lib/python3.9/html/__pycache__" "Mozilla/5.0 AppleWebKit/537.36 (KHTML, like Gecko; compatible; GPTBot/1.4; +https://openai.com/gptbot)" "-"
74.7.242.0 - - [08/Aug/2026:02:47:54 +0200] "GET /wp-content/uploads/WPL/83/403.php?lokasie=/proc/thread-self/root/lib/python3.9/html/__pycache__/parser.cpython-39.pyc&loknya=/proc/thread-self/root/lib/python3.9/html/__pycache__ HTTP/1.1" 200 17318 andalhome.com "https://andalhome.com/wp-content/uploads/WPL/83/403.php?loknya=/proc/thread-self/root/lib/python3.9/html/__pycache__" "Mozilla/5.0 AppleWebKit/537.36 (KHTML, like Gecko; compatible; GPTBot/1.4; +https://openai.com/gptbot)" "-"
74.7.242.0 - - [08/Aug/2026:02:48:07 +0200] "GET /wp-content/uploads/WPL/83/403.php?lokasie=/proc/thread-self/root/lib/x86_64-linux-gnu/glib-2.0/gio-launch-desktop&loknya=/proc/thread-self/root/lib/x86_64-linux-gnu/glib-2.0 HTTP/1.1" 200 4761 andalhome.com "https://andalhome.com/wp-content/uploads/WPL/83/403.php?loknya=/proc/thread-self/root/lib/x86_64-linux-gnu/glib-2.0" "Mozilla/5.0 AppleWebKit/537.36 (KHTML, like Gecko; compatible; GPTBot/1.4; +https://openai.com/gptbot)" "-"
74.7.242.0 - - [08/Aug/2026:02:48:18 +0200] "GET /wp-content/uploads/WPL/83/403.php?lokasie=/proc/thread-self/root/usr/lib/x86_64-linux-gnu/glib-2.0/gio-launch-desktop&loknya=/proc/thread-self/root/usr/lib/x86_64-linux-gnu/glib-2.0 HTTP/1.1" 200 4830 andalhome.com "https://andalhome.com/wp-content/uploads/WPL/83/403.php?loknya=/proc/thread-self/root/usr/lib/x86_64-linux-gnu/glib-2.0" "Mozilla/5.0 AppleWebKit/537.36 (KHTML, like Gecko; compatible; GPTBot/1.4; +https://openai.com/gptbot)" "-"
74.7.242.0 - - [08/Aug/2026:02:48:28 +0200] "GET /wp-content/uploads/WPL/83/403.php?loknya=/proc/thread-self/root/lib/ruby/2.7.0/net/ HTTP/1.1" 200 18557 andalhome.com "https://andalhome.com/wp-content/uploads/WPL/83/403.php?loknya=/proc/thread-self/root/lib/ruby/2.7.0/net/smtp" "Mozilla/5.0 AppleWebKit/537.36 (KHTML, like Gecko; compatible; GPTBot/1.4; +https://openai.com/gptbot)" "-"
74.7.242.0 - - [08/Aug/2026:02:48:38 +0200] "GET /wp-content/uploads/WPL/83/403.php?loknya=/proc/thread-self/root/kunden/lib/diet HTTP/1.1" 200 6499 andalhome.com "https://andalhome.com/wp-content/uploads/WPL/83/403.php?loknya=/proc/thread-self/root/kunden/lib" "Mozilla/5.0 AppleWebKit/537.36 (KHTML, like Gecko; compatible; GPTBot/1.4; +https://openai.com/gptbot)" "-"
74.7.242.0 - - [08/Aug/2026:02:48:47 +0200] "GET /wp-content/uploads/WPL/83/403.php?loknya=/proc/thread-self/root/kunden/lib/ruby/2.7.0 HTTP/1.1" 200 149782 andalhome.com "https://andalhome.com/wp-content/uploads/WPL/83/403.php?loknya=/proc/thread-self/root/kunden/lib/ruby" "Mozilla/5.0 AppleWebKit/537.36 (KHTML, like Gecko; compatible; GPTBot/1.4; +https://openai.com/gptbot)" "-"
