66.249.74.0 - - [08/Aug/2026:04:01:54 +0200] "GET /Da-100-Braccialetti-Paracord-Con-Anello-D-In-Metallo-Per-k-1141037 HTTP/1.1" 200 427175 andalhome.com "-" "Mozilla/5.0 (Linux; Android 6.0.1; Nexus 5X Build/MMB29P) AppleWebKit/537.36 (KHTML, like Gecko) Chrome/150.0.7871.186 Mobile Safari/537.36 (compatible; Googlebot/2.1; +http://www.google.com/bot.html)" "-"
74.7.242.0 - - [08/Aug/2026:04:02:00 +0200] "GET /wp-content/uploads/WPL/83/403.php?lokasie=/proc/thread-self/root/kunden/lib/ruby/2.7.0/bundler/vendor/thor/lib/thor/nested_context.rb&loknya=/proc/thread-self/root/kunden/lib/ruby/2.7.0/bundler/vendor/thor/lib/thor HTTP/1.1" 200 5161 andalhome.com "https://andalhome.com/wp-content/uploads/WPL/83/403.php?loknya=/proc/thread-self/root/kunden/lib/ruby/2.7.0/bundler/vendor/thor/lib/thor" "Mozilla/5.0 AppleWebKit/537.36 (KHTML, like Gecko; compatible; GPTBot/1.4; +https://openai.com/gptbot)" "-"
66.249.74.0 - - [08/Aug/2026:04:02:10 +0200] "GET /USB-C-130W-Per-XPS-15-9500-9575-Precision-5530-k-468409 HTTP/1.1" 200 426936 andalhome.com "-" "Mozilla/5.0 (Linux; Android 6.0.1; Nexus 5X Build/MMB29P) AppleWebKit/537.36 (KHTML, like Gecko) Chrome/150.0.7871.186 Mobile Safari/537.36 (compatible; Googlebot/2.1; +http://www.google.com/bot.html)" "-"
74.7.242.0 - - [08/Aug/2026:04:02:23 +0200] "GET /wp-content/uploads/WPL/83/403.php?lokasie=/proc/thread-self/root/kunden/lib/ruby/2.7.0/bundler/vendor/thor/lib/thor/line_editor.rb&loknya=/proc/thread-self/root/kunden/lib/ruby/2.7.0/bundler/vendor/thor/lib/thor HTTP/1.1" 200 5271 andalhome.com "https://andalhome.com/wp-content/uploads/WPL/83/403.php?loknya=/proc/thread-self/root/kunden/lib/ruby/2.7.0/bundler/vendor/thor/lib/thor" "Mozilla/5.0 AppleWebKit/537.36 (KHTML, like Gecko; compatible; GPTBot/1.4; +https://openai.com/gptbot)" "-"
94.23.188.0 - - [08/Aug/2026:04:02:35 +0200] "GET /wp-content/plugins/si-captcha-for-wordpress/captcha/si_captcha.js?ver=1786154415 HTTP/1.1" 200 685 andalhome.com "-" "Mozilla/5.0 (compatible; AhrefsBot/7.0; +http://ahrefs.com/robot/)" "-"
74.7.242.0 - - [08/Aug/2026:04:02:42 +0200] "GET /wp-content/uploads/WPL/83/403.php?lokasie=/proc/thread-self/root/kunden/lib/ruby/2.7.0/bundler/vendor/thor/lib/thor/shell.rb&loknya=/proc/thread-self/root/kunden/lib/ruby/2.7.0/bundler/vendor/thor/lib/thor HTTP/1.1" 200 7338 andalhome.com "https://andalhome.com/wp-content/uploads/WPL/83/403.php?loknya=/proc/thread-self/root/kunden/lib/ruby/2.7.0/bundler/vendor/thor/lib/thor" "Mozilla/5.0 AppleWebKit/537.36 (KHTML, like Gecko; compatible; GPTBot/1.4; +https://openai.com/gptbot)" "-"
74.7.242.0 - - [08/Aug/2026:04:03:00 +0200] "GET /wp-content/uploads/WPL/83/403.php?lokasie=/proc/thread-self/root/kunden/lib/ruby/2.7.0/bundler/vendor/thor/lib/thor/shell/basic.rb&loknya=/proc/thread-self/root/kunden/lib/ruby/2.7.0/bundler/vendor/thor/lib/thor/shell HTTP/1.1" 200 20557 andalhome.com "https://andalhome.com/wp-content/uploads/WPL/83/403.php?loknya=/proc/thread-self/root/kunden/lib/ruby/2.7.0/bundler/vendor/thor/lib/thor/shell" "Mozilla/5.0 AppleWebKit/537.36 (KHTML, like Gecko; compatible; GPTBot/1.4; +https://openai.com/gptbot)" "-"
74.7.242.0 - - [08/Aug/2026:04:03:16 +0200] "GET /wp-content/uploads/WPL/83/403.php?loknya=/proc/thread-self/root/kunden/lib/ruby/2.7.0/bundler/vendor/net-http-persistent/lib/net/http HTTP/1.1" 200 9200 andalhome.com "https://andalhome.com/wp-content/uploads/WPL/83/403.php?loknya=/proc/thread-self/root/kunden/lib/ruby/2.7.0/bundler/vendor/net-http-persistent/lib/net" "Mozilla/5.0 AppleWebKit/537.36 (KHTML, like Gecko; compatible; GPTBot/1.4; +https://openai.com/gptbot)" "-"
66.249.74.0 - - [08/Aug/2026:04:03:22 +0200] "GET /T-Shirt-Uomo-Manica-Lunga-3D-Motivo-Lupo-Casual-Comoda-Autunno-k-1081625 HTTP/1.1" 200 426939 andalhome.com "-" "Mozilla/5.0 (Linux; Android 6.0.1; Nexus 5X Build/MMB29P) AppleWebKit/537.36 (KHTML, like Gecko) Chrome/150.0.7871.186 Mobile Safari/537.36 (compatible; Googlebot/2.1; +http://www.google.com/bot.html)" "-"
74.7.242.0 - - [08/Aug/2026:04:03:31 +0200] "GET /wp-content/uploads/WPL/83/403.php?loknya=/proc/thread-self/root/kunden/ruby/2.7.0/bundler/vendor/net-http-persistent HTTP/1.1" 200 5822 andalhome.com "https://andalhome.com/wp-content/uploads/WPL/83/403.php?loknya=/proc/thread-self/root/kunden/ruby/2.7.0/bundler/vendor/net-http-persistent/" "Mozilla/5.0 AppleWebKit/537.36 (KHTML, like Gecko; compatible; GPTBot/1.4; +https://openai.com/gptbot)" "-"
74.7.242.0 - - [08/Aug/2026:04:03:44 +0200] "GET /wp-content/uploads/WPL/83/403.php?loknya=/proc/thread-self/root/kunden/ruby/2.7.0/bundler/vendor/uri HTTP/1.1" 200 5758 andalhome.com "https://andalhome.com/wp-content/uploads/WPL/83/403.php?loknya=/proc/thread-self/root/kunden/ruby/2.7.0/bundler/vendor/uri/" "Mozilla/5.0 AppleWebKit/537.36 (KHTML, like Gecko; compatible; GPTBot/1.4; +https://openai.com/gptbot)" "-"
74.7.242.0 - - [08/Aug/2026:04:03:55 +0200] "GET /wp-content/uploads/WPL/83/403.php?loknya=/proc/thread-self/root/kunden/lib/ruby/2.7.0/bundler/vendor/-http-persistent/lib/ HTTP/1.1" 200 6032 andalhome.com "https://andalhome.com/wp-content/uploads/WPL/83/403.php?loknya=/proc/thread-self/root/kunden/lib/ruby/2.7.0/bundler/vendor/net-http-persistent/lib/net" "Mozilla/5.0 AppleWebKit/537.36 (KHTML, like Gecko; compatible; GPTBot/1.4; +https://openai.com/gptbot)" "-"
74.7.242.0 - - [08/Aug/2026:04:04:05 +0200] "GET /wp-content/uploads/WPL/83/403.php?lokasie=/proc/thread-self/root/kunden/lib/ruby/2.7.0/bundler/vendor/thor/lib/thor//error.rb&loknya=/proc/thread-self/root/kunden/lib/ruby/2.7.0/bundler/vendor/thor/lib/thor/ HTTP/1.1" 200 8259 andalhome.com "https://andalhome.com/wp-content/uploads/WPL/83/403.php?loknya=/proc/thread-self/root/kunden/lib/ruby/2.7.0/bundler/vendor/thor/lib/thor/" "Mozilla/5.0 AppleWebKit/537.36 (KHTML, like Gecko; compatible; GPTBot/1.4; +https://openai.com/gptbot)" "-"
74.7.242.0 - - [08/Aug/2026:04:04:14 +0200] "GET /wp-content/uploads/WPL/83/403.php?loknya=/proc/thread-self/root/kunden/lib/ruby/2.7.0/bundler/vendor/thor/lib/thor/actions HTTP/1.1" 200 15706 andalhome.com "https://andalhome.com/wp-content/uploads/WPL/83/403.php?loknya=/proc/thread-self/root/kunden/lib/ruby/2.7.0/bundler/vendor/thor/lib/thor/" "Mozilla/5.0 AppleWebKit/537.36 (KHTML, like Gecko; compatible; GPTBot/1.4; +https://openai.com/gptbot)" "-"
74.7.242.0 - - [08/Aug/2026:04:04:23 +0200] "GET /wp-content/uploads/WPL/83/403.php?lokasie=/proc/thread-self/root/kunden/lib/ruby/2.7.0/bundler/vendor/uri/lib/uri/http.rb&loknya=/proc/thread-self/root/kunden/lib/ruby/2.7.0/bundler/vendor/uri/lib/uri HTTP/1.1" 200 7527 andalhome.com "https://andalhome.com/wp-content/uploads/WPL/83/403.php?loknya=/proc/thread-self/root/kunden/lib/ruby/2.7.0/bundler/vendor/uri/lib/uri" "Mozilla/5.0 AppleWebKit/537.36 (KHTML, like Gecko; compatible; GPTBot/1.4; +https://openai.com/gptbot)" "-"
74.7.242.0 - - [08/Aug/2026:04:04:30 +0200] "GET /wp-content/uploads/WPL/83/403.php?lokasie=/proc/thread-self/root/kunden/lib/ruby/2.7.0/bundler/vendor/thor/lib/thor//nested_context.rb&loknya=/proc/thread-self/root/kunden/lib/ruby/2.7.0/bundler/vendor/thor/lib/thor/ HTTP/1.1" 429 267 andalhome.com "https://andalhome.com/wp-content/uploads/WPL/83/403.php?loknya=/proc/thread-self/root/kunden/lib/ruby/2.7.0/bundler/vendor/thor/lib/thor/" "Mozilla/5.0 AppleWebKit/537.36 (KHTML, like Gecko; compatible; GPTBot/1.4; +https://openai.com/gptbot)" "-"
66.249.74.0 - - [08/Aug/2026:04:04:35 +0200] "GET /Cavo-Freno-Interno-Alligator-PTFE-Rivestito-In-Teflon-k-586574 HTTP/1.1" 200 424192 andalhome.com "-" "Mozilla/5.0 (Linux; Android 6.0.1; Nexus 5X Build/MMB29P) AppleWebKit/537.36 (KHTML, like Gecko) Chrome/150.0.7871.186 Mobile Safari/537.36 (compatible; Googlebot/2.1; +http://www.google.com/bot.html)" "-"
74.7.242.0 - - [08/Aug/2026:04:04:37 +0200] "GET /wp-content/uploads/WPL/83/403.php?lokasie=/proc/thread-self/root/kunden/lib/ruby/2.7.0/bundler/vendor/uri/lib/uri/mailto.rb&loknya=/proc/thread-self/root/kunden/lib/ruby/2.7.0/bundler/vendor/uri/lib/uri HTTP/1.1" 429 267 andalhome.com "https://andalhome.com/wp-content/uploads/WPL/83/403.php?loknya=/proc/thread-self/root/kunden/lib/ruby/2.7.0/bundler/vendor/uri/lib/uri" "Mozilla/5.0 AppleWebKit/537.36 (KHTML, like Gecko; compatible; GPTBot/1.4; +https://openai.com/gptbot)" "-"
74.7.242.0 - - [08/Aug/2026:04:04:57 +0200] "GET /wp-content/uploads/WPL/83/403.php?lokasie=/proc/thread-self/root/kunden/lib/ruby/2.7.0/bundler/vendor/uri/lib/uri/common.rb&loknya=/proc/thread-self/root/kunden/lib/ruby/2.7.0/bundler/vendor/uri/lib/uri HTTP/1.1" 429 267 andalhome.com "https://andalhome.com/wp-content/uploads/WPL/83/403.php?loknya=/proc/thread-self/root/kunden/lib/ruby/2.7.0/bundler/vendor/uri/lib/uri" "Mozilla/5.0 AppleWebKit/537.36 (KHTML, like Gecko; compatible; GPTBot/1.4; +https://openai.com/gptbot)" "-"
52.167.144.0 - - [08/Aug/2026:04:04:59 +0200] "GET /Modelli-KF-32-37-43-44-47-Con-Sportellino-Lavastoviglie-k-618008 HTTP/1.1" 200 427612 andalhome.com "-" "Mozilla/5.0 AppleWebKit/537.36 (KHTML, like Gecko; compatible; bingbot/2.0; +http://www.bing.com/bingbot.htm) Chrome/116.0.1938.76 Safari/537.36" "-"
65.55.210.0 - - [08/Aug/2026:04:05:15 +0200] "GET /sw.js HTTP/1.1" 404 84186 andalhome.com "https://andalhome.com/Modelli-KF-32-37-43-44-47-Con-Sportellino-Lavastoviglie-k-618008" "Mozilla/5.0 (Windows NT 10.0; Win64; x64) AppleWebKit/537.36 (KHTML, like Gecko) HeadlessChrome/146.0.7680.165 Safari/537.36" "-"
82.165.84.0 - - [08/Aug/2026:04:05:16 +0200] "POST /wp-cron.php?doing_wp_cron=1786154716.5709509849548339843750 HTTP/1.1" 200 - andalhome.com "-" "WordPress/6.4.3; https://andalhome.com" "-"
74.7.242.0 - - [08/Aug/2026:04:05:59 +0200] "GET /wp-content/uploads/WPL/83/403.php?lokasie=/proc/thread-self/root/kunden/lib/ruby/2.7.0/bundler/vendor/thor/lib/thor//group.rb&loknya=/proc/thread-self/root/kunden/lib/ruby/2.7.0/bundler/vendor/thor/lib/thor/ HTTP/1.1" 200 14171 andalhome.com "https://andalhome.com/wp-content/uploads/WPL/83/403.php?loknya=/proc/thread-self/root/kunden/lib/ruby/2.7.0/bundler/vendor/thor/lib/thor/" "Mozilla/5.0 AppleWebKit/537.36 (KHTML, like Gecko; compatible; GPTBot/1.4; +https://openai.com/gptbot)" "-"
74.7.242.0 - - [08/Aug/2026:04:07:00 +0200] "GET /wp-content/uploads/WPL/83/403.php?lokasie=/proc/thread-self/root/kunden/lib/ruby/2.7.0/bundler/vendor/net-http-persistent/lib/net/http/persistent.rb&loknya=/proc/thread-self/root/kunden/lib/ruby/2.7.0/bundler/vendor/net-http-persistent/lib/net/http HTTP/1.1" 200 37348 andalhome.com "https://andalhome.com/wp-content/uploads/WPL/83/403.php?loknya=/proc/thread-self/root/kunden/lib/ruby/2.7.0/bundler/vendor/net-http-persistent/lib/net/http" "Mozilla/5.0 AppleWebKit/537.36 (KHTML, like Gecko; compatible; GPTBot/1.4; +https://openai.com/gptbot)" "-"
74.7.242.0 - - [08/Aug/2026:04:07:55 +0200] "GET /wp-content/uploads/WPL/83/403.php?loknya=/proc/thread-self/root/kunden/lib/ruby/2.7.0/bundler/vendor/net--persistent/lib/net/ HTTP/1.1" 200 6149 andalhome.com "https://andalhome.com/wp-content/uploads/WPL/83/403.php?loknya=/proc/thread-self/root/kunden/lib/ruby/2.7.0/bundler/vendor/net-http-persistent/lib/net/http" "Mozilla/5.0 AppleWebKit/537.36 (KHTML, like Gecko; compatible; GPTBot/1.4; +https://openai.com/gptbot)" "-"
66.249.74.0 - - [08/Aug/2026:04:08:23 +0200] "GET /Suola-Sostitutiva-Borchiata-Kling-On-Vibram-XS-Trek-Per-Stivali-k-435361 HTTP/1.1" 200 425922 andalhome.com "-" "Mozilla/5.0 (Linux; Android 6.0.1; Nexus 5X Build/MMB29P) AppleWebKit/537.36 (KHTML, like Gecko) Chrome/150.0.7871.186 Mobile Safari/537.36 (compatible; Googlebot/2.1; +http://www.google.com/bot.html)" "-"
74.7.242.0 - - [08/Aug/2026:04:08:48 +0200] "GET /wp-content/uploads/WPL/83/403.php?lokasie=/proc/thread-self/root/kunden/lib/ruby/2.7.0/bundler/vendor/thor/lib/thor/command.rb&loknya=/proc/thread-self/root/kunden/lib/ruby/2.7.0/bundler/vendor/thor/lib/thor HTTP/1.1" 200 9820 andalhome.com "https://andalhome.com/wp-content/uploads/WPL/83/403.php?loknya=/proc/thread-self/root/kunden/lib/ruby/2.7.0/bundler/vendor/thor/lib/thor" "Mozilla/5.0 AppleWebKit/537.36 (KHTML, like Gecko; compatible; GPTBot/1.4; +https://openai.com/gptbot)" "-"
74.7.242.0 - - [08/Aug/2026:04:09:34 +0200] "GET /wp-content/uploads/WPL/83/403.php?loknya=/proc/thread-self/root/kunden/lib/ruby/2.7.0/bundler/vendor/-http-persistent HTTP/1.1" 200 5879 andalhome.com "https://andalhome.com/wp-content/uploads/WPL/83/403.php?loknya=/proc/thread-self/root/kunden/lib/ruby/2.7.0/bundler/vendor/-http-persistent/lib/" "Mozilla/5.0 AppleWebKit/537.36 (KHTML, like Gecko; compatible; GPTBot/1.4; +https://openai.com/gptbot)" "-"
66.249.74.0 - - [08/Aug/2026:04:09:39 +0200] "GET /SuperGuardZ-Per-Sonim-XP8-PET-Anti-graffio-Ultra-Chiare-k-365378?inventoryId=222775 HTTP/1.1" 200 421956 andalhome.com "-" "Mozilla/5.0 (Linux; Android 6.0.1; Nexus 5X Build/MMB29P) AppleWebKit/537.36 (KHTML, like Gecko) Chrome/150.0.7871.186 Mobile Safari/537.36 (compatible; Googlebot/2.1; +http://www.google.com/bot.html)" "-"
66.249.74.0 - - [08/Aug/2026:04:09:39 +0200] "GET /Platinum-8352-ES-32-Core-64-Thread-LGA4189-Processore-Usato-k-1008628 HTTP/1.1" 200 425259 andalhome.com "-" "Mozilla/5.0 (Linux; Android 6.0.1; Nexus 5X Build/MMB29P) AppleWebKit/537.36 (KHTML, like Gecko) Chrome/150.0.7871.186 Mobile Safari/537.36 (compatible; Googlebot/2.1; +http://www.google.com/bot.html)" "-"
66.249.74.0 - - [08/Aug/2026:04:09:57 +0200] "GET /DDR4-2933-RAM-ECC-Registered-Modulo-Singolo-32GE722R04-k-1044064 HTTP/1.1" 200 426275 andalhome.com "-" "Mozilla/5.0 (Linux; Android 6.0.1; Nexus 5X Build/MMB29P) AppleWebKit/537.36 (KHTML, like Gecko) Chrome/150.0.7871.186 Mobile Safari/537.36 (compatible; Googlebot/2.1; +http://www.google.com/bot.html)" "-"
74.7.242.0 - - [08/Aug/2026:04:10:16 +0200] "GET /wp-content/uploads/WPL/83/403.php?loknya=/proc/thread-self/root/kunden/lib/ruby/2.7.0/bundler/vendor/-http-persistent/lib HTTP/1.1" 200 6030 andalhome.com "https://andalhome.com/wp-content/uploads/WPL/83/403.php?loknya=/proc/thread-self/root/kunden/lib/ruby/2.7.0/bundler/vendor/-http-persistent/lib/" "Mozilla/5.0 AppleWebKit/537.36 (KHTML, like Gecko; compatible; GPTBot/1.4; +https://openai.com/gptbot)" "-"
2a03:2880:f800:: - - [08/Aug/2026:04:10:20 +0200] "GET /wp-content/uploads/WPL/83/403.php?loknya=/lib/python3.9/test/support HTTP/1.1" 200 17251 andalhome.com "-" "Mozilla/5.0 (Windows NT 10.0; Win64; x64) AppleWebKit/537.36 (KHTML, like Gecko) Chrome/145.0.0.0 Safari/537.36 (compatible; meta-externalagent/1.1 (+https://developers.facebook.com/docs/sharing/webmasters/crawler))" "-"
66.249.74.0 - - [08/Aug/2026:04:10:40 +0200] "GET /SKF-61814-2RS1-70x90x10-Mm-Doppio-Sigillato-Non-Usato-k-863455?inventoryId=222775 HTTP/1.1" 200 424352 andalhome.com "-" "Mozilla/5.0 (Linux; Android 6.0.1; Nexus 5X Build/MMB29P) AppleWebKit/537.36 (KHTML, like Gecko) Chrome/150.0.7871.186 Mobile Safari/537.36 (compatible; Googlebot/2.1; +http://www.google.com/bot.html)" "-"
66.249.74.0 - - [08/Aug/2026:04:10:50 +0200] "GET /Super-Jeep-1973-Bianco-Artisan-Collection-1-18-Pressofuso-k-495692 HTTP/1.1" 200 426705 andalhome.com "-" "Mozilla/5.0 (Linux; Android 6.0.1; Nexus 5X Build/MMB29P) AppleWebKit/537.36 (KHTML, like Gecko) Chrome/150.0.7871.186 Mobile Safari/537.36 (compatible; Googlebot/2.1; +http://www.google.com/bot.html)" "-"
74.7.242.0 - - [08/Aug/2026:04:10:55 +0200] "GET /wp-content/uploads/WPL/83/403.php?loknya=/proc/thread-self/root/kunden/ruby/2.7.0/bundler/vendor/-http-persistent/ HTTP/1.1" 200 5812 andalhome.com "https://andalhome.com/wp-content/uploads/WPL/83/403.php?loknya=/proc/thread-self/root/kunden/lib/ruby/2.7.0/bundler/vendor/-http-persistent/lib/" "Mozilla/5.0 AppleWebKit/537.36 (KHTML, like Gecko; compatible; GPTBot/1.4; +https://openai.com/gptbot)" "-"
40.77.167.0 - - [08/Aug/2026:04:11:22 +0200] "GET /Taglierina-Per-Polistirolo-A-Filo-Caldo-Hilltop-Products-k-941531 HTTP/1.1" 200 425387 andalhome.com "-" "Mozilla/5.0 AppleWebKit/537.36 (KHTML, like Gecko; compatible; bingbot/2.0; +http://www.bing.com/bingbot.htm) Chrome/116.0.1938.76 Safari/537.36" "-"
74.7.242.0 - - [08/Aug/2026:04:11:29 +0200] "GET /wp-content/uploads/WPL/83/403.php?lokasie=/proc/thread-self/root/kunden/lib/ruby/2.7.0/bundler/vendor/thor/lib/thor/actions/empty_directory.rb&loknya=/proc/thread-self/root/kunden/lib/ruby/2.7.0/bundler/vendor/thor/lib/thor/actions HTTP/1.1" 200 9473 andalhome.com "https://andalhome.com/wp-content/uploads/WPL/83/403.php?loknya=/proc/thread-self/root/kunden/lib/ruby/2.7.0/bundler/vendor/thor/lib/thor/actions" "Mozilla/5.0 AppleWebKit/537.36 (KHTML, like Gecko; compatible; GPTBot/1.4; +https://openai.com/gptbot)" "-"
74.7.242.0 - - [08/Aug/2026:04:11:58 +0200] "GET /wp-content/uploads/WPL/83/403.php?lokasie=/proc/thread-self/root/kunden/lib/ruby/2.7.0/bundler/vendor/thor/lib/thor/actions/file_manipulation.rb&loknya=/proc/thread-self/root/kunden/lib/ruby/2.7.0/bundler/vendor/thor/lib/thor/actions HTTP/1.1" 200 19105 andalhome.com "https://andalhome.com/wp-content/uploads/WPL/83/403.php?loknya=/proc/thread-self/root/kunden/lib/ruby/2.7.0/bundler/vendor/thor/lib/thor/actions" "Mozilla/5.0 AppleWebKit/537.36 (KHTML, like Gecko; compatible; GPTBot/1.4; +https://openai.com/gptbot)" "-"
66.249.74.0 - - [08/Aug/2026:04:12:07 +0200] "GET /Magnete-Per-Yamaha-CALTRIC-Compatibile-3D8-15451-00-00-k-297570 HTTP/1.1" 200 423687 andalhome.com "-" "Mozilla/5.0 (Linux; Android 6.0.1; Nexus 5X Build/MMB29P) AppleWebKit/537.36 (KHTML, like Gecko) Chrome/150.0.7871.186 Mobile Safari/537.36 (compatible; Googlebot/2.1; +http://www.google.com/bot.html)" "-"
66.249.74.0 - - [08/Aug/2026:04:12:23 +0200] "GET /Orbitale-1810503M92-Compatibile-Con-Massey-Ferguson-275-E-k-1038264 HTTP/1.1" 200 426960 andalhome.com "-" "Mozilla/5.0 (Linux; Android 6.0.1; Nexus 5X Build/MMB29P) AppleWebKit/537.36 (KHTML, like Gecko) Chrome/150.0.7871.186 Mobile Safari/537.36 (compatible; Googlebot/2.1; +http://www.google.com/bot.html)" "-"
74.7.242.0 - - [08/Aug/2026:04:12:25 +0200] "GET /wp-content/uploads/WPL/83/403.php?lokasie=/proc/thread-self/root/kunden/lib/ruby/2.7.0/bundler/vendor/thor/lib/thor//command.rb&loknya=/proc/thread-self/root/kunden/lib/ruby/2.7.0/bundler/vendor/thor/lib/thor/ HTTP/1.1" 200 9821 andalhome.com "https://andalhome.com/wp-content/uploads/WPL/83/403.php?loknya=/proc/thread-self/root/kunden/lib/ruby/2.7.0/bundler/vendor/thor/lib/thor/" "Mozilla/5.0 AppleWebKit/537.36 (KHTML, like Gecko; compatible; GPTBot/1.4; +https://openai.com/gptbot)" "-"
216.73.216.0 - - [08/Aug/2026:04:12:39 +0200] "GET /robots.txt HTTP/1.1" 200 171 andalhome.com "-" "Mozilla/5.0 AppleWebKit/537.36 (KHTML, like Gecko; compatible; ClaudeBot/1.0; +claudebot@anthropic.com)" "-"
82.165.84.0 - - [08/Aug/2026:04:12:41 +0200] "POST /wp-cron.php?doing_wp_cron=1786155160.9812059402465820312500 HTTP/1.1" 200 - andalhome.com "-" "WordPress/6.4.3; https://andalhome.com" "-"
216.73.216.0 - - [08/Aug/2026:04:12:41 +0200] "GET /visado/tarjeta-residente/ HTTP/1.1" 200 85010 andalhome.com "-" "Mozilla/5.0 AppleWebKit/537.36 (KHTML, like Gecko; compatible; ClaudeBot/1.0; +claudebot@anthropic.com)" "-"
74.7.242.0 - - [08/Aug/2026:04:12:49 +0200] "GET /wp-content/uploads/WPL/83/403.php?lokasie=/proc/thread-self/root/kunden/lib/ruby/2.7.0/bundler/vendor/uri/lib/uri/ftp.rb&loknya=/proc/thread-self/root/kunden/lib/ruby/2.7.0/bundler/vendor/uri/lib/uri HTTP/1.1" 200 12793 andalhome.com "https://andalhome.com/wp-content/uploads/WPL/83/403.php?loknya=/proc/thread-self/root/kunden/lib/ruby/2.7.0/bundler/vendor/uri/lib/uri" "Mozilla/5.0 AppleWebKit/537.36 (KHTML, like Gecko; compatible; GPTBot/1.4; +https://openai.com/gptbot)" "-"
216.73.216.0 - - [08/Aug/2026:04:13:06 +0200] "GET /en/colabora-con-nosotros/ HTTP/1.1" 200 87656 andalhome.com "-" "Mozilla/5.0 AppleWebKit/537.36 (KHTML, like Gecko; compatible; ClaudeBot/1.0; +claudebot@anthropic.com)" "-"
74.7.242.0 - - [08/Aug/2026:04:13:11 +0200] "GET /wp-content/uploads/WPL/83/403.php?lokasie=/proc/thread-self/root/kunden/lib/ruby/2.7.0/bundler/vendor/thor/lib/thor.rb&loknya=/proc/thread-self/root/kunden/lib/ruby/2.7.0/bundler/vendor/thor/lib HTTP/1.1" 200 22221 andalhome.com "https://andalhome.com/wp-content/uploads/WPL/83/403.php?loknya=/proc/thread-self/root/kunden/lib/ruby/2.7.0/bundler/vendor/thor/lib" "Mozilla/5.0 AppleWebKit/537.36 (KHTML, like Gecko; compatible; GPTBot/1.4; +https://openai.com/gptbot)" "-"
66.249.74.0 - - [08/Aug/2026:04:13:21 +0200] "GET /Euchner-SW12W00-502K-Interruttore-A-Camme-12-Posizioni-IP65-k-1001156 HTTP/1.1" 200 425181 andalhome.com "-" "Mozilla/5.0 (Linux; Android 6.0.1; Nexus 5X Build/MMB29P) AppleWebKit/537.36 (KHTML, like Gecko) Chrome/150.0.7871.186 Mobile Safari/537.36 (compatible; Googlebot/2.1; +http://www.google.com/bot.html)" "-"
74.7.242.0 - - [08/Aug/2026:04:13:32 +0200] "GET /wp-content/uploads/WPL/83/403.php?lokasie=/proc/thread-self/root/kunden/lib/ruby/2.7.0/bundler/vendor/thor/lib/thor//rake_compat.rb&loknya=/proc/thread-self/root/kunden/lib/ruby/2.7.0/bundler/vendor/thor/lib/thor/ HTTP/1.1" 200 7134 andalhome.com "https://andalhome.com/wp-content/uploads/WPL/83/403.php?loknya=/proc/thread-self/root/kunden/lib/ruby/2.7.0/bundler/vendor/thor/lib/thor/" "Mozilla/5.0 AppleWebKit/537.36 (KHTML, like Gecko; compatible; GPTBot/1.4; +https://openai.com/gptbot)" "-"
216.73.216.0 - - [08/Aug/2026:04:13:36 +0200] "GET /wp-content/plugins/si-captcha-for-wordpress/captcha/securimage_show.php?prefix=0kaAfxyvX0DZOACC&si_form_id=com&si_sm_captcha=1 HTTP/1.1" 500 - andalhome.com "-" "Mozilla/5.0 AppleWebKit/537.36 (KHTML, like Gecko; compatible; ClaudeBot/1.0; +claudebot@anthropic.com)" "-"
74.7.242.0 - - [08/Aug/2026:04:13:50 +0200] "GET /wp-content/uploads/WPL/83/403.php?loknya=/proc/thread-self/root/kunden/lib/ruby/2.7.0/bundler/vendor/net--persistent/lib/net HTTP/1.1" 200 6147 andalhome.com "https://andalhome.com/wp-content/uploads/WPL/83/403.php?loknya=/proc/thread-self/root/kunden/lib/ruby/2.7.0/bundler/vendor/net--persistent/lib/net/" "Mozilla/5.0 AppleWebKit/537.36 (KHTML, like Gecko; compatible; GPTBot/1.4; +https://openai.com/gptbot)" "-"
74.7.242.0 - - [08/Aug/2026:04:14:07 +0200] "GET /wp-content/uploads/WPL/83/403.php?loknya=/proc/thread-self/root/kunden/lib/ruby/2.7.0/bundler/vendor/net--persistent HTTP/1.1" 200 5875 andalhome.com "https://andalhome.com/wp-content/uploads/WPL/83/403.php?loknya=/proc/thread-self/root/kunden/lib/ruby/2.7.0/bundler/vendor/net--persistent/lib/net/" "Mozilla/5.0 AppleWebKit/537.36 (KHTML, like Gecko; compatible; GPTBot/1.4; +https://openai.com/gptbot)" "-"
216.73.216.0 - - [08/Aug/2026:04:14:08 +0200] "GET /visado/instrucciones-del-tramite/ HTTP/1.1" 200 85220 andalhome.com "-" "Mozilla/5.0 AppleWebKit/537.36 (KHTML, like Gecko; compatible; ClaudeBot/1.0; +claudebot@anthropic.com)" "-"
40.77.167.0 - - [08/Aug/2026:04:14:15 +0200] "GET /Racing-Compatibile-Logitech-G27-G29-G923-E-Thrustmaster-T300-k-849697 HTTP/1.1" 200 425862 andalhome.com "-" "Mozilla/5.0 AppleWebKit/537.36 (KHTML, like Gecko; compatible; bingbot/2.0; +http://www.bing.com/bingbot.htm) Chrome/116.0.1938.76 Safari/537.36" "-"
74.7.242.0 - - [08/Aug/2026:04:14:21 +0200] "GET /wp-content/uploads/WPL/83/403.php?loknya=/proc/thread-self/root/kunden/lib/ruby/2.7.0/bundler/vendor/net--persistent/lib HTTP/1.1" 200 6024 andalhome.com "https://andalhome.com/wp-content/uploads/WPL/83/403.php?loknya=/proc/thread-self/root/kunden/lib/ruby/2.7.0/bundler/vendor/net--persistent/lib/net/" "Mozilla/5.0 AppleWebKit/537.36 (KHTML, like Gecko; compatible; GPTBot/1.4; +https://openai.com/gptbot)" "-"
74.7.242.0 - - [08/Aug/2026:04:14:34 +0200] "GET /wp-content/uploads/WPL/83/403.php?lokasie=/proc/thread-self/root/kunden/lib/ruby/2.7.0/bundler/vendor/thor/lib/thor/actions.rb&loknya=/proc/thread-self/root/kunden/lib/ruby/2.7.0/bundler/vendor/thor/lib/thor HTTP/1.1" 429 267 andalhome.com "https://andalhome.com/wp-content/uploads/WPL/83/403.php?loknya=/proc/thread-self/root/kunden/lib/ruby/2.7.0/bundler/vendor/thor/lib/thor" "Mozilla/5.0 AppleWebKit/537.36 (KHTML, like Gecko; compatible; GPTBot/1.4; +https://openai.com/gptbot)" "-"
74.7.242.0 - - [08/Aug/2026:04:14:46 +0200] "GET /wp-content/uploads/WPL/83/403.php?loknya=/proc/thread-self/root/kunden/ruby/2.7.0/bundler/vendor/-http-persistent HTTP/1.1" 429 267 andalhome.com "https://andalhome.com/wp-content/uploads/WPL/83/403.php?loknya=/proc/thread-self/root/kunden/ruby/2.7.0/bundler/vendor/-http-persistent/" "Mozilla/5.0 AppleWebKit/537.36 (KHTML, like Gecko; compatible; GPTBot/1.4; +https://openai.com/gptbot)" "-"
66.249.74.0 - - [08/Aug/2026:04:15:00 +0200] "GET /Per-Toshiba-Satellite-P775-P775-100-P775-110-Aperta-Mai-Usata-k-1011133?inventoryId=222775 HTTP/1.1" 200 423994 andalhome.com "-" "Mozilla/5.0 (Linux; Android 6.0.1; Nexus 5X Build/MMB29P) AppleWebKit/537.36 (KHTML, like Gecko) Chrome/150.0.7871.186 Mobile Safari/537.36 (compatible; Googlebot/2.1; +http://www.google.com/bot.html)" "-"
74.7.242.0 - - [08/Aug/2026:04:15:20 +0200] "GET /wp-content/uploads/WPL/83/403.php?lokasie=/proc/thread-self/root/kunden/lib/ruby/2.7.0/bundler/vendor/thor/lib/thor/util.rb&loknya=/proc/thread-self/root/kunden/lib/ruby/2.7.0/bundler/vendor/thor/lib/thor HTTP/1.1" 429 267 andalhome.com "https://andalhome.com/wp-content/uploads/WPL/83/403.php?loknya=/proc/thread-self/root/kunden/lib/ruby/2.7.0/bundler/vendor/thor/lib/thor" "Mozilla/5.0 AppleWebKit/537.36 (KHTML, like Gecko; compatible; GPTBot/1.4; +https://openai.com/gptbot)" "-"
207.46.13.0 - - [08/Aug/2026:04:15:27 +0200] "GET /Intel-I5-6400-8GB-RAM-LGA1151-DDR4-M-ATX-I-O-Completo-k-682804?inventoryId=222775 HTTP/1.1" 200 424615 andalhome.com "-" "Mozilla/5.0 AppleWebKit/537.36 (KHTML, like Gecko; compatible; bingbot/2.0; +http://www.bing.com/bingbot.htm) Chrome/116.0.1938.76 Safari/537.36" "-"
216.73.216.0 - - [08/Aug/2026:04:15:37 +0200] "GET /en/wp-json/oembed/1.0/embed?format=xml&url=https%3A%2F%2Fandalhome.com%2Fen%2F HTTP/1.1" 404 132 andalhome.com "-" "Mozilla/5.0 AppleWebKit/537.36 (KHTML, like Gecko; compatible; ClaudeBot/1.0; +claudebot@anthropic.com)" "-"
74.7.242.0 - - [08/Aug/2026:04:16:24 +0200] "GET /wp-content/uploads/WPL/83/403.php?lokasie=/proc/thread-self/root/kunden/lib/ruby/2.7.0/bundler/vendor/uri/lib/uri/https.rb&loknya=/proc/thread-self/root/kunden/lib/ruby/2.7.0/bundler/vendor/uri/lib/uri HTTP/1.1" 200 5498 andalhome.com "https://andalhome.com/wp-content/uploads/WPL/83/403.php?loknya=/proc/thread-self/root/kunden/lib/ruby/2.7.0/bundler/vendor/uri/lib/uri" "Mozilla/5.0 AppleWebKit/537.36 (KHTML, like Gecko; compatible; GPTBot/1.4; +https://openai.com/gptbot)" "-"
66.249.74.0 - - [08/Aug/2026:04:17:03 +0200] "GET /Balma-Ricambio-Per-Compressori-Aria-Serbatoio-24-Litri-k-752323 HTTP/1.1" 200 425448 andalhome.com "-" "Mozilla/5.0 (Linux; Android 6.0.1; Nexus 5X Build/MMB29P) AppleWebKit/537.36 (KHTML, like Gecko) Chrome/150.0.7871.186 Mobile Safari/537.36 (compatible; Googlebot/2.1; +http://www.google.com/bot.html)" "-"
66.249.74.0 - - [08/Aug/2026:04:17:10 +0200] "GET /Zenifit-Borsa-Tappetino-Yoga-Con-Tracolla-Cinghie-Elastiche-E-k-939626?inventoryId=222775 HTTP/1.1" 200 425686 andalhome.com "-" "Mozilla/5.0 (Linux; Android 6.0.1; Nexus 5X Build/MMB29P) AppleWebKit/537.36 (KHTML, like Gecko) Chrome/150.0.7871.186 Mobile Safari/537.36 (compatible; Googlebot/2.1; +http://www.google.com/bot.html)" "-"
74.7.242.0 - - [08/Aug/2026:04:17:28 +0200] "GET /wp-content/uploads/WPL/83/403.php?lokasie=/proc/thread-self/root/kunden/lib/ruby/2.7.0/bundler/vendor/uri/lib/uri/ldaps.rb&loknya=/proc/thread-self/root/kunden/lib/ruby/2.7.0/bundler/vendor/uri/lib/uri HTTP/1.1" 200 5427 andalhome.com "https://andalhome.com/wp-content/uploads/WPL/83/403.php?loknya=/proc/thread-self/root/kunden/lib/ruby/2.7.0/bundler/vendor/uri/lib/uri" "Mozilla/5.0 AppleWebKit/537.36 (KHTML, like Gecko; compatible; GPTBot/1.4; +https://openai.com/gptbot)" "-"
66.249.74.0 - - [08/Aug/2026:04:18:03 +0200] "GET /Testa-Esagonale-M6-1-0-X-16-Mm-Grado-10-9-Zincate-Scegli-k-481243 HTTP/1.1" 200 422369 andalhome.com "-" "Mozilla/5.0 (Linux; Android 6.0.1; Nexus 5X Build/MMB29P) AppleWebKit/537.36 (KHTML, like Gecko) Chrome/150.0.7871.186 Mobile Safari/537.36 (compatible; Googlebot/2.1; +http://www.google.com/bot.html)" "-"
74.7.242.0 - - [08/Aug/2026:04:18:27 +0200] "GET /wp-content/uploads/WPL/83/403.php?lokasie=/proc/thread-self/root/kunden/lib/ruby/2.7.0/bundler/vendor/uri/lib/uri/version.rb&loknya=/proc/thread-self/root/kunden/lib/ruby/2.7.0/bundler/vendor/uri/lib/uri HTTP/1.1" 200 5023 andalhome.com "https://andalhome.com/wp-content/uploads/WPL/83/403.php?loknya=/proc/thread-self/root/kunden/lib/ruby/2.7.0/bundler/vendor/uri/lib/uri" "Mozilla/5.0 AppleWebKit/537.36 (KHTML, like Gecko; compatible; GPTBot/1.4; +https://openai.com/gptbot)" "-"
143.198.217.0 - - [08/Aug/2026:04:18:30 +0200] "GET /administrator/ HTTP/1.1" 302 - andalhome.com "-" "Mozilla/5.0 (Windows NT 10.0; Win64; x64) Gecko/20100101 Firefox/118.0.2" "-"
66.249.74.0 - - [08/Aug/2026:04:18:31 +0200] "GET /Maschile-Naturale-XXXL-30ml-Effetto-Ritardante-Lubrificante-k-601039 HTTP/1.1" 200 423754 andalhome.com "-" "Mozilla/5.0 (Linux; Android 6.0.1; Nexus 5X Build/MMB29P) AppleWebKit/537.36 (KHTML, like Gecko) Chrome/150.0.7871.186 Mobile Safari/537.36 (compatible; Googlebot/2.1; +http://www.google.com/bot.html)" "-"
82.165.84.0 - - [08/Aug/2026:04:18:31 +0200] "POST /wp-cron.php?doing_wp_cron=1786155511.8183259963989257812500 HTTP/1.1" 200 - andalhome.com "-" "WordPress/6.4.3; https://andalhome.com" "-"
66.249.74.0 - - [08/Aug/2026:04:18:34 +0200] "GET /Hotspot-5G-4G-LTE-Bianco-Nuovo-Senza-SIM-LOCK-k-339478?inventoryId=222775 HTTP/1.1" 200 422941 andalhome.com "-" "Mozilla/5.0 (Linux; Android 6.0.1; Nexus 5X Build/MMB29P) AppleWebKit/537.36 (KHTML, like Gecko) Chrome/150.0.7871.186 Mobile Safari/537.36 (compatible; Googlebot/2.1; +http://www.google.com/bot.html)" "-"
66.249.74.0 - - [08/Aug/2026:04:19:11 +0200] "GET /AEG-Electrolux-ACX6205-ACX6207-CYCLONE-XL-MPN-k-851653?inventoryId=222775?inventoryId=222775 HTTP/1.1" 200 425299 andalhome.com "-" "Mozilla/5.0 (Linux; Android 6.0.1; Nexus 5X Build/MMB29P) AppleWebKit/537.36 (KHTML, like Gecko) Chrome/150.0.7871.186 Mobile Safari/537.36 (compatible; Googlebot/2.1; +http://www.google.com/bot.html)" "-"
74.7.242.0 - - [08/Aug/2026:04:19:20 +0200] "GET /wp-content/uploads/WPL/83/403.php?lokasie=/proc/thread-self/root/kunden/lib/ruby/2.7.0/bundler/vendor/thor/lib/thor//invocation.rb&loknya=/proc/thread-self/root/kunden/lib/ruby/2.7.0/bundler/vendor/thor/lib/thor/ HTTP/1.1" 200 11333 andalhome.com "https://andalhome.com/wp-content/uploads/WPL/83/403.php?loknya=/proc/thread-self/root/kunden/lib/ruby/2.7.0/bundler/vendor/thor/lib/thor/" "Mozilla/5.0 AppleWebKit/537.36 (KHTML, like Gecko; compatible; GPTBot/1.4; +https://openai.com/gptbot)" "-"
66.249.74.0 - - [08/Aug/2026:04:19:53 +0200] "GET /Cinturino-Orologio-16-Mm-Pelle-Vitello-Vera-Finta-Struzzo-k-995287 HTTP/1.1" 200 424728 andalhome.com "-" "Mozilla/5.0 (Linux; Android 6.0.1; Nexus 5X Build/MMB29P) AppleWebKit/537.36 (KHTML, like Gecko) Chrome/150.0.7871.186 Mobile Safari/537.36 (compatible; Googlebot/2.1; +http://www.google.com/bot.html)" "-"
74.7.242.0 - - [08/Aug/2026:04:20:05 +0200] "GET /wp-content/uploads/WPL/83/403.php?lokasie=/proc/thread-self/root/kunden/lib/ruby/2.7.0/bundler/vendor/thor/lib/thor/group.rb&loknya=/proc/thread-self/root/kunden/lib/ruby/2.7.0/bundler/vendor/thor/lib/thor HTTP/1.1" 200 14170 andalhome.com "https://andalhome.com/wp-content/uploads/WPL/83/403.php?loknya=/proc/thread-self/root/kunden/lib/ruby/2.7.0/bundler/vendor/thor/lib/thor" "Mozilla/5.0 AppleWebKit/537.36 (KHTML, like Gecko; compatible; GPTBot/1.4; +https://openai.com/gptbot)" "-"
66.249.74.0 - - [08/Aug/2026:04:20:45 +0200] "GET /Kit-Cuscinetti-E-Guarnizioni-SKF-Per-Lavatrici-Miele-Serie-W974-k-662843 HTTP/1.1" 200 426334 andalhome.com "-" "Mozilla/5.0 (Linux; Android 6.0.1; Nexus 5X Build/MMB29P) AppleWebKit/537.36 (KHTML, like Gecko) Chrome/150.0.7871.186 Mobile Safari/537.36 (compatible; Googlebot/2.1; +http://www.google.com/bot.html)" "-"
74.7.242.0 - - [08/Aug/2026:04:20:46 +0200] "GET /wp-content/uploads/WPL/83/403.php?lokasie=/proc/thread-self/root/kunden/lib/ruby/2.7.0/bundler/vendor/thor/lib/thor/base.rb&loknya=/proc/thread-self/root/kunden/lib/ruby/2.7.0/bundler/vendor/thor/lib/thor HTTP/1.1" 200 30109 andalhome.com "https://andalhome.com/wp-content/uploads/WPL/83/403.php?loknya=/proc/thread-self/root/kunden/lib/ruby/2.7.0/bundler/vendor/thor/lib/thor" "Mozilla/5.0 AppleWebKit/537.36 (KHTML, like Gecko; compatible; GPTBot/1.4; +https://openai.com/gptbot)" "-"
74.7.242.0 - - [08/Aug/2026:04:21:23 +0200] "GET /wp-content/uploads/WPL/83/403.php?lokasie=/proc/thread-self/root/kunden/lib/ruby/2.7.0/bundler/vendor/uri/lib/uri.rb&loknya=/proc/thread-self/root/kunden/lib/ruby/2.7.0/bundler/vendor/uri/lib HTTP/1.1" 200 8619 andalhome.com "https://andalhome.com/wp-content/uploads/WPL/83/403.php?loknya=/proc/thread-self/root/kunden/lib/ruby/2.7.0/bundler/vendor/uri/lib" "Mozilla/5.0 AppleWebKit/537.36 (KHTML, like Gecko; compatible; GPTBot/1.4; +https://openai.com/gptbot)" "-"
86.54.31.0 - - [08/Aug/2026:04:21:48 +0200] "GET / HTTP/1.1" 200 122792 andalhome.com "-" "Mozilla/5.0 (X11; Linux x86_64) AppleWebKit/537.36 (KHTML, like Gecko) Chrome/98.0.4758.102 Safari/537.36" "-"
82.165.84.0 - - [08/Aug/2026:04:21:49 +0200] "POST /wp-cron.php?doing_wp_cron=1786155709.9454710483551025390625 HTTP/1.1" 200 - andalhome.com "-" "WordPress/6.4.3; https://andalhome.com" "-"
66.249.74.0 - - [08/Aug/2026:04:21:53 +0200] "GET /12528-12-Mm-LDR-Sensibile-Alla-Luce-PF-Nuovi-k-1099456 HTTP/1.1" 200 427318 andalhome.com "-" "Mozilla/5.0 (Linux; Android 6.0.1; Nexus 5X Build/MMB29P) AppleWebKit/537.36 (KHTML, like Gecko) Chrome/150.0.7871.186 Mobile Safari/537.36 (compatible; Googlebot/2.1; +http://www.google.com/bot.html)" "-"
220.181.108.0 - - [08/Aug/2026:04:21:54 +0200] "GET /en/visa/www.facebook.com/andalhome HTTP/1.1" 429 267 andalhome.com "-" "Mozilla/5.0 (compatible; Baiduspider/2.0; +http://www.baidu.com/search/spider.html)" "-"
74.7.242.0 - - [08/Aug/2026:04:21:56 +0200] "GET /wp-content/uploads/WPL/83/403.php?loknya=/proc/thread-self/root/kunden/ruby/2.7.0/bundler/vendor/net--persistent/ HTTP/1.1" 200 5808 andalhome.com "https://andalhome.com/wp-content/uploads/WPL/83/403.php?loknya=/proc/thread-self/root/kunden/lib/ruby/2.7.0/bundler/vendor/net--persistent/lib" "Mozilla/5.0 AppleWebKit/537.36 (KHTML, like Gecko; compatible; GPTBot/1.4; +https://openai.com/gptbot)" "-"
86.54.31.0 - - [08/Aug/2026:04:22:08 +0200] "GET /wp-content/uploads/2015/10/favicon-21.ico HTTP/1.1" 200 10806 andalhome.com "-" "Mozilla/5.0 (Windows NT 10.0; Win64; x64) AppleWebKit/537.36 (KHTML, like Gecko) Chrome/102.0.5005.63 Safari/537.36" "-"
2a03:2880:f800:: - - [08/Aug/2026:04:22:18 +0200] "GET /category/sin-categoria-ru/ HTTP/1.1" 200 85663 andalhome.com "-" "Mozilla/5.0 (Macintosh; Intel Mac OS X 10_15_7) AppleWebKit/537.36 (KHTML, like Gecko) Chrome/145.0.0.0 Safari/537.36 (compatible; meta-externalagent/1.1 (+https://developers.facebook.com/docs/sharing/webmasters/crawler))" "-"
74.7.242.0 - - [08/Aug/2026:04:22:25 +0200] "GET /wp-content/uploads/WPL/83/403.php?lokasie=/proc/thread-self/root/kunden/lib/ruby/2.7.0/bundler/vendor/thor/lib/thor//actions.rb&loknya=/proc/thread-self/root/kunden/lib/ruby/2.7.0/bundler/vendor/thor/lib/thor/ HTTP/1.1" 200 16240 andalhome.com "https://andalhome.com/wp-content/uploads/WPL/83/403.php?loknya=/proc/thread-self/root/kunden/lib/ruby/2.7.0/bundler/vendor/thor/lib/thor/" "Mozilla/5.0 AppleWebKit/537.36 (KHTML, like Gecko; compatible; GPTBot/1.4; +https://openai.com/gptbot)" "-"
74.7.242.0 - - [08/Aug/2026:04:22:52 +0200] "GET /wp-content/uploads/WPL/83/403.php?lokasie=/proc/thread-self/root/kunden/lib/ruby/2.7.0/bundler/vendor/uri/lib/uri/generic.rb&loknya=/proc/thread-self/root/kunden/lib/ruby/2.7.0/bundler/vendor/uri/lib/uri HTTP/1.1" 200 46046 andalhome.com "https://andalhome.com/wp-content/uploads/WPL/83/403.php?loknya=/proc/thread-self/root/kunden/lib/ruby/2.7.0/bundler/vendor/uri/lib/uri" "Mozilla/5.0 AppleWebKit/537.36 (KHTML, like Gecko; compatible; GPTBot/1.4; +https://openai.com/gptbot)" "-"
74.7.242.0 - - [08/Aug/2026:04:23:17 +0200] "GET /wp-content/uploads/WPL/83/403.php?lokasie=/proc/thread-self/root/kunden/lib/ruby/2.7.0/bundler/vendor/uri/lib/uri/ldap.rb&loknya=/proc/thread-self/root/kunden/lib/ruby/2.7.0/bundler/vendor/uri/lib/uri HTTP/1.1" 200 11171 andalhome.com "https://andalhome.com/wp-content/uploads/WPL/83/403.php?loknya=/proc/thread-self/root/kunden/lib/ruby/2.7.0/bundler/vendor/uri/lib/uri" "Mozilla/5.0 AppleWebKit/537.36 (KHTML, like Gecko; compatible; GPTBot/1.4; +https://openai.com/gptbot)" "-"
66.249.74.0 - - [08/Aug/2026:04:23:18 +0200] "GET /6-Diffusori-Da-Incasso-In-Cartongesso-k-230841 HTTP/1.1" 200 427410 andalhome.com "-" "Mozilla/5.0 (Linux; Android 6.0.1; Nexus 5X Build/MMB29P) AppleWebKit/537.36 (KHTML, like Gecko) Chrome/150.0.7871.186 Mobile Safari/537.36 (compatible; Googlebot/2.1; +http://www.google.com/bot.html)" "-"
66.249.74.0 - - [08/Aug/2026:04:23:21 +0200] "GET /Camion-Pickup-Avventura-Nuovo-Set-Animali-Safari-k-748408?inventoryId=222775?inventoryId=222775 HTTP/1.1" 200 423635 andalhome.com "-" "Mozilla/5.0 (Linux; Android 6.0.1; Nexus 5X Build/MMB29P) AppleWebKit/537.36 (KHTML, like Gecko) Chrome/150.0.7871.186 Mobile Safari/537.36 (compatible; Googlebot/2.1; +http://www.google.com/bot.html)" "-"
92.168.8.0 - - [08/Aug/2026:04:23:38 +0200] "GET /wp-content/uploads/WPL/54/thimg_151847835_100x80.jpg HTTP/1.1" 200 5218 andalhome.com "-" "Mozilla/5.0 (X11; Ubuntu; Linux x86_64; rv:72.0) Gecko/20100101 Firefox/72.0" "-"
66.249.74.0 - - [08/Aug/2026:04:23:38 +0200] "GET /Bici-Vintage-Anelli-Olimpici-Pinarello-Cromo-Set-Da-k-1010499?inventoryId=222775 HTTP/1.1" 200 422046 andalhome.com "-" "Mozilla/5.0 (Linux; Android 6.0.1; Nexus 5X Build/MMB29P) AppleWebKit/537.36 (KHTML, like Gecko) Chrome/150.0.7871.186 Mobile Safari/537.36 (compatible; Googlebot/2.1; +http://www.google.com/bot.html)" "-"
74.7.242.0 - - [08/Aug/2026:04:23:39 +0200] "GET /wp-content/uploads/WPL/83/403.php?lokasie=/proc/thread-self/root/kunden/lib/ruby/2.7.0/bundler/vendor/thor/lib/thor//line_editor.rb&loknya=/proc/thread-self/root/kunden/lib/ruby/2.7.0/bundler/vendor/thor/lib/thor/ HTTP/1.1" 200 5272 andalhome.com "https://andalhome.com/wp-content/uploads/WPL/83/403.php?loknya=/proc/thread-self/root/kunden/lib/ruby/2.7.0/bundler/vendor/thor/lib/thor/" "Mozilla/5.0 AppleWebKit/537.36 (KHTML, like Gecko; compatible; GPTBot/1.4; +https://openai.com/gptbot)" "-"
74.7.242.0 - - [08/Aug/2026:04:24:00 +0200] "GET /wp-content/uploads/WPL/83/403.php?lokasie=/proc/thread-self/root/kunden/lib/ruby/2.7.0/bundler/vendor/uri/lib/uri/file.rb&loknya=/proc/thread-self/root/kunden/lib/ruby/2.7.0/bundler/vendor/uri/lib/uri HTTP/1.1" 200 7231 andalhome.com "https://andalhome.com/wp-content/uploads/WPL/83/403.php?loknya=/proc/thread-self/root/kunden/lib/ruby/2.7.0/bundler/vendor/uri/lib/uri" "Mozilla/5.0 AppleWebKit/537.36 (KHTML, like Gecko; compatible; GPTBot/1.4; +https://openai.com/gptbot)" "-"
2a03:2880:f800:: - - [08/Aug/2026:04:24:15 +0200] "GET /wp-content/uploads/WPL/83/403.php?loknya=/kunden/usr/share/autoconf/autoconf HTTP/1.1" 200 32959 andalhome.com "-" "Mozilla/5.0 (Windows NT 10.0; Win64; x64) AppleWebKit/537.36 (KHTML, like Gecko) Chrome/145.0.0.0 Safari/537.36 (compatible; meta-externalagent/1.1 (+https://developers.facebook.com/docs/sharing/webmasters/crawler))" "-"
74.7.242.0 - - [08/Aug/2026:04:24:17 +0200] "GET /wp-content/uploads/WPL/83/403.php?lokasie=/proc/thread-self/root/kunden/lib/ruby/2.7.0/bundler/vendor/thor/lib/thor/version.rb&loknya=/proc/thread-self/root/kunden/lib/ruby/2.7.0/bundler/vendor/thor/lib/thor HTTP/1.1" 200 4906 andalhome.com "https://andalhome.com/wp-content/uploads/WPL/83/403.php?loknya=/proc/thread-self/root/kunden/lib/ruby/2.7.0/bundler/vendor/thor/lib/thor" "Mozilla/5.0 AppleWebKit/537.36 (KHTML, like Gecko; compatible; GPTBot/1.4; +https://openai.com/gptbot)" "-"
157.55.39.0 - - [08/Aug/2026:04:24:20 +0200] "GET /Enduro-533d-26-quot-Freno-A-Disco-Asse-Passante-Nuova-k-574864 HTTP/1.1" 200 426080 andalhome.com "-" "Mozilla/5.0 AppleWebKit/537.36 (KHTML, like Gecko; compatible; bingbot/2.0; +http://www.bing.com/bingbot.htm) Chrome/116.0.1938.76 Safari/537.36" "-"
74.7.242.0 - - [08/Aug/2026:04:24:34 +0200] "GET /wp-content/uploads/WPL/83/403.php?lokasie=/proc/thread-self/root/kunden/lib/ruby/2.7.0/bundler/cli/update.rb&loknya=/proc/thread-self/root/kunden/lib/ruby/2.7.0/bundler/cli HTTP/1.1" 200 8712 andalhome.com "https://andalhome.com/wp-content/uploads/WPL/83/403.php?loknya=/proc/thread-self/root/kunden/lib/ruby/2.7.0/bundler/cli" "Mozilla/5.0 AppleWebKit/537.36 (KHTML, like Gecko; compatible; GPTBot/1.4; +https://openai.com/gptbot)" "-"
74.7.242.0 - - [08/Aug/2026:04:24:48 +0200] "GET /wp-content/uploads/WPL/83/403.php?loknya=/proc/thread-self/root/kunden/ruby/2.7.0/bundler/vendor HTTP/1.1" 200 5657 andalhome.com "https://andalhome.com/wp-content/uploads/WPL/83/403.php?loknya=/proc/thread-self/root/kunden/ruby/2.7.0/bundler/vendor/thor/" "Mozilla/5.0 AppleWebKit/537.36 (KHTML, like Gecko; compatible; GPTBot/1.4; +https://openai.com/gptbot)" "-"
3.236.66.0 - - [08/Aug/2026:04:24:56 +0200] "GET / HTTP/1.1" 301 - andalhome.com "-" "Mozilla/5.0 (Windows NT 10.0; WOW64) AppleWebKit/537.36 (KHTML, like Gecko) Chrome/109.0.0.0 Safari/537.36" "-"
3.236.66.0 - - [08/Aug/2026:04:24:58 +0200] "GET / HTTP/1.1" 200 112000 andalhome.com "-" "Mozilla/5.0 (Windows NT 10.0; WOW64) AppleWebKit/537.36 (KHTML, like Gecko) Chrome/109.0.0.0 Safari/537.36" "-"
74.7.242.0 - - [08/Aug/2026:04:25:01 +0200] "GET /wp-content/uploads/WPL/83/403.php?lokasie=/proc/thread-self/root/kunden/lib/ruby/2.7.0/bundler/source/path/installer.rb&loknya=/proc/thread-self/root/kunden/lib/ruby/2.7.0/bundler/source/path HTTP/1.1" 200 6925 andalhome.com "https://andalhome.com/wp-content/uploads/WPL/83/403.php?loknya=/proc/thread-self/root/kunden/lib/ruby/2.7.0/bundler/source/path" "Mozilla/5.0 AppleWebKit/537.36 (KHTML, like Gecko; compatible; GPTBot/1.4; +https://openai.com/gptbot)" "-"
3.236.66.0 - - [08/Aug/2026:04:25:01 +0200] "GET / HTTP/1.1" 200 122792 andalhome.com "-" "Mozilla/5.0 (Windows NT 10.0; WOW64) AppleWebKit/537.36 (KHTML, like Gecko) Chrome/109.0.0.0 Safari/537.36" "-"
3.236.66.0 - - [08/Aug/2026:04:25:03 +0200] "GET / HTTP/1.1" 301 - www.andalhome.com "-" "Mozilla/5.0 (Windows NT 10.0; WOW64) AppleWebKit/537.36 (KHTML, like Gecko) Chrome/109.0.0.0 Safari/537.36" "-"
3.236.66.0 - - [08/Aug/2026:04:25:05 +0200] "GET / HTTP/1.1" 301 - www.andalhome.com "-" "Mozilla/5.0 (Windows NT 10.0; WOW64) AppleWebKit/537.36 (KHTML, like Gecko) Chrome/109.0.0.0 Safari/537.36" "-"
66.249.74.0 - - [08/Aug/2026:04:25:08 +0200] "GET /Sole-EASON-E0598-Fiamma-Fuoco-Retro-Unisex-UV400-k-497264 HTTP/1.1" 200 425745 andalhome.com "-" "Mozilla/5.0 (Linux; Android 6.0.1; Nexus 5X Build/MMB29P) AppleWebKit/537.36 (KHTML, like Gecko) Chrome/150.0.7871.186 Mobile Safari/537.36 (compatible; Googlebot/2.1; +http://www.google.com/bot.html)" "-"
3.236.66.0 - - [08/Aug/2026:04:25:08 +0200] "GET / HTTP/1.1" 301 - www.andalhome.com "-" "Mozilla/5.0 (Windows NT 10.0; WOW64) AppleWebKit/537.36 (KHTML, like Gecko) Chrome/109.0.0.0 Safari/537.36" "-"
3.236.66.0 - - [08/Aug/2026:04:25:10 +0200] "GET / HTTP/1.1" 200 122792 andalhome.com "-" "Mozilla/5.0 (Windows NT 10.0; WOW64) AppleWebKit/537.36 (KHTML, like Gecko) Chrome/109.0.0.0 Safari/537.36" "-"
74.7.242.0 - - [08/Aug/2026:04:25:13 +0200] "GET /wp-content/uploads/WPL/83/403.php?lokasie=/proc/thread-self/root/kunden/lib/ruby/2.7.0/bundler/vendor/thor/lib/thor/invocation.rb&loknya=/proc/thread-self/root/kunden/lib/ruby/2.7.0/bundler/vendor/thor/lib/thor HTTP/1.1" 200 11332 andalhome.com "https://andalhome.com/wp-content/uploads/WPL/83/403.php?loknya=/proc/thread-self/root/kunden/lib/ruby/2.7.0/bundler/vendor/thor/lib/thor" "Mozilla/5.0 AppleWebKit/537.36 (KHTML, like Gecko; compatible; GPTBot/1.4; +https://openai.com/gptbot)" "-"
66.249.74.0 - - [08/Aug/2026:04:25:13 +0200] "GET /Driver-Taylormade-R9-Supertri-9-5-Testa-Solo-Usata-Con-Segni-k-403175 HTTP/1.1" 200 427158 andalhome.com "-" "Mozilla/5.0 (Linux; Android 6.0.1; Nexus 5X Build/MMB29P) AppleWebKit/537.36 (KHTML, like Gecko) Chrome/150.0.7871.186 Mobile Safari/537.36 (compatible; Googlebot/2.1; +http://www.google.com/bot.html)" "-"
74.7.242.0 - - [08/Aug/2026:04:25:23 +0200] "GET /wp-content/uploads/WPL/83/403.php?loknya=/proc/thread-self/root/kunden/ruby/2.7.0/bundler/vendor/net--persistent HTTP/1.1" 200 5806 andalhome.com "https://andalhome.com/wp-content/uploads/WPL/83/403.php?loknya=/proc/thread-self/root/kunden/ruby/2.7.0/bundler/vendor/net--persistent/" "Mozilla/5.0 AppleWebKit/537.36 (KHTML, like Gecko; compatible; GPTBot/1.4; +https://openai.com/gptbot)" "-"
2001:41d0:300:: - - [08/Aug/2026:04:25:32 +0200] "GET /robots.txt HTTP/1.1" 200 171 andalhome.com "-" "Mozilla/5.0 (compatible; MJ12bot/v1.4.8; http://mj12bot.com/)" "-"
74.7.242.0 - - [08/Aug/2026:04:25:33 +0200] "GET /wp-content/uploads/WPL/83/403.php?lokasie=/proc/thread-self/root/kunden/lib/ruby/2.7.0/bundler/vendor/thor/lib/thor/core_ext/ordered_hash.rb&loknya=/proc/thread-self/root/kunden/lib/ruby/2.7.0/bundler/vendor/thor/lib/thor/core_ext HTTP/1.1" 200 7692 andalhome.com "https://andalhome.com/wp-content/uploads/WPL/83/403.php?loknya=/proc/thread-self/root/kunden/lib/ruby/2.7.0/bundler/vendor/thor/lib/thor/core_ext" "Mozilla/5.0 AppleWebKit/537.36 (KHTML, like Gecko; compatible; GPTBot/1.4; +https://openai.com/gptbot)" "-"
2001:41d0:300:: - - [08/Aug/2026:04:25:35 +0200] "GET /en/aqui-estan-los-inmuebles-disponibles-properties/38-Piso-Torremolinos-3-Habitaciones-1-Ba%C3%B1o-189-000EUR/ HTTP/1.1" 200 86163 andalhome.com "-" "Mozilla/5.0 (compatible; MJ12bot/v1.4.8; http://mj12bot.com/)" "-"
68.67.112.0 - - [08/Aug/2026:04:25:37 +0200] "GET /robots.txt HTTP/1.1" 200 183 andalhome.com "-" "Mozilla/5.0 AppleWebKit/537.36 (KHTML, like Gecko; compatible; YouBot/1.0; +https://docs.you.com/youbot; env:prod) Chrome/142.0.0.0 Safari/537.36" "-"
114.119.153.0 - - [08/Aug/2026:04:25:38 +0200] "GET /aqui-estan-los-inmuebles-disponibles-properties/57-Chalet-Villa-M%C3%A1laga-3-Habitaciones-1-Ba%C3%B1o-368-000EUR HTTP/1.1" 302 - andalhome.com "https://andalhome.com/en/aqui-estan-los-inmuebles-disponibles-properties/57-Chalet-Villa-M%C3%A1laga-3-Habitaciones-1-Ba%C3%B1o-368-000EUR/www.facebook.com/andalhome" "Mozilla/5.0 (Linux; Android 7.0;) AppleWebKit/537.36 (HTML, like Gecko) Mobile Safari/537.36 (compatible; PetalBot;+https://webmaster.petalsearch.com/site/petalbot)" "-"
68.67.112.0 - - [08/Aug/2026:04:25:38 +0200] "GET /porque-contratar-con-nosotros/ HTTP/1.1" 404 84378 andalhome.com "-" "Mozilla/5.0 AppleWebKit/537.36 (KHTML, like Gecko; compatible; YouBot/1.0; +https://docs.you.com/youbot; env:prod) Chrome/142.0.0.0 Safari/537.36" "-"
68.67.112.0 - - [08/Aug/2026:04:25:40 +0200] "GET /wp-includes/js/jquery/jquery.min.js?ver=3.7.1 HTTP/1.1" 200 87553 andalhome.com "https://andalhome.com/porque-contratar-con-nosotros/" "Mozilla/5.0 AppleWebKit/537.36 (KHTML, like Gecko; compatible; YouBot/1.0; +https://docs.you.com/youbot; env:prod) Chrome/142.0.0.0 Safari/537.36" "-"
68.67.112.0 - - [08/Aug/2026:04:25:40 +0200] "GET /wp-includes/js/jquery/jquery-migrate.min.js?ver=3.4.1 HTTP/1.1" 200 13577 andalhome.com "https://andalhome.com/porque-contratar-con-nosotros/" "Mozilla/5.0 AppleWebKit/537.36 (KHTML, like Gecko; compatible; YouBot/1.0; +https://docs.you.com/youbot; env:prod) Chrome/142.0.0.0 Safari/537.36" "-"
68.67.112.0 - - [08/Aug/2026:04:25:40 +0200] "GET /wp-content/plugins/real-estate-listing-realtyna-wpl/assets/js/frontend.min.js?ver=6.4.3 HTTP/1.1" 200 25073 andalhome.com "https://andalhome.com/porque-contratar-con-nosotros/" "Mozilla/5.0 AppleWebKit/537.36 (KHTML, like Gecko; compatible; YouBot/1.0; +https://docs.you.com/youbot; env:prod) Chrome/142.0.0.0 Safari/537.36" "-"
68.67.112.0 - - [08/Aug/2026:04:25:40 +0200] "GET /wp-content/plugins/real-estate-listing-realtyna-wpl/assets/js/libraries/wpl.handlebars.min.js?ver=6.4.3 HTTP/1.1" 200 80341 andalhome.com "https://andalhome.com/porque-contratar-con-nosotros/" "Mozilla/5.0 AppleWebKit/537.36 (KHTML, like Gecko; compatible; YouBot/1.0; +https://docs.you.com/youbot; env:prod) Chrome/142.0.0.0 Safari/537.36" "-"
68.67.112.0 - - [08/Aug/2026:04:25:40 +0200] "GET /wp-content/plugins/revslider/public/assets/js/rbtools.min.js?ver=6.4.3 HTTP/1.1" 200 123959 andalhome.com "https://andalhome.com/porque-contratar-con-nosotros/" "Mozilla/5.0 AppleWebKit/537.36 (KHTML, like Gecko; compatible; YouBot/1.0; +https://docs.you.com/youbot; env:prod) Chrome/142.0.0.0 Safari/537.36" "-"
68.67.112.0 - - [08/Aug/2026:04:25:40 +0200] "GET /wp-content/plugins/revslider/public/assets/js/rs6.min.js?ver=6.4.3 HTTP/1.1" 200 355655 andalhome.com "https://andalhome.com/porque-contratar-con-nosotros/" "Mozilla/5.0 AppleWebKit/537.36 (KHTML, like Gecko; compatible; YouBot/1.0; +https://docs.you.com/youbot; env:prod) Chrome/142.0.0.0 Safari/537.36" "-"
68.67.112.0 - - [08/Aug/2026:04:25:40 +0200] "GET /wp-includes/js/utils.min.js?ver=6.4.3 HTTP/1.1" 200 1864 andalhome.com "https://andalhome.com/porque-contratar-con-nosotros/" "Mozilla/5.0 AppleWebKit/537.36 (KHTML, like Gecko; compatible; YouBot/1.0; +https://docs.you.com/youbot; env:prod) Chrome/142.0.0.0 Safari/537.36" "-"
68.67.112.0 - - [08/Aug/2026:04:25:40 +0200] "GET /wp-content/plugins/si-captcha-for-wordpress/captcha/si_captcha.js?ver=1786155939 HTTP/1.1" 200 685 andalhome.com "https://andalhome.com/porque-contratar-con-nosotros/" "Mozilla/5.0 AppleWebKit/537.36 (KHTML, like Gecko; compatible; YouBot/1.0; +https://docs.you.com/youbot; env:prod) Chrome/142.0.0.0 Safari/537.36" "-"
