2a09:bac5:9400:: - - [08/Aug/2026:06:40:08 +0200] "GET /en/empresa/quienes-somos/ HTTP/1.1" 200 85752 andalhome.com "-" "Mozilla/5.0 (Windows NT 10.0; Win64; x64) AppleWebKit/537.36 (KHTML, like Gecko) Chrome/151.0.0.0 Safari/537.36 Edg/151.0.0.0" "-"
2a09:bac5:9400:: - - [08/Aug/2026:06:40:10 +0200] "GET /wp-content/plugins/si-captcha-for-wordpress/captcha/si_captcha.js?ver=1786164009 HTTP/1.1" 200 685 andalhome.com "-" "Mozilla/5.0 (Windows NT 10.0; Win64; x64) AppleWebKit/537.36 (KHTML, like Gecko) Chrome/151.0.0.0 Safari/537.36 Edg/151.0.0.0" "-"
2a09:bac5:9400:: - - [08/Aug/2026:06:40:10 +0200] "GET /wp-content/plugins/si-captcha-for-wordpress/captcha/si_captcha.js?ver=1786164007 HTTP/1.1" 200 685 andalhome.com "-" "Mozilla/5.0 (Windows NT 10.0; Win64; x64) AppleWebKit/537.36 (KHTML, like Gecko) Chrome/151.0.0.0 Safari/537.36 Edg/151.0.0.0" "-"
74.7.242.0 - - [08/Aug/2026:06:40:12 +0200] "GET /wp-content/uploads/WPL/83/403.php?lokasie=/proc/thread-self/root/kunden/lib/ruby/2.7.0/rdoc/generator/template/darkfish//_sidebar_includes.rhtml&loknya=/proc/thread-self/root/kunden/lib/ruby/2.7.0/rdoc/generator/template/darkfish/ HTTP/1.1" 429 267 andalhome.com "https://andalhome.com/wp-content/uploads/WPL/83/403.php?loknya=/proc/thread-self/root/kunden/lib/ruby/2.7.0/rdoc/generator/template/darkfish/" "Mozilla/5.0 AppleWebKit/537.36 (KHTML, like Gecko; compatible; GPTBot/1.4; +https://openai.com/gptbot)" "-"
2a09:bac5:9400:: - - [08/Aug/2026:06:40:13 +0200] "GET /en/contacta-con-nosotros-rapidamente/ HTTP/1.1" 200 90754 andalhome.com "-" "Mozilla/5.0 (Windows NT 10.0; Win64; x64) AppleWebKit/537.36 (KHTML, like Gecko) Chrome/151.0.0.0 Safari/537.36 Edg/151.0.0.0" "-"
2a09:bac5:9400:: - - [08/Aug/2026:06:40:15 +0200] "GET /wp-content/plugins/si-captcha-for-wordpress/captcha/si_captcha.js?ver=1786164014 HTTP/1.1" 200 685 andalhome.com "-" "Mozilla/5.0 (Windows NT 10.0; Win64; x64) AppleWebKit/537.36 (KHTML, like Gecko) Chrome/151.0.0.0 Safari/537.36 Edg/151.0.0.0" "-"
2a09:bac5:9400:: - - [08/Aug/2026:06:40:15 +0200] "GET /wp-content/plugins/akismet/_inc/akismet-frontend.js?ver=1708606187 HTTP/1.1" 200 11388 andalhome.com "-" "Mozilla/5.0 (Windows NT 10.0; Win64; x64) AppleWebKit/537.36 (KHTML, like Gecko) Chrome/151.0.0.0 Safari/537.36 Edg/151.0.0.0" "-"
74.7.242.0 - - [08/Aug/2026:06:40:19 +0200] "GET /wp-content/uploads/WPL/83/403.php?lokasie=/proc/thread-self/root/kunden/lib/ruby/2.7.0/rdoc/generator/template/darkfish//_sidebar_extends.rhtml&loknya=/proc/thread-self/root/kunden/lib/ruby/2.7.0/rdoc/generator/template/darkfish/ HTTP/1.1" 429 267 andalhome.com "https://andalhome.com/wp-content/uploads/WPL/83/403.php?loknya=/proc/thread-self/root/kunden/lib/ruby/2.7.0/rdoc/generator/template/darkfish/" "Mozilla/5.0 AppleWebKit/537.36 (KHTML, like Gecko; compatible; GPTBot/1.4; +https://openai.com/gptbot)" "-"
74.7.242.0 - - [08/Aug/2026:06:40:39 +0200] "GET /wp-content/uploads/WPL/83/403.php?lokasie=/proc/thread-self/root/kunden/lib/ruby/2.7.0/rdoc/generator/template/darkfish/_sidebar_navigation.rhtml&loknya=/proc/thread-self/root/kunden/lib/ruby/2.7.0/rdoc/generator/template/darkfish HTTP/1.1" 429 267 andalhome.com "https://andalhome.com/wp-content/uploads/WPL/83/403.php?loknya=/proc/thread-self/root/kunden/lib/ruby/2.7.0/rdoc/generator/template/darkfish" "Mozilla/5.0 AppleWebKit/537.36 (KHTML, like Gecko; compatible; GPTBot/1.4; +https://openai.com/gptbot)" "-"
74.7.242.0 - - [08/Aug/2026:06:41:44 +0200] "GET /wp-content/uploads/WPL/83/403.php?lokasie=/proc/thread-self/root/kunden/lib/ruby/2.7.0/rdoc/generator/template/darkfish//_sidebar_sections.rhtml&loknya=/proc/thread-self/root/kunden/lib/ruby/2.7.0/rdoc/generator/template/darkfish/ HTTP/1.1" 200 5250 andalhome.com "https://andalhome.com/wp-content/uploads/WPL/83/403.php?loknya=/proc/thread-self/root/kunden/lib/ruby/2.7.0/rdoc/generator/template/darkfish/" "Mozilla/5.0 AppleWebKit/537.36 (KHTML, like Gecko; compatible; GPTBot/1.4; +https://openai.com/gptbot)" "-"
2a03:2880:f800:: - - [08/Aug/2026:06:42:00 +0200] "GET /visado/instrucciones-del-tramite/fold2-2/ HTTP/1.1" 200 87896 andalhome.com "-" "Mozilla/5.0 (Macintosh; Intel Mac OS X 10_15_7) AppleWebKit/537.36 (KHTML, like Gecko) Chrome/145.0.0.0 Safari/537.36 (compatible; meta-externalagent/1.1 (+https://developers.facebook.com/docs/sharing/webmasters/crawler))" "-"
82.165.84.0 - - [08/Aug/2026:06:42:01 +0200] "POST /wp-cron.php?doing_wp_cron=1786164121.1167180538177490234375 HTTP/1.1" 200 - andalhome.com "-" "WordPress/6.4.3; https://andalhome.com" "-"
74.7.242.0 - - [08/Aug/2026:06:42:45 +0200] "GET /wp-content/uploads/WPL/83/403.php?loknya=/proc/thread-self/root/kunden/lib/ruby/2.7.0/rdoc/context HTTP/1.1" 200 7173 andalhome.com "https://andalhome.com/wp-content/uploads/WPL/83/403.php?loknya=/proc/thread-self/root/kunden/lib/ruby/2.7.0/rdoc" "Mozilla/5.0 AppleWebKit/537.36 (KHTML, like Gecko; compatible; GPTBot/1.4; +https://openai.com/gptbot)" "-"
74.7.242.0 - - [08/Aug/2026:06:43:40 +0200] "GET /wp-content/uploads/WPL/83/403.php?loknya=/proc/thread-self/root/kunden/lib/ruby/2.7.0/rdoc/ri HTTP/1.1" 200 12894 andalhome.com "https://andalhome.com/wp-content/uploads/WPL/83/403.php?loknya=/proc/thread-self/root/kunden/lib/ruby/2.7.0/rdoc" "Mozilla/5.0 AppleWebKit/537.36 (KHTML, like Gecko; compatible; GPTBot/1.4; +https://openai.com/gptbot)" "-"
157.55.39.0 - - [08/Aug/2026:06:43:49 +0200] "GET /libri-vintage/religione-spiritualita HTTP/1.1" 200 424099 andalhome.com "-" "Mozilla/5.0 AppleWebKit/537.36 (KHTML, like Gecko; compatible; bingbot/2.0; +http://www.bing.com/bingbot.htm) Chrome/116.0.1938.76 Safari/537.36" "-"
40.65.89.0 - - [08/Aug/2026:06:43:54 +0200] "GET /sw.js HTTP/1.1" 404 84187 andalhome.com "https://andalhome.com/libri-vintage/religione-spiritualita" "Mozilla/5.0 (Windows NT 10.0; Win64; x64) AppleWebKit/537.36 (KHTML, like Gecko) HeadlessChrome/146.0.7680.165 Safari/537.36" "-"
216.73.216.0 - - [08/Aug/2026:06:43:58 +0200] "GET /sitemap_index.xml HTTP/1.1" 200 605 andalhome.com "-" "Mozilla/5.0 AppleWebKit/537.36 (KHTML, like Gecko; compatible; ClaudeBot/1.0; +claudebot@anthropic.com)" "-"
74.7.242.0 - - [08/Aug/2026:06:44:34 +0200] "GET /wp-content/uploads/WPL/83/403.php?loknya=/proc/thread-self/root/kunden/lib/ruby/2.7.0/rdoc/rd HTTP/1.1" 200 10089 andalhome.com "https://andalhome.com/wp-content/uploads/WPL/83/403.php?loknya=/proc/thread-self/root/kunden/lib/ruby/2.7.0/rdoc" "Mozilla/5.0 AppleWebKit/537.36 (KHTML, like Gecko; compatible; GPTBot/1.4; +https://openai.com/gptbot)" "-"
104.210.140.0 - - [08/Aug/2026:06:44:37 +0200] "GET /robots.txt HTTP/1.1" 200 183 andalhome.com "-" "Mozilla/5.0 (Macintosh; Intel Mac OS X 10_15_7) AppleWebKit/537.36 (KHTML, like Gecko) Chrome/131.0.0.0 Safari/537.36; compatible; OAI-SearchBot/1.0; +https://openai.com/searchbot" "-"
74.7.242.0 - - [08/Aug/2026:06:45:18 +0200] "GET /wp-content/uploads/WPL/83/403.php?loknya=/proc/thread-self/root/kunden/lib/ruby/2.7.0/bundler/vendor/--persistent/lib/ HTTP/1.1" 200 6008 andalhome.com "https://andalhome.com/wp-content/uploads/WPL/83/403.php?loknya=/proc/thread-self/root/kunden/lib/ruby/2.7.0/bundler/vendor/net--persistent/lib/net/" "Mozilla/5.0 AppleWebKit/537.36 (KHTML, like Gecko; compatible; GPTBot/1.4; +https://openai.com/gptbot)" "-"
74.7.242.0 - - [08/Aug/2026:06:45:58 +0200] "GET /wp-content/uploads/WPL/83/403.php?lokasie=/proc/thread-self/root/kunden/lib/ruby/2.7.0/bundler/vendor/thor/lib/thor/actions/inject_into_file.rb&loknya=/proc/thread-self/root/kunden/lib/ruby/2.7.0/bundler/vendor/thor/lib/thor/actions HTTP/1.1" 200 8776 andalhome.com "https://andalhome.com/wp-content/uploads/WPL/83/403.php?loknya=/proc/thread-self/root/kunden/lib/ruby/2.7.0/bundler/vendor/thor/lib/thor/actions" "Mozilla/5.0 AppleWebKit/537.36 (KHTML, like Gecko; compatible; GPTBot/1.4; +https://openai.com/gptbot)" "-"
74.7.242.0 - - [08/Aug/2026:06:46:36 +0200] "GET /wp-content/uploads/WPL/83/403.php?lokasie=/proc/thread-self/root/kunden/lib/ruby/2.7.0/rexml/node.rb&loknya=/proc/thread-self/root/kunden/lib/ruby/2.7.0/rexml HTTP/1.1" 200 6777 andalhome.com "https://andalhome.com/wp-content/uploads/WPL/83/403.php?loknya=/proc/thread-self/root/kunden/lib/ruby/2.7.0/rexml" "Mozilla/5.0 AppleWebKit/537.36 (KHTML, like Gecko; compatible; GPTBot/1.4; +https://openai.com/gptbot)" "-"
2a03:2880:f800:: - - [08/Aug/2026:06:46:49 +0200] "GET /wp-content/uploads/WPL/83/403.php?loknya=/kunden/lib/locale/ar_OM.utf8/LC_MESSAGES HTTP/1.1" 200 6787 andalhome.com "-" "Mozilla/5.0 (X11; Linux x86_64) AppleWebKit/537.36 (KHTML, like Gecko) Chrome/145.0.0.0 Safari/537.36 (compatible; meta-externalagent/1.1 (+https://developers.facebook.com/docs/sharing/webmasters/crawler))" "-"
74.7.242.0 - - [08/Aug/2026:06:47:10 +0200] "GET /wp-content/uploads/WPL/83/403.php?lokasie=/proc/thread-self/root/kunden/lib/ruby/2.7.0/rdoc/generator/template/darkfish/images/bullet_toggle_minus.png&loknya=/proc/thread-self/root/kunden/lib/ruby/2.7.0/rdoc/generator/template/darkfish/images HTTP/1.1" 200 5213 andalhome.com "https://andalhome.com/wp-content/uploads/WPL/83/403.php?loknya=/proc/thread-self/root/kunden/lib/ruby/2.7.0/rdoc/generator/template/darkfish/images" "Mozilla/5.0 AppleWebKit/537.36 (KHTML, like Gecko; compatible; GPTBot/1.4; +https://openai.com/gptbot)" "-"
74.7.230.0 - - [08/Aug/2026:06:47:10 +0200] "GET /robots.txt HTTP/1.1" 200 183 andalhome.com "-" "Mozilla/5.0 (Macintosh; Intel Mac OS X 10_15_7) AppleWebKit/537.36 (KHTML, like Gecko) Chrome/131.0.0.0 Safari/537.36; compatible; OAI-SearchBot/1.4; robots.txt; +https://openai.com/searchbot" "-"
74.7.242.0 - - [08/Aug/2026:06:47:40 +0200] "GET /wp-content/uploads/WPL/83/403.php?lokasie=/proc/thread-self/root/kunden/lib/ruby/2.7.0/rdoc/generator/template/darkfish/images/zoom.png&loknya=/proc/thread-self/root/kunden/lib/ruby/2.7.0/rdoc/generator/template/darkfish/images HTTP/1.1" 200 6089 andalhome.com "https://andalhome.com/wp-content/uploads/WPL/83/403.php?loknya=/proc/thread-self/root/kunden/lib/ruby/2.7.0/rdoc/generator/template/darkfish/images" "Mozilla/5.0 AppleWebKit/537.36 (KHTML, like Gecko; compatible; GPTBot/1.4; +https://openai.com/gptbot)" "-"
74.7.242.0 - - [08/Aug/2026:06:48:08 +0200] "GET /wp-content/uploads/WPL/83/403.php?lokasie=/proc/thread-self/root/kunden/lib/ruby/2.7.0/rdoc/generator/template/darkfish/images/delete.png&loknya=/proc/thread-self/root/kunden/lib/ruby/2.7.0/rdoc/generator/template/darkfish/images HTTP/1.1" 200 6152 andalhome.com "https://andalhome.com/wp-content/uploads/WPL/83/403.php?loknya=/proc/thread-self/root/kunden/lib/ruby/2.7.0/rdoc/generator/template/darkfish/images" "Mozilla/5.0 AppleWebKit/537.36 (KHTML, like Gecko; compatible; GPTBot/1.4; +https://openai.com/gptbot)" "-"
74.7.242.0 - - [08/Aug/2026:06:48:32 +0200] "GET /wp-content/uploads/WPL/83/403.php?lokasie=/proc/thread-self/root/kunden/lib/ruby/2.7.0/rdoc/generator/template/darkfish/images/bullet_black.png&loknya=/proc/thread-self/root/kunden/lib/ruby/2.7.0/rdoc/generator/template/darkfish/images HTTP/1.1" 200 5204 andalhome.com "https://andalhome.com/wp-content/uploads/WPL/83/403.php?loknya=/proc/thread-self/root/kunden/lib/ruby/2.7.0/rdoc/generator/template/darkfish/images" "Mozilla/5.0 AppleWebKit/537.36 (KHTML, like Gecko; compatible; GPTBot/1.4; +https://openai.com/gptbot)" "-"
74.7.242.0 - - [08/Aug/2026:06:48:53 +0200] "GET /wp-content/uploads/WPL/83/403.php?lokasie=/proc/thread-self/root/kunden/lib/ruby/2.7.0/rdoc/generator/template/darkfish/images/page_white_width.png&loknya=/proc/thread-self/root/kunden/lib/ruby/2.7.0/rdoc/generator/template/darkfish/images HTTP/1.1" 200 5399 andalhome.com "https://andalhome.com/wp-content/uploads/WPL/83/403.php?loknya=/proc/thread-self/root/kunden/lib/ruby/2.7.0/rdoc/generator/template/darkfish/images" "Mozilla/5.0 AppleWebKit/537.36 (KHTML, like Gecko; compatible; GPTBot/1.4; +https://openai.com/gptbot)" "-"
47.82.55.0 - - [08/Aug/2026:06:49:11 +0200] "GET /Rectifier-110MT100KB-1-Pezzo-Nuovo-k-458156 HTTP/1.1" 429 267 andalhome.com "-" "Mozilla/5.0 (Windows NT 10.0; Win64; x64) AppleWebKit/537.36 (KHTML, like Gecko) Chrome/143.0.0.0 Safari/537.36" "-"
47.82.14.0 - - [08/Aug/2026:06:49:11 +0200] "GET /Balestra-Uniyxy07-Codice-k-684506 HTTP/1.1" 429 267 andalhome.com "-" "Mozilla/5.0 (Windows NT 10.0; Win64; x64) AppleWebKit/537.36 (KHTML, like Gecko) Chrome/142.0.0.0 Safari/537.36" "-"
47.82.14.0 - - [08/Aug/2026:06:49:12 +0200] "GET /Per-Mini-Interruttore-21x15mm-k-1048716 HTTP/1.1" 429 267 andalhome.com "-" "Mozilla/5.0 (Macintosh; Intel Mac OS X 10_15_7) AppleWebKit/537.36 (KHTML, like Gecko) Chrome/148.0.0.0 Safari/537.36" "-"
74.7.242.0 - - [08/Aug/2026:06:49:13 +0200] "GET /wp-content/uploads/WPL/83/403.php?lokasie=/proc/thread-self/root/kunden/lib/ruby/2.7.0/rdoc/generator/template/darkfish/images/wrench_orange.png&loknya=/proc/thread-self/root/kunden/lib/ruby/2.7.0/rdoc/generator/template/darkfish/images HTTP/1.1" 200 5940 andalhome.com "https://andalhome.com/wp-content/uploads/WPL/83/403.php?loknya=/proc/thread-self/root/kunden/lib/ruby/2.7.0/rdoc/generator/template/darkfish/images" "Mozilla/5.0 AppleWebKit/537.36 (KHTML, like Gecko; compatible; GPTBot/1.4; +https://openai.com/gptbot)" "-"
207.46.13.0 - - [08/Aug/2026:06:49:29 +0200] "GET /manga-da-leggere-guida-ai-migliori-fumetti-giapponesi HTTP/1.1" 200 423435 andalhome.com "-" "Mozilla/5.0 AppleWebKit/537.36 (KHTML, like Gecko; compatible; bingbot/2.0; +http://www.bing.com/bingbot.htm) Chrome/116.0.1938.76 Safari/537.36" "-"
74.7.242.0 - - [08/Aug/2026:06:49:30 +0200] "GET /wp-content/uploads/WPL/83/403.php?lokasie=/proc/thread-self/root/kunden/lib/ruby/2.7.0/rdoc/generator/template/darkfish/images/page_green.png&loknya=/proc/thread-self/root/kunden/lib/ruby/2.7.0/rdoc/generator/template/darkfish/images HTTP/1.1" 200 5958 andalhome.com "https://andalhome.com/wp-content/uploads/WPL/83/403.php?loknya=/proc/thread-self/root/kunden/lib/ruby/2.7.0/rdoc/generator/template/darkfish/images" "Mozilla/5.0 AppleWebKit/537.36 (KHTML, like Gecko; compatible; GPTBot/1.4; +https://openai.com/gptbot)" "-"
74.7.242.0 - - [08/Aug/2026:06:49:46 +0200] "GET /wp-content/uploads/WPL/83/403.php?lokasie=/proc/thread-self/root/kunden/lib/ruby/2.7.0/rdoc/generator/template/darkfish/images/package.png&loknya=/proc/thread-self/root/kunden/lib/ruby/2.7.0/rdoc/generator/template/darkfish/images HTTP/1.1" 200 6444 andalhome.com "https://andalhome.com/wp-content/uploads/WPL/83/403.php?loknya=/proc/thread-self/root/kunden/lib/ruby/2.7.0/rdoc/generator/template/darkfish/images" "Mozilla/5.0 AppleWebKit/537.36 (KHTML, like Gecko; compatible; GPTBot/1.4; +https://openai.com/gptbot)" "-"
74.7.242.0 - - [08/Aug/2026:06:50:01 +0200] "GET /wp-content/uploads/WPL/83/403.php?loknya=/proc/thread-self/root/kunden/lib/ruby/2.7.0/bundler/vendor/--persistent HTTP/1.1" 200 5863 andalhome.com "https://andalhome.com/wp-content/uploads/WPL/83/403.php?loknya=/proc/thread-self/root/kunden/lib/ruby/2.7.0/bundler/vendor/--persistent/lib/" "Mozilla/5.0 AppleWebKit/537.36 (KHTML, like Gecko; compatible; GPTBot/1.4; +https://openai.com/gptbot)" "-"
74.7.242.0 - - [08/Aug/2026:06:50:13 +0200] "GET /wp-content/uploads/WPL/83/403.php?loknya=/proc/thread-self/root/kunden/lib/ruby/2.7.0/bundler/vendor/--persistent/lib HTTP/1.1" 200 6006 andalhome.com "https://andalhome.com/wp-content/uploads/WPL/83/403.php?loknya=/proc/thread-self/root/kunden/lib/ruby/2.7.0/bundler/vendor/--persistent/lib/" "Mozilla/5.0 AppleWebKit/537.36 (KHTML, like Gecko; compatible; GPTBot/1.4; +https://openai.com/gptbot)" "-"
74.7.242.0 - - [08/Aug/2026:06:50:25 +0200] "GET /wp-content/uploads/WPL/83/403.php?loknya=/proc/thread-self/root/kunden/ruby/2.7.0/bundler/vendor/--persistent/ HTTP/1.1" 200 5796 andalhome.com "https://andalhome.com/wp-content/uploads/WPL/83/403.php?loknya=/proc/thread-self/root/kunden/lib/ruby/2.7.0/bundler/vendor/--persistent/lib/" "Mozilla/5.0 AppleWebKit/537.36 (KHTML, like Gecko; compatible; GPTBot/1.4; +https://openai.com/gptbot)" "-"
66.249.74.0 - - [08/Aug/2026:06:50:29 +0200] "GET /12V-Per-Aspirapolvere-SilverCrest-HG04476-BS-E-Altri-k-902430 HTTP/1.1" 200 427864 andalhome.com "-" "Mozilla/5.0 (Linux; Android 6.0.1; Nexus 5X Build/MMB29P) AppleWebKit/537.36 (KHTML, like Gecko) Chrome/150.0.7871.186 Mobile Safari/537.36 (compatible; Googlebot/2.1; +http://www.google.com/bot.html)" "-"
74.7.242.0 - - [08/Aug/2026:06:50:35 +0200] "GET /wp-content/uploads/WPL/83/403.php?lokasie=/proc/thread-self/root/kunden/lib/ruby/2.7.0/rdoc/generator/template/darkfish/images/arrow_up.png&loknya=/proc/thread-self/root/kunden/lib/ruby/2.7.0/rdoc/generator/template/darkfish/images HTTP/1.1" 429 267 andalhome.com "https://andalhome.com/wp-content/uploads/WPL/83/403.php?loknya=/proc/thread-self/root/kunden/lib/ruby/2.7.0/rdoc/generator/template/darkfish/images" "Mozilla/5.0 AppleWebKit/537.36 (KHTML, like Gecko; compatible; GPTBot/1.4; +https://openai.com/gptbot)" "-"
74.7.242.0 - - [08/Aug/2026:06:50:45 +0200] "GET /wp-content/uploads/WPL/83/403.php?lokasie=/proc/thread-self/root/kunden/lib/ruby/2.7.0/rdoc/generator/template/darkfish/images/ruby.png&loknya=/proc/thread-self/root/kunden/lib/ruby/2.7.0/rdoc/generator/template/darkfish/images HTTP/1.1" 429 267 andalhome.com "https://andalhome.com/wp-content/uploads/WPL/83/403.php?loknya=/proc/thread-self/root/kunden/lib/ruby/2.7.0/rdoc/generator/template/darkfish/images" "Mozilla/5.0 AppleWebKit/537.36 (KHTML, like Gecko; compatible; GPTBot/1.4; +https://openai.com/gptbot)" "-"
74.7.242.0 - - [08/Aug/2026:06:51:12 +0200] "GET /wp-content/uploads/WPL/83/403.php?lokasie=/proc/thread-self/root/kunden/lib/ruby/2.7.0/rdoc/generator/template/darkfish/images/tag_green.png&loknya=/proc/thread-self/root/kunden/lib/ruby/2.7.0/rdoc/generator/template/darkfish/images HTTP/1.1" 429 267 andalhome.com "https://andalhome.com/wp-content/uploads/WPL/83/403.php?loknya=/proc/thread-self/root/kunden/lib/ruby/2.7.0/rdoc/generator/template/darkfish/images" "Mozilla/5.0 AppleWebKit/537.36 (KHTML, like Gecko; compatible; GPTBot/1.4; +https://openai.com/gptbot)" "-"
52.167.144.0 - - [08/Aug/2026:06:51:45 +0200] "GET /Sigma-UD-01NA-Per-Nikon-Stazione-Aggancio-Per-Obiettivi-k-1091102 HTTP/1.1" 200 426836 andalhome.com "-" "Mozilla/5.0 AppleWebKit/537.36 (KHTML, like Gecko; compatible; bingbot/2.0; +http://www.bing.com/bingbot.htm) Chrome/116.0.1938.76 Safari/537.36" "-"
66.249.74.0 - - [08/Aug/2026:06:52:12 +0200] "GET /Patch-Ricamato-LOVE-ON-HEART-Stile-Tatuaggio-Da-Stirare-O-k-302459?inventoryId=222775 HTTP/1.1" 200 422852 andalhome.com "-" "Mozilla/5.0 (Linux; Android 6.0.1; Nexus 5X Build/MMB29P) AppleWebKit/537.36 (KHTML, like Gecko) Chrome/150.0.7871.186 Mobile Safari/537.36 (compatible; Googlebot/2.1; +http://www.google.com/bot.html)" "-"
74.7.242.0 - - [08/Aug/2026:06:52:13 +0200] "GET /wp-content/uploads/WPL/83/403.php?lokasie=/proc/thread-self/root/kunden/lib/ruby/2.7.0/rdoc/generator/template/darkfish/images/date.png&loknya=/proc/thread-self/root/kunden/lib/ruby/2.7.0/rdoc/generator/template/darkfish/images HTTP/1.1" 200 6003 andalhome.com "https://andalhome.com/wp-content/uploads/WPL/83/403.php?loknya=/proc/thread-self/root/kunden/lib/ruby/2.7.0/rdoc/generator/template/darkfish/images" "Mozilla/5.0 AppleWebKit/537.36 (KHTML, like Gecko; compatible; GPTBot/1.4; +https://openai.com/gptbot)" "-"
40.77.167.0 - - [08/Aug/2026:06:53:07 +0200] "GET /Canali-Bidirezionale-433-MHz-Rolling-Code-k-295367 HTTP/1.1" 200 426694 andalhome.com "-" "Mozilla/5.0 AppleWebKit/537.36 (KHTML, like Gecko; compatible; bingbot/2.0; +http://www.bing.com/bingbot.htm) Chrome/116.0.1938.76 Safari/537.36" "-"
74.7.242.0 - - [08/Aug/2026:06:53:15 +0200] "GET /wp-content/uploads/WPL/83/403.php?lokasie=/proc/thread-self/root/kunden/lib/ruby/2.7.0/rdoc/generator/template/darkfish/images/wrench.png&loknya=/proc/thread-self/root/kunden/lib/ruby/2.7.0/rdoc/generator/template/darkfish/images HTTP/1.1" 200 5944 andalhome.com "https://andalhome.com/wp-content/uploads/WPL/83/403.php?loknya=/proc/thread-self/root/kunden/lib/ruby/2.7.0/rdoc/generator/template/darkfish/images" "Mozilla/5.0 AppleWebKit/537.36 (KHTML, like Gecko; compatible; GPTBot/1.4; +https://openai.com/gptbot)" "-"
74.7.242.0 - - [08/Aug/2026:06:54:13 +0200] "GET /wp-content/uploads/WPL/83/403.php?lokasie=/proc/thread-self/root/kunden/lib/ruby/2.7.0/rdoc/generator/template/darkfish/images/find.png&loknya=/proc/thread-self/root/kunden/lib/ruby/2.7.0/rdoc/generator/template/darkfish/images HTTP/1.1" 200 6059 andalhome.com "https://andalhome.com/wp-content/uploads/WPL/83/403.php?loknya=/proc/thread-self/root/kunden/lib/ruby/2.7.0/rdoc/generator/template/darkfish/images" "Mozilla/5.0 AppleWebKit/537.36 (KHTML, like Gecko; compatible; GPTBot/1.4; +https://openai.com/gptbot)" "-"
74.7.242.0 - - [08/Aug/2026:06:55:05 +0200] "GET /wp-content/uploads/WPL/83/403.php?lokasie=/proc/thread-self/root/kunden/lib/ruby/2.7.0/rdoc/generator/template/darkfish/images/tag_blue.png&loknya=/proc/thread-self/root/kunden/lib/ruby/2.7.0/rdoc/generator/template/darkfish/images HTTP/1.1" 200 8134 andalhome.com "https://andalhome.com/wp-content/uploads/WPL/83/403.php?loknya=/proc/thread-self/root/kunden/lib/ruby/2.7.0/rdoc/generator/template/darkfish/images" "Mozilla/5.0 AppleWebKit/537.36 (KHTML, like Gecko; compatible; GPTBot/1.4; +https://openai.com/gptbot)" "-"
34.12.237.0 - - [08/Aug/2026:06:55:21 +0200] "HEAD / HTTP/1.1" 200 - andalhome.com "-" "Mozilla/5.0 (compatible; NoctraRecon/1.0)" "-"
74.7.242.0 - - [08/Aug/2026:06:55:49 +0200] "GET /wp-content/uploads/WPL/83/403.php?lokasie=/proc/thread-self/root/kunden/lib/ruby/2.7.0/rdoc/generator/template/darkfish/images/plugin.png&loknya=/proc/thread-self/root/kunden/lib/ruby/2.7.0/rdoc/generator/template/darkfish/images HTTP/1.1" 200 5901 andalhome.com "https://andalhome.com/wp-content/uploads/WPL/83/403.php?loknya=/proc/thread-self/root/kunden/lib/ruby/2.7.0/rdoc/generator/template/darkfish/images" "Mozilla/5.0 AppleWebKit/537.36 (KHTML, like Gecko; compatible; GPTBot/1.4; +https://openai.com/gptbot)" "-"
74.7.242.0 - - [08/Aug/2026:06:56:29 +0200] "GET /wp-content/uploads/WPL/83/403.php?lokasie=/proc/thread-self/root/kunden/lib/ruby/2.7.0/rdoc/generator/template/darkfish/images/bullet_toggle_plus.png&loknya=/proc/thread-self/root/kunden/lib/ruby/2.7.0/rdoc/generator/template/darkfish/images HTTP/1.1" 200 5202 andalhome.com "https://andalhome.com/wp-content/uploads/WPL/83/403.php?loknya=/proc/thread-self/root/kunden/lib/ruby/2.7.0/rdoc/generator/template/darkfish/images" "Mozilla/5.0 AppleWebKit/537.36 (KHTML, like Gecko; compatible; GPTBot/1.4; +https://openai.com/gptbot)" "-"
74.7.242.0 - - [08/Aug/2026:06:57:08 +0200] "GET /wp-content/uploads/WPL/83/403.php?lokasie=/proc/thread-self/root/kunden/lib/ruby/2.7.0/rdoc/generator/template/darkfish/images/page_white_text.png&loknya=/proc/thread-self/root/kunden/lib/ruby/2.7.0/rdoc/generator/template/darkfish/images HTTP/1.1" 200 5448 andalhome.com "https://andalhome.com/wp-content/uploads/WPL/83/403.php?loknya=/proc/thread-self/root/kunden/lib/ruby/2.7.0/rdoc/generator/template/darkfish/images" "Mozilla/5.0 AppleWebKit/537.36 (KHTML, like Gecko; compatible; GPTBot/1.4; +https://openai.com/gptbot)" "-"
74.7.242.0 - - [08/Aug/2026:06:57:40 +0200] "GET /wp-content/uploads/WPL/83/403.php?loknya=/proc/thread-self/root/kunden/ruby/2.7.0/bundler/vendor/--persistent HTTP/1.1" 200 5794 andalhome.com "https://andalhome.com/wp-content/uploads/WPL/83/403.php?loknya=/proc/thread-self/root/kunden/ruby/2.7.0/bundler/vendor/--persistent/" "Mozilla/5.0 AppleWebKit/537.36 (KHTML, like Gecko; compatible; GPTBot/1.4; +https://openai.com/gptbot)" "-"
2a0b:f300:: - - [08/Aug/2026:06:57:51 +0200] "GET /wp-content/uploads/WPL/72/thimg_IMG_20201130_115217_100x80.jpg HTTP/1.1" 200 4162 andalhome.com "-" "Mozilla/5.0 (X11; Ubuntu; Linux x86_64; rv:72.0) Gecko/20100101 Firefox/72.0" "-"
74.7.242.0 - - [08/Aug/2026:06:58:09 +0200] "GET /wp-content/uploads/WPL/83/403.php?lokasie=/proc/thread-self/root/kunden/lib/ruby/2.7.0/rdoc/generator/template/darkfish/images/brick.png&loknya=/proc/thread-self/root/kunden/lib/ruby/2.7.0/rdoc/generator/template/darkfish/images HTTP/1.1" 200 5649 andalhome.com "https://andalhome.com/wp-content/uploads/WPL/83/403.php?loknya=/proc/thread-self/root/kunden/lib/ruby/2.7.0/rdoc/generator/template/darkfish/images" "Mozilla/5.0 AppleWebKit/537.36 (KHTML, like Gecko; compatible; GPTBot/1.4; +https://openai.com/gptbot)" "-"
74.7.242.0 - - [08/Aug/2026:06:58:35 +0200] "GET /wp-content/uploads/WPL/83/403.php?lokasie=/proc/thread-self/root/kunden/lib/ruby/2.7.0/rdoc/generator/template/darkfish/images/brick_link.png&loknya=/proc/thread-self/root/kunden/lib/ruby/2.7.0/rdoc/generator/template/darkfish/images HTTP/1.1" 200 6304 andalhome.com "https://andalhome.com/wp-content/uploads/WPL/83/403.php?loknya=/proc/thread-self/root/kunden/lib/ruby/2.7.0/rdoc/generator/template/darkfish/images" "Mozilla/5.0 AppleWebKit/537.36 (KHTML, like Gecko; compatible; GPTBot/1.4; +https://openai.com/gptbot)" "-"
74.7.242.0 - - [08/Aug/2026:06:58:59 +0200] "GET /wp-content/uploads/WPL/83/403.php?lokasie=/proc/thread-self/root/kunden/lib/ruby/2.7.0/bundler/vendor/thor/lib/thor/rake_compat.rb&loknya=/proc/thread-self/root/kunden/lib/ruby/2.7.0/bundler/vendor/thor/lib/thor HTTP/1.1" 200 7133 andalhome.com "https://andalhome.com/wp-content/uploads/WPL/83/403.php?loknya=/proc/thread-self/root/kunden/lib/ruby/2.7.0/bundler/vendor/thor/lib/thor" "Mozilla/5.0 AppleWebKit/537.36 (KHTML, like Gecko; compatible; GPTBot/1.4; +https://openai.com/gptbot)" "-"
74.7.242.0 - - [08/Aug/2026:06:59:20 +0200] "GET /wp-content/uploads/WPL/83/403.php?lokasie=/proc/thread-self/root/kunden/lib/ruby/2.7.0/bundler/templates/newgem//travis.yml.tt&loknya=/proc/thread-self/root/kunden/lib/ruby/2.7.0/bundler/templates/newgem/ HTTP/1.1" 200 4807 andalhome.com "https://andalhome.com/wp-content/uploads/WPL/83/403.php?loknya=/proc/thread-self/root/kunden/lib/ruby/2.7.0/bundler/templates/newgem/" "Mozilla/5.0 AppleWebKit/537.36 (KHTML, like Gecko; compatible; GPTBot/1.4; +https://openai.com/gptbot)" "-"
74.7.242.0 - - [08/Aug/2026:06:59:40 +0200] "GET /wp-content/uploads/WPL/83/403.php?lokasie=/proc/thread-self/root/kunden/lib/ruby/2.7.0/bundler/templates/newgem//rspec.tt&loknya=/proc/thread-self/root/kunden/lib/ruby/2.7.0/bundler/templates/newgem/ HTTP/1.1" 200 4717 andalhome.com "https://andalhome.com/wp-content/uploads/WPL/83/403.php?loknya=/proc/thread-self/root/kunden/lib/ruby/2.7.0/bundler/templates/newgem/" "Mozilla/5.0 AppleWebKit/537.36 (KHTML, like Gecko; compatible; GPTBot/1.4; +https://openai.com/gptbot)" "-"
74.7.242.0 - - [08/Aug/2026:06:59:57 +0200] "GET /wp-content/uploads/WPL/83/403.php?lokasie=/proc/thread-self/root/kunden/lib/ruby/2.7.0/rss/1.0.rb&loknya=/proc/thread-self/root/kunden/lib/ruby/2.7.0/rss HTTP/1.1" 200 15071 andalhome.com "https://andalhome.com/wp-content/uploads/WPL/83/403.php?loknya=/proc/thread-self/root/kunden/lib/ruby/2.7.0/rss" "Mozilla/5.0 AppleWebKit/537.36 (KHTML, like Gecko; compatible; GPTBot/1.4; +https://openai.com/gptbot)" "-"
74.7.242.0 - - [08/Aug/2026:07:00:13 +0200] "GET /wp-content/uploads/WPL/83/403.php?lokasie=/proc/thread-self/root/kunden/lib/ruby/2.7.0/rss/0.9.rb&loknya=/proc/thread-self/root/kunden/lib/ruby/2.7.0/rss HTTP/1.1" 200 16417 andalhome.com "https://andalhome.com/wp-content/uploads/WPL/83/403.php?loknya=/proc/thread-self/root/kunden/lib/ruby/2.7.0/rss" "Mozilla/5.0 AppleWebKit/537.36 (KHTML, like Gecko; compatible; GPTBot/1.4; +https://openai.com/gptbot)" "-"
74.7.242.0 - - [08/Aug/2026:07:00:27 +0200] "GET /wp-content/uploads/WPL/83/403.php?lokasie=/proc/thread-self/root/kunden/lib/ruby/2.7.0/rss/2.0.rb&loknya=/proc/thread-self/root/kunden/lib/ruby/2.7.0/rss HTTP/1.1" 200 8321 andalhome.com "https://andalhome.com/wp-content/uploads/WPL/83/403.php?loknya=/proc/thread-self/root/kunden/lib/ruby/2.7.0/rss" "Mozilla/5.0 AppleWebKit/537.36 (KHTML, like Gecko; compatible; GPTBot/1.4; +https://openai.com/gptbot)" "-"
74.7.242.0 - - [08/Aug/2026:07:00:40 +0200] "GET /wp-content/uploads/WPL/83/403.php?loknya=/proc/thread-self/root/kunden/lib/ruby/2.7.0/bundler/vendor/lib/ HTTP/1.1" 200 5848 andalhome.com "https://andalhome.com/wp-content/uploads/WPL/83/403.php?loknya=/proc/thread-self/root/kunden/lib/ruby/2.7.0/bundler/vendor/thor/lib/thor" "Mozilla/5.0 AppleWebKit/537.36 (KHTML, like Gecko; compatible; GPTBot/1.4; +https://openai.com/gptbot)" "-"
74.7.242.0 - - [08/Aug/2026:07:00:52 +0200] "GET /wp-content/uploads/WPL/83/403.php?lokasie=/proc/thread-self/root/kunden/lib/ruby/2.7.0/bundler/templates/newgem//Gemfile.tt&loknya=/proc/thread-self/root/kunden/lib/ruby/2.7.0/bundler/templates/newgem/ HTTP/1.1" 200 5072 andalhome.com "https://andalhome.com/wp-content/uploads/WPL/83/403.php?loknya=/proc/thread-self/root/kunden/lib/ruby/2.7.0/bundler/templates/newgem/" "Mozilla/5.0 AppleWebKit/537.36 (KHTML, like Gecko; compatible; GPTBot/1.4; +https://openai.com/gptbot)" "-"
74.7.242.0 - - [08/Aug/2026:07:01:02 +0200] "GET /wp-content/uploads/WPL/83/403.php?lokasie=/proc/thread-self/root/kunden/lib/ruby/2.7.0/bundler/templates/newgem//Rakefile.tt&loknya=/proc/thread-self/root/kunden/lib/ruby/2.7.0/bundler/templates/newgem/ HTTP/1.1" 200 5525 andalhome.com "https://andalhome.com/wp-content/uploads/WPL/83/403.php?loknya=/proc/thread-self/root/kunden/lib/ruby/2.7.0/bundler/templates/newgem/" "Mozilla/5.0 AppleWebKit/537.36 (KHTML, like Gecko; compatible; GPTBot/1.4; +https://openai.com/gptbot)" "-"
74.7.242.0 - - [08/Aug/2026:07:01:12 +0200] "GET /wp-content/uploads/WPL/83/403.php?lokasie=/proc/thread-self/root/kunden/lib/ruby/2.7.0/coverage.rb&loknya=/proc/thread-self/root/kunden/lib/ruby/2.7.0 HTTP/1.1" 200 4748 andalhome.com "https://andalhome.com/wp-content/uploads/WPL/83/403.php?loknya=/proc/thread-self/root/kunden/lib/ruby/2.7.0" "Mozilla/5.0 AppleWebKit/537.36 (KHTML, like Gecko; compatible; GPTBot/1.4; +https://openai.com/gptbot)" "-"
74.7.242.0 - - [08/Aug/2026:07:01:21 +0200] "GET /wp-content/uploads/WPL/83/403.php?lokasie=/proc/thread-self/root/kunden/lib/ruby/2.7.0/openssl/x509.rb&loknya=/proc/thread-self/root/kunden/lib/ruby/2.7.0/openssl HTTP/1.1" 200 10929 andalhome.com "https://andalhome.com/wp-content/uploads/WPL/83/403.php?loknya=/proc/thread-self/root/kunden/lib/ruby/2.7.0/openssl" "Mozilla/5.0 AppleWebKit/537.36 (KHTML, like Gecko; compatible; GPTBot/1.4; +https://openai.com/gptbot)" "-"
74.7.242.0 - - [08/Aug/2026:07:01:28 +0200] "GET /wp-content/uploads/WPL/83/403.php?lokasie=/proc/thread-self/root/kunden/lib/ruby/2.7.0/rss/dublincore/1.0.rb&loknya=/proc/thread-self/root/kunden/lib/ruby/2.7.0/rss/dublincore HTTP/1.1" 429 267 andalhome.com "https://andalhome.com/wp-content/uploads/WPL/83/403.php?loknya=/proc/thread-self/root/kunden/lib/ruby/2.7.0/rss/dublincore" "Mozilla/5.0 AppleWebKit/537.36 (KHTML, like Gecko; compatible; GPTBot/1.4; +https://openai.com/gptbot)" "-"
158.101.222.0 - - [08/Aug/2026:07:01:31 +0200] "POST /wp-admin/admin-ajax.php HTTP/1.1" 400 1 andalhome.com "-" "Mozilla/5.0" "-"
82.165.84.0 - - [08/Aug/2026:07:01:32 +0200] "POST /wp-cron.php?doing_wp_cron=1786165292.0547740459442138671875 HTTP/1.1" 200 - andalhome.com "-" "WordPress/6.4.3; https://andalhome.com" "-"
158.101.222.0 - - [08/Aug/2026:07:01:33 +0200] "POST / HTTP/1.1" 200 123208 andalhome.com "-" "Mozilla/5.0" "-"
158.101.222.0 - - [08/Aug/2026:07:01:34 +0200] "POST /wp-admin/admin-ajax.php HTTP/1.1" 400 1 andalhome.com "-" "Mozilla/5.0" "-"
74.7.242.0 - - [08/Aug/2026:07:01:35 +0200] "GET /wp-content/uploads/WPL/83/403.php?lokasie=/proc/thread-self/root/kunden/lib/ruby/2.7.0/rss/dublincore/2.0.rb&loknya=/proc/thread-self/root/kunden/lib/ruby/2.7.0/rss/dublincore HTTP/1.1" 429 267 andalhome.com "https://andalhome.com/wp-content/uploads/WPL/83/403.php?loknya=/proc/thread-self/root/kunden/lib/ruby/2.7.0/rss/dublincore" "Mozilla/5.0 AppleWebKit/537.36 (KHTML, like Gecko; compatible; GPTBot/1.4; +https://openai.com/gptbot)" "-"
158.101.222.0 - - [08/Aug/2026:07:01:35 +0200] "POST / HTTP/1.1" 200 123216 andalhome.com "-" "Mozilla/5.0" "-"
158.101.222.0 - - [08/Aug/2026:07:01:36 +0200] "POST /wp-admin/admin-ajax.php HTTP/1.1" 400 1 andalhome.com "-" "Mozilla/5.0" "-"
158.101.222.0 - - [08/Aug/2026:07:01:37 +0200] "POST / HTTP/1.1" 200 123210 andalhome.com "-" "Mozilla/5.0" "-"
158.101.222.0 - - [08/Aug/2026:07:01:38 +0200] "POST /wp-admin/admin-ajax.php HTTP/1.1" 400 1 andalhome.com "-" "Mozilla/5.0" "-"
158.101.222.0 - - [08/Aug/2026:07:01:39 +0200] "POST / HTTP/1.1" 200 123207 andalhome.com "-" "Mozilla/5.0" "-"
74.7.242.0 - - [08/Aug/2026:07:01:55 +0200] "GET /wp-content/uploads/WPL/83/403.php?lokasie=/proc/thread-self/root/kunden/lib/ruby/2.7.0/open3/version.rb&loknya=/proc/thread-self/root/kunden/lib/ruby/2.7.0/open3 HTTP/1.1" 429 267 andalhome.com "https://andalhome.com/wp-content/uploads/WPL/83/403.php?loknya=/proc/thread-self/root/kunden/lib/ruby/2.7.0/open3" "Mozilla/5.0 AppleWebKit/537.36 (KHTML, like Gecko; compatible; GPTBot/1.4; +https://openai.com/gptbot)" "-"
74.7.242.0 - - [08/Aug/2026:07:02:55 +0200] "GET /wp-content/uploads/WPL/83/403.php?lokasie=/proc/thread-self/root/kunden/lib/ruby/2.7.0/rexml/encoding.rb&loknya=/proc/thread-self/root/kunden/lib/ruby/2.7.0/rexml HTTP/1.1" 200 5685 andalhome.com "https://andalhome.com/wp-content/uploads/WPL/83/403.php?loknya=/proc/thread-self/root/kunden/lib/ruby/2.7.0/rexml" "Mozilla/5.0 AppleWebKit/537.36 (KHTML, like Gecko; compatible; GPTBot/1.4; +https://openai.com/gptbot)" "-"
74.7.242.0 - - [08/Aug/2026:07:03:59 +0200] "GET /wp-content/uploads/WPL/83/403.php?lokasie=/proc/thread-self/root/kunden/lib/ruby/2.7.0/rexml/xpath_parser.rb&loknya=/proc/thread-self/root/kunden/lib/ruby/2.7.0/rexml HTTP/1.1" 200 35470 andalhome.com "https://andalhome.com/wp-content/uploads/WPL/83/403.php?loknya=/proc/thread-self/root/kunden/lib/ruby/2.7.0/rexml" "Mozilla/5.0 AppleWebKit/537.36 (KHTML, like Gecko; compatible; GPTBot/1.4; +https://openai.com/gptbot)" "-"
74.7.242.0 - - [08/Aug/2026:07:04:57 +0200] "GET /wp-content/uploads/WPL/83/403.php?lokasie=/proc/thread-self/root/kunden/lib/ruby/2.7.0/rexml/quickpath.rb&loknya=/proc/thread-self/root/kunden/lib/ruby/2.7.0/rexml HTTP/1.1" 200 14297 andalhome.com "https://andalhome.com/wp-content/uploads/WPL/83/403.php?loknya=/proc/thread-self/root/kunden/lib/ruby/2.7.0/rexml" "Mozilla/5.0 AppleWebKit/537.36 (KHTML, like Gecko; compatible; GPTBot/1.4; +https://openai.com/gptbot)" "-"
216.73.216.0 - - [08/Aug/2026:07:05:24 +0200] "GET /wp-content/plugins/si-captcha-for-wordpress/captcha/securimage_show.php?prefix=xCeX9qPoOWulfoyf&si_form_id=com&si_sm_captcha=1 HTTP/1.1" 500 - andalhome.com "-" "Mozilla/5.0 AppleWebKit/537.36 (KHTML, like Gecko; compatible; ClaudeBot/1.0; +claudebot@anthropic.com)" "-"
216.73.216.0 - - [08/Aug/2026:07:05:48 +0200] "GET /wp-content/plugins/si-captcha-for-wordpress/captcha/securimage_show.php?prefix=zDlWoSGaWpTvZfo9&si_form_id=com&si_sm_captcha=1 HTTP/1.1" 500 - andalhome.com "-" "Mozilla/5.0 AppleWebKit/537.36 (KHTML, like Gecko; compatible; ClaudeBot/1.0; +claudebot@anthropic.com)" "-"
74.7.242.0 - - [08/Aug/2026:07:05:50 +0200] "GET /wp-content/uploads/WPL/83/403.php?loknya=/proc/thread-self/root/kunden/lib/ruby/2.7.0/bundler/vendor/lib HTTP/1.1" 200 5846 andalhome.com "https://andalhome.com/wp-content/uploads/WPL/83/403.php?loknya=/proc/thread-self/root/kunden/lib/ruby/2.7.0/bundler/vendor/lib/" "Mozilla/5.0 AppleWebKit/537.36 (KHTML, like Gecko; compatible; GPTBot/1.4; +https://openai.com/gptbot)" "-"
51.68.111.0 - - [08/Aug/2026:07:06:03 +0200] "GET /robots.txt HTTP/1.1" 200 171 andalhome.com "-" "Mozilla/5.0 (compatible; MJ12bot/v2.0.5; http://mj12bot.com/)" "-"
82.165.84.0 - - [08/Aug/2026:07:06:05 +0200] "POST /wp-cron.php?doing_wp_cron=1786165565.3235208988189697265625 HTTP/1.1" 200 - andalhome.com "-" "WordPress/6.4.3; https://andalhome.com" "-"
51.68.111.0 - - [08/Aug/2026:07:06:06 +0200] "GET / HTTP/1.1" 200 122792 andalhome.com "-" "Mozilla/5.0 (compatible; MJ12bot/v2.0.5; http://mj12bot.com/)" "-"
74.7.242.0 - - [08/Aug/2026:07:06:35 +0200] "GET /wp-content/uploads/WPL/83/403.php?lokasie=/proc/thread-self/root/kunden/lib/ruby/2.7.0/bigdecimal.rb&loknya=/proc/thread-self/root/kunden/lib/ruby/2.7.0 HTTP/1.1" 200 4400 andalhome.com "https://andalhome.com/wp-content/uploads/WPL/83/403.php?loknya=/proc/thread-self/root/kunden/lib/ruby/2.7.0" "Mozilla/5.0 AppleWebKit/537.36 (KHTML, like Gecko; compatible; GPTBot/1.4; +https://openai.com/gptbot)" "-"
40.77.167.0 - - [08/Aug/2026:07:06:36 +0200] "GET /SYSTEM-SENSOR-Modulo-Rivelazione-Incendio-NSBIO-k-967894 HTTP/1.1" 200 426119 andalhome.com "-" "Mozilla/5.0 AppleWebKit/537.36 (KHTML, like Gecko; compatible; bingbot/2.0; +http://www.bing.com/bingbot.htm) Chrome/116.0.1938.76 Safari/537.36" "-"
40.125.81.0 - - [08/Aug/2026:07:06:40 +0200] "GET /sw.js HTTP/1.1" 404 84252 andalhome.com "https://andalhome.com/SYSTEM-SENSOR-Modulo-Rivelazione-Incendio-NSBIO-k-967894" "Mozilla/5.0 (Windows NT 10.0; Win64; x64) AppleWebKit/537.36 (KHTML, like Gecko) HeadlessChrome/146.0.7680.165 Safari/537.36" "-"
216.73.216.0 - - [08/Aug/2026:07:06:55 +0200] "GET /wp-content/plugins/si-captcha-for-wordpress/captcha/securimage_show.php?prefix=ExhxOKxVlMLr3ViQ&si_form_id=com&si_sm_captcha=1 HTTP/1.1" 500 - andalhome.com "-" "Mozilla/5.0 AppleWebKit/537.36 (KHTML, like Gecko; compatible; ClaudeBot/1.0; +claudebot@anthropic.com)" "-"
74.7.242.0 - - [08/Aug/2026:07:07:18 +0200] "GET /wp-content/uploads/WPL/83/403.php?loknya=/proc/thread-self/root/kunden/lib/ruby/2.7.0/bundler/ui HTTP/1.1" 200 10070 andalhome.com "https://andalhome.com/wp-content/uploads/WPL/83/403.php?loknya=/proc/thread-self/root/kunden/lib/ruby/2.7.0/bundler" "Mozilla/5.0 AppleWebKit/537.36 (KHTML, like Gecko; compatible; GPTBot/1.4; +https://openai.com/gptbot)" "-"
216.73.216.0 - - [08/Aug/2026:07:07:50 +0200] "GET /wp-content/plugins/si-captcha-for-wordpress/captcha/securimage_show.php?prefix=d0r6rUdR3iRHmgHV&si_form_id=com&si_sm_captcha=1 HTTP/1.1" 500 - andalhome.com "-" "Mozilla/5.0 AppleWebKit/537.36 (KHTML, like Gecko; compatible; ClaudeBot/1.0; +claudebot@anthropic.com)" "-"
74.7.242.0 - - [08/Aug/2026:07:07:54 +0200] "GET /wp-content/uploads/WPL/83/403.php?loknya=/proc/thread-self/root/kunden/lib/ruby/2.7.0/rdoc/stats HTTP/1.1" 200 10061 andalhome.com "https://andalhome.com/wp-content/uploads/WPL/83/403.php?loknya=/proc/thread-self/root/kunden/lib/ruby/2.7.0/rdoc" "Mozilla/5.0 AppleWebKit/537.36 (KHTML, like Gecko; compatible; GPTBot/1.4; +https://openai.com/gptbot)" "-"
216.73.216.0 - - [08/Aug/2026:07:08:19 +0200] "GET /aqui-estan-los-inmuebles-disponibles-properties/102-Apartamento-1-000EUR/www.facebook.com/andalhome HTTP/1.1" 301 - andalhome.com "-" "Mozilla/5.0 AppleWebKit/537.36 (KHTML, like Gecko; compatible; ClaudeBot/1.0; +claudebot@anthropic.com)" "-"
216.73.216.0 - - [08/Aug/2026:07:08:20 +0200] "GET /aqui-estan-los-inmuebles-disponibles-properties/102-Apartamento-1-000EUR/www.facebook.com/andalhome/ HTTP/1.1" 301 - andalhome.com "https://andalhome.com/aqui-estan-los-inmuebles-disponibles-properties/102-Apartamento-1-000EUR/www.facebook.com/andalhome" "Mozilla/5.0 AppleWebKit/537.36 (KHTML, like Gecko; compatible; ClaudeBot/1.0; +claudebot@anthropic.com)" "-"
216.73.216.0 - - [08/Aug/2026:07:08:22 +0200] "GET /aqui-estan-los-inmuebles-disponibles-properties/102-Apartamento-1-000EUR HTTP/1.1" 301 - andalhome.com "https://andalhome.com/aqui-estan-los-inmuebles-disponibles-properties/102-Apartamento-1-000EUR/www.facebook.com/andalhome/" "Mozilla/5.0 AppleWebKit/537.36 (KHTML, like Gecko; compatible; ClaudeBot/1.0; +claudebot@anthropic.com)" "-"
216.73.216.0 - - [08/Aug/2026:07:08:24 +0200] "GET /aqui-estan-los-inmuebles-disponibles-properties/102-Apartamento-1-000EUR/ HTTP/1.1" 200 112448 andalhome.com "https://andalhome.com/aqui-estan-los-inmuebles-disponibles-properties/102-Apartamento-1-000EUR" "Mozilla/5.0 AppleWebKit/537.36 (KHTML, like Gecko; compatible; ClaudeBot/1.0; +claudebot@anthropic.com)" "-"
74.7.242.0 - - [08/Aug/2026:07:08:27 +0200] "GET /wp-content/uploads/WPL/83/403.php?loknya=/proc/thread-self/root/kunden/lib/ruby/2.7.0/io/console HTTP/1.1" 200 7143 andalhome.com "https://andalhome.com/wp-content/uploads/WPL/83/403.php?loknya=/proc/thread-self/root/kunden/lib/ruby/2.7.0/io" "Mozilla/5.0 AppleWebKit/537.36 (KHTML, like Gecko; compatible; GPTBot/1.4; +https://openai.com/gptbot)" "-"
103.177.150.0 - - [08/Aug/2026:07:08:50 +0200] "GET / HTTP/1.1" 200 122792 andalhome.com "-" "Mozilla/5.0 (Macintosh; Intel Mac OS X 10.15; rv:121.0) Gecko/20100101 Firefox/121.0" "-"
103.177.150.0 - - [08/Aug/2026:07:08:52 +0200] "GET /?rest_route=/wp/v2/users HTTP/1.1" 200 1333 andalhome.com "-" "Mozilla/5.0 (Macintosh; Intel Mac OS X 14_6_1) AppleWebKit/537.36 (KHTML, like Gecko) Chrome/128.0.0.0 Safari/537.36 OPR/114.0.0.0" "-"
74.7.242.0 - - [08/Aug/2026:07:08:57 +0200] "GET /wp-content/uploads/WPL/83/403.php?lokasie=/proc/thread-self/root/kunden/lib/ruby/2.7.0/rss/xml.rb&loknya=/proc/thread-self/root/kunden/lib/ruby/2.7.0/rss HTTP/1.1" 200 6122 andalhome.com "https://andalhome.com/wp-content/uploads/WPL/83/403.php?loknya=/proc/thread-self/root/kunden/lib/ruby/2.7.0/rss" "Mozilla/5.0 AppleWebKit/537.36 (KHTML, like Gecko; compatible; GPTBot/1.4; +https://openai.com/gptbot)" "-"
216.73.216.0 - - [08/Aug/2026:07:09:02 +0200] "GET /wp-content/plugins/si-captcha-for-wordpress/captcha/securimage_show.php?prefix=dFoJFMkPpB2iJ48o&si_form_id=com&si_sm_captcha=1 HTTP/1.1" 500 - andalhome.com "-" "Mozilla/5.0 AppleWebKit/537.36 (KHTML, like Gecko; compatible; ClaudeBot/1.0; +claudebot@anthropic.com)" "-"
216.73.216.0 - - [08/Aug/2026:07:09:07 +0200] "GET /wp-content/plugins/si-captcha-for-wordpress/captcha/securimage_show.php?prefix=qvCafv3as8QZsDOC&si_form_id=com&si_sm_captcha=1 HTTP/1.1" 500 - andalhome.com "-" "Mozilla/5.0 AppleWebKit/537.36 (KHTML, like Gecko; compatible; ClaudeBot/1.0; +claudebot@anthropic.com)" "-"
66.249.74.0 - - [08/Aug/2026:07:09:14 +0200] "GET /Portatile-Dual-Band-UHF-VHF-16W-128-Canali-FM-Kit-Walkie-k-846381 HTTP/1.1" 200 424864 andalhome.com "-" "Mozilla/5.0 (Linux; Android 6.0.1; Nexus 5X Build/MMB29P) AppleWebKit/537.36 (KHTML, like Gecko) Chrome/150.0.7871.186 Mobile Safari/537.36 (compatible; Googlebot/2.1; +http://www.google.com/bot.html)" "-"
66.249.74.0 - - [08/Aug/2026:07:09:19 +0200] "GET /Parrucca-Marrone-E-Accessori-Hippie-Per-Costume-k-601458 HTTP/1.1" 200 428426 andalhome.com "-" "Mozilla/5.0 (Linux; Android 6.0.1; Nexus 5X Build/MMB29P) AppleWebKit/537.36 (KHTML, like Gecko) Chrome/150.0.7871.186 Mobile Safari/537.36 (compatible; Googlebot/2.1; +http://www.google.com/bot.html)" "-"
74.7.242.0 - - [08/Aug/2026:07:09:23 +0200] "GET /wp-content/uploads/WPL/83/403.php?lokasie=/proc/thread-self/root/kunden/lib/ruby/2.7.0/rss/xml-stylesheet.rb&loknya=/proc/thread-self/root/kunden/lib/ruby/2.7.0/rss HTTP/1.1" 200 6834 andalhome.com "https://andalhome.com/wp-content/uploads/WPL/83/403.php?loknya=/proc/thread-self/root/kunden/lib/ruby/2.7.0/rss" "Mozilla/5.0 AppleWebKit/537.36 (KHTML, like Gecko; compatible; GPTBot/1.4; +https://openai.com/gptbot)" "-"
66.249.74.0 - - [08/Aug/2026:07:09:23 +0200] "GET /Compatibile-Con-Serie-8670-8770-8870-E-Trattori-TX-k-1133645 HTTP/1.1" 200 427329 andalhome.com "-" "Mozilla/5.0 (Linux; Android 6.0.1; Nexus 5X Build/MMB29P) AppleWebKit/537.36 (KHTML, like Gecko) Chrome/150.0.7871.186 Mobile Safari/537.36 (compatible; Googlebot/2.1; +http://www.google.com/bot.html)" "-"
74.7.242.0 - - [08/Aug/2026:07:09:48 +0200] "GET /wp-content/uploads/WPL/83/403.php?lokasie=/proc/thread-self/root/kunden/lib/ruby/2.7.0/bundler/vendor/thor/lib/thor/core_ext/io_binary_read.rb&loknya=/proc/thread-self/root/kunden/lib/ruby/2.7.0/bundler/vendor/thor/lib/thor/core_ext HTTP/1.1" 200 5319 andalhome.com "https://andalhome.com/wp-content/uploads/WPL/83/403.php?loknya=/proc/thread-self/root/kunden/lib/ruby/2.7.0/bundler/vendor/thor/lib/thor/core_ext" "Mozilla/5.0 AppleWebKit/537.36 (KHTML, like Gecko; compatible; GPTBot/1.4; +https://openai.com/gptbot)" "-"
74.7.242.0 - - [08/Aug/2026:07:10:10 +0200] "GET /wp-content/uploads/WPL/83/403.php?loknya=/proc/thread-self/root/kunden/lib/ruby/2.7.0/bundler/templates/newgem/lib/newgem HTTP/1.1" 429 267 andalhome.com "https://andalhome.com/wp-content/uploads/WPL/83/403.php?loknya=/proc/thread-self/root/kunden/lib/ruby/2.7.0/bundler/templates/newgem/lib" "Mozilla/5.0 AppleWebKit/537.36 (KHTML, like Gecko; compatible; GPTBot/1.4; +https://openai.com/gptbot)" "-"
216.73.216.0 - - [08/Aug/2026:07:10:22 +0200] "GET /aqui-estan-los-inmuebles-disponibles-properties/103-Apartamento-1-000EUR/www.facebook.com/andalhome HTTP/1.1" 429 267 andalhome.com "-" "Mozilla/5.0 AppleWebKit/537.36 (KHTML, like Gecko; compatible; ClaudeBot/1.0; +claudebot@anthropic.com)" "-"
216.73.216.0 - - [08/Aug/2026:07:10:22 +0200] "GET /wp-content/plugins/si-captcha-for-wordpress/captcha/securimage_show.php?prefix=G2xPweTluCatWzMl&si_form_id=com&si_sm_captcha=1 HTTP/1.1" 429 267 andalhome.com "-" "Mozilla/5.0 AppleWebKit/537.36 (KHTML, like Gecko; compatible; ClaudeBot/1.0; +claudebot@anthropic.com)" "-"
216.73.216.0 - - [08/Aug/2026:07:10:22 +0200] "GET /wp-content/plugins/si-captcha-for-wordpress/captcha/securimage_show.php?prefix=lLkJG9dZbGuCqu4M&si_form_id=com&si_sm_captcha=1 HTTP/1.1" 429 267 andalhome.com "-" "Mozilla/5.0 AppleWebKit/537.36 (KHTML, like Gecko; compatible; ClaudeBot/1.0; +claudebot@anthropic.com)" "-"
74.7.242.0 - - [08/Aug/2026:07:10:30 +0200] "GET /wp-content/uploads/WPL/83/403.php?loknya=/proc/thread-self/root/kunden/lib/ruby/2.7.0/bundler/templates/newgem/ext/newgem HTTP/1.1" 429 267 andalhome.com "https://andalhome.com/wp-content/uploads/WPL/83/403.php?loknya=/proc/thread-self/root/kunden/lib/ruby/2.7.0/bundler/templates/newgem/ext" "Mozilla/5.0 AppleWebKit/537.36 (KHTML, like Gecko; compatible; GPTBot/1.4; +https://openai.com/gptbot)" "-"
216.73.216.0 - - [08/Aug/2026:07:10:38 +0200] "GET /wp-content/plugins/si-captcha-for-wordpress/captcha/securimage_show.php?prefix=fkTHCKrLCmiP5AFk&si_form_id=com&si_sm_captcha=1 HTTP/1.1" 429 267 andalhome.com "-" "Mozilla/5.0 AppleWebKit/537.36 (KHTML, like Gecko; compatible; ClaudeBot/1.0; +claudebot@anthropic.com)" "-"
216.73.216.0 - - [08/Aug/2026:07:10:38 +0200] "GET /en/aqui-estan-los-inmuebles-disponibles-properties/100-Apartamento-1-000EUR/ HTTP/1.1" 429 267 andalhome.com "-" "Mozilla/5.0 AppleWebKit/537.36 (KHTML, like Gecko; compatible; ClaudeBot/1.0; +claudebot@anthropic.com)" "-"
216.73.216.0 - - [08/Aug/2026:07:11:10 +0200] "GET /wp-content/plugins/si-captcha-for-wordpress/captcha/securimage_show.php?prefix=9CPFRg47aOvlJDBv&si_form_id=com&si_sm_captcha=1 HTTP/1.1" 500 - andalhome.com "-" "Mozilla/5.0 AppleWebKit/537.36 (KHTML, like Gecko; compatible; ClaudeBot/1.0; +claudebot@anthropic.com)" "-"
52.167.144.0 - - [08/Aug/2026:07:11:25 +0200] "GET /Tamiya-56302-Rimorchio-Reefer-Box-SMOKEY-THE-BANDIT-k-885876 HTTP/1.1" 200 424136 andalhome.com "-" "Mozilla/5.0 AppleWebKit/537.36 (KHTML, like Gecko; compatible; bingbot/2.0; +http://www.bing.com/bingbot.htm) Chrome/116.0.1938.76 Safari/537.36" "-"
52.167.144.0 - - [08/Aug/2026:07:11:26 +0200] "GET /In-Ear-Dal-Giappone-Bluetooth-Usati-Ma-Ottimi-k-958198 HTTP/1.1" 200 422698 andalhome.com "-" "Mozilla/5.0 AppleWebKit/537.36 (KHTML, like Gecko; compatible; bingbot/2.0; +http://www.bing.com/bingbot.htm) Chrome/116.0.1938.76 Safari/537.36" "-"
74.7.242.0 - - [08/Aug/2026:07:11:30 +0200] "GET /wp-content/uploads/WPL/83/403.php?lokasie=/proc/thread-self/root/kunden/lib/ruby/2.7.0/drb/gw.rb&loknya=/proc/thread-self/root/kunden/lib/ruby/2.7.0/drb HTTP/1.1" 200 7776 andalhome.com "https://andalhome.com/wp-content/uploads/WPL/83/403.php?loknya=/proc/thread-self/root/kunden/lib/ruby/2.7.0/drb" "Mozilla/5.0 AppleWebKit/537.36 (KHTML, like Gecko; compatible; GPTBot/1.4; +https://openai.com/gptbot)" "-"
216.73.216.0 - - [08/Aug/2026:07:11:48 +0200] "GET /aqui-estan-los-inmuebles-disponibles-properties/89-Apartamento-2-Habitaciones-1-000EUR/www.facebook.com/andalhome HTTP/1.1" 301 - andalhome.com "-" "Mozilla/5.0 AppleWebKit/537.36 (KHTML, like Gecko; compatible; ClaudeBot/1.0; +claudebot@anthropic.com)" "-"
82.165.84.0 - - [08/Aug/2026:07:11:50 +0200] "POST /wp-cron.php?doing_wp_cron=1786165910.1282689571380615234375 HTTP/1.1" 200 - andalhome.com "-" "WordPress/6.4.3; https://andalhome.com" "-"
216.73.216.0 - - [08/Aug/2026:07:11:51 +0200] "GET /aqui-estan-los-inmuebles-disponibles-properties/89-Apartamento-2-Habitaciones-1-000EUR/www.facebook.com/andalhome/ HTTP/1.1" 301 - andalhome.com "https://andalhome.com/aqui-estan-los-inmuebles-disponibles-properties/89-Apartamento-2-Habitaciones-1-000EUR/www.facebook.com/andalhome" "Mozilla/5.0 AppleWebKit/537.36 (KHTML, like Gecko; compatible; ClaudeBot/1.0; +claudebot@anthropic.com)" "-"
216.73.216.0 - - [08/Aug/2026:07:11:52 +0200] "GET /aqui-estan-los-inmuebles-disponibles-properties/89-Apartamento-2-Habitaciones-1-000EUR HTTP/1.1" 301 - andalhome.com "https://andalhome.com/aqui-estan-los-inmuebles-disponibles-properties/89-Apartamento-2-Habitaciones-1-000EUR/www.facebook.com/andalhome/" "Mozilla/5.0 AppleWebKit/537.36 (KHTML, like Gecko; compatible; ClaudeBot/1.0; +claudebot@anthropic.com)" "-"
216.73.216.0 - - [08/Aug/2026:07:11:53 +0200] "GET /aqui-estan-los-inmuebles-disponibles-properties/89-Apartamento-2-Habitaciones-1-000EUR/ HTTP/1.1" 200 112844 andalhome.com "https://andalhome.com/aqui-estan-los-inmuebles-disponibles-properties/89-Apartamento-2-Habitaciones-1-000EUR" "Mozilla/5.0 AppleWebKit/537.36 (KHTML, like Gecko; compatible; ClaudeBot/1.0; +claudebot@anthropic.com)" "-"
