74.7.242.0 - - [08/Aug/2026:01:08:23 +0200] "GET /wp-content/uploads/WPL/83/403.php?loknya=/proc/thread-self/root/homepages/35/d504853731/managed HTTP/1.1" 200 5567 andalhome.com "https://andalhome.com/wp-content/uploads/WPL/83/403.php?loknya=/proc/thread-self/root/homepages/35/d504853731" "Mozilla/5.0 AppleWebKit/537.36 (KHTML, like Gecko; compatible; GPTBot/1.4; +https://openai.com/gptbot)" "-"
66.249.74.0 - - [08/Aug/2026:01:08:44 +0200] "GET /7HP-Albero-Orizzontale-Conico-23x30mm-Modello-CAEADC-Nuovo-k-317838?inventoryId=222775 HTTP/1.1" 200 421992 andalhome.com "-" "Mozilla/5.0 (Linux; Android 6.0.1; Nexus 5X Build/MMB29P) AppleWebKit/537.36 (KHTML, like Gecko) Chrome/150.0.7871.186 Mobile Safari/537.36 (compatible; Googlebot/2.1; +http://www.google.com/bot.html)" "-"
74.7.242.0 - - [08/Aug/2026:01:08:48 +0200] "GET /wp-content/uploads/WPL/83/403.php?loknya=/proc/thread-self/root/homepages/45/d501083119/managed HTTP/1.1" 200 5567 andalhome.com "https://andalhome.com/wp-content/uploads/WPL/83/403.php?loknya=/proc/thread-self/root/homepages/45/d501083119" "Mozilla/5.0 AppleWebKit/537.36 (KHTML, like Gecko; compatible; GPTBot/1.4; +https://openai.com/gptbot)" "-"
74.7.242.0 - - [08/Aug/2026:01:09:09 +0200] "GET /wp-content/uploads/WPL/83/403.php?loknya=/proc/thread-self/root/homepages/13/d504343618/managed HTTP/1.1" 200 5567 andalhome.com "https://andalhome.com/wp-content/uploads/WPL/83/403.php?loknya=/proc/thread-self/root/homepages/13/d504343618" "Mozilla/5.0 AppleWebKit/537.36 (KHTML, like Gecko; compatible; GPTBot/1.4; +https://openai.com/gptbot)" "-"
66.249.74.0 - - [08/Aug/2026:01:09:16 +0200] "GET /I-Love-039-Manica-Corta-Cotone-Regular-Fit-Prodotta-In-k-643398 HTTP/1.1" 200 427835 andalhome.com "-" "Mozilla/5.0 (Linux; Android 6.0.1; Nexus 5X Build/MMB29P) AppleWebKit/537.36 (KHTML, like Gecko) Chrome/150.0.7871.186 Mobile Safari/537.36 (compatible; Googlebot/2.1; +http://www.google.com/bot.html)" "-"
74.7.242.0 - - [08/Aug/2026:01:09:28 +0200] "GET /wp-content/uploads/WPL/83/403.php?loknya=/proc/thread-self/root/homepages/35/d504949141/managed HTTP/1.1" 200 5567 andalhome.com "https://andalhome.com/wp-content/uploads/WPL/83/403.php?loknya=/proc/thread-self/root/homepages/35/d504949141" "Mozilla/5.0 AppleWebKit/537.36 (KHTML, like Gecko; compatible; GPTBot/1.4; +https://openai.com/gptbot)" "-"
66.249.74.0 - - [08/Aug/2026:01:09:29 +0200] "GET /587294701-588141501-Per-525LST-525LK-525PT-Nuovo-Svezia-k-447758 HTTP/1.1" 200 423988 andalhome.com "-" "Mozilla/5.0 (Linux; Android 6.0.1; Nexus 5X Build/MMB29P) AppleWebKit/537.36 (KHTML, like Gecko) Chrome/150.0.7871.186 Mobile Safari/537.36 (compatible; Googlebot/2.1; +http://www.google.com/bot.html)" "-"
66.249.74.0 - - [08/Aug/2026:01:09:34 +0200] "GET /Pregiata-Maglia-Morbida-Colletto-Alto-Base-Cashmere-k-876644?inventoryId=222775 HTTP/1.1" 200 423489 andalhome.com "-" "Mozilla/5.0 (Linux; Android 6.0.1; Nexus 5X Build/MMB29P) AppleWebKit/537.36 (KHTML, like Gecko) Chrome/150.0.7871.186 Mobile Safari/537.36 (compatible; Googlebot/2.1; +http://www.google.com/bot.html)" "-"
74.7.242.0 - - [08/Aug/2026:01:09:46 +0200] "GET /wp-content/uploads/WPL/83/403.php?loknya=/proc/thread-self/root/homepages/43/d505086013/ HTTP/1.1" 200 14991 andalhome.com "https://andalhome.com/wp-content/uploads/WPL/83/403.php?loknya=/proc/thread-self/root/homepages/43/d505086013/managed" "Mozilla/5.0 AppleWebKit/537.36 (KHTML, like Gecko; compatible; GPTBot/1.4; +https://openai.com/gptbot)" "-"
66.249.74.0 - - [08/Aug/2026:01:09:49 +0200] "GET /Memoria-MT28F400B5SG-8TF-SOP-44-1PZ-Nuovo-k-1017028 HTTP/1.1" 200 423517 andalhome.com "-" "Mozilla/5.0 (Linux; Android 6.0.1; Nexus 5X Build/MMB29P) AppleWebKit/537.36 (KHTML, like Gecko) Chrome/150.0.7871.186 Mobile Safari/537.36 (compatible; Googlebot/2.1; +http://www.google.com/bot.html)" "-"
66.249.74.0 - - [08/Aug/2026:01:09:57 +0200] "GET /19dBi-WIFI-Simplytech-Booster-RP-SMA-Lunga-Portata-Per-k-900793?inventoryId=222775 HTTP/1.1" 200 423543 andalhome.com "-" "Mozilla/5.0 (Linux; Android 6.0.1; Nexus 5X Build/MMB29P) AppleWebKit/537.36 (KHTML, like Gecko) Chrome/150.0.7871.186 Mobile Safari/537.36 (compatible; Googlebot/2.1; +http://www.google.com/bot.html)" "-"
74.7.242.0 - - [08/Aug/2026:01:10:01 +0200] "GET /wp-content/uploads/WPL/83/403.php?loknya=/proc/thread-self/root/homepages/20/d504989828/ HTTP/1.1" 200 14979 andalhome.com "https://andalhome.com/wp-content/uploads/WPL/83/403.php?loknya=/proc/thread-self/root/homepages/20/d504989828/managed" "Mozilla/5.0 AppleWebKit/537.36 (KHTML, like Gecko; compatible; GPTBot/1.4; +https://openai.com/gptbot)" "-"
66.249.74.0 - - [08/Aug/2026:01:10:09 +0200] "GET /Coca-Cola-Scala-1-12-Bottiglie-Bevande-Casa-Delle-Bambole-k-398172 HTTP/1.1" 200 428532 andalhome.com "-" "Mozilla/5.0 (Linux; Android 6.0.1; Nexus 5X Build/MMB29P) AppleWebKit/537.36 (KHTML, like Gecko) Chrome/150.0.7871.186 Mobile Safari/537.36 (compatible; Googlebot/2.1; +http://www.google.com/bot.html)" "-"
74.7.242.0 - - [08/Aug/2026:01:10:15 +0200] "GET /wp-content/uploads/WPL/83/403.php?loknya=/proc/thread-self/root/homepages/45/d503553298/managed HTTP/1.1" 200 5567 andalhome.com "https://andalhome.com/wp-content/uploads/WPL/83/403.php?loknya=/proc/thread-self/root/homepages/45/d503553298" "Mozilla/5.0 AppleWebKit/537.36 (KHTML, like Gecko; compatible; GPTBot/1.4; +https://openai.com/gptbot)" "-"
66.249.74.0 - - [08/Aug/2026:01:10:27 +0200] "GET /Rettangolari-Rimless-Lenti-Polarizzate-Viola-UV400-Uomo-k-450991?inventoryId=222775 HTTP/1.1" 200 423864 andalhome.com "-" "Mozilla/5.0 (Linux; Android 6.0.1; Nexus 5X Build/MMB29P) AppleWebKit/537.36 (KHTML, like Gecko) Chrome/150.0.7871.186 Mobile Safari/537.36 (compatible; Googlebot/2.1; +http://www.google.com/bot.html)" "-"
74.7.242.0 - - [08/Aug/2026:01:10:28 +0200] "GET /wp-content/uploads/WPL/83/403.php?loknya=/proc/thread-self/root/homepages/42/d503520113/managed HTTP/1.1" 200 5567 andalhome.com "https://andalhome.com/wp-content/uploads/WPL/83/403.php?loknya=/proc/thread-self/root/homepages/42/d503520113" "Mozilla/5.0 AppleWebKit/537.36 (KHTML, like Gecko; compatible; GPTBot/1.4; +https://openai.com/gptbot)" "-"
74.7.242.0 - - [08/Aug/2026:01:10:40 +0200] "GET /wp-content/uploads/WPL/83/403.php?loknya=/proc/thread-self/root/homepages/32/d503955229/managed HTTP/1.1" 200 5567 andalhome.com "https://andalhome.com/wp-content/uploads/WPL/83/403.php?loknya=/proc/thread-self/root/homepages/32/d503955229" "Mozilla/5.0 AppleWebKit/537.36 (KHTML, like Gecko; compatible; GPTBot/1.4; +https://openai.com/gptbot)" "-"
66.249.74.0 - - [08/Aug/2026:01:10:43 +0200] "GET /S-Con-Disco-Per-BMW-51718254528-Ricambio-Originale-k-362776 HTTP/1.1" 200 427134 andalhome.com "-" "Mozilla/5.0 (Linux; Android 6.0.1; Nexus 5X Build/MMB29P) AppleWebKit/537.36 (KHTML, like Gecko) Chrome/150.0.7871.186 Mobile Safari/537.36 (compatible; Googlebot/2.1; +http://www.google.com/bot.html)" "-"
66.249.74.0 - - [08/Aug/2026:01:10:48 +0200] "GET /Black-Plague-Wulfsburg-11-Tessere-Gioco-Extra-CMON-GUF028-k-248269 HTTP/1.1" 200 424537 andalhome.com "-" "Mozilla/5.0 (Linux; Android 6.0.1; Nexus 5X Build/MMB29P) AppleWebKit/537.36 (KHTML, like Gecko) Chrome/150.0.7871.186 Mobile Safari/537.36 (compatible; Googlebot/2.1; +http://www.google.com/bot.html)" "-"
74.7.242.0 - - [08/Aug/2026:01:10:51 +0200] "GET /wp-content/uploads/WPL/83/403.php?loknya=/proc/thread-self/root/homepages/22/d502066383/managed HTTP/1.1" 200 5567 andalhome.com "https://andalhome.com/wp-content/uploads/WPL/83/403.php?loknya=/proc/thread-self/root/homepages/22/d502066383" "Mozilla/5.0 AppleWebKit/537.36 (KHTML, like Gecko; compatible; GPTBot/1.4; +https://openai.com/gptbot)" "-"
66.249.74.0 - - [08/Aug/2026:01:10:51 +0200] "GET /Pietra-Occhio-Di-Tigre-Blu-Concavo-Materiale-Naturale-12-Mm-k-949733?inventoryId=222775 HTTP/1.1" 200 422845 andalhome.com "-" "Mozilla/5.0 (Linux; Android 6.0.1; Nexus 5X Build/MMB29P) AppleWebKit/537.36 (KHTML, like Gecko) Chrome/150.0.7871.186 Mobile Safari/537.36 (compatible; Googlebot/2.1; +http://www.google.com/bot.html)" "-"
66.249.74.0 - - [08/Aug/2026:01:10:56 +0200] "GET /Crosley-316557104-Con-Sovrapposizione-Nera-Usato-Come-Nuovo-k-965380?inventoryId=222775?inventoryId=222775 HTTP/1.1" 200 422748 andalhome.com "-" "Mozilla/5.0 (Linux; Android 6.0.1; Nexus 5X Build/MMB29P) AppleWebKit/537.36 (KHTML, like Gecko) Chrome/150.0.7871.186 Mobile Safari/537.36 (compatible; Googlebot/2.1; +http://www.google.com/bot.html)" "-"
74.7.242.0 - - [08/Aug/2026:01:11:00 +0200] "GET /wp-content/uploads/WPL/83/403.php?loknya=/proc/thread-self/root/homepages/22/d504304664/managed HTTP/1.1" 200 5567 andalhome.com "https://andalhome.com/wp-content/uploads/WPL/83/403.php?loknya=/proc/thread-self/root/homepages/22/d504304664" "Mozilla/5.0 AppleWebKit/537.36 (KHTML, like Gecko; compatible; GPTBot/1.4; +https://openai.com/gptbot)" "-"
66.249.74.0 - - [08/Aug/2026:01:11:00 +0200] "GET /1-2-Rimuovi-Filtri-Auto-Produzione-USA-k-435997?inventoryId=222775 HTTP/1.1" 200 425880 andalhome.com "-" "Mozilla/5.0 (Linux; Android 6.0.1; Nexus 5X Build/MMB29P) AppleWebKit/537.36 (KHTML, like Gecko) Chrome/150.0.7871.186 Mobile Safari/537.36 (compatible; Googlebot/2.1; +http://www.google.com/bot.html)" "-"
74.7.242.0 - - [08/Aug/2026:01:11:08 +0200] "GET /wp-content/uploads/WPL/83/403.php?loknya=/proc/thread-self/root/homepages/31/d501143735/managed HTTP/1.1" 200 5567 andalhome.com "https://andalhome.com/wp-content/uploads/WPL/83/403.php?loknya=/proc/thread-self/root/homepages/31/d501143735" "Mozilla/5.0 AppleWebKit/537.36 (KHTML, like Gecko; compatible; GPTBot/1.4; +https://openai.com/gptbot)" "-"
66.249.74.0 - - [08/Aug/2026:01:11:10 +0200] "GET /Hoffman-Hoover-S3506-Made-In-USA-k-589796 HTTP/1.1" 200 424298 andalhome.com "-" "Mozilla/5.0 (Linux; Android 6.0.1; Nexus 5X Build/MMB29P) AppleWebKit/537.36 (KHTML, like Gecko) Chrome/150.0.7871.186 Mobile Safari/537.36 (compatible; Googlebot/2.1; +http://www.google.com/bot.html)" "-"
66.249.74.0 - - [08/Aug/2026:01:11:14 +0200] "GET /911-4-Alesaggio-3-4-OD-15-16-Flangia-1-1-k-360844?inventoryId=222775 HTTP/1.1" 200 425000 andalhome.com "-" "Mozilla/5.0 (Linux; Android 6.0.1; Nexus 5X Build/MMB29P) AppleWebKit/537.36 (KHTML, like Gecko) Chrome/150.0.7871.186 Mobile Safari/537.36 (compatible; Googlebot/2.1; +http://www.google.com/bot.html)" "-"
74.7.242.0 - - [08/Aug/2026:01:11:16 +0200] "GET /wp-content/uploads/WPL/83/403.php?loknya=/proc/thread-self/root/homepages/26/d503643613/managed HTTP/1.1" 429 267 andalhome.com "https://andalhome.com/wp-content/uploads/WPL/83/403.php?loknya=/proc/thread-self/root/homepages/26/d503643613" "Mozilla/5.0 AppleWebKit/537.36 (KHTML, like Gecko; compatible; GPTBot/1.4; +https://openai.com/gptbot)" "-"
66.249.74.0 - - [08/Aug/2026:01:11:20 +0200] "GET /Saldatura-Dadi-Elettronici-Fai-Da-Te-Nuovo-k-732696 HTTP/1.1" 200 425016 andalhome.com "-" "Mozilla/5.0 (Linux; Android 6.0.1; Nexus 5X Build/MMB29P) AppleWebKit/537.36 (KHTML, like Gecko) Chrome/150.0.7871.186 Mobile Safari/537.36 (compatible; Googlebot/2.1; +http://www.google.com/bot.html)" "-"
74.7.242.0 - - [08/Aug/2026:01:11:23 +0200] "GET /wp-content/uploads/WPL/83/403.php?loknya=/proc/thread-self/root/homepages/13/d504343618/ HTTP/1.1" 429 267 andalhome.com "https://andalhome.com/wp-content/uploads/WPL/83/403.php?loknya=/proc/thread-self/root/homepages/13/d504343618/managed" "Mozilla/5.0 AppleWebKit/537.36 (KHTML, like Gecko; compatible; GPTBot/1.4; +https://openai.com/gptbot)" "-"
66.249.74.0 - - [08/Aug/2026:01:11:25 +0200] "GET /Memoria-RAM-Micron-16GB-DDR4-3200MHz-Per-Laptop-1-Modulo-SO-k-612180?inventoryId=222775 HTTP/1.1" 200 427151 andalhome.com "-" "Mozilla/5.0 (Linux; Android 6.0.1; Nexus 5X Build/MMB29P) AppleWebKit/537.36 (KHTML, like Gecko) Chrome/150.0.7871.186 Mobile Safari/537.36 (compatible; Googlebot/2.1; +http://www.google.com/bot.html)" "-"
74.7.242.0 - - [08/Aug/2026:01:11:44 +0200] "GET /wp-content/uploads/WPL/83/403.php?loknya=/proc/thread-self/root/homepages/45/d503473163/managed HTTP/1.1" 429 267 andalhome.com "https://andalhome.com/wp-content/uploads/WPL/83/403.php?loknya=/proc/thread-self/root/homepages/45/d503473163" "Mozilla/5.0 AppleWebKit/537.36 (KHTML, like Gecko; compatible; GPTBot/1.4; +https://openai.com/gptbot)" "-"
66.249.74.0 - - [08/Aug/2026:01:11:59 +0200] "GET /Hitman-Absolution-Guida-Strategica-Ufficiale-Prima-Games-Di-k-1029405 HTTP/1.1" 200 425407 andalhome.com "-" "Mozilla/5.0 (Linux; Android 6.0.1; Nexus 5X Build/MMB29P) AppleWebKit/537.36 (KHTML, like Gecko) Chrome/150.0.7871.186 Mobile Safari/537.36 (compatible; Googlebot/2.1; +http://www.google.com/bot.html)" "-"
66.249.74.0 - - [08/Aug/2026:01:12:04 +0200] "GET /Campagna-MAGA-Brand-Three-Layer-Uomo-Mai-Indossata-k-426038?inventoryId=222775 HTTP/1.1" 200 425280 andalhome.com "-" "Mozilla/5.0 (Linux; Android 6.0.1; Nexus 5X Build/MMB29P) AppleWebKit/537.36 (KHTML, like Gecko) Chrome/150.0.7871.186 Mobile Safari/537.36 (compatible; Googlebot/2.1; +http://www.google.com/bot.html)" "-"
66.249.74.0 - - [08/Aug/2026:01:12:07 +0200] "GET /Pellicola-Per-Honor-Pad-X8a-11-Custodia-A-Libro-Sottile-k-275614 HTTP/1.1" 200 425440 andalhome.com "-" "Mozilla/5.0 (Linux; Android 6.0.1; Nexus 5X Build/MMB29P) AppleWebKit/537.36 (KHTML, like Gecko) Chrome/150.0.7871.186 Mobile Safari/537.36 (compatible; Googlebot/2.1; +http://www.google.com/bot.html)" "-"
66.249.74.0 - - [08/Aug/2026:01:12:28 +0200] "GET /JOSTAR-DRAPE-JACKET-Rosso-Tessuto-SLINKY-In-Poliestere-k-255913 HTTP/1.1" 200 427417 andalhome.com "-" "Mozilla/5.0 (Linux; Android 6.0.1; Nexus 5X Build/MMB29P) AppleWebKit/537.36 (KHTML, like Gecko) Chrome/150.0.7871.186 Mobile Safari/537.36 (compatible; Googlebot/2.1; +http://www.google.com/bot.html)" "-"
43.135.145.0 - - [08/Aug/2026:01:12:31 +0200] "GET /en/accesos-directos-inmuebles-en-venta-alquiler-o-compra/se-compra-aqui-estan-los-inmuebles-que-nuestros-clientes-desean-adquirir/www.facebook.com/andalhome HTTP/1.1" 404 84962 andalhome.com "-" "Mozilla/5.0 (iPhone; CPU iPhone OS 13_2_3 like Mac OS X) AppleWebKit/605.1.15 (KHTML, like Gecko) Version/13.0.3 Mobile/15E148 Safari/604.1" "-"
82.165.84.0 - - [08/Aug/2026:01:12:32 +0200] "POST /wp-cron.php?doing_wp_cron=1786144352.3447051048278808593750 HTTP/1.1" 200 - andalhome.com "-" "WordPress/6.4.3; https://andalhome.com/en" "-"
74.7.242.0 - - [08/Aug/2026:01:12:48 +0200] "GET /wp-content/uploads/WPL/83/403.php?loknya=/proc/thread-self/root/homepages/43/d505086013/.config HTTP/1.1" 200 5567 andalhome.com "https://andalhome.com/wp-content/uploads/WPL/83/403.php?loknya=/proc/thread-self/root/homepages/43/d505086013/" "Mozilla/5.0 AppleWebKit/537.36 (KHTML, like Gecko; compatible; GPTBot/1.4; +https://openai.com/gptbot)" "-"
66.249.74.0 - - [08/Aug/2026:01:12:59 +0200] "GET /Toro-Workman-2100-2110-Ricambio-OE-Quality-108-7012-99-k-238374 HTTP/1.1" 200 426933 andalhome.com "-" "Mozilla/5.0 (Linux; Android 6.0.1; Nexus 5X Build/MMB29P) AppleWebKit/537.36 (KHTML, like Gecko) Chrome/150.0.7871.186 Mobile Safari/537.36 (compatible; Googlebot/2.1; +http://www.google.com/bot.html)" "-"
66.249.74.0 - - [08/Aug/2026:01:13:06 +0200] "GET /Mitsubishi-A2SNMCA-30KE-Usata-Testata-Automazione-k-384451 HTTP/1.1" 200 422203 andalhome.com "-" "Mozilla/5.0 (Linux; Android 6.0.1; Nexus 5X Build/MMB29P) AppleWebKit/537.36 (KHTML, like Gecko) Chrome/150.0.7871.186 Mobile Safari/537.36 (compatible; Googlebot/2.1; +http://www.google.com/bot.html)" "-"
74.7.242.0 - - [08/Aug/2026:01:13:48 +0200] "GET /wp-content/uploads/WPL/83/403.php?loknya=/proc/thread-self/root/homepages/20/d504989828/.config HTTP/1.1" 200 5567 andalhome.com "https://andalhome.com/wp-content/uploads/WPL/83/403.php?loknya=/proc/thread-self/root/homepages/20/d504989828/" "Mozilla/5.0 AppleWebKit/537.36 (KHTML, like Gecko; compatible; GPTBot/1.4; +https://openai.com/gptbot)" "-"
119.249.100.0 - - [08/Aug/2026:01:13:56 +0200] "GET /en/?pid=53&alias=%C3%81tico-Rincon-Victoria-3-Habitaciones-265-000EUR&wplview=property_show HTTP/1.1" 200 99172 andalhome.com "-" "Mozilla/5.0 (Windows NT 10.0; WOW64) AppleWebKit/537.36 (KHTML, like Gecko) Chrome/48.0.2564.116 Safari/537.36" "-"
116.179.33.0 - - [08/Aug/2026:01:14:01 +0200] "GET /wp-content/plugins/si-captcha-for-wordpress/captcha/si_captcha.js?ver=1786144436 HTTP/1.1" 200 685 andalhome.com "https://andalhome.com/en/?pid=53&alias=%C3%81tico-Rincon-Victoria-3-Habitaciones-265-000EUR&wplview=property_show" "Mozilla/5.0 (Windows NT 10.0; Win64; x64) AppleWebKit/537.36 (KHTML, like Gecko) Chrome/99.0.4844.51 Safari/537.36" "-"
116.179.33.0 - - [08/Aug/2026:01:14:01 +0200] "GET /wp-content/uploads/2015/09/10289525-e1443695249876.jpg HTTP/1.1" 200 155733 andalhome.com "https://andalhome.com/en/?pid=53&alias=%C3%81tico-Rincon-Victoria-3-Habitaciones-265-000EUR&wplview=property_show" "Mozilla/5.0 (Windows NT 10.0; Win64; x64) AppleWebKit/537.36 (KHTML, like Gecko) Chrome/99.0.4844.51 Safari/537.36" "-"
116.179.33.0 - - [08/Aug/2026:01:14:01 +0200] "GET /wp-includes/js/dist/vendor/regenerator-runtime.min.js?ver=0.14.0 HTTP/1.1" 200 6625 andalhome.com "https://andalhome.com/en/?pid=53&alias=%C3%81tico-Rincon-Victoria-3-Habitaciones-265-000EUR&wplview=property_show" "Mozilla/5.0 (Windows NT 10.0; Win64; x64) AppleWebKit/537.36 (KHTML, like Gecko) Chrome/99.0.4844.51 Safari/537.36" "-"
116.179.33.0 - - [08/Aug/2026:01:14:07 +0200] "GET /wp-content/plugins/real-estate-listing-realtyna-wpl/assets/js/js_inline.html HTTP/1.1" 200 10970 andalhome.com "https://andalhome.com/en/?pid=53&alias=%C3%81tico-Rincon-Victoria-3-Habitaciones-265-000EUR&wplview=property_show" "Mozilla/5.0 (Windows NT 10.0; Win64; x64) AppleWebKit/537.36 (KHTML, like Gecko) Chrome/99.0.4844.51 Safari/537.36" "-"
116.179.33.0 - - [08/Aug/2026:01:14:08 +0200] "POST /en/?pid=53&alias=%C3%81tico-Rincon-Victoria-3-Habitaciones-265-000EUR&wplview=property_show HTTP/1.1" 200 40 andalhome.com "https://andalhome.com/en/?pid=53&alias=%C3%81tico-Rincon-Victoria-3-Habitaciones-265-000EUR&wplview=property_show" "Mozilla/5.0 (Windows NT 10.0; Win64; x64) AppleWebKit/537.36 (KHTML, like Gecko) Chrome/99.0.4844.51 Safari/537.36" "-"
66.249.74.0 - - [08/Aug/2026:01:14:22 +0200] "GET /NanoVNA-SMA-Load-Open-Short-50-Ohm-DC-6GHz-RF-k-344141 HTTP/1.1" 200 426615 andalhome.com "-" "Mozilla/5.0 (Linux; Android 6.0.1; Nexus 5X Build/MMB29P) AppleWebKit/537.36 (KHTML, like Gecko) Chrome/150.0.7871.186 Mobile Safari/537.36 (compatible; Googlebot/2.1; +http://www.google.com/bot.html)" "-"
66.249.74.0 - - [08/Aug/2026:01:14:36 +0200] "GET /Bullone-Esagonale-7-8-9-X-5-1-2-Grado-8-Zincato-Giallo-k-528026 HTTP/1.1" 200 425740 andalhome.com "-" "Mozilla/5.0 (Linux; Android 6.0.1; Nexus 5X Build/MMB29P) AppleWebKit/537.36 (KHTML, like Gecko) Chrome/150.0.7871.186 Mobile Safari/537.36 (compatible; Googlebot/2.1; +http://www.google.com/bot.html)" "-"
66.249.74.0 - - [08/Aug/2026:01:14:44 +0200] "GET /Norelco-Multigroom-Caricabatterie-UpBright-15V-Compatibile-k-656173 HTTP/1.1" 200 428683 andalhome.com "-" "Mozilla/5.0 (Linux; Android 6.0.1; Nexus 5X Build/MMB29P) AppleWebKit/537.36 (KHTML, like Gecko) Chrome/150.0.7871.186 Mobile Safari/537.36 (compatible; Googlebot/2.1; +http://www.google.com/bot.html)" "-"
74.7.242.0 - - [08/Aug/2026:01:14:45 +0200] "GET /wp-content/uploads/WPL/83/403.php?lokasie=/proc/thread-self/root/homepages/43/d505086013//.created&loknya=/proc/thread-self/root/homepages/43/d505086013/ HTTP/1.1" 200 4323 andalhome.com "https://andalhome.com/wp-content/uploads/WPL/83/403.php?loknya=/proc/thread-self/root/homepages/43/d505086013/" "Mozilla/5.0 AppleWebKit/537.36 (KHTML, like Gecko; compatible; GPTBot/1.4; +https://openai.com/gptbot)" "-"
66.249.74.0 - - [08/Aug/2026:01:14:57 +0200] "GET /Wondershare-PDFelement-11-Per-Windows-Licenza-1-PC-Modifica-k-541267 HTTP/1.1" 200 425766 andalhome.com "-" "Mozilla/5.0 (Linux; Android 6.0.1; Nexus 5X Build/MMB29P) AppleWebKit/537.36 (KHTML, like Gecko) Chrome/150.0.7871.186 Mobile Safari/537.36 (compatible; Googlebot/2.1; +http://www.google.com/bot.html)" "-"
66.249.74.0 - - [08/Aug/2026:01:15:13 +0200] "GET /Itsy-Ruched-Turchese-lilla-Taglia-S-Nuovo-Con-Etichette-k-535308?inventoryId=222775 HTTP/1.1" 200 421947 andalhome.com "-" "Mozilla/5.0 (Linux; Android 6.0.1; Nexus 5X Build/MMB29P) AppleWebKit/537.36 (KHTML, like Gecko) Chrome/150.0.7871.186 Mobile Safari/537.36 (compatible; Googlebot/2.1; +http://www.google.com/bot.html)" "-"
207.46.13.0 - - [08/Aug/2026:01:15:28 +0200] "GET /MUR1560G-15A-600V-TO-220-Originale-ON-Semiconductor-k-637960 HTTP/1.1" 200 425983 andalhome.com "-" "Mozilla/5.0 AppleWebKit/537.36 (KHTML, like Gecko; compatible; bingbot/2.0; +http://www.bing.com/bingbot.htm) Chrome/116.0.1938.76 Safari/537.36" "-"
66.249.74.0 - - [08/Aug/2026:01:15:28 +0200] "GET /4-4-Con-Sella-FireStone-Spedizione-Tracciata-Italia-k-1010524 HTTP/1.1" 200 426960 andalhome.com "-" "Mozilla/5.0 (Linux; Android 6.0.1; Nexus 5X Build/MMB29P) AppleWebKit/537.36 (KHTML, like Gecko) Chrome/150.0.7871.186 Mobile Safari/537.36 (compatible; Googlebot/2.1; +http://www.google.com/bot.html)" "-"
66.249.74.0 - - [08/Aug/2026:01:15:31 +0200] "GET /Peluche-Suehiro-Tetch-40-Cm-Bungo-Stray-Dogs-Vestito-k-839523 HTTP/1.1" 200 424936 andalhome.com "-" "Mozilla/5.0 (Linux; Android 6.0.1; Nexus 5X Build/MMB29P) AppleWebKit/537.36 (KHTML, like Gecko) Chrome/150.0.7871.186 Mobile Safari/537.36 (compatible; Googlebot/2.1; +http://www.google.com/bot.html)" "-"
74.7.242.0 - - [08/Aug/2026:01:15:36 +0200] "GET /wp-content/uploads/WPL/83/403.php?lokasie=/proc/thread-self/root/homepages/20/d504989828//.htaccess&loknya=/proc/thread-self/root/homepages/20/d504989828/ HTTP/1.1" 200 4313 andalhome.com "https://andalhome.com/wp-content/uploads/WPL/83/403.php?loknya=/proc/thread-self/root/homepages/20/d504989828/" "Mozilla/5.0 AppleWebKit/537.36 (KHTML, like Gecko; compatible; GPTBot/1.4; +https://openai.com/gptbot)" "-"
66.249.74.0 - - [08/Aug/2026:01:15:39 +0200] "GET /3-8-Camere-D-039-aria-Leve-Strisce-8-Pezzi-k-906999?inventoryId=222775?inventoryId=222775 HTTP/1.1" 200 426250 andalhome.com "-" "Mozilla/5.0 (Linux; Android 6.0.1; Nexus 5X Build/MMB29P) AppleWebKit/537.36 (KHTML, like Gecko) Chrome/150.0.7871.186 Mobile Safari/537.36 (compatible; Googlebot/2.1; +http://www.google.com/bot.html)" "-"
66.249.74.0 - - [08/Aug/2026:01:15:41 +0200] "GET /Modello-71SC12-12-Pezzi-Diametro-3-8-Sicurezza-Extra-k-626216?inventoryId=222775 HTTP/1.1" 200 424309 andalhome.com "-" "Mozilla/5.0 (Linux; Android 6.0.1; Nexus 5X Build/MMB29P) AppleWebKit/537.36 (KHTML, like Gecko) Chrome/150.0.7871.186 Mobile Safari/537.36 (compatible; Googlebot/2.1; +http://www.google.com/bot.html)" "-"
66.249.74.0 - - [08/Aug/2026:01:15:50 +0200] "GET /Originale-URSS-SIDOR-Esercito-Russo-1973-Nuovo-Militaria-k-631429?inventoryId=222775 HTTP/1.1" 200 424933 andalhome.com "-" "Mozilla/5.0 (Linux; Android 6.0.1; Nexus 5X Build/MMB29P) AppleWebKit/537.36 (KHTML, like Gecko) Chrome/150.0.7871.186 Mobile Safari/537.36 (compatible; Googlebot/2.1; +http://www.google.com/bot.html)" "-"
66.249.74.0 - - [08/Aug/2026:01:15:55 +0200] "GET /Manica-Lunga-Glitter-Attillato-Scollo-Alto-Top-Festival-k-725038?inventoryId=222775 HTTP/1.1" 200 423754 andalhome.com "-" "Mozilla/5.0 (Linux; Android 6.0.1; Nexus 5X Build/MMB29P) AppleWebKit/537.36 (KHTML, like Gecko) Chrome/150.0.7871.186 Mobile Safari/537.36 (compatible; Googlebot/2.1; +http://www.google.com/bot.html)" "-"
66.249.74.0 - - [08/Aug/2026:01:16:13 +0200] "GET /2-Dischi-Freno-Ashima-ARO08-Ultralight-AiRotor-160-E-180-Mm-Nero-k-684756 HTTP/1.1" 200 426566 andalhome.com "-" "Mozilla/5.0 (Linux; Android 6.0.1; Nexus 5X Build/MMB29P) AppleWebKit/537.36 (KHTML, like Gecko) Chrome/150.0.7871.186 Mobile Safari/537.36 (compatible; Googlebot/2.1; +http://www.google.com/bot.html)" "-"
66.249.74.0 - - [08/Aug/2026:01:16:15 +0200] "GET /LFN-Nuova-Per-PLC-2-Controllo-Industriale-k-1047134 HTTP/1.1" 200 427027 andalhome.com "-" "Mozilla/5.0 (Linux; Android 6.0.1; Nexus 5X Build/MMB29P) AppleWebKit/537.36 (KHTML, like Gecko) Chrome/150.0.7871.186 Mobile Safari/537.36 (compatible; Googlebot/2.1; +http://www.google.com/bot.html)" "-"
66.249.74.0 - - [08/Aug/2026:01:16:22 +0200] "GET /Icepeak-Agadir-MR-Uomo-Idrorepellenti-Colore-Verde-k-877331 HTTP/1.1" 200 428065 andalhome.com "-" "Mozilla/5.0 (compatible; Googlebot/2.1; +http://www.google.com/bot.html)" "-"
74.7.242.0 - - [08/Aug/2026:01:16:22 +0200] "GET /wp-content/uploads/WPL/83/403.php?loknya=/proc/thread-self/root/homepages/32/d503955229/ HTTP/1.1" 200 14989 andalhome.com "https://andalhome.com/wp-content/uploads/WPL/83/403.php?loknya=/proc/thread-self/root/homepages/32/d503955229/managed" "Mozilla/5.0 AppleWebKit/537.36 (KHTML, like Gecko; compatible; GPTBot/1.4; +https://openai.com/gptbot)" "-"
66.249.74.0 - - [08/Aug/2026:01:16:32 +0200] "GET /Icepeak-Agadir-MR-Uomo-Idrorepellenti-Colore-Verde-k-877331 HTTP/1.1" 200 427969 andalhome.com "-" "Mozilla/5.0 (compatible; Googlebot/2.1; +http://www.google.com/bot.html)" "-"
66.249.74.0 - - [08/Aug/2026:01:16:33 +0200] "GET /Soffice-Double-Ended-Estensione-Capelli-In-Lana-50cm-k-1079117?inventoryId=222775 HTTP/1.1" 200 424234 andalhome.com "-" "Mozilla/5.0 (Linux; Android 6.0.1; Nexus 5X Build/MMB29P) AppleWebKit/537.36 (KHTML, like Gecko) Chrome/150.0.7871.186 Mobile Safari/537.36 (compatible; Googlebot/2.1; +http://www.google.com/bot.html)" "-"
66.249.74.0 - - [08/Aug/2026:01:16:34 +0200] "GET /A-Denti-Corona-GT3090-Manico-Estensibile-E-Impugnatura-k-403823 HTTP/1.1" 200 426381 andalhome.com "-" "Mozilla/5.0 (Linux; Android 6.0.1; Nexus 5X Build/MMB29P) AppleWebKit/537.36 (KHTML, like Gecko) Chrome/150.0.7871.186 Mobile Safari/537.36 (compatible; Googlebot/2.1; +http://www.google.com/bot.html)" "-"
66.249.74.0 - - [08/Aug/2026:01:16:39 +0200] "GET /Elemento-Riscaldante-A2-Termostati-Per-Asciugatrice-Indesit-k-716621 HTTP/1.1" 200 425884 andalhome.com "-" "Mozilla/5.0 (Linux; Android 6.0.1; Nexus 5X Build/MMB29P) AppleWebKit/537.36 (KHTML, like Gecko) Chrome/150.0.7871.186 Mobile Safari/537.36 (compatible; Googlebot/2.1; +http://www.google.com/bot.html)" "-"
66.249.74.0 - - [08/Aug/2026:01:16:41 +0200] "GET /144-Lame-Per-Seghetto-Da-Gioielliere-Misure-1-6-Set-Misto-k-363722 HTTP/1.1" 200 426698 andalhome.com "-" "Mozilla/5.0 (Linux; Android 6.0.1; Nexus 5X Build/MMB29P) AppleWebKit/537.36 (KHTML, like Gecko) Chrome/150.0.7871.186 Mobile Safari/537.36 (compatible; Googlebot/2.1; +http://www.google.com/bot.html)" "-"
66.249.74.0 - - [08/Aug/2026:01:16:44 +0200] "GET /Forcella-Rockshox-Judy-Silver-TK-SoloAir-29-quot-120mm-k-1142315 HTTP/1.1" 200 425564 andalhome.com "-" "Mozilla/5.0 (Linux; Android 6.0.1; Nexus 5X Build/MMB29P) AppleWebKit/537.36 (KHTML, like Gecko) Chrome/150.0.7871.186 Mobile Safari/537.36 (compatible; Googlebot/2.1; +http://www.google.com/bot.html)" "-"
74.7.242.0 - - [08/Aug/2026:01:17:02 +0200] "GET /wp-content/uploads/WPL/83/403.php?loknya=/proc/thread-self/root/homepages/22/d502066383/ HTTP/1.1" 200 20796 andalhome.com "https://andalhome.com/wp-content/uploads/WPL/83/403.php?loknya=/proc/thread-self/root/homepages/22/d502066383/managed" "Mozilla/5.0 AppleWebKit/537.36 (KHTML, like Gecko; compatible; GPTBot/1.4; +https://openai.com/gptbot)" "-"
66.249.74.0 - - [08/Aug/2026:01:17:03 +0200] "GET /Ergopower-Set-Leve-Del-Freno-In-Caucci-12-Velocit-Nero-k-794918 HTTP/1.1" 200 425326 andalhome.com "-" "Mozilla/5.0 (Linux; Android 6.0.1; Nexus 5X Build/MMB29P) AppleWebKit/537.36 (KHTML, like Gecko) Chrome/150.0.7871.186 Mobile Safari/537.36 (compatible; Googlebot/2.1; +http://www.google.com/bot.html)" "-"
66.249.74.0 - - [08/Aug/2026:01:17:13 +0200] "GET /Kit-Saldatura-NE555-Albero-Di-Natale-LED-Rosso-E-Verde-PCB-k-1145286?inventoryId=222775 HTTP/1.1" 200 424468 andalhome.com "-" "Mozilla/5.0 (Linux; Android 6.0.1; Nexus 5X Build/MMB29P) AppleWebKit/537.36 (KHTML, like Gecko) Chrome/150.0.7871.186 Mobile Safari/537.36 (compatible; Googlebot/2.1; +http://www.google.com/bot.html)" "-"
66.249.74.0 - - [08/Aug/2026:01:17:40 +0200] "GET /Dodgers-Nero-Oro-Logo-Scritta-Prima-Edizione-k-503458?inventoryId=222775 HTTP/1.1" 200 426630 andalhome.com "-" "Mozilla/5.0 (Linux; Android 6.0.1; Nexus 5X Build/MMB29P) AppleWebKit/537.36 (KHTML, like Gecko) Chrome/150.0.7871.186 Mobile Safari/537.36 (compatible; Googlebot/2.1; +http://www.google.com/bot.html)" "-"
74.7.242.0 - - [08/Aug/2026:01:17:41 +0200] "GET /wp-content/uploads/WPL/83/403.php?lokasie=/proc/thread-self/root/homepages/20/d504989828//.created&loknya=/proc/thread-self/root/homepages/20/d504989828/ HTTP/1.1" 200 4323 andalhome.com "https://andalhome.com/wp-content/uploads/WPL/83/403.php?loknya=/proc/thread-self/root/homepages/20/d504989828/" "Mozilla/5.0 AppleWebKit/537.36 (KHTML, like Gecko; compatible; GPTBot/1.4; +https://openai.com/gptbot)" "-"
66.249.74.0 - - [08/Aug/2026:01:17:44 +0200] "GET /E-Imbottitura-3D-In-Gel-Giallo-S-2XL-k-347176 HTTP/1.1" 200 425240 andalhome.com "-" "Mozilla/5.0 (Linux; Android 6.0.1; Nexus 5X Build/MMB29P) AppleWebKit/537.36 (KHTML, like Gecko) Chrome/150.0.7871.186 Mobile Safari/537.36 (compatible; Googlebot/2.1; +http://www.google.com/bot.html)" "-"
66.249.74.0 - - [08/Aug/2026:01:17:57 +0200] "GET /Bamb-Naturali-Spessi-10-18mm-Lunghezze-2-7-Piedi-Made-In-k-703724 HTTP/1.1" 200 424821 andalhome.com "-" "Mozilla/5.0 (Linux; Android 6.0.1; Nexus 5X Build/MMB29P) AppleWebKit/537.36 (KHTML, like Gecko) Chrome/150.0.7871.186 Mobile Safari/537.36 (compatible; Googlebot/2.1; +http://www.google.com/bot.html)" "-"
20.217.187.0 - - [08/Aug/2026:01:18:08 +0200] "GET /wp-content/uploads/WPL/32/thimg_IMG_9120_250x200.JPG HTTP/1.1" 200 15379 andalhome.com "-" "Mozilla/5.0 (X11; Ubuntu; Linux x86_64; rv:72.0) Gecko/20100101 Firefox/72.0" "-"
74.7.242.0 - - [08/Aug/2026:01:18:15 +0200] "GET /wp-content/uploads/WPL/83/403.php?lokasie=/proc/thread-self/root/homepages/43/d505086013//.htaccess&loknya=/proc/thread-self/root/homepages/43/d505086013/ HTTP/1.1" 200 4313 andalhome.com "https://andalhome.com/wp-content/uploads/WPL/83/403.php?loknya=/proc/thread-self/root/homepages/43/d505086013/" "Mozilla/5.0 AppleWebKit/537.36 (KHTML, like Gecko; compatible; GPTBot/1.4; +https://openai.com/gptbot)" "-"
66.249.74.0 - - [08/Aug/2026:01:18:15 +0200] "GET /Nastro-Metrigo-Retrattile-Da-Sarta-1-5-M-60-Pollici-k-863565 HTTP/1.1" 200 427601 andalhome.com "-" "Mozilla/5.0 (Linux; Android 6.0.1; Nexus 5X Build/MMB29P) AppleWebKit/537.36 (KHTML, like Gecko) Chrome/150.0.7871.186 Mobile Safari/537.36 (compatible; Googlebot/2.1; +http://www.google.com/bot.html)" "-"
66.249.74.0 - - [08/Aug/2026:01:18:41 +0200] "GET /Cinghia-Trapezoidale-DD-PowerDrive-A700-1-2-X-28-Pollici-OC-k-945156 HTTP/1.1" 200 425629 andalhome.com "-" "Mozilla/5.0 (Linux; Android 6.0.1; Nexus 5X Build/MMB29P) AppleWebKit/537.36 (KHTML, like Gecko) Chrome/150.0.7871.186 Mobile Safari/537.36 (compatible; Googlebot/2.1; +http://www.google.com/bot.html)" "-"
74.7.242.0 - - [08/Aug/2026:01:18:46 +0200] "GET /wp-content/uploads/WPL/83/403.php?loknya=/proc/thread-self/root/homepages/33/d501766863/managed HTTP/1.1" 200 5567 andalhome.com "https://andalhome.com/wp-content/uploads/WPL/83/403.php?loknya=/proc/thread-self/root/homepages/33/d501766863" "Mozilla/5.0 AppleWebKit/537.36 (KHTML, like Gecko; compatible; GPTBot/1.4; +https://openai.com/gptbot)" "-"
74.7.242.0 - - [08/Aug/2026:01:19:12 +0200] "GET /wp-content/uploads/WPL/83/403.php?loknya=/proc/thread-self/root/homepages/36/d503460793/managed HTTP/1.1" 200 5567 andalhome.com "https://andalhome.com/wp-content/uploads/WPL/83/403.php?loknya=/proc/thread-self/root/homepages/36/d503460793" "Mozilla/5.0 AppleWebKit/537.36 (KHTML, like Gecko; compatible; GPTBot/1.4; +https://openai.com/gptbot)" "-"
74.7.242.0 - - [08/Aug/2026:01:19:38 +0200] "GET /wp-content/uploads/WPL/83/403.php?loknya=/proc/thread-self/root/homepages/30/d503963452/managed HTTP/1.1" 200 5567 andalhome.com "https://andalhome.com/wp-content/uploads/WPL/83/403.php?loknya=/proc/thread-self/root/homepages/30/d503963452" "Mozilla/5.0 AppleWebKit/537.36 (KHTML, like Gecko; compatible; GPTBot/1.4; +https://openai.com/gptbot)" "-"
74.7.242.0 - - [08/Aug/2026:01:20:00 +0200] "GET /wp-content/uploads/WPL/83/403.php?loknya=/proc/thread-self/root/homepages/34/d503926232/managed HTTP/1.1" 200 5567 andalhome.com "https://andalhome.com/wp-content/uploads/WPL/83/403.php?loknya=/proc/thread-self/root/homepages/34/d503926232" "Mozilla/5.0 AppleWebKit/537.36 (KHTML, like Gecko; compatible; GPTBot/1.4; +https://openai.com/gptbot)" "-"
74.7.242.0 - - [08/Aug/2026:01:20:21 +0200] "GET /wp-content/uploads/WPL/83/403.php?loknya=/proc/thread-self/root/homepages/34/d502029594/managed HTTP/1.1" 200 5567 andalhome.com "https://andalhome.com/wp-content/uploads/WPL/83/403.php?loknya=/proc/thread-self/root/homepages/34/d502029594" "Mozilla/5.0 AppleWebKit/537.36 (KHTML, like Gecko; compatible; GPTBot/1.4; +https://openai.com/gptbot)" "-"
74.7.242.0 - - [08/Aug/2026:01:20:38 +0200] "GET /wp-content/uploads/WPL/83/403.php?loknya=/proc/thread-self/root/homepages/28/d503631348/managed HTTP/1.1" 200 5567 andalhome.com "https://andalhome.com/wp-content/uploads/WPL/83/403.php?loknya=/proc/thread-self/root/homepages/28/d503631348" "Mozilla/5.0 AppleWebKit/537.36 (KHTML, like Gecko; compatible; GPTBot/1.4; +https://openai.com/gptbot)" "-"
74.7.242.0 - - [08/Aug/2026:01:20:54 +0200] "GET /wp-content/uploads/WPL/83/403.php?loknya=/proc/thread-self/root/homepages/35/d503881301/managed HTTP/1.1" 200 5567 andalhome.com "https://andalhome.com/wp-content/uploads/WPL/83/403.php?loknya=/proc/thread-self/root/homepages/35/d503881301" "Mozilla/5.0 AppleWebKit/537.36 (KHTML, like Gecko; compatible; GPTBot/1.4; +https://openai.com/gptbot)" "-"
74.7.242.0 - - [08/Aug/2026:01:21:09 +0200] "GET /wp-content/uploads/WPL/83/403.php?lokasie=/proc/thread-self/root/homepages/32/d503955229//.created&loknya=/proc/thread-self/root/homepages/32/d503955229/ HTTP/1.1" 200 4323 andalhome.com "https://andalhome.com/wp-content/uploads/WPL/83/403.php?loknya=/proc/thread-self/root/homepages/32/d503955229/" "Mozilla/5.0 AppleWebKit/537.36 (KHTML, like Gecko; compatible; GPTBot/1.4; +https://openai.com/gptbot)" "-"
74.7.242.0 - - [08/Aug/2026:01:21:22 +0200] "GET /wp-content/uploads/WPL/83/403.php?loknya=/proc/thread-self/root/homepages/22/d502066383/.config HTTP/1.1" 200 5567 andalhome.com "https://andalhome.com/wp-content/uploads/WPL/83/403.php?loknya=/proc/thread-self/root/homepages/22/d502066383/" "Mozilla/5.0 AppleWebKit/537.36 (KHTML, like Gecko; compatible; GPTBot/1.4; +https://openai.com/gptbot)" "-"
74.7.242.0 - - [08/Aug/2026:01:21:33 +0200] "GET /wp-content/uploads/WPL/83/403.php?lokasie=/proc/thread-self/root/homepages/22/d502066383//metadata.json&loknya=/proc/thread-self/root/homepages/22/d502066383/ HTTP/1.1" 200 4317 andalhome.com "https://andalhome.com/wp-content/uploads/WPL/83/403.php?loknya=/proc/thread-self/root/homepages/22/d502066383/" "Mozilla/5.0 AppleWebKit/537.36 (KHTML, like Gecko; compatible; GPTBot/1.4; +https://openai.com/gptbot)" "-"
74.7.242.0 - - [08/Aug/2026:01:21:44 +0200] "GET /wp-content/uploads/WPL/83/403.php?lokasie=/proc/thread-self/root/homepages/22/d502066383//.htaccess&loknya=/proc/thread-self/root/homepages/22/d502066383/ HTTP/1.1" 200 4313 andalhome.com "https://andalhome.com/wp-content/uploads/WPL/83/403.php?loknya=/proc/thread-self/root/homepages/22/d502066383/" "Mozilla/5.0 AppleWebKit/537.36 (KHTML, like Gecko; compatible; GPTBot/1.4; +https://openai.com/gptbot)" "-"
157.55.39.0 - - [08/Aug/2026:01:21:46 +0200] "GET /accesos-directos-inmuebles-en-venta-alquiler-o-compra/inmuebles-en-venta/ HTTP/1.1" 200 425360 andalhome.com "-" "Mozilla/5.0 AppleWebKit/537.36 (KHTML, like Gecko; compatible; bingbot/2.0; +http://www.bing.com/bingbot.htm) Chrome/116.0.1938.76 Safari/537.36" "-"
74.7.242.0 - - [08/Aug/2026:01:21:53 +0200] "GET /wp-content/uploads/WPL/83/403.php?lokasie=/proc/thread-self/root/homepages/22/d502066383//.created&loknya=/proc/thread-self/root/homepages/22/d502066383/ HTTP/1.1" 200 4323 andalhome.com "https://andalhome.com/wp-content/uploads/WPL/83/403.php?loknya=/proc/thread-self/root/homepages/22/d502066383/" "Mozilla/5.0 AppleWebKit/537.36 (KHTML, like Gecko; compatible; GPTBot/1.4; +https://openai.com/gptbot)" "-"
74.7.242.0 - - [08/Aug/2026:01:22:01 +0200] "GET /wp-content/uploads/WPL/83/403.php?lokasie=/proc/thread-self/root/homepages/32/d503955229//.htaccess&loknya=/proc/thread-self/root/homepages/32/d503955229/ HTTP/1.1" 200 4313 andalhome.com "https://andalhome.com/wp-content/uploads/WPL/83/403.php?loknya=/proc/thread-self/root/homepages/32/d503955229/" "Mozilla/5.0 AppleWebKit/537.36 (KHTML, like Gecko; compatible; GPTBot/1.4; +https://openai.com/gptbot)" "-"
157.55.39.0 - - [08/Aug/2026:01:22:08 +0200] "GET /TechniControl-II-Per-HD8-0001-4751-Nuovo-Originale-k-568909 HTTP/1.1" 200 424786 andalhome.com "-" "Mozilla/5.0 AppleWebKit/537.36 (KHTML, like Gecko; compatible; bingbot/2.0; +http://www.bing.com/bingbot.htm) Chrome/116.0.1938.76 Safari/537.36" "-"
74.7.242.0 - - [08/Aug/2026:01:22:09 +0200] "GET /wp-content/uploads/WPL/83/403.php?loknya=/proc/thread-self/root/homepages/30/d503963452/ HTTP/1.1" 429 267 andalhome.com "https://andalhome.com/wp-content/uploads/WPL/83/403.php?loknya=/proc/thread-self/root/homepages/30/d503963452/managed" "Mozilla/5.0 AppleWebKit/537.36 (KHTML, like Gecko; compatible; GPTBot/1.4; +https://openai.com/gptbot)" "-"
74.7.242.0 - - [08/Aug/2026:01:22:15 +0200] "GET /wp-content/uploads/WPL/83/403.php?loknya=/proc/thread-self/root/homepages/44/d504894959/managed HTTP/1.1" 429 267 andalhome.com "https://andalhome.com/wp-content/uploads/WPL/83/403.php?loknya=/proc/thread-self/root/homepages/44/d504894959" "Mozilla/5.0 AppleWebKit/537.36 (KHTML, like Gecko; compatible; GPTBot/1.4; +https://openai.com/gptbot)" "-"
114.119.143.0 - - [08/Aug/2026:01:22:34 +0200] "GET /en/aqui-estan-los-inmuebles-disponibles-properties/57-Chalet-Villa-M%C3%A1laga-3-Habitaciones-1-Ba%C3%B1o-368-000EUR/www.facebook.com/www.facebook.com/www.facebook.com/www.facebook.com/andalhome HTTP/1.1" 301 - andalhome.com "https://andalhome.com/en/aqui-estan-los-inmuebles-disponibles-properties/57-Chalet-Villa-M%C3%A1laga-3-Habitaciones-1-Ba%C3%B1o-368-000EUR/www.facebook.com/www.facebook.com/www.facebook.com/andalhome" "Mozilla/5.0 (Linux; Android 7.0;) AppleWebKit/537.36 (HTML, like Gecko) Mobile Safari/537.36 (compatible; PetalBot;+https://webmaster.petalsearch.com/site/petalbot)" "-"
82.165.84.0 - - [08/Aug/2026:01:22:35 +0200] "POST /wp-cron.php?doing_wp_cron=1786144955.8750529289245605468750 HTTP/1.1" 200 - andalhome.com "-" "WordPress/6.4.3; https://andalhome.com/en" "-"
74.7.242.0 - - [08/Aug/2026:01:22:36 +0200] "GET /wp-content/uploads/WPL/83/403.php?loknya=/proc/thread-self/root/homepages/34/d502029594/ HTTP/1.1" 429 267 andalhome.com "https://andalhome.com/wp-content/uploads/WPL/83/403.php?loknya=/proc/thread-self/root/homepages/34/d502029594/managed" "Mozilla/5.0 AppleWebKit/537.36 (KHTML, like Gecko; compatible; GPTBot/1.4; +https://openai.com/gptbot)" "-"
114.119.143.0 - - [08/Aug/2026:01:22:37 +0200] "GET /en/aqui-estan-los-inmuebles-disponibles-properties/57-Chalet-Villa-M%C3%A1laga-3-Habitaciones-1-Ba%C3%B1o-368-000EUR/www.facebook.com/www.facebook.com/www.facebook.com/www.facebook.com/andalhome/ HTTP/1.1" 301 - andalhome.com "https://andalhome.com/en/aqui-estan-los-inmuebles-disponibles-properties/57-Chalet-Villa-M%C3%A1laga-3-Habitaciones-1-Ba%C3%B1o-368-000EUR/www.facebook.com/www.facebook.com/www.facebook.com/andalhome" "Mozilla/5.0 (Linux; Android 7.0;) AppleWebKit/537.36 (HTML, like Gecko) Mobile Safari/537.36 (compatible; PetalBot;+https://webmaster.petalsearch.com/site/petalbot)" "-"
114.119.143.0 - - [08/Aug/2026:01:22:39 +0200] "GET /en/aqui-estan-los-inmuebles-disponibles-properties/57-Chalet-Villa-M%C3%A1laga-3-Habitaciones-1-Ba%C3%B1o-368-000EUR HTTP/1.1" 301 - andalhome.com "https://andalhome.com/en/aqui-estan-los-inmuebles-disponibles-properties/57-Chalet-Villa-M%C3%A1laga-3-Habitaciones-1-Ba%C3%B1o-368-000EUR/www.facebook.com/www.facebook.com/www.facebook.com/andalhome" "Mozilla/5.0 (Linux; Android 7.0;) AppleWebKit/537.36 (HTML, like Gecko) Mobile Safari/537.36 (compatible; PetalBot;+https://webmaster.petalsearch.com/site/petalbot)" "-"
114.119.143.0 - - [08/Aug/2026:01:22:41 +0200] "GET /en/aqui-estan-los-inmuebles-disponibles-properties/57-Chalet-Villa-M%C3%A1laga-3-Habitaciones-1-Ba%C3%B1o-368-000EUR/ HTTP/1.1" 200 86704 andalhome.com "https://andalhome.com/en/aqui-estan-los-inmuebles-disponibles-properties/57-Chalet-Villa-M%C3%A1laga-3-Habitaciones-1-Ba%C3%B1o-368-000EUR/www.facebook.com/www.facebook.com/www.facebook.com/andalhome" "Mozilla/5.0 (Linux; Android 7.0;) AppleWebKit/537.36 (HTML, like Gecko) Mobile Safari/537.36 (compatible; PetalBot;+https://webmaster.petalsearch.com/site/petalbot)" "-"
66.249.74.0 - - [08/Aug/2026:01:23:31 +0200] "GET /6-Velocit-300W-Presa-Schuko-Per-Uso-Estero-k-740842?inventoryId=222775 HTTP/1.1" 200 423094 andalhome.com "-" "Mozilla/5.0 (Linux; Android 6.0.1; Nexus 5X Build/MMB29P) AppleWebKit/537.36 (KHTML, like Gecko) Chrome/150.0.7871.186 Mobile Safari/537.36 (compatible; Googlebot/2.1; +http://www.google.com/bot.html)" "-"
74.7.242.0 - - [08/Aug/2026:01:23:41 +0200] "GET /wp-content/uploads/WPL/83/403.php?loknya=/proc/thread-self/root/homepages/30/d504986689/managed HTTP/1.1" 200 5567 andalhome.com "https://andalhome.com/wp-content/uploads/WPL/83/403.php?loknya=/proc/thread-self/root/homepages/30/d504986689" "Mozilla/5.0 AppleWebKit/537.36 (KHTML, like Gecko; compatible; GPTBot/1.4; +https://openai.com/gptbot)" "-"
114.119.130.0 - - [08/Aug/2026:01:23:57 +0200] "GET /aqui-estan-los-inmuebles-disponibles-properties/38-Piso-Torremolinos-3-Habitaciones-1-Ba%C3%B1o-189-000EUR/ HTTP/1.1" 302 - andalhome.com "https://andalhome.com/en/aqui-estan-los-inmuebles-disponibles-properties/38-Piso-Torremolinos-3-Habitaciones-1-Ba%C3%B1o-189-000EUR/www.facebook.com/www.facebook.com/andalhome" "Mozilla/5.0 (Linux; Android 7.0;) AppleWebKit/537.36 (HTML, like Gecko) Mobile Safari/537.36 (compatible; PetalBot;+https://webmaster.petalsearch.com/site/petalbot)" "-"
114.119.130.0 - - [08/Aug/2026:01:23:59 +0200] "GET /en/aqui-estan-los-inmuebles-disponibles-properties/38-Piso-Torremolinos-3-Habitaciones-1-Ba%C3%B1o-189-000EUR/ HTTP/1.1" 200 86163 andalhome.com "https://andalhome.com/en/aqui-estan-los-inmuebles-disponibles-properties/38-Piso-Torremolinos-3-Habitaciones-1-Ba%C3%B1o-189-000EUR/www.facebook.com/www.facebook.com/andalhome" "Mozilla/5.0 (Linux; Android 7.0;) AppleWebKit/537.36 (HTML, like Gecko) Mobile Safari/537.36 (compatible; PetalBot;+https://webmaster.petalsearch.com/site/petalbot)" "-"
49.51.36.0 - - [08/Aug/2026:01:24:22 +0200] "GET /en/colabora-con-nosotros/www.facebook.com/www.facebook.com/www.facebook.com/www.facebook.com/andalhome HTTP/1.1" 404 84690 andalhome.com "-" "Mozilla/5.0 (iPhone; CPU iPhone OS 13_2_3 like Mac OS X) AppleWebKit/605.1.15 (KHTML, like Gecko) Version/13.0.3 Mobile/15E148 Safari/604.1" "-"
74.7.242.0 - - [08/Aug/2026:01:24:42 +0200] "GET /wp-content/uploads/WPL/83/403.php?loknya=/proc/thread-self/root/homepages/44/d504820323/managed HTTP/1.1" 200 5567 andalhome.com "https://andalhome.com/wp-content/uploads/WPL/83/403.php?loknya=/proc/thread-self/root/homepages/44/d504820323" "Mozilla/5.0 AppleWebKit/537.36 (KHTML, like Gecko; compatible; GPTBot/1.4; +https://openai.com/gptbot)" "-"
135.181.3.0 - - [08/Aug/2026:01:24:44 +0200] "GET /CBE-TA45-A041FC00C0-Nuovo-k-935532 HTTP/1.1" 404 84331 andalhome.com "-" "Mozilla/5.0 (compatible; SERankingBacklinksBot/1.0; +https://seranking.com/backlinks-crawler)" "-"
66.249.74.0 - - [08/Aug/2026:01:25:18 +0200] "GET /LCD-Di-Ricambio-Riparazione-Fai-Da-Te-Sostituzione-Display-k-751976?inventoryId=222775 HTTP/1.1" 200 422111 andalhome.com "-" "Mozilla/5.0 (Linux; Android 6.0.1; Nexus 5X Build/MMB29P) AppleWebKit/537.36 (KHTML, like Gecko) Chrome/150.0.7871.186 Mobile Safari/537.36 (compatible; Googlebot/2.1; +http://www.google.com/bot.html)" "-"
74.7.242.0 - - [08/Aug/2026:01:25:39 +0200] "GET /wp-content/uploads/WPL/83/403.php?loknya=/proc/thread-self/root/homepages/38/d788538872/managed HTTP/1.1" 200 5567 andalhome.com "https://andalhome.com/wp-content/uploads/WPL/83/403.php?loknya=/proc/thread-self/root/homepages/38/d788538872" "Mozilla/5.0 AppleWebKit/537.36 (KHTML, like Gecko; compatible; GPTBot/1.4; +https://openai.com/gptbot)" "-"
66.249.74.0 - - [08/Aug/2026:01:25:58 +0200] "GET /Monitor-Studio-3-5-Bluetooth-2-Generazione-k-1076760 HTTP/1.1" 200 426137 andalhome.com "-" "Mozilla/5.0 (compatible; Googlebot/2.1; +http://www.google.com/bot.html)" "-"
66.249.74.0 - - [08/Aug/2026:01:26:10 +0200] "GET /Tecumseh-Originale-OEM-35066-Per-Motori-LV-LEV-ECV-OVRM-TC-k-501397?inventoryId=222775 HTTP/1.1" 200 423874 andalhome.com "-" "Mozilla/5.0 (Linux; Android 6.0.1; Nexus 5X Build/MMB29P) AppleWebKit/537.36 (KHTML, like Gecko) Chrome/150.0.7871.186 Mobile Safari/537.36 (compatible; Googlebot/2.1; +http://www.google.com/bot.html)" "-"
74.7.242.0 - - [08/Aug/2026:01:26:29 +0200] "GET /wp-content/uploads/WPL/83/403.php?loknya=/proc/thread-self/root/homepages/23/d790034538/managed HTTP/1.1" 200 5567 andalhome.com "https://andalhome.com/wp-content/uploads/WPL/83/403.php?loknya=/proc/thread-self/root/homepages/23/d790034538" "Mozilla/5.0 AppleWebKit/537.36 (KHTML, like Gecko; compatible; GPTBot/1.4; +https://openai.com/gptbot)" "-"
66.249.74.0 - - [08/Aug/2026:01:26:53 +0200] "GET /Monopoly-Animali-Pinguino-Anatra-Cane-Gatto-Dinosauro-k-993592 HTTP/1.1" 200 427739 andalhome.com "-" "Mozilla/5.0 (Linux; Android 6.0.1; Nexus 5X Build/MMB29P) AppleWebKit/537.36 (KHTML, like Gecko) Chrome/150.0.7871.186 Mobile Safari/537.36 (compatible; Googlebot/2.1; +http://www.google.com/bot.html)" "-"
74.7.242.0 - - [08/Aug/2026:01:27:14 +0200] "GET /wp-content/uploads/WPL/83/403.php?loknya=/proc/thread-self/root/homepages/35/d504554012/managed HTTP/1.1" 200 5567 andalhome.com "https://andalhome.com/wp-content/uploads/WPL/83/403.php?loknya=/proc/thread-self/root/homepages/35/d504554012" "Mozilla/5.0 AppleWebKit/537.36 (KHTML, like Gecko; compatible; GPTBot/1.4; +https://openai.com/gptbot)" "-"
66.249.74.0 - - [08/Aug/2026:01:27:45 +0200] "GET /Di-Toro-Marrone-Medio-Cucita-A-Mano-1-Pollice-Made-In-USA-k-1085529 HTTP/1.1" 200 427448 andalhome.com "-" "Mozilla/5.0 (Linux; Android 6.0.1; Nexus 5X Build/MMB29P) AppleWebKit/537.36 (KHTML, like Gecko) Chrome/150.0.7871.186 Mobile Safari/537.36 (compatible; Googlebot/2.1; +http://www.google.com/bot.html)" "-"
74.7.242.0 - - [08/Aug/2026:01:27:56 +0200] "GET /wp-content/uploads/WPL/83/403.php?loknya=/proc/thread-self/root/homepages/33/d503640518/managed HTTP/1.1" 200 5567 andalhome.com "https://andalhome.com/wp-content/uploads/WPL/83/403.php?loknya=/proc/thread-self/root/homepages/33/d503640518" "Mozilla/5.0 AppleWebKit/537.36 (KHTML, like Gecko; compatible; GPTBot/1.4; +https://openai.com/gptbot)" "-"
66.249.74.0 - - [08/Aug/2026:01:28:17 +0200] "GET /02457-Nuovo-Sigillato-Scala-1-16-MPN-B02457-k-986020 HTTP/1.1" 200 424306 andalhome.com "-" "Mozilla/5.0 (Linux; Android 6.0.1; Nexus 5X Build/MMB29P) AppleWebKit/537.36 (KHTML, like Gecko) Chrome/150.0.7871.186 Mobile Safari/537.36 (compatible; Googlebot/2.1; +http://www.google.com/bot.html)" "-"
74.7.242.0 - - [08/Aug/2026:01:28:32 +0200] "GET /wp-content/uploads/WPL/83/403.php?loknya=/proc/thread-self/root/homepages/43/d503691335/managed HTTP/1.1" 200 5567 andalhome.com "https://andalhome.com/wp-content/uploads/WPL/83/403.php?loknya=/proc/thread-self/root/homepages/43/d503691335" "Mozilla/5.0 AppleWebKit/537.36 (KHTML, like Gecko; compatible; GPTBot/1.4; +https://openai.com/gptbot)" "-"
66.249.74.0 - - [08/Aug/2026:01:28:45 +0200] "GET /Cavo-Di-Alimentazione-Fig-8-Per-Stampanti-Canon-PIXMA-MG2120-k-674760 HTTP/1.1" 200 426957 andalhome.com "-" "Mozilla/5.0 (Linux; Android 6.0.1; Nexus 5X Build/MMB29P) AppleWebKit/537.36 (KHTML, like Gecko) Chrome/150.0.7871.186 Mobile Safari/537.36 (compatible; Googlebot/2.1; +http://www.google.com/bot.html)" "-"
68.67.112.0 - - [08/Aug/2026:01:28:52 +0200] "GET /robots.txt HTTP/1.1" 200 183 andalhome.com "-" "Mozilla/5.0 AppleWebKit/537.36 (KHTML, like Gecko; compatible; YouBot/1.0; +https://docs.you.com/youbot; env:prod) Chrome/142.0.0.0 Safari/537.36" "-"
68.67.112.0 - - [08/Aug/2026:01:28:54 +0200] "GET /andalhome.com/en/www.facebook.com/andalhome HTTP/1.1" 404 84377 andalhome.com "-" "Mozilla/5.0 AppleWebKit/537.36 (KHTML, like Gecko; compatible; YouBot/1.0; +https://docs.you.com/youbot; env:prod) Chrome/142.0.0.0 Safari/537.36" "-"
82.165.84.0 - - [08/Aug/2026:01:28:55 +0200] "POST /wp-cron.php?doing_wp_cron=1786145334.9815208911895751953125 HTTP/1.1" 200 - andalhome.com "-" "WordPress/6.4.3; https://andalhome.com" "-"
68.67.112.0 - - [08/Aug/2026:01:28:56 +0200] "GET /wp-includes/js/jquery/jquery.min.js?ver=3.7.1 HTTP/1.1" 200 87553 andalhome.com "https://andalhome.com/andalhome.com/en/www.facebook.com/andalhome" "Mozilla/5.0 AppleWebKit/537.36 (KHTML, like Gecko; compatible; YouBot/1.0; +https://docs.you.com/youbot; env:prod) Chrome/142.0.0.0 Safari/537.36" "-"
68.67.112.0 - - [08/Aug/2026:01:28:56 +0200] "GET /wp-includes/js/jquery/jquery-migrate.min.js?ver=3.4.1 HTTP/1.1" 200 13577 andalhome.com "https://andalhome.com/andalhome.com/en/www.facebook.com/andalhome" "Mozilla/5.0 AppleWebKit/537.36 (KHTML, like Gecko; compatible; YouBot/1.0; +https://docs.you.com/youbot; env:prod) Chrome/142.0.0.0 Safari/537.36" "-"
68.67.112.0 - - [08/Aug/2026:01:28:56 +0200] "GET /wp-content/plugins/revslider/public/assets/js/rbtools.min.js?ver=6.4.3 HTTP/1.1" 200 123959 andalhome.com "https://andalhome.com/andalhome.com/en/www.facebook.com/andalhome" "Mozilla/5.0 AppleWebKit/537.36 (KHTML, like Gecko; compatible; YouBot/1.0; +https://docs.you.com/youbot; env:prod) Chrome/142.0.0.0 Safari/537.36" "-"
