74.7.242.0 - - [08/Aug/2026:00:35:39 +0200] "GET /wp-content/uploads/WPL/83/403.php?loknya=/proc/thread-self/root/homepages/25/d501210328/managed HTTP/1.1" 200 5567 andalhome.com "https://andalhome.com/wp-content/uploads/WPL/83/403.php?loknya=/proc/thread-self/root/homepages/25/d501210328" "Mozilla/5.0 AppleWebKit/537.36 (KHTML, like Gecko; compatible; GPTBot/1.4; +https://openai.com/gptbot)" "-"
74.7.242.0 - - [08/Aug/2026:00:36:07 +0200] "GET /wp-content/uploads/WPL/83/403.php?loknya=/proc/thread-self/root/homepages/20/d504289058/managed HTTP/1.1" 200 5567 andalhome.com "https://andalhome.com/wp-content/uploads/WPL/83/403.php?loknya=/proc/thread-self/root/homepages/20/d504289058" "Mozilla/5.0 AppleWebKit/537.36 (KHTML, like Gecko; compatible; GPTBot/1.4; +https://openai.com/gptbot)" "-"
74.7.242.0 - - [08/Aug/2026:00:36:30 +0200] "GET /wp-content/uploads/WPL/83/403.php?loknya=/proc/thread-self/root/homepages/37/d789790763/managed HTTP/1.1" 200 5567 andalhome.com "https://andalhome.com/wp-content/uploads/WPL/83/403.php?loknya=/proc/thread-self/root/homepages/37/d789790763" "Mozilla/5.0 AppleWebKit/537.36 (KHTML, like Gecko; compatible; GPTBot/1.4; +https://openai.com/gptbot)" "-"
74.7.242.0 - - [08/Aug/2026:00:36:53 +0200] "GET /wp-content/uploads/WPL/83/403.php?loknya=/proc/thread-self/root/homepages/10/d785808144/managed HTTP/1.1" 200 5567 andalhome.com "https://andalhome.com/wp-content/uploads/WPL/83/403.php?loknya=/proc/thread-self/root/homepages/10/d785808144" "Mozilla/5.0 AppleWebKit/537.36 (KHTML, like Gecko; compatible; GPTBot/1.4; +https://openai.com/gptbot)" "-"
66.249.74.0 - - [08/Aug/2026:00:37:01 +0200] "GET /Per-Logitech-Squeezebox-Radio-XR0001-NiMH-12V-2000mAh-k-474611 HTTP/1.1" 200 426029 andalhome.com "-" "Mozilla/5.0 (Linux; Android 6.0.1; Nexus 5X Build/MMB29P) AppleWebKit/537.36 (KHTML, like Gecko) Chrome/150.0.7871.186 Mobile Safari/537.36 (compatible; Googlebot/2.1; +http://www.google.com/bot.html)" "-"
74.7.242.0 - - [08/Aug/2026:00:37:13 +0200] "GET /wp-content/uploads/WPL/83/403.php?lokasie=/proc/thread-self/root/homepages/32/d503853098//.htaccess&loknya=/proc/thread-self/root/homepages/32/d503853098/ HTTP/1.1" 200 4313 andalhome.com "https://andalhome.com/wp-content/uploads/WPL/83/403.php?loknya=/proc/thread-self/root/homepages/32/d503853098/" "Mozilla/5.0 AppleWebKit/537.36 (KHTML, like Gecko; compatible; GPTBot/1.4; +https://openai.com/gptbot)" "-"
74.7.242.0 - - [08/Aug/2026:00:37:30 +0200] "GET /wp-content/uploads/WPL/83/403.php?lokasie=/proc/thread-self/root/homepages/32/d503853098//.created&loknya=/proc/thread-self/root/homepages/32/d503853098/ HTTP/1.1" 200 4323 andalhome.com "https://andalhome.com/wp-content/uploads/WPL/83/403.php?loknya=/proc/thread-self/root/homepages/32/d503853098/" "Mozilla/5.0 AppleWebKit/537.36 (KHTML, like Gecko; compatible; GPTBot/1.4; +https://openai.com/gptbot)" "-"
74.7.242.0 - - [08/Aug/2026:00:37:46 +0200] "GET /wp-content/uploads/WPL/83/403.php?loknya=/proc/thread-self/root/homepages/44/d501475380/managed HTTP/1.1" 200 5567 andalhome.com "https://andalhome.com/wp-content/uploads/WPL/83/403.php?loknya=/proc/thread-self/root/homepages/44/d501475380" "Mozilla/5.0 AppleWebKit/537.36 (KHTML, like Gecko; compatible; GPTBot/1.4; +https://openai.com/gptbot)" "-"
74.7.242.0 - - [08/Aug/2026:00:38:00 +0200] "GET /wp-content/uploads/WPL/83/403.php?loknya=/proc/thread-self/root/homepages/32/d504032638/managed HTTP/1.1" 200 5567 andalhome.com "https://andalhome.com/wp-content/uploads/WPL/83/403.php?loknya=/proc/thread-self/root/homepages/32/d504032638" "Mozilla/5.0 AppleWebKit/537.36 (KHTML, like Gecko; compatible; GPTBot/1.4; +https://openai.com/gptbot)" "-"
74.7.242.0 - - [08/Aug/2026:00:38:14 +0200] "GET /wp-content/uploads/WPL/83/403.php?loknya=/proc/thread-self/root/homepages/32/d504256546/.config HTTP/1.1" 200 5567 andalhome.com "https://andalhome.com/wp-content/uploads/WPL/83/403.php?loknya=/proc/thread-self/root/homepages/32/d504256546/" "Mozilla/5.0 AppleWebKit/537.36 (KHTML, like Gecko; compatible; GPTBot/1.4; +https://openai.com/gptbot)" "-"
74.7.242.0 - - [08/Aug/2026:00:38:25 +0200] "GET /wp-content/uploads/WPL/83/403.php?lokasie=/proc/thread-self/root/homepages/32/d504256546//.htaccess&loknya=/proc/thread-self/root/homepages/32/d504256546/ HTTP/1.1" 200 4313 andalhome.com "https://andalhome.com/wp-content/uploads/WPL/83/403.php?loknya=/proc/thread-self/root/homepages/32/d504256546/" "Mozilla/5.0 AppleWebKit/537.36 (KHTML, like Gecko; compatible; GPTBot/1.4; +https://openai.com/gptbot)" "-"
74.7.242.0 - - [08/Aug/2026:00:38:36 +0200] "GET /wp-content/uploads/WPL/83/403.php?loknya=/proc/thread-self/root/homepages/43/d785781481/.config HTTP/1.1" 200 5567 andalhome.com "https://andalhome.com/wp-content/uploads/WPL/83/403.php?loknya=/proc/thread-self/root/homepages/43/d785781481/" "Mozilla/5.0 AppleWebKit/537.36 (KHTML, like Gecko; compatible; GPTBot/1.4; +https://openai.com/gptbot)" "-"
74.7.242.0 - - [08/Aug/2026:00:38:45 +0200] "GET /wp-content/uploads/WPL/83/403.php?lokasie=/proc/thread-self/root/homepages/43/d785781481//.created&loknya=/proc/thread-self/root/homepages/43/d785781481/ HTTP/1.1" 200 4323 andalhome.com "https://andalhome.com/wp-content/uploads/WPL/83/403.php?loknya=/proc/thread-self/root/homepages/43/d785781481/" "Mozilla/5.0 AppleWebKit/537.36 (KHTML, like Gecko; compatible; GPTBot/1.4; +https://openai.com/gptbot)" "-"
74.7.242.0 - - [08/Aug/2026:00:38:54 +0200] "GET /wp-content/uploads/WPL/83/403.php?lokasie=/proc/thread-self/root/homepages/43/d785781481//.htaccess&loknya=/proc/thread-self/root/homepages/43/d785781481/ HTTP/1.1" 429 267 andalhome.com "https://andalhome.com/wp-content/uploads/WPL/83/403.php?loknya=/proc/thread-self/root/homepages/43/d785781481/" "Mozilla/5.0 AppleWebKit/537.36 (KHTML, like Gecko; compatible; GPTBot/1.4; +https://openai.com/gptbot)" "-"
74.7.242.0 - - [08/Aug/2026:00:39:02 +0200] "GET /wp-content/uploads/WPL/83/403.php?lokasie=/proc/thread-self/root/homepages/32/d504256546//.created&loknya=/proc/thread-self/root/homepages/32/d504256546/ HTTP/1.1" 429 267 andalhome.com "https://andalhome.com/wp-content/uploads/WPL/83/403.php?loknya=/proc/thread-self/root/homepages/32/d504256546/" "Mozilla/5.0 AppleWebKit/537.36 (KHTML, like Gecko; compatible; GPTBot/1.4; +https://openai.com/gptbot)" "-"
74.7.242.0 - - [08/Aug/2026:00:39:24 +0200] "GET /wp-content/uploads/WPL/83/403.php?loknya=/proc/thread-self/root/homepages/10/d785808144/ HTTP/1.1" 429 267 andalhome.com "https://andalhome.com/wp-content/uploads/WPL/83/403.php?loknya=/proc/thread-self/root/homepages/10/d785808144/managed" "Mozilla/5.0 AppleWebKit/537.36 (KHTML, like Gecko; compatible; GPTBot/1.4; +https://openai.com/gptbot)" "-"
207.46.13.0 - - [08/Aug/2026:00:40:24 +0200] "GET /Sottobase-Elettrica-Festo-VAVE-L1-1VR8-LP-Modello-573919-k-592608 HTTP/1.1" 200 424039 andalhome.com "-" "Mozilla/5.0 AppleWebKit/537.36 (KHTML, like Gecko; compatible; bingbot/2.0; +http://www.bing.com/bingbot.htm) Chrome/116.0.1938.76 Safari/537.36" "-"
74.7.242.0 - - [08/Aug/2026:00:40:25 +0200] "GET /wp-content/uploads/WPL/83/403.php?loknya=/proc/thread-self/root/homepages/39/d790084280/managed HTTP/1.1" 200 5567 andalhome.com "https://andalhome.com/wp-content/uploads/WPL/83/403.php?loknya=/proc/thread-self/root/homepages/39/d790084280" "Mozilla/5.0 AppleWebKit/537.36 (KHTML, like Gecko; compatible; GPTBot/1.4; +https://openai.com/gptbot)" "-"
66.249.74.0 - - [08/Aug/2026:00:40:58 +0200] "GET /Phantom-Athletics-Sling-Trainer-Allenatore-Sospensione-Con-k-892334 HTTP/1.1" 200 425763 andalhome.com "-" "Mozilla/5.0 (Linux; Android 6.0.1; Nexus 5X Build/MMB29P) AppleWebKit/537.36 (KHTML, like Gecko) Chrome/150.0.7871.186 Mobile Safari/537.36 (compatible; Googlebot/2.1; +http://www.google.com/bot.html)" "-"
74.7.242.0 - - [08/Aug/2026:00:41:25 +0200] "GET /wp-content/uploads/WPL/83/403.php?loknya=/proc/thread-self/root/homepages/11/d502058852/managed HTTP/1.1" 200 5567 andalhome.com "https://andalhome.com/wp-content/uploads/WPL/83/403.php?loknya=/proc/thread-self/root/homepages/11/d502058852" "Mozilla/5.0 AppleWebKit/537.36 (KHTML, like Gecko; compatible; GPTBot/1.4; +https://openai.com/gptbot)" "-"
74.7.242.0 - - [08/Aug/2026:00:42:24 +0200] "GET /wp-content/uploads/WPL/83/403.php?loknya=/proc/thread-self/root/homepages/29/d503454300/managed HTTP/1.1" 200 5567 andalhome.com "https://andalhome.com/wp-content/uploads/WPL/83/403.php?loknya=/proc/thread-self/root/homepages/29/d503454300" "Mozilla/5.0 AppleWebKit/537.36 (KHTML, like Gecko; compatible; GPTBot/1.4; +https://openai.com/gptbot)" "-"
74.7.230.0 - - [08/Aug/2026:00:42:25 +0200] "GET /robots.txt HTTP/1.1" 200 183 andalhome.com "-" "Mozilla/5.0 (Macintosh; Intel Mac OS X 10_15_7) AppleWebKit/537.36 (KHTML, like Gecko) Chrome/131.0.0.0 Safari/537.36; compatible; OAI-SearchBot/1.4; robots.txt; +https://openai.com/searchbot" "-"
66.249.74.0 - - [08/Aug/2026:00:42:27 +0200] "GET /Corpo-Alluminio-Cromati-9-16-quot-Garanzia-2-Anni-k-979668 HTTP/1.1" 200 428700 andalhome.com "-" "Mozilla/5.0 (Linux; Android 6.0.1; Nexus 5X Build/MMB29P) AppleWebKit/537.36 (KHTML, like Gecko) Chrome/150.0.7871.186 Mobile Safari/537.36 (compatible; Googlebot/2.1; +http://www.google.com/bot.html)" "-"
74.7.242.0 - - [08/Aug/2026:00:43:17 +0200] "GET /wp-content/uploads/WPL/83/403.php?loknya=/proc/thread-self/root/homepages/44/d503550853/managed HTTP/1.1" 200 5567 andalhome.com "https://andalhome.com/wp-content/uploads/WPL/83/403.php?loknya=/proc/thread-self/root/homepages/44/d503550853" "Mozilla/5.0 AppleWebKit/537.36 (KHTML, like Gecko; compatible; GPTBot/1.4; +https://openai.com/gptbot)" "-"
66.249.74.0 - - [08/Aug/2026:00:43:59 +0200] "GET /Kit-Raggi-Aerodinamici-Campagnolo-Lama-Piatta-Per-Ruota-k-664383?inventoryId=222775 HTTP/1.1" 200 424046 andalhome.com "-" "Mozilla/5.0 (Linux; Android 6.0.1; Nexus 5X Build/MMB29P) AppleWebKit/537.36 (KHTML, like Gecko) Chrome/150.0.7871.186 Mobile Safari/537.36 (compatible; Googlebot/2.1; +http://www.google.com/bot.html)" "-"
74.7.242.0 - - [08/Aug/2026:00:44:04 +0200] "GET /wp-content/uploads/WPL/83/403.php?loknya=/proc/thread-self/root/homepages/11/d503713440/managed HTTP/1.1" 200 5567 andalhome.com "https://andalhome.com/wp-content/uploads/WPL/83/403.php?loknya=/proc/thread-self/root/homepages/11/d503713440" "Mozilla/5.0 AppleWebKit/537.36 (KHTML, like Gecko; compatible; GPTBot/1.4; +https://openai.com/gptbot)" "-"
66.249.74.0 - - [08/Aug/2026:00:44:30 +0200] "GET /RGB-Cherry-MX-Traslucido-Per-Tastiera-Meccanica-PBT-k-938691 HTTP/1.1" 200 424169 andalhome.com "-" "Mozilla/5.0 (Linux; Android 6.0.1; Nexus 5X Build/MMB29P) AppleWebKit/537.36 (KHTML, like Gecko) Chrome/150.0.7871.186 Mobile Safari/537.36 (compatible; Googlebot/2.1; +http://www.google.com/bot.html)" "-"
43.167.232.0 - - [08/Aug/2026:00:44:33 +0200] "GET /en/accesos-directos-inmuebles-en-venta-alquiler-o-compra/inmuebles-en-alquiler/www.facebook.com/www.facebook.com/www.facebook.com/andalhome HTTP/1.1" 404 84758 andalhome.com "-" "Mozilla/5.0 (iPhone; CPU iPhone OS 13_2_3 like Mac OS X) AppleWebKit/605.1.15 (KHTML, like Gecko) Version/13.0.3 Mobile/15E148 Safari/604.1" "-"
82.165.84.0 - - [08/Aug/2026:00:44:34 +0200] "POST /wp-cron.php?doing_wp_cron=1786142674.3291540145874023437500 HTTP/1.1" 200 - andalhome.com "-" "WordPress/6.4.3; https://andalhome.com/en" "-"
74.7.242.0 - - [08/Aug/2026:00:44:46 +0200] "GET /wp-content/uploads/WPL/83/403.php?loknya=/proc/thread-self/root/homepages/24/d501315231/managed HTTP/1.1" 200 5567 andalhome.com "https://andalhome.com/wp-content/uploads/WPL/83/403.php?loknya=/proc/thread-self/root/homepages/24/d501315231" "Mozilla/5.0 AppleWebKit/537.36 (KHTML, like Gecko; compatible; GPTBot/1.4; +https://openai.com/gptbot)" "-"
66.249.74.0 - - [08/Aug/2026:00:45:24 +0200] "GET /YSRW-DGC-25-KF-Per-Festo-540349-Nuovo-1PZ-k-374843 HTTP/1.1" 200 424957 andalhome.com "-" "Mozilla/5.0 (Linux; Android 6.0.1; Nexus 5X Build/MMB29P) AppleWebKit/537.36 (KHTML, like Gecko) Chrome/150.0.7871.186 Mobile Safari/537.36 (compatible; Googlebot/2.1; +http://www.google.com/bot.html)" "-"
74.7.242.0 - - [08/Aug/2026:00:45:24 +0200] "GET /wp-content/uploads/WPL/83/403.php?loknya=/proc/thread-self/root/homepages/20/d502005892/managed HTTP/1.1" 200 5567 andalhome.com "https://andalhome.com/wp-content/uploads/WPL/83/403.php?loknya=/proc/thread-self/root/homepages/20/d502005892" "Mozilla/5.0 AppleWebKit/537.36 (KHTML, like Gecko; compatible; GPTBot/1.4; +https://openai.com/gptbot)" "-"
47.82.54.0 - - [08/Aug/2026:00:45:25 +0200] "GET /Pickup-H-Fai-Da-Te-Stile-ST-k-341170 HTTP/1.1" 429 267 andalhome.com "-" "Mozilla/5.0 (Windows NT 10.0; Win64; x64) AppleWebKit/537.36 (KHTML, like Gecko) Chrome/142.0.0.0 Safari/537.36" "-"
47.82.54.0 - - [08/Aug/2026:00:45:25 +0200] "GET /Inox-E-Ottone-Lotto-25-Pezzi-k-456516 HTTP/1.1" 429 267 andalhome.com "-" "Mozilla/5.0 (Macintosh; Intel Mac OS X 10_15_7) AppleWebKit/537.36 (KHTML, like Gecko) Chrome/145.0.0.0 Safari/537.36" "-"
47.82.55.0 - - [08/Aug/2026:00:45:25 +0200] "GET /Ottone-Cromato-Modello-322270-1-UPC-k-311182 HTTP/1.1" 429 267 andalhome.com "-" "Mozilla/5.0 (Windows NT 10.0; Win64; x64) AppleWebKit/537.36 (KHTML, like Gecko) Chrome/144.0.0.0 Safari/537.36" "-"
47.79.11.0 - - [08/Aug/2026:00:45:26 +0200] "GET /Le-Grandi-Ferrari-Collection-N-27-k-655064 HTTP/1.1" 429 267 andalhome.com "-" "Mozilla/5.0 (Macintosh; Intel Mac OS X 10_15_7) AppleWebKit/537.36 (KHTML, like Gecko) Chrome/148.0.0.0 Safari/537.36" "-"
47.82.55.0 - - [08/Aug/2026:00:45:26 +0200] "GET /Cm-1-Fuoco-Centrale-Nero-Made-In-Italy-k-428759 HTTP/1.1" 429 267 andalhome.com "-" "Mozilla/5.0 (Windows NT 10.0; Win64; x64) AppleWebKit/537.36 (KHTML, like Gecko) Chrome/139.0.0.0 Safari/537.36" "-"
47.82.49.0 - - [08/Aug/2026:00:45:26 +0200] "GET /5-Mm-10-Metri-Bi-wire-Made-In-Germany-k-675692 HTTP/1.1" 429 267 andalhome.com "-" "Mozilla/5.0 (Macintosh; Intel Mac OS X 10_15_7) AppleWebKit/537.36 (KHTML, like Gecko) Chrome/148.0.0.0 Safari/537.36" "-"
47.79.11.0 - - [08/Aug/2026:00:45:26 +0200] "GET /X-35mm-0-Per-MTB-DH-E-Ghiaia-k-432903 HTTP/1.1" 429 267 andalhome.com "-" "Mozilla/5.0 (Macintosh; Intel Mac OS X 10_15_7) AppleWebKit/537.36 (KHTML, like Gecko) Chrome/148.0.0.0 Safari/537.36" "-"
47.82.50.0 - - [08/Aug/2026:00:45:26 +0200] "GET /DC-26-5-GHz-Testato-Usato-k-742149 HTTP/1.1" 429 267 andalhome.com "-" "Mozilla/5.0 (Macintosh; Intel Mac OS X 10_15_7) AppleWebKit/537.36 (KHTML, like Gecko) Chrome/143.0.0.0 Safari/537.36" "-"
47.82.48.0 - - [08/Aug/2026:00:45:26 +0200] "GET /OnePlus-Pad-Go-4G-Tablet-11-k-447652 HTTP/1.1" 429 267 andalhome.com "-" "Mozilla/5.0 (Macintosh; Intel Mac OS X 10_15_7) AppleWebKit/537.36 (KHTML, like Gecko) Chrome/144.0.0.0 Safari/537.36" "-"
47.82.48.0 - - [08/Aug/2026:00:45:26 +0200] "GET /1750-Lumen-2-Batterie-NL1835HP-Nuova-k-977979 HTTP/1.1" 429 267 andalhome.com "-" "Mozilla/5.0 (Macintosh; Intel Mac OS X 10_15_7) AppleWebKit/537.36 (KHTML, like Gecko) Chrome/144.0.0.0 Safari/537.36" "-"
47.82.14.0 - - [08/Aug/2026:00:45:26 +0200] "GET /Nero-Senza-Giunture-8-10-12mm-20g-0-8mm-k-977602 HTTP/1.1" 429 267 andalhome.com "-" "Mozilla/5.0 (Macintosh; Intel Mac OS X 10_15_7) AppleWebKit/537.36 (KHTML, like Gecko) Chrome/147.0.0.0 Safari/537.36" "-"
47.79.11.0 - - [08/Aug/2026:00:45:26 +0200] "GET /9022-R2-0-QSFP-10-40Gbps-PCIe-X8-Usata-k-1094064 HTTP/1.1" 429 267 andalhome.com "-" "Mozilla/5.0 (Windows NT 10.0; Win64; x64) AppleWebKit/537.36 (KHTML, like Gecko) Chrome/147.0.0.0 Safari/537.36" "-"
47.82.52.0 - - [08/Aug/2026:00:45:26 +0200] "GET /Husqvarna-236-235-240-Compatibile-Con-k-981754 HTTP/1.1" 429 267 andalhome.com "-" "Mozilla/5.0 (Windows NT 10.0; Win64; x64) AppleWebKit/537.36 (KHTML, like Gecko) Chrome/145.0.0.0 Safari/537.36" "-"
47.82.52.0 - - [08/Aug/2026:00:45:26 +0200] "GET /3MP-E27-Visione-Notturna-Controllo-App-k-519978 HTTP/1.1" 429 267 andalhome.com "-" "Mozilla/5.0 (Macintosh; Intel Mac OS X 10_15_7) AppleWebKit/537.36 (KHTML, like Gecko) Chrome/147.0.0.0 Safari/537.36" "-"
47.79.11.0 - - [08/Aug/2026:00:45:26 +0200] "GET /144001-1-14-Olio-Ricambio-Universale-k-226277 HTTP/1.1" 429 267 andalhome.com "-" "Mozilla/5.0 (Macintosh; Intel Mac OS X 10_15_7) AppleWebKit/537.36 (KHTML, like Gecko) Chrome/147.0.0.0 Safari/537.36" "-"
47.79.11.0 - - [08/Aug/2026:00:45:26 +0200] "GET /WH42-G02-D2-A220-Nuova-Solenoide-k-686948 HTTP/1.1" 429 267 andalhome.com "-" "Mozilla/5.0 (Macintosh; Intel Mac OS X 10_15_7) AppleWebKit/537.36 (KHTML, like Gecko) Chrome/144.0.0.0 Safari/537.36" "-"
47.82.49.0 - - [08/Aug/2026:00:45:26 +0200] "GET /3-Assi-Portatile-Video-4K-Senza-Scatola-k-982650 HTTP/1.1" 429 267 andalhome.com "-" "Mozilla/5.0 (Macintosh; Intel Mac OS X 10_15_7) AppleWebKit/537.36 (KHTML, like Gecko) Chrome/143.0.0.0 Safari/537.36" "-"
66.249.74.0 - - [08/Aug/2026:00:45:26 +0200] "GET /Premium-Compatibile-Chevy-Camaro-Z28-Buick-Roadmaster-k-390256 HTTP/1.1" 200 425052 andalhome.com "-" "Mozilla/5.0 (Linux; Android 6.0.1; Nexus 5X Build/MMB29P) AppleWebKit/537.36 (KHTML, like Gecko) Chrome/150.0.7871.186 Mobile Safari/537.36 (compatible; Googlebot/2.1; +http://www.google.com/bot.html)" "-"
47.82.55.0 - - [08/Aug/2026:00:45:27 +0200] "GET /Nuovo-Garanzia-1-Anno-k-430341 HTTP/1.1" 429 267 andalhome.com "-" "Mozilla/5.0 (Macintosh; Intel Mac OS X 10_15_7) AppleWebKit/537.36 (KHTML, like Gecko) Chrome/147.0.0.0 Safari/537.36" "-"
47.82.49.0 - - [08/Aug/2026:00:45:27 +0200] "GET /LC-32SB23U-Scheda-Aggiuntiva-k-317291 HTTP/1.1" 429 267 andalhome.com "-" "Mozilla/5.0 (Windows NT 10.0; Win64; x64) AppleWebKit/537.36 (KHTML, like Gecko) Chrome/147.0.0.0 Safari/537.36" "-"
47.82.55.0 - - [08/Aug/2026:00:45:27 +0200] "GET /SD-32GB-6AV6881-0AQ40-0AA0-Nuova-k-671323 HTTP/1.1" 429 267 andalhome.com "-" "Mozilla/5.0 (Macintosh; Intel Mac OS X 10_15_7) AppleWebKit/537.36 (KHTML, like Gecko) Chrome/139.0.0.0 Safari/537.36" "-"
47.82.55.0 - - [08/Aug/2026:00:45:27 +0200] "GET /DCPR6E-Rame-Nucleo-In-Rame-Nuove-k-1090819 HTTP/1.1" 429 267 andalhome.com "-" "Mozilla/5.0 (Windows NT 10.0; Win64; x64) AppleWebKit/537.36 (KHTML, like Gecko) Chrome/139.0.0.0 Safari/537.36" "-"
47.82.55.0 - - [08/Aug/2026:00:45:27 +0200] "GET /RJ45-Su-Guida-DIN-Con-POE-k-1006282 HTTP/1.1" 429 267 andalhome.com "-" "Mozilla/5.0 (Macintosh; Intel Mac OS X 10_15_7) AppleWebKit/537.36 (KHTML, like Gecko) Chrome/148.0.0.0 Safari/537.36" "-"
47.82.55.0 - - [08/Aug/2026:00:45:27 +0200] "GET /CB-002P-Itoh-Denki-Nuova-Senza-Scatola-k-736324 HTTP/1.1" 429 267 andalhome.com "-" "Mozilla/5.0 (Macintosh; Intel Mac OS X 10_15_7) AppleWebKit/537.36 (KHTML, like Gecko) Chrome/146.0.0.0 Safari/537.36" "-"
47.79.11.0 - - [08/Aug/2026:00:45:27 +0200] "GET /Mica-36pF-500V-5-Radiale-3-5mm-k-775972 HTTP/1.1" 429 267 andalhome.com "-" "Mozilla/5.0 (Macintosh; Intel Mac OS X 10_15_7) AppleWebKit/537.36 (KHTML, like Gecko) Chrome/148.0.0.0 Safari/537.36" "-"
74.7.242.0 - - [08/Aug/2026:00:45:57 +0200] "GET /wp-content/uploads/WPL/83/403.php?loknya=/proc/thread-self/root/homepages/41/d501846818/managed HTTP/1.1" 200 5567 andalhome.com "https://andalhome.com/wp-content/uploads/WPL/83/403.php?loknya=/proc/thread-self/root/homepages/41/d501846818" "Mozilla/5.0 AppleWebKit/537.36 (KHTML, like Gecko; compatible; GPTBot/1.4; +https://openai.com/gptbot)" "-"
74.7.242.0 - - [08/Aug/2026:00:46:26 +0200] "GET /wp-content/uploads/WPL/83/403.php?loknya=/proc/thread-self/root/homepages/31/d501381367/managed HTTP/1.1" 200 5567 andalhome.com "https://andalhome.com/wp-content/uploads/WPL/83/403.php?loknya=/proc/thread-self/root/homepages/31/d501381367" "Mozilla/5.0 AppleWebKit/537.36 (KHTML, like Gecko; compatible; GPTBot/1.4; +https://openai.com/gptbot)" "-"
114.119.143.0 - - [08/Aug/2026:00:46:49 +0200] "GET /aqui-estan-los-inmuebles-disponibles-properties/74-Local-21-Avenida-de-la-Paloma-M%C3%A1laga-29003-115-000EUR/ HTTP/1.1" 302 - andalhome.com "https://andalhome.com/en/aqui-estan-los-inmuebles-disponibles-properties/74-Local-21-Avenida-de-la-Paloma-M%C3%A1laga-29003-120-000EUR/www.facebook.com/andalhome" "Mozilla/5.0 (Linux; Android 7.0;) AppleWebKit/537.36 (HTML, like Gecko) Mobile Safari/537.36 (compatible; PetalBot;+https://webmaster.petalsearch.com/site/petalbot)" "-"
82.165.84.0 - - [08/Aug/2026:00:46:50 +0200] "POST /wp-cron.php?doing_wp_cron=1786142810.8683700561523437500000 HTTP/1.1" 200 - andalhome.com "-" "WordPress/6.4.3; https://andalhome.com" "-"
74.7.242.0 - - [08/Aug/2026:00:46:52 +0200] "GET /wp-content/uploads/WPL/83/403.php?loknya=/proc/thread-self/root/homepages/42/d788308482/managed HTTP/1.1" 200 5567 andalhome.com "https://andalhome.com/wp-content/uploads/WPL/83/403.php?loknya=/proc/thread-self/root/homepages/42/d788308482" "Mozilla/5.0 AppleWebKit/537.36 (KHTML, like Gecko; compatible; GPTBot/1.4; +https://openai.com/gptbot)" "-"
114.119.143.0 - - [08/Aug/2026:00:46:52 +0200] "GET /en/aqui-estan-los-inmuebles-disponibles-properties/74-Local-21-Avenida-de-la-Paloma-M%C3%A1laga-29003-115-000EUR/ HTTP/1.1" 301 - andalhome.com "https://andalhome.com/en/aqui-estan-los-inmuebles-disponibles-properties/74-Local-21-Avenida-de-la-Paloma-M%C3%A1laga-29003-120-000EUR/www.facebook.com/andalhome" "Mozilla/5.0 (Linux; Android 7.0;) AppleWebKit/537.36 (HTML, like Gecko) Mobile Safari/537.36 (compatible; PetalBot;+https://webmaster.petalsearch.com/site/petalbot)" "-"
114.119.143.0 - - [08/Aug/2026:00:46:54 +0200] "GET /en/aqui-estan-los-inmuebles-disponibles-properties/74-Local-21-Avenida-de-la-Paloma-M%C3%A1laga-29003-120-000EUR HTTP/1.1" 301 - andalhome.com "https://andalhome.com/en/aqui-estan-los-inmuebles-disponibles-properties/74-Local-21-Avenida-de-la-Paloma-M%C3%A1laga-29003-120-000EUR/www.facebook.com/andalhome" "Mozilla/5.0 (Linux; Android 7.0;) AppleWebKit/537.36 (HTML, like Gecko) Mobile Safari/537.36 (compatible; PetalBot;+https://webmaster.petalsearch.com/site/petalbot)" "-"
114.119.143.0 - - [08/Aug/2026:00:46:56 +0200] "GET /en/aqui-estan-los-inmuebles-disponibles-properties/74-Local-21-Avenida-de-la-Paloma-M%C3%A1laga-29003-120-000EUR/ HTTP/1.1" 200 86891 andalhome.com "https://andalhome.com/en/aqui-estan-los-inmuebles-disponibles-properties/74-Local-21-Avenida-de-la-Paloma-M%C3%A1laga-29003-120-000EUR/www.facebook.com/andalhome" "Mozilla/5.0 (Linux; Android 7.0;) AppleWebKit/537.36 (HTML, like Gecko) Mobile Safari/537.36 (compatible; PetalBot;+https://webmaster.petalsearch.com/site/petalbot)" "-"
74.7.242.0 - - [08/Aug/2026:00:47:16 +0200] "GET /wp-content/uploads/WPL/83/403.php?loknya=/proc/thread-self/root/homepages/43/d501386878/managed HTTP/1.1" 200 5567 andalhome.com "https://andalhome.com/wp-content/uploads/WPL/83/403.php?loknya=/proc/thread-self/root/homepages/43/d501386878" "Mozilla/5.0 AppleWebKit/537.36 (KHTML, like Gecko; compatible; GPTBot/1.4; +https://openai.com/gptbot)" "-"
66.249.74.0 - - [08/Aug/2026:00:47:24 +0200] "GET /In-Cartone-Per-Imballaggio-Diametro-7-Cm-Altezza-19-Cm-k-654913 HTTP/1.1" 200 427654 andalhome.com "-" "Mozilla/5.0 (Linux; Android 6.0.1; Nexus 5X Build/MMB29P) AppleWebKit/537.36 (KHTML, like Gecko) Chrome/150.0.7871.186 Mobile Safari/537.36 (compatible; Googlebot/2.1; +http://www.google.com/bot.html)" "-"
74.7.242.0 - - [08/Aug/2026:00:47:37 +0200] "GET /wp-content/uploads/WPL/83/403.php?loknya=/proc/thread-self/root/homepages/28/d502043500/managed HTTP/1.1" 200 5567 andalhome.com "https://andalhome.com/wp-content/uploads/WPL/83/403.php?loknya=/proc/thread-self/root/homepages/28/d502043500" "Mozilla/5.0 AppleWebKit/537.36 (KHTML, like Gecko; compatible; GPTBot/1.4; +https://openai.com/gptbot)" "-"
74.7.242.0 - - [08/Aug/2026:00:47:56 +0200] "GET /wp-content/uploads/WPL/83/403.php?loknya=/proc/thread-self/root/homepages/11/d502058852/ HTTP/1.1" 200 14992 andalhome.com "https://andalhome.com/wp-content/uploads/WPL/83/403.php?loknya=/proc/thread-self/root/homepages/11/d502058852/managed" "Mozilla/5.0 AppleWebKit/537.36 (KHTML, like Gecko; compatible; GPTBot/1.4; +https://openai.com/gptbot)" "-"
74.7.242.0 - - [08/Aug/2026:00:48:13 +0200] "GET /wp-content/uploads/WPL/83/403.php?loknya=/proc/thread-self/root/homepages/23/d501854414/managed HTTP/1.1" 200 5567 andalhome.com "https://andalhome.com/wp-content/uploads/WPL/83/403.php?loknya=/proc/thread-self/root/homepages/23/d501854414" "Mozilla/5.0 AppleWebKit/537.36 (KHTML, like Gecko; compatible; GPTBot/1.4; +https://openai.com/gptbot)" "-"
74.7.242.0 - - [08/Aug/2026:00:48:29 +0200] "GET /wp-content/uploads/WPL/83/403.php?loknya=/proc/thread-self/root/homepages/11/d786783301/managed HTTP/1.1" 200 5567 andalhome.com "https://andalhome.com/wp-content/uploads/WPL/83/403.php?loknya=/proc/thread-self/root/homepages/11/d786783301" "Mozilla/5.0 AppleWebKit/537.36 (KHTML, like Gecko; compatible; GPTBot/1.4; +https://openai.com/gptbot)" "-"
74.7.242.0 - - [08/Aug/2026:00:48:43 +0200] "GET /wp-content/uploads/WPL/83/403.php?loknya=/proc/thread-self/root/homepages/37/d503490545/managed HTTP/1.1" 200 5567 andalhome.com "https://andalhome.com/wp-content/uploads/WPL/83/403.php?loknya=/proc/thread-self/root/homepages/37/d503490545" "Mozilla/5.0 AppleWebKit/537.36 (KHTML, like Gecko; compatible; GPTBot/1.4; +https://openai.com/gptbot)" "-"
74.7.242.0 - - [08/Aug/2026:00:48:56 +0200] "GET /wp-content/uploads/WPL/83/403.php?loknya=/proc/thread-self/root/homepages/20/d504262832/managed HTTP/1.1" 200 5567 andalhome.com "https://andalhome.com/wp-content/uploads/WPL/83/403.php?loknya=/proc/thread-self/root/homepages/20/d504262832" "Mozilla/5.0 AppleWebKit/537.36 (KHTML, like Gecko; compatible; GPTBot/1.4; +https://openai.com/gptbot)" "-"
74.7.242.0 - - [08/Aug/2026:00:49:08 +0200] "GET /wp-content/uploads/WPL/83/403.php?loknya=/proc/thread-self/root/homepages/23/d504944523/managed HTTP/1.1" 200 5567 andalhome.com "https://andalhome.com/wp-content/uploads/WPL/83/403.php?loknya=/proc/thread-self/root/homepages/23/d504944523" "Mozilla/5.0 AppleWebKit/537.36 (KHTML, like Gecko; compatible; GPTBot/1.4; +https://openai.com/gptbot)" "-"
74.7.242.0 - - [08/Aug/2026:00:49:19 +0200] "GET /wp-content/uploads/WPL/83/403.php?loknya=/proc/thread-self/root/homepages/41/d501846818/ HTTP/1.1" 200 20803 andalhome.com "https://andalhome.com/wp-content/uploads/WPL/83/403.php?loknya=/proc/thread-self/root/homepages/41/d501846818/managed" "Mozilla/5.0 AppleWebKit/537.36 (KHTML, like Gecko; compatible; GPTBot/1.4; +https://openai.com/gptbot)" "-"
74.7.242.0 - - [08/Aug/2026:00:49:28 +0200] "GET /wp-content/uploads/WPL/83/403.php?loknya=/proc/thread-self/root/homepages/24/d505266004/managed HTTP/1.1" 200 5567 andalhome.com "https://andalhome.com/wp-content/uploads/WPL/83/403.php?loknya=/proc/thread-self/root/homepages/24/d505266004" "Mozilla/5.0 AppleWebKit/537.36 (KHTML, like Gecko; compatible; GPTBot/1.4; +https://openai.com/gptbot)" "-"
74.7.242.0 - - [08/Aug/2026:00:49:37 +0200] "GET /wp-content/uploads/WPL/83/403.php?loknya=/proc/thread-self/root/homepages/38/d503588400/managed HTTP/1.1" 429 267 andalhome.com "https://andalhome.com/wp-content/uploads/WPL/83/403.php?loknya=/proc/thread-self/root/homepages/38/d503588400" "Mozilla/5.0 AppleWebKit/537.36 (KHTML, like Gecko; compatible; GPTBot/1.4; +https://openai.com/gptbot)" "-"
74.7.242.0 - - [08/Aug/2026:00:49:44 +0200] "GET /wp-content/uploads/WPL/83/403.php?loknya=/proc/thread-self/root/homepages/35/d503760887/managed HTTP/1.1" 429 267 andalhome.com "https://andalhome.com/wp-content/uploads/WPL/83/403.php?loknya=/proc/thread-self/root/homepages/35/d503760887" "Mozilla/5.0 AppleWebKit/537.36 (KHTML, like Gecko; compatible; GPTBot/1.4; +https://openai.com/gptbot)" "-"
74.7.242.0 - - [08/Aug/2026:00:50:07 +0200] "GET /wp-content/uploads/WPL/83/403.php?loknya=/proc/thread-self/root/homepages/28/d502043500/ HTTP/1.1" 429 267 andalhome.com "https://andalhome.com/wp-content/uploads/WPL/83/403.php?loknya=/proc/thread-self/root/homepages/28/d502043500/managed" "Mozilla/5.0 AppleWebKit/537.36 (KHTML, like Gecko; compatible; GPTBot/1.4; +https://openai.com/gptbot)" "-"
74.7.242.0 - - [08/Aug/2026:00:51:10 +0200] "GET /wp-content/uploads/WPL/83/403.php?loknya=/proc/thread-self/root/homepages/11/d502058852/.config HTTP/1.1" 200 5567 andalhome.com "https://andalhome.com/wp-content/uploads/WPL/83/403.php?loknya=/proc/thread-self/root/homepages/11/d502058852/" "Mozilla/5.0 AppleWebKit/537.36 (KHTML, like Gecko; compatible; GPTBot/1.4; +https://openai.com/gptbot)" "-"
74.7.242.0 - - [08/Aug/2026:00:52:13 +0200] "GET /wp-content/uploads/WPL/83/403.php?loknya=/proc/thread-self/root/homepages/23/d501854414/ HTTP/1.1" 200 14992 andalhome.com "https://andalhome.com/wp-content/uploads/WPL/83/403.php?loknya=/proc/thread-self/root/homepages/23/d501854414/managed" "Mozilla/5.0 AppleWebKit/537.36 (KHTML, like Gecko; compatible; GPTBot/1.4; +https://openai.com/gptbot)" "-"
207.46.13.0 - - [08/Aug/2026:00:52:54 +0200] "GET /Spilla-Smaltata-MVP-Blizzcon-Heroes-Of-The-Storm-Prototipo-k-565127 HTTP/1.1" 200 426714 andalhome.com "-" "Mozilla/5.0 AppleWebKit/537.36 (KHTML, like Gecko; compatible; bingbot/2.0; +http://www.bing.com/bingbot.htm) Chrome/116.0.1938.76 Safari/537.36" "-"
2a0b:f300:: - - [08/Aug/2026:00:52:55 +0200] "GET /wp-content/uploads/WPL/72/thimg_IMG_20201130_115219_250x200.jpg HTTP/1.1" 200 21224 andalhome.com "-" "Mozilla/5.0 (X11; Ubuntu; Linux x86_64; rv:72.0) Gecko/20100101 Firefox/72.0" "-"
74.7.242.0 - - [08/Aug/2026:00:53:12 +0200] "GET /wp-content/uploads/WPL/83/403.php?lokasie=/proc/thread-self/root/homepages/11/d502058852//.created&loknya=/proc/thread-self/root/homepages/11/d502058852/ HTTP/1.1" 200 4323 andalhome.com "https://andalhome.com/wp-content/uploads/WPL/83/403.php?loknya=/proc/thread-self/root/homepages/11/d502058852/" "Mozilla/5.0 AppleWebKit/537.36 (KHTML, like Gecko; compatible; GPTBot/1.4; +https://openai.com/gptbot)" "-"
191.9.63.0 - - [08/Aug/2026:00:53:53 +0200] "GET / HTTP/1.1" 301 - andalhome.com "-" "Python/3.12 aiohttp/3.13.5" "-"
82.165.84.0 - - [08/Aug/2026:00:53:54 +0200] "POST /wp-cron.php?doing_wp_cron=1786143234.9399099349975585937500 HTTP/1.1" 200 - andalhome.com "-" "WordPress/6.4.3; https://andalhome.com" "-"
105.29.165.0 - - [08/Aug/2026:00:53:58 +0200] "GET / HTTP/1.1" 200 47639 andalhome.com "-" "Python/3.12 aiohttp/3.13.5" "-"
43.130.37.0 - - [08/Aug/2026:00:54:00 +0200] "GET /en/politica-cookies-clausula-privacidad-clausula-lopd-aviso-legal/www.facebook.com/www.facebook.com/www.facebook.com/andalhome HTTP/1.1" 404 84693 andalhome.com "-" "Mozilla/5.0 (iPhone; CPU iPhone OS 13_2_3 like Mac OS X) AppleWebKit/605.1.15 (KHTML, like Gecko) Version/13.0.3 Mobile/15E148 Safari/604.1" "-"
74.7.242.0 - - [08/Aug/2026:00:54:03 +0200] "GET /wp-content/uploads/WPL/83/403.php?loknya=/proc/thread-self/root/homepages/37/d503490545/ HTTP/1.1" 200 14992 andalhome.com "https://andalhome.com/wp-content/uploads/WPL/83/403.php?loknya=/proc/thread-self/root/homepages/37/d503490545/managed" "Mozilla/5.0 AppleWebKit/537.36 (KHTML, like Gecko; compatible; GPTBot/1.4; +https://openai.com/gptbot)" "-"
74.7.242.0 - - [08/Aug/2026:00:54:49 +0200] "GET /wp-content/uploads/WPL/83/403.php?lokasie=/proc/thread-self/root/homepages/11/d502058852//.htaccess&loknya=/proc/thread-self/root/homepages/11/d502058852/ HTTP/1.1" 200 4313 andalhome.com "https://andalhome.com/wp-content/uploads/WPL/83/403.php?loknya=/proc/thread-self/root/homepages/11/d502058852/" "Mozilla/5.0 AppleWebKit/537.36 (KHTML, like Gecko; compatible; GPTBot/1.4; +https://openai.com/gptbot)" "-"
74.7.242.0 - - [08/Aug/2026:00:55:29 +0200] "GET /wp-content/uploads/WPL/83/403.php?loknya=/proc/thread-self/root/homepages/23/d504944523/ HTTP/1.1" 200 22238 andalhome.com "https://andalhome.com/wp-content/uploads/WPL/83/403.php?loknya=/proc/thread-self/root/homepages/23/d504944523/managed" "Mozilla/5.0 AppleWebKit/537.36 (KHTML, like Gecko; compatible; GPTBot/1.4; +https://openai.com/gptbot)" "-"
20.125.53.0 - - [08/Aug/2026:00:55:53 +0200] "GET /sw.js HTTP/1.1" 404 84253 andalhome.com "https://andalhome.com/Spilla-Smaltata-MVP-Blizzcon-Heroes-Of-The-Storm-Prototipo-k-565127" "Mozilla/5.0 (Windows NT 10.0; Win64; x64) AppleWebKit/537.36 (KHTML, like Gecko) HeadlessChrome/146.0.7680.165 Safari/537.36" "-"
82.165.84.0 - - [08/Aug/2026:00:55:54 +0200] "POST /wp-cron.php?doing_wp_cron=1786143354.1569910049438476562500 HTTP/1.1" 200 - andalhome.com "-" "WordPress/6.4.3; https://andalhome.com" "-"
74.7.242.0 - - [08/Aug/2026:00:56:08 +0200] "GET /wp-content/uploads/WPL/83/403.php?loknya=/proc/thread-self/root/homepages/41/d501846818/.config HTTP/1.1" 200 5567 andalhome.com "https://andalhome.com/wp-content/uploads/WPL/83/403.php?loknya=/proc/thread-self/root/homepages/41/d501846818/" "Mozilla/5.0 AppleWebKit/537.36 (KHTML, like Gecko; compatible; GPTBot/1.4; +https://openai.com/gptbot)" "-"
66.249.74.0 - - [08/Aug/2026:00:56:38 +0200] "GET /Mosfet-MSC-VRF2933-Lotto-Di-2-Pezzi-Usato-Ma-Funzionante-k-225750 HTTP/1.1" 200 423917 andalhome.com "-" "Mozilla/5.0 (Linux; Android 6.0.1; Nexus 5X Build/MMB29P) AppleWebKit/537.36 (KHTML, like Gecko) Chrome/150.0.7871.186 Mobile Safari/537.36 (compatible; Googlebot/2.1; +http://www.google.com/bot.html)" "-"
74.7.242.0 - - [08/Aug/2026:00:56:41 +0200] "GET /wp-content/uploads/WPL/83/403.php?lokasie=/proc/thread-self/root/homepages/41/d501846818//metadata.json&loknya=/proc/thread-self/root/homepages/41/d501846818/ HTTP/1.1" 200 4317 andalhome.com "https://andalhome.com/wp-content/uploads/WPL/83/403.php?loknya=/proc/thread-self/root/homepages/41/d501846818/" "Mozilla/5.0 AppleWebKit/537.36 (KHTML, like Gecko; compatible; GPTBot/1.4; +https://openai.com/gptbot)" "-"
74.7.242.0 - - [08/Aug/2026:00:57:10 +0200] "GET /wp-content/uploads/WPL/83/403.php?lokasie=/proc/thread-self/root/homepages/41/d501846818//.htaccess&loknya=/proc/thread-self/root/homepages/41/d501846818/ HTTP/1.1" 200 4313 andalhome.com "https://andalhome.com/wp-content/uploads/WPL/83/403.php?loknya=/proc/thread-self/root/homepages/41/d501846818/" "Mozilla/5.0 AppleWebKit/537.36 (KHTML, like Gecko; compatible; GPTBot/1.4; +https://openai.com/gptbot)" "-"
52.167.144.0 - - [08/Aug/2026:00:57:29 +0200] "GET /14-Intel-Pentium-N6000-4GB-RAM-64GB-EMMC-Windows-11-k-716825?inventoryId=222775 HTTP/1.1" 200 422930 andalhome.com "-" "Mozilla/5.0 AppleWebKit/537.36 (KHTML, like Gecko; compatible; bingbot/2.0; +http://www.bing.com/bingbot.htm) Chrome/116.0.1938.76 Safari/537.36" "-"
74.7.242.0 - - [08/Aug/2026:00:57:36 +0200] "GET /wp-content/uploads/WPL/83/403.php?lokasie=/proc/thread-self/root/homepages/41/d501846818//.created&loknya=/proc/thread-self/root/homepages/41/d501846818/ HTTP/1.1" 200 4323 andalhome.com "https://andalhome.com/wp-content/uploads/WPL/83/403.php?loknya=/proc/thread-self/root/homepages/41/d501846818/" "Mozilla/5.0 AppleWebKit/537.36 (KHTML, like Gecko; compatible; GPTBot/1.4; +https://openai.com/gptbot)" "-"
74.7.242.0 - - [08/Aug/2026:00:58:01 +0200] "GET /wp-content/uploads/WPL/83/403.php?loknya=/proc/thread-self/root/homepages/26/d502562284/managed HTTP/1.1" 200 5567 andalhome.com "https://andalhome.com/wp-content/uploads/WPL/83/403.php?loknya=/proc/thread-self/root/homepages/26/d502562284" "Mozilla/5.0 AppleWebKit/537.36 (KHTML, like Gecko; compatible; GPTBot/1.4; +https://openai.com/gptbot)" "-"
74.7.242.0 - - [08/Aug/2026:00:58:23 +0200] "GET /wp-content/uploads/WPL/83/403.php?loknya=/proc/thread-self/root/homepages/23/d504370230/managed HTTP/1.1" 200 5567 andalhome.com "https://andalhome.com/wp-content/uploads/WPL/83/403.php?loknya=/proc/thread-self/root/homepages/23/d504370230" "Mozilla/5.0 AppleWebKit/537.36 (KHTML, like Gecko; compatible; GPTBot/1.4; +https://openai.com/gptbot)" "-"
74.7.242.0 - - [08/Aug/2026:00:58:43 +0200] "GET /wp-content/uploads/WPL/83/403.php?loknya=/proc/thread-self/root/homepages/23/d501854414/.config HTTP/1.1" 200 5567 andalhome.com "https://andalhome.com/wp-content/uploads/WPL/83/403.php?loknya=/proc/thread-self/root/homepages/23/d501854414/" "Mozilla/5.0 AppleWebKit/537.36 (KHTML, like Gecko; compatible; GPTBot/1.4; +https://openai.com/gptbot)" "-"
74.7.242.0 - - [08/Aug/2026:00:59:02 +0200] "GET /wp-content/uploads/WPL/83/403.php?lokasie=/proc/thread-self/root/homepages/23/d501854414//.htaccess&loknya=/proc/thread-self/root/homepages/23/d501854414/ HTTP/1.1" 200 4313 andalhome.com "https://andalhome.com/wp-content/uploads/WPL/83/403.php?loknya=/proc/thread-self/root/homepages/23/d501854414/" "Mozilla/5.0 AppleWebKit/537.36 (KHTML, like Gecko; compatible; GPTBot/1.4; +https://openai.com/gptbot)" "-"
74.7.242.0 - - [08/Aug/2026:00:59:18 +0200] "GET /wp-content/uploads/WPL/83/403.php?lokasie=/proc/thread-self/root/homepages/37/d503490545//.created&loknya=/proc/thread-self/root/homepages/37/d503490545/ HTTP/1.1" 200 4323 andalhome.com "https://andalhome.com/wp-content/uploads/WPL/83/403.php?loknya=/proc/thread-self/root/homepages/37/d503490545/" "Mozilla/5.0 AppleWebKit/537.36 (KHTML, like Gecko; compatible; GPTBot/1.4; +https://openai.com/gptbot)" "-"
74.7.242.0 - - [08/Aug/2026:00:59:32 +0200] "GET /wp-content/uploads/WPL/83/403.php?lokasie=/proc/thread-self/root/homepages/37/d503490545//.htaccess&loknya=/proc/thread-self/root/homepages/37/d503490545/ HTTP/1.1" 200 4313 andalhome.com "https://andalhome.com/wp-content/uploads/WPL/83/403.php?loknya=/proc/thread-self/root/homepages/37/d503490545/" "Mozilla/5.0 AppleWebKit/537.36 (KHTML, like Gecko; compatible; GPTBot/1.4; +https://openai.com/gptbot)" "-"
74.7.242.0 - - [08/Aug/2026:00:59:44 +0200] "GET /wp-content/uploads/WPL/83/403.php?loknya=/proc/thread-self/root/homepages/23/d504944523/.config HTTP/1.1" 200 5567 andalhome.com "https://andalhome.com/wp-content/uploads/WPL/83/403.php?loknya=/proc/thread-self/root/homepages/23/d504944523/" "Mozilla/5.0 AppleWebKit/537.36 (KHTML, like Gecko; compatible; GPTBot/1.4; +https://openai.com/gptbot)" "-"
74.7.242.0 - - [08/Aug/2026:00:59:56 +0200] "GET /wp-content/uploads/WPL/83/403.php?lokasie=/proc/thread-self/root/homepages/23/d504944523//metadata.json&loknya=/proc/thread-self/root/homepages/23/d504944523/ HTTP/1.1" 200 4317 andalhome.com "https://andalhome.com/wp-content/uploads/WPL/83/403.php?loknya=/proc/thread-self/root/homepages/23/d504944523/" "Mozilla/5.0 AppleWebKit/537.36 (KHTML, like Gecko; compatible; GPTBot/1.4; +https://openai.com/gptbot)" "-"
74.7.242.0 - - [08/Aug/2026:01:00:09 +0200] "GET /wp-content/uploads/WPL/83/403.php?lokasie=/proc/thread-self/root/homepages/23/d504944523//.htaccess&loknya=/proc/thread-self/root/homepages/23/d504944523/ HTTP/1.1" 200 4313 andalhome.com "https://andalhome.com/wp-content/uploads/WPL/83/403.php?loknya=/proc/thread-self/root/homepages/23/d504944523/" "Mozilla/5.0 AppleWebKit/537.36 (KHTML, like Gecko; compatible; GPTBot/1.4; +https://openai.com/gptbot)" "-"
74.7.242.0 - - [08/Aug/2026:01:00:16 +0200] "GET /wp-content/uploads/WPL/83/403.php?lokasie=/proc/thread-self/root/homepages/23/d501854414//.created&loknya=/proc/thread-self/root/homepages/23/d501854414/ HTTP/1.1" 200 4323 andalhome.com "https://andalhome.com/wp-content/uploads/WPL/83/403.php?loknya=/proc/thread-self/root/homepages/23/d501854414/" "Mozilla/5.0 AppleWebKit/537.36 (KHTML, like Gecko; compatible; GPTBot/1.4; +https://openai.com/gptbot)" "-"
74.7.242.0 - - [08/Aug/2026:01:00:25 +0200] "GET /wp-content/uploads/WPL/83/403.php?lokasie=/proc/thread-self/root/homepages/23/d504944523//.siteapps&loknya=/proc/thread-self/root/homepages/23/d504944523/ HTTP/1.1" 200 4313 andalhome.com "https://andalhome.com/wp-content/uploads/WPL/83/403.php?loknya=/proc/thread-self/root/homepages/23/d504944523/" "Mozilla/5.0 AppleWebKit/537.36 (KHTML, like Gecko; compatible; GPTBot/1.4; +https://openai.com/gptbot)" "-"
74.7.242.0 - - [08/Aug/2026:01:00:32 +0200] "GET /wp-content/uploads/WPL/83/403.php?lokasie=/proc/thread-self/root/homepages/23/d504944523//.created&loknya=/proc/thread-self/root/homepages/23/d504944523/ HTTP/1.1" 429 267 andalhome.com "https://andalhome.com/wp-content/uploads/WPL/83/403.php?loknya=/proc/thread-self/root/homepages/23/d504944523/" "Mozilla/5.0 AppleWebKit/537.36 (KHTML, like Gecko; compatible; GPTBot/1.4; +https://openai.com/gptbot)" "-"
74.7.242.0 - - [08/Aug/2026:01:00:39 +0200] "GET /wp-content/uploads/WPL/83/403.php?loknya=/proc/thread-self/root/homepages/23/d504370230/ HTTP/1.1" 429 267 andalhome.com "https://andalhome.com/wp-content/uploads/WPL/83/403.php?loknya=/proc/thread-self/root/homepages/23/d504370230/managed" "Mozilla/5.0 AppleWebKit/537.36 (KHTML, like Gecko; compatible; GPTBot/1.4; +https://openai.com/gptbot)" "-"
74.7.242.0 - - [08/Aug/2026:01:01:00 +0200] "GET /wp-content/uploads/WPL/83/403.php?loknya=/proc/thread-self/root/homepages/30/d504818805/managed HTTP/1.1" 429 267 andalhome.com "https://andalhome.com/wp-content/uploads/WPL/83/403.php?loknya=/proc/thread-self/root/homepages/30/d504818805" "Mozilla/5.0 AppleWebKit/537.36 (KHTML, like Gecko; compatible; GPTBot/1.4; +https://openai.com/gptbot)" "-"
157.55.39.0 - - [08/Aug/2026:01:01:05 +0200] "GET /Ingresso-Omron-DRT1-ID16T-DRT1ID16-Modulo-Input-PLC-k-236697 HTTP/1.1" 200 424976 andalhome.com "-" "Mozilla/5.0 AppleWebKit/537.36 (KHTML, like Gecko; compatible; bingbot/2.0; +http://www.bing.com/bingbot.htm) Chrome/116.0.1938.76 Safari/537.36" "-"
74.7.242.0 - - [08/Aug/2026:01:02:00 +0200] "GET /wp-content/uploads/WPL/83/403.php?loknya=/proc/thread-self/root/homepages/23/d504096032/managed HTTP/1.1" 200 5567 andalhome.com "https://andalhome.com/wp-content/uploads/WPL/83/403.php?loknya=/proc/thread-self/root/homepages/23/d504096032" "Mozilla/5.0 AppleWebKit/537.36 (KHTML, like Gecko; compatible; GPTBot/1.4; +https://openai.com/gptbot)" "-"
49.51.72.0 - - [08/Aug/2026:01:02:42 +0200] "GET /en/wp-json/oembed/1.0/embed?url=https%3A%2F%2Fandalhome.com%2Fen%2Faccesos-directos-inmuebles-en-venta-alquiler-o-compra%2Finmuebles-en-alquiler%2F&format=xml HTTP/1.1" 404 132 andalhome.com "-" "Mozilla/5.0 (iPhone; CPU iPhone OS 13_2_3 like Mac OS X) AppleWebKit/605.1.15 (KHTML, like Gecko) Version/13.0.3 Mobile/15E148 Safari/604.1" "-"
82.165.84.0 - - [08/Aug/2026:01:02:43 +0200] "POST /wp-cron.php?doing_wp_cron=1786143763.4943819046020507812500 HTTP/1.1" 200 - andalhome.com "-" "WordPress/6.4.3; https://andalhome.com/en" "-"
74.7.242.0 - - [08/Aug/2026:01:03:03 +0200] "GET /wp-content/uploads/WPL/83/403.php?loknya=/proc/thread-self/root/homepages/22/d788773809/managed HTTP/1.1" 200 5567 andalhome.com "https://andalhome.com/wp-content/uploads/WPL/83/403.php?loknya=/proc/thread-self/root/homepages/22/d788773809" "Mozilla/5.0 AppleWebKit/537.36 (KHTML, like Gecko; compatible; GPTBot/1.4; +https://openai.com/gptbot)" "-"
74.7.242.0 - - [08/Aug/2026:01:03:59 +0200] "GET /wp-content/uploads/WPL/83/403.php?loknya=/proc/thread-self/root/homepages/43/d505086013/managed HTTP/1.1" 200 5567 andalhome.com "https://andalhome.com/wp-content/uploads/WPL/83/403.php?loknya=/proc/thread-self/root/homepages/43/d505086013" "Mozilla/5.0 AppleWebKit/537.36 (KHTML, like Gecko; compatible; GPTBot/1.4; +https://openai.com/gptbot)" "-"
216.228.125.0 - - [08/Aug/2026:01:04:07 +0200] "GET /robots.txt HTTP/1.1" 200 183 andalhome.com "-" "DatacompMetadataIngestion/1.0" "-"
74.7.242.0 - - [08/Aug/2026:01:04:48 +0200] "GET /wp-content/uploads/WPL/83/403.php?loknya=/proc/thread-self/root/homepages/20/d504989828/managed HTTP/1.1" 200 5567 andalhome.com "https://andalhome.com/wp-content/uploads/WPL/83/403.php?loknya=/proc/thread-self/root/homepages/20/d504989828" "Mozilla/5.0 AppleWebKit/537.36 (KHTML, like Gecko; compatible; GPTBot/1.4; +https://openai.com/gptbot)" "-"
114.119.142.0 - - [08/Aug/2026:01:05:28 +0200] "GET /aqui-estan-los-inmuebles-disponibles-properties/70-Nave-Industrial-Poligono-el-Viso-Malaga-400-000EUR/www.facebook.com/andalhome/www.facebook.com/andalhome/www.facebook.com/andalhome/ HTTP/1.1" 302 - andalhome.com "https://andalhome.com/aqui-estan-los-inmuebles-disponibles-properties/70-Nave-Industrial-Poligono-el-Viso-Malaga-400-000EUR/www.facebook.com/andalhome/www.facebook.com/andalhome/www.facebook.com/andalhome" "Mozilla/5.0 (Linux; Android 7.0;) AppleWebKit/537.36 (HTML, like Gecko) Mobile Safari/537.36 (compatible; PetalBot;+https://webmaster.petalsearch.com/site/petalbot)" "-"
114.119.142.0 - - [08/Aug/2026:01:05:30 +0200] "GET /en/aqui-estan-los-inmuebles-disponibles-properties/70-Nave-Industrial-Poligono-el-Viso-Malaga-400-000EUR/www.facebook.com/andalhome/www.facebook.com/andalhome/www.facebook.com/andalhome/ HTTP/1.1" 200 84837 andalhome.com "https://andalhome.com/aqui-estan-los-inmuebles-disponibles-properties/70-Nave-Industrial-Poligono-el-Viso-Malaga-400-000EUR/www.facebook.com/andalhome/www.facebook.com/andalhome/www.facebook.com/andalhome" "Mozilla/5.0 (Linux; Android 7.0;) AppleWebKit/537.36 (HTML, like Gecko) Mobile Safari/537.36 (compatible; PetalBot;+https://webmaster.petalsearch.com/site/petalbot)" "-"
74.7.242.0 - - [08/Aug/2026:01:05:33 +0200] "GET /wp-content/uploads/WPL/83/403.php?loknya=/proc/thread-self/root/homepages/34/d789084068/managed HTTP/1.1" 200 5567 andalhome.com "https://andalhome.com/wp-content/uploads/WPL/83/403.php?loknya=/proc/thread-self/root/homepages/34/d789084068" "Mozilla/5.0 AppleWebKit/537.36 (KHTML, like Gecko; compatible; GPTBot/1.4; +https://openai.com/gptbot)" "-"
74.7.242.0 - - [08/Aug/2026:01:06:16 +0200] "GET /wp-content/uploads/WPL/83/403.php?loknya=/proc/thread-self/root/homepages/19/d501983989/managed HTTP/1.1" 200 5567 andalhome.com "https://andalhome.com/wp-content/uploads/WPL/83/403.php?loknya=/proc/thread-self/root/homepages/19/d501983989" "Mozilla/5.0 AppleWebKit/537.36 (KHTML, like Gecko; compatible; GPTBot/1.4; +https://openai.com/gptbot)" "-"
114.119.159.0 - - [08/Aug/2026:01:06:51 +0200] "GET /andalhome-te-ofrece-un-servicio-integral-inmobiliario-desde-la-compra-alquiler-hasta-la-financiacion-y-por-supuesto-todo-el-asesoramiento-que-necesites/icon_key_round/ HTTP/1.1" 302 - andalhome.com "https://andalhome.com/andalhome-te-ofrece-un-servicio-integral-inmobiliario-desde-la-compra-alquiler-hasta-la-financiacion-y-por-supuesto-todo-el-asesoramiento-que-necesites/icon_key_round/" "Mozilla/5.0 (Linux; Android 7.0;) AppleWebKit/537.36 (HTML, like Gecko) Mobile Safari/537.36 (compatible; PetalBot;+https://webmaster.petalsearch.com/site/petalbot)" "-"
82.165.84.0 - - [08/Aug/2026:01:06:52 +0200] "POST /wp-cron.php?doing_wp_cron=1786144012.7105839252471923828125 HTTP/1.1" 200 - andalhome.com "-" "WordPress/6.4.3; https://andalhome.com" "-"
74.7.242.0 - - [08/Aug/2026:01:06:54 +0200] "GET /wp-content/uploads/WPL/83/403.php?loknya=/proc/thread-self/root/homepages/37/d504013232/managed HTTP/1.1" 200 5567 andalhome.com "https://andalhome.com/wp-content/uploads/WPL/83/403.php?loknya=/proc/thread-self/root/homepages/37/d504013232" "Mozilla/5.0 AppleWebKit/537.36 (KHTML, like Gecko; compatible; GPTBot/1.4; +https://openai.com/gptbot)" "-"
114.119.159.0 - - [08/Aug/2026:01:06:54 +0200] "GET /en/andalhome-te-ofrece-un-servicio-integral-inmobiliario-desde-la-compra-alquiler-hasta-la-financiacion-y-por-supuesto-todo-el-asesoramiento-que-necesites/icon_key_round/ HTTP/1.1" 200 90101 andalhome.com "https://andalhome.com/andalhome-te-ofrece-un-servicio-integral-inmobiliario-desde-la-compra-alquiler-hasta-la-financiacion-y-por-supuesto-todo-el-asesoramiento-que-necesites/icon_key_round/" "Mozilla/5.0 (Linux; Android 7.0;) AppleWebKit/537.36 (HTML, like Gecko) Mobile Safari/537.36 (compatible; PetalBot;+https://webmaster.petalsearch.com/site/petalbot)" "-"
66.249.74.0 - - [08/Aug/2026:01:07:09 +0200] "GET /Viso-Sciolto-Horror-Maschera-Integrale-Per-Costume-Halloween-k-375634 HTTP/1.1" 200 424859 andalhome.com "-" "Mozilla/5.0 (Linux; Android 6.0.1; Nexus 5X Build/MMB29P) AppleWebKit/537.36 (KHTML, like Gecko) Chrome/150.0.7871.186 Mobile Safari/537.36 (compatible; Googlebot/2.1; +http://www.google.com/bot.html)" "-"
74.7.242.0 - - [08/Aug/2026:01:07:26 +0200] "GET /wp-content/uploads/WPL/83/403.php?loknya=/proc/thread-self/root/homepages/43/d503376435/managed HTTP/1.1" 200 5567 andalhome.com "https://andalhome.com/wp-content/uploads/WPL/83/403.php?loknya=/proc/thread-self/root/homepages/43/d503376435" "Mozilla/5.0 AppleWebKit/537.36 (KHTML, like Gecko; compatible; GPTBot/1.4; +https://openai.com/gptbot)" "-"
220.181.108.0 - - [08/Aug/2026:01:07:28 +0200] "GET /en/?pid=53&alias=%C3%81tico-Rincon-Victoria-3-Habitaciones-265-000EUR&wplview=property_show HTTP/1.1" 429 267 andalhome.com "-" "Mozilla/5.0 (compatible; Baiduspider/2.0; +http://www.baidu.com/search/spider.html)" "-"
66.249.74.0 - - [08/Aug/2026:01:07:38 +0200] "GET /Hot-Wheels-RLC-2018-Collezioner-Edition-Rosoo-Zamac-True-k-656154 HTTP/1.1" 200 425566 andalhome.com "-" "Mozilla/5.0 (compatible; Googlebot/2.1; +http://www.google.com/bot.html)" "-"
74.7.242.0 - - [08/Aug/2026:01:07:56 +0200] "GET /wp-content/uploads/WPL/83/403.php?loknya=/proc/thread-self/root/homepages/26/d503567003/managed HTTP/1.1" 200 5567 andalhome.com "https://andalhome.com/wp-content/uploads/WPL/83/403.php?loknya=/proc/thread-self/root/homepages/26/d503567003" "Mozilla/5.0 AppleWebKit/537.36 (KHTML, like Gecko; compatible; GPTBot/1.4; +https://openai.com/gptbot)" "-"
66.249.74.0 - - [08/Aug/2026:01:08:10 +0200] "GET /LOP5B-1-55503684-Modulo-Nuovo-k-1117942 HTTP/1.1" 200 423235 andalhome.com "-" "Mozilla/5.0 (Linux; Android 6.0.1; Nexus 5X Build/MMB29P) AppleWebKit/537.36 (KHTML, like Gecko) Chrome/150.0.7871.186 Mobile Safari/537.36 (compatible; Googlebot/2.1; +http://www.google.com/bot.html)" "-"
66.249.74.0 - - [08/Aug/2026:01:08:17 +0200] "GET /Firenze-Atelier-Pelle-Scamosciata-Agnello-Nera-Punta-Moc-k-791068 HTTP/1.1" 200 426975 andalhome.com "-" "Mozilla/5.0 (Linux; Android 6.0.1; Nexus 5X Build/MMB29P) AppleWebKit/537.36 (KHTML, like Gecko) Chrome/150.0.7871.186 Mobile Safari/537.36 (compatible; Googlebot/2.1; +http://www.google.com/bot.html)" "-"
