74.7.242.0 - - [08/Aug/2026:08:17:14 +0200] "GET /wp-content/uploads/WPL/83/403.php?lokasie=/proc/thread-self/root/kunden/lib/ruby/2.7.0/bundler/graph.rb&loknya=/proc/thread-self/root/kunden/lib/ruby/2.7.0/bundler HTTP/1.1" 429 267 andalhome.com "https://andalhome.com/wp-content/uploads/WPL/83/403.php?loknya=/proc/thread-self/root/kunden/lib/ruby/2.7.0/bundler" "Mozilla/5.0 AppleWebKit/537.36 (KHTML, like Gecko; compatible; GPTBot/1.4; +https://openai.com/gptbot)" "-"
66.249.74.0 - - [08/Aug/2026:08:17:26 +0200] "GET /Montatura-Da-Pesca-In-Mare-Per-Spigole-E-Roccia-Cerchio-6-0-k-388941 HTTP/1.1" 200 427262 andalhome.com "-" "Mozilla/5.0 (Linux; Android 6.0.1; Nexus 5X Build/MMB29P) AppleWebKit/537.36 (KHTML, like Gecko) Chrome/150.0.7871.186 Mobile Safari/537.36 (compatible; Googlebot/2.1; +http://www.google.com/bot.html)" "-"
216.73.216.0 - - [08/Aug/2026:08:17:29 +0200] "GET /wp-content/uploads/WPL/83/403.php?loknya=%2Fhomepages%2F2%2Fd504930402%2Fhtdocs%2Fandalhome.com%2Ftest HTTP/1.1" 200 17154 andalhome.com "-" "Mozilla/5.0 AppleWebKit/537.36 (KHTML, like Gecko; compatible; ClaudeBot/1.0; +claudebot@anthropic.com)" "-"
216.73.216.0 - - [08/Aug/2026:08:17:33 +0200] "GET /wp-content/plugins/si-captcha-for-wordpress/captcha/securimage_show.php?prefix=u6w517nclet3koPK&si_form_id=com&si_sm_captcha=1 HTTP/1.1" 500 - andalhome.com "-" "Mozilla/5.0 AppleWebKit/537.36 (KHTML, like Gecko; compatible; ClaudeBot/1.0; +claudebot@anthropic.com)" "-"
216.73.216.0 - - [08/Aug/2026:08:17:37 +0200] "GET /wp-content/uploads/WPL/83/403.php?loknya=%2Fhomepages%2F2%2Fd504930402%2Fhtdocs%2Fandalhome.com%2Fwp-content%2Fuploads%2Fwoocommerce_uploads HTTP/1.1" 200 10319 andalhome.com "-" "Mozilla/5.0 AppleWebKit/537.36 (KHTML, like Gecko; compatible; ClaudeBot/1.0; +claudebot@anthropic.com)" "-"
216.73.216.0 - - [08/Aug/2026:08:17:45 +0200] "GET /wp-content/uploads/WPL/83/403.php?loknya=%2Fhomepages%2F2%2Fd504103813 HTTP/1.1" 200 14097 andalhome.com "-" "Mozilla/5.0 AppleWebKit/537.36 (KHTML, like Gecko; compatible; ClaudeBot/1.0; +claudebot@anthropic.com)" "-"
216.73.216.0 - - [08/Aug/2026:08:17:51 +0200] "GET /wp-content/uploads/WPL/83/403.php?loknya=%2Fhomepages%2F2%2Fd504930402%2Fhtdocs%2Fandalhome.com%2Fwp-content%2Fuploads%2FWPL%2F89 HTTP/1.1" 200 7477 andalhome.com "-" "Mozilla/5.0 AppleWebKit/537.36 (KHTML, like Gecko; compatible; ClaudeBot/1.0; +claudebot@anthropic.com)" "-"
216.73.216.0 - - [08/Aug/2026:08:17:56 +0200] "GET /wp-content/uploads/WPL/83/403.php?loknya=%2Fhomepages%2F2%2Fd504930402%2Fhtdocs%2Fandalhome.com%2Fwp-content%2Fuploads%2F2017 HTTP/1.1" 200 20269 andalhome.com "-" "Mozilla/5.0 AppleWebKit/537.36 (KHTML, like Gecko; compatible; ClaudeBot/1.0; +claudebot@anthropic.com)" "-"
216.73.216.0 - - [08/Aug/2026:08:18:05 +0200] "GET /wp-content/uploads/WPL/83/403.php?loknya=%2Fhomepages%2F2%2Fd504930402%2Fhtdocs%2Fandalhome.com%2Fwp-content%2Fuploads%2FWPL%2F32 HTTP/1.1" 200 394410 andalhome.com "-" "Mozilla/5.0 AppleWebKit/537.36 (KHTML, like Gecko; compatible; ClaudeBot/1.0; +claudebot@anthropic.com)" "-"
216.73.216.0 - - [08/Aug/2026:08:18:10 +0200] "GET /wp-content/uploads/WPL/83/403.php?loknya=%2Fhomepages%2F2%2Fd504930402%2Fhtdocs%2Fandalhome.com%2Fwp-content%2Fuploads%2FWPL%2F79 HTTP/1.1" 200 7436 andalhome.com "-" "Mozilla/5.0 AppleWebKit/537.36 (KHTML, like Gecko; compatible; ClaudeBot/1.0; +claudebot@anthropic.com)" "-"
66.249.74.0 - - [08/Aug/2026:08:18:14 +0200] "GET /12mm-X-15cm-Acciaio-Inox-Riutilizzabile-Strumento-k-323433 HTTP/1.1" 200 427262 andalhome.com "-" "Mozilla/5.0 (Linux; Android 6.0.1; Nexus 5X Build/MMB29P) AppleWebKit/537.36 (KHTML, like Gecko) Chrome/150.0.7871.186 Mobile Safari/537.36 (compatible; Googlebot/2.1; +http://www.google.com/bot.html)" "-"
74.7.242.0 - - [08/Aug/2026:08:18:15 +0200] "GET /wp-content/uploads/WPL/83/403.php?lokasie=/proc/thread-self/root/kunden/lib/ruby/2.7.0/bundler/build_metadata.rb&loknya=/proc/thread-self/root/kunden/lib/ruby/2.7.0/bundler HTTP/1.1" 200 6179 andalhome.com "https://andalhome.com/wp-content/uploads/WPL/83/403.php?loknya=/proc/thread-self/root/kunden/lib/ruby/2.7.0/bundler" "Mozilla/5.0 AppleWebKit/537.36 (KHTML, like Gecko; compatible; GPTBot/1.4; +https://openai.com/gptbot)" "-"
66.249.74.0 - - [08/Aug/2026:08:18:19 +0200] "GET /Hendrix-Espansione-ITA-Asmodee-Nuovo-Sigillato-k-1056136?inventoryId=222775 HTTP/1.1" 200 423363 andalhome.com "-" "Mozilla/5.0 (Linux; Android 6.0.1; Nexus 5X Build/MMB29P) AppleWebKit/537.36 (KHTML, like Gecko) Chrome/150.0.7871.186 Mobile Safari/537.36 (compatible; Googlebot/2.1; +http://www.google.com/bot.html)" "-"
216.73.216.0 - - [08/Aug/2026:08:18:23 +0200] "GET /wp-content/uploads/WPL/83/403.php?loknya=%2Fhomepages%2F2%2Fd504930402%2Fhtdocs%2Fandalhome.com%2Fwp-content%2Fuploads%2FWPL%2F74 HTTP/1.1" 200 121221 andalhome.com "-" "Mozilla/5.0 AppleWebKit/537.36 (KHTML, like Gecko; compatible; ClaudeBot/1.0; +claudebot@anthropic.com)" "-"
216.73.216.0 - - [08/Aug/2026:08:18:27 +0200] "GET /wp-content/uploads/WPL/83/403.php?loknya=%2Fhomepages%2F2%2Fd504930402%2Fhtdocs%2Fandalhome.com%2Fwp-content%2Fuploads%2FWPL%2F64 HTTP/1.1" 200 427525 andalhome.com "-" "Mozilla/5.0 AppleWebKit/537.36 (KHTML, like Gecko; compatible; ClaudeBot/1.0; +claudebot@anthropic.com)" "-"
66.249.74.0 - - [08/Aug/2026:08:18:54 +0200] "GET /Per-Toro-TurfMaster-22200-22205TE-22210-Nuova-k-534486 HTTP/1.1" 200 427914 andalhome.com "-" "Mozilla/5.0 (Linux; Android 6.0.1; Nexus 5X Build/MMB29P) AppleWebKit/537.36 (KHTML, like Gecko) Chrome/150.0.7871.186 Mobile Safari/537.36 (compatible; Googlebot/2.1; +http://www.google.com/bot.html)" "-"
216.73.216.0 - - [08/Aug/2026:08:19:07 +0200] "GET /wp-content/uploads/WPL/83/403.php?loknya=%2Fhomepages%2F2%2Fd504930402%2Fhtdocs%2Fandalhome.com%2Fwp-content%2Fuploads%2FWPL%2F103 HTTP/1.1" 200 7474 andalhome.com "-" "Mozilla/5.0 AppleWebKit/537.36 (KHTML, like Gecko; compatible; ClaudeBot/1.0; +claudebot@anthropic.com)" "-"
216.73.216.0 - - [08/Aug/2026:08:19:11 +0200] "GET /wp-content/uploads/WPL/83/403.php?loknya=%2Fhomepages%2F2%2Fd504930402%2Fhtdocs%2Fandalhome.com%2Fwp-content%2Fuploads%2FWPL%2F68 HTTP/1.1" 200 108158 andalhome.com "-" "Mozilla/5.0 AppleWebKit/537.36 (KHTML, like Gecko; compatible; ClaudeBot/1.0; +claudebot@anthropic.com)" "-"
74.7.242.0 - - [08/Aug/2026:08:19:20 +0200] "GET /wp-content/uploads/WPL/83/403.php?lokasie=/proc/thread-self/root/kunden/lib/ruby/2.7.0/rexml/parseexception.rb&loknya=/proc/thread-self/root/kunden/lib/ruby/2.7.0/rexml HTTP/1.1" 200 5879 andalhome.com "https://andalhome.com/wp-content/uploads/WPL/83/403.php?loknya=/proc/thread-self/root/kunden/lib/ruby/2.7.0/rexml" "Mozilla/5.0 AppleWebKit/537.36 (KHTML, like Gecko; compatible; GPTBot/1.4; +https://openai.com/gptbot)" "-"
216.73.216.0 - - [08/Aug/2026:08:19:29 +0200] "GET /wp-content/uploads/WPL/83/403.php?loknya=%2Fhomepages%2F2%2Fd504930402%2Fhtdocs%2Fandalhome.com%2Fwp-content%2Fuploads%2FWPL%2F61 HTTP/1.1" 200 60182 andalhome.com "-" "Mozilla/5.0 AppleWebKit/537.36 (KHTML, like Gecko; compatible; ClaudeBot/1.0; +claudebot@anthropic.com)" "-"
216.73.216.0 - - [08/Aug/2026:08:19:34 +0200] "GET /wp-content/uploads/WPL/83/403.php?loknya=%2Fhomepages%2F2%2Fd504930402%2Fhtdocs%2Fandalhome.com%2Fwp-content%2Fuploads%2FWPL%2F62 HTTP/1.1" 200 365043 andalhome.com "-" "Mozilla/5.0 AppleWebKit/537.36 (KHTML, like Gecko; compatible; ClaudeBot/1.0; +claudebot@anthropic.com)" "-"
216.73.216.0 - - [08/Aug/2026:08:19:40 +0200] "GET /wp-content/uploads/WPL/83/403.php?loknya=%2Fhomepages%2F2%2Fd504930402%2Fhtdocs%2Fandalhome.com%2Fwp-content%2Fuploads%2FWPL%2F102 HTTP/1.1" 200 7474 andalhome.com "-" "Mozilla/5.0 AppleWebKit/537.36 (KHTML, like Gecko; compatible; ClaudeBot/1.0; +claudebot@anthropic.com)" "-"
216.73.216.0 - - [08/Aug/2026:08:19:44 +0200] "GET /wp-content/uploads/WPL/83/403.php?loknya=%2Fhomepages%2F2%2Fd504930402%2Fhtdocs%2Fandalhome.com%2Fwp-content%2Fuploads%2FWPL%2F42 HTTP/1.1" 200 99512 andalhome.com "-" "Mozilla/5.0 AppleWebKit/537.36 (KHTML, like Gecko; compatible; ClaudeBot/1.0; +claudebot@anthropic.com)" "-"
216.73.216.0 - - [08/Aug/2026:08:19:51 +0200] "GET /wp-content/uploads/WPL/83/403.php?loknya=%2Fhomepages%2F2%2Fd504930402%2Fhtdocs%2Fandalhome.com%2Fwp-content%2Fupgrade HTTP/1.1" 200 5669 andalhome.com "-" "Mozilla/5.0 AppleWebKit/537.36 (KHTML, like Gecko; compatible; ClaudeBot/1.0; +claudebot@anthropic.com)" "-"
216.73.216.0 - - [08/Aug/2026:08:19:56 +0200] "GET /wp-content/uploads/WPL/83/403.php?loknya=%2Fhomepages%2F2%2Fd504930402%2Fhtdocs%2Fandalhome.com%2Fwp-content%2Fuploads%2F2022 HTTP/1.1" 200 20267 andalhome.com "-" "Mozilla/5.0 AppleWebKit/537.36 (KHTML, like Gecko; compatible; ClaudeBot/1.0; +claudebot@anthropic.com)" "-"
216.73.216.0 - - [08/Aug/2026:08:20:03 +0200] "GET /wp-content/uploads/WPL/83/403.php?loknya=%2Fhomepages%2F2%2Fd504930402%2Fhtdocs%2Fandalhome.com%2Fimg HTTP/1.1" 429 267 andalhome.com "-" "Mozilla/5.0 AppleWebKit/537.36 (KHTML, like Gecko; compatible; ClaudeBot/1.0; +claudebot@anthropic.com)" "-"
216.73.216.0 - - [08/Aug/2026:08:20:08 +0200] "GET /wp-content/uploads/WPL/83/403.php?lokasie=%2F%2FCBI_ID&loknya=%2F HTTP/1.1" 429 267 andalhome.com "-" "Mozilla/5.0 AppleWebKit/537.36 (KHTML, like Gecko; compatible; ClaudeBot/1.0; +claudebot@anthropic.com)" "-"
66.249.74.0 - - [08/Aug/2026:08:20:08 +0200] "GET /Anteriore-Originale-CMacewheel-Con-Faro-Incluso-Bici-k-1082275 HTTP/1.1" 200 424213 andalhome.com "-" "Mozilla/5.0 (Linux; Android 6.0.1; Nexus 5X Build/MMB29P) AppleWebKit/537.36 (KHTML, like Gecko) Chrome/150.0.7871.186 Mobile Safari/537.36 (compatible; Googlebot/2.1; +http://www.google.com/bot.html)" "-"
74.7.242.0 - - [08/Aug/2026:08:20:16 +0200] "GET /wp-content/uploads/WPL/83/403.php?lokasie=/proc/thread-self/root/kunden/lib/ruby/2.7.0/bundler/plugin.rb&loknya=/proc/thread-self/root/kunden/lib/ruby/2.7.0/bundler HTTP/1.1" 429 267 andalhome.com "https://andalhome.com/wp-content/uploads/WPL/83/403.php?loknya=/proc/thread-self/root/kunden/lib/ruby/2.7.0/bundler" "Mozilla/5.0 AppleWebKit/537.36 (KHTML, like Gecko; compatible; GPTBot/1.4; +https://openai.com/gptbot)" "-"
216.73.216.0 - - [08/Aug/2026:08:20:24 +0200] "GET /wp-content/uploads/WPL/83/403.php?lokasie=%2Fhomepages%2F2%2Fd504930402%2Fhtdocs%2Fandalhome.com%2Fwp-settings.php&loknya=%2Fhomepages%2F2%2Fd504930402%2Fhtdocs%2Fandalhome.com HTTP/1.1" 429 267 andalhome.com "-" "Mozilla/5.0 AppleWebKit/537.36 (KHTML, like Gecko; compatible; ClaudeBot/1.0; +claudebot@anthropic.com)" "-"
216.73.216.0 - - [08/Aug/2026:08:20:29 +0200] "GET /wp-content/uploads/WPL/83/403.php?loknya=%2Fhomepages%2F2%2Fd504930402%2Fhtdocs%2FcopiaBBDDandalhome HTTP/1.1" 429 267 andalhome.com "-" "Mozilla/5.0 AppleWebKit/537.36 (KHTML, like Gecko; compatible; ClaudeBot/1.0; +claudebot@anthropic.com)" "-"
66.249.74.0 - - [08/Aug/2026:08:20:36 +0200] "GET /Pelle-Imbottita-18-24mm-Fibbia-Acciaio-Spazzolato-k-721539 HTTP/1.1" 200 424146 andalhome.com "-" "Mozilla/5.0 (Linux; Android 6.0.1; Nexus 5X Build/MMB29P) AppleWebKit/537.36 (KHTML, like Gecko) Chrome/150.0.7871.186 Mobile Safari/537.36 (compatible; Googlebot/2.1; +http://www.google.com/bot.html)" "-"
216.73.216.0 - - [08/Aug/2026:08:21:02 +0200] "GET /wp-content/uploads/WPL/83/403.php?lokasie=%2Fhomepages%2F2%2Fd504930402%2Fhtdocs%2Fandalhome.com%2Fwp-activate.php&loknya=%2Fhomepages%2F2%2Fd504930402%2Fhtdocs%2Fandalhome.com HTTP/1.1" 429 267 andalhome.com "-" "Mozilla/5.0 AppleWebKit/537.36 (KHTML, like Gecko; compatible; ClaudeBot/1.0; +claudebot@anthropic.com)" "-"
216.73.216.0 - - [08/Aug/2026:08:21:07 +0200] "GET /wp-content/uploads/WPL/83/403.php?lokasie=%2Fhomepages%2F2%2Fd504930402%2Fhtdocs%2Fandalhome.com%2Fwp-content%2Findex.php&loknya=%2Fhomepages%2F2%2Fd504930402%2Fhtdocs%2Fandalhome.com%2Fwp-content HTTP/1.1" 200 4382 andalhome.com "-" "Mozilla/5.0 AppleWebKit/537.36 (KHTML, like Gecko; compatible; ClaudeBot/1.0; +claudebot@anthropic.com)" "-"
74.7.242.0 - - [08/Aug/2026:08:21:07 +0200] "GET /wp-content/uploads/WPL/83/403.php?lokasie=/proc/thread-self/root/kunden/lib/ruby/2.7.0/rdoc/ri/task.rb&loknya=/proc/thread-self/root/kunden/lib/ruby/2.7.0/rdoc/ri HTTP/1.1" 200 5981 andalhome.com "https://andalhome.com/wp-content/uploads/WPL/83/403.php?loknya=/proc/thread-self/root/kunden/lib/ruby/2.7.0/rdoc/ri" "Mozilla/5.0 AppleWebKit/537.36 (KHTML, like Gecko; compatible; GPTBot/1.4; +https://openai.com/gptbot)" "-"
216.73.216.0 - - [08/Aug/2026:08:21:12 +0200] "GET /wp-content/uploads/WPL/83/403.php?loknya=%2Fhomepages%2F2%2Fd504930402%2Fhtdocs%2Fandalhome.com%2Fwp-content%2Fngg_styles HTTP/1.1" 200 7234 andalhome.com "-" "Mozilla/5.0 AppleWebKit/537.36 (KHTML, like Gecko; compatible; ClaudeBot/1.0; +claudebot@anthropic.com)" "-"
216.73.216.0 - - [08/Aug/2026:08:21:16 +0200] "GET /wp-content/uploads/WPL/83/403.php?lokasie=%2Fhomepages%2F2%2Fd504930402%2Fhtdocs%2Fandalhome.com%2Freadme.html&loknya=%2Fhomepages%2F2%2Fd504930402%2Fhtdocs%2Fandalhome.com HTTP/1.1" 200 13558 andalhome.com "-" "Mozilla/5.0 AppleWebKit/537.36 (KHTML, like Gecko; compatible; ClaudeBot/1.0; +claudebot@anthropic.com)" "-"
216.73.216.0 - - [08/Aug/2026:08:21:21 +0200] "GET /wp-content/uploads/WPL/83/403.php?lokasie=%2Fhomepages%2F2%2Fd504930402%2Fhtdocs%2Fandalhome.com%2Fwp-blog-header.php&loknya=%2Fhomepages%2F2%2Fd504930402%2Fhtdocs%2Fandalhome.com HTTP/1.1" 200 7889 andalhome.com "-" "Mozilla/5.0 AppleWebKit/537.36 (KHTML, like Gecko; compatible; ClaudeBot/1.0; +claudebot@anthropic.com)" "-"
207.46.13.0 - - [08/Aug/2026:08:21:25 +0200] "GET /10-Digital-Delay-Micro-Rack-Effetti-Chitarra-Elettrica-k-985625 HTTP/1.1" 200 427083 andalhome.com "-" "Mozilla/5.0 AppleWebKit/537.36 (KHTML, like Gecko; compatible; bingbot/2.0; +http://www.bing.com/bingbot.htm) Chrome/116.0.1938.76 Safari/537.36" "-"
154.54.100.0 - - [08/Aug/2026:08:21:49 +0200] "GET /.git/config HTTP/1.1" 403 1271 andalhome.com "-" "Mozilla/5.0 (X11; Linux x86_64) AppleWebKit/537.36 (KHTML, like Gecko) Chrome/64.0.3282.140 Safari/537.36" "-"
216.73.216.0 - - [08/Aug/2026:08:21:53 +0200] "GET /wp-content/uploads/WPL/83/403.php?lokasie=%2Fhomepages%2F2%2Fd504930402%2Fhtdocs%2Fandalhome.com%2Fgoogle9b515b5bef9663c7.html&loknya=%2Fhomepages%2F2%2Fd504930402%2Fhtdocs%2Fandalhome.com HTTP/1.1" 200 4322 andalhome.com "-" "Mozilla/5.0 AppleWebKit/537.36 (KHTML, like Gecko; compatible; ClaudeBot/1.0; +claudebot@anthropic.com)" "-"
216.73.216.0 - - [08/Aug/2026:08:21:59 +0200] "GET /wp-content/uploads/WPL/83/403.php?lokasie=%2Fhomepages%2F2%2Fd504930402%2Fhtdocs%2Fbackup-andalhome.zip&loknya=%2Fhomepages%2F2%2Fd504930402%2Fhtdocs HTTP/1.1" 200 4035 andalhome.com "-" "Mozilla/5.0 AppleWebKit/537.36 (KHTML, like Gecko; compatible; ClaudeBot/1.0; +claudebot@anthropic.com)" "-"
216.73.216.0 - - [08/Aug/2026:08:22:03 +0200] "GET /wp-content/uploads/WPL/83/403.php?lokasie=%2Fhomepages%2F2%2Fd504930402%2Fhtdocs%2Fprovincias.json.txt&loknya=%2Fhomepages%2F2%2Fd504930402%2Fhtdocs HTTP/1.1" 200 8141 andalhome.com "-" "Mozilla/5.0 AppleWebKit/537.36 (KHTML, like Gecko; compatible; ClaudeBot/1.0; +claudebot@anthropic.com)" "-"
74.7.242.0 - - [08/Aug/2026:08:22:11 +0200] "GET /wp-content/uploads/WPL/83/403.php?lokasie=/proc/thread-self/root/kunden/lib/ruby/2.7.0/rdoc/ri/store.rb&loknya=/proc/thread-self/root/kunden/lib/ruby/2.7.0/rdoc/ri HTTP/1.1" 200 4609 andalhome.com "https://andalhome.com/wp-content/uploads/WPL/83/403.php?loknya=/proc/thread-self/root/kunden/lib/ruby/2.7.0/rdoc/ri" "Mozilla/5.0 AppleWebKit/537.36 (KHTML, like Gecko; compatible; GPTBot/1.4; +https://openai.com/gptbot)" "-"
66.249.74.0 - - [08/Aug/2026:08:22:15 +0200] "GET /Di-Trasmissione-HPI-Savage-6x71-Mm-Nero-86089-Nuovo-k-908439?inventoryId=222775 HTTP/1.1" 200 424017 andalhome.com "-" "Mozilla/5.0 (Linux; Android 6.0.1; Nexus 5X Build/MMB29P) AppleWebKit/537.36 (KHTML, like Gecko) Chrome/150.0.7871.186 Mobile Safari/537.36 (compatible; Googlebot/2.1; +http://www.google.com/bot.html)" "-"
66.249.74.0 - - [08/Aug/2026:08:22:17 +0200] "GET /Volpe-Ombra-Artica-Rosa-Scialle-Invernale-Morbido-Donna-k-991883 HTTP/1.1" 200 427612 andalhome.com "-" "Mozilla/5.0 (compatible; Googlebot/2.1; +http://www.google.com/bot.html)" "-"
216.73.216.0 - - [08/Aug/2026:08:22:36 +0200] "GET /en/aqui-estan-los-inmuebles-disponibles-properties/83-0%E2%82%AC/www.facebook.com/andalhome HTTP/1.1" 301 - andalhome.com "-" "Mozilla/5.0 AppleWebKit/537.36 (KHTML, like Gecko; compatible; ClaudeBot/1.0; +claudebot@anthropic.com)" "-"
82.165.84.0 - - [08/Aug/2026:08:22:38 +0200] "POST /wp-cron.php?doing_wp_cron=1786170158.0073959827423095703125 HTTP/1.1" 200 - andalhome.com "-" "WordPress/6.4.3; https://andalhome.com/en" "-"
216.73.216.0 - - [08/Aug/2026:08:22:38 +0200] "GET /en/aqui-estan-los-inmuebles-disponibles-properties/83-0%E2%82%AC/www.facebook.com/andalhome/ HTTP/1.1" 301 - andalhome.com "https://andalhome.com/en/aqui-estan-los-inmuebles-disponibles-properties/83-0%E2%82%AC/www.facebook.com/andalhome" "Mozilla/5.0 AppleWebKit/537.36 (KHTML, like Gecko; compatible; ClaudeBot/1.0; +claudebot@anthropic.com)" "-"
216.73.216.0 - - [08/Aug/2026:08:22:40 +0200] "GET /en/aqui-estan-los-inmuebles-disponibles-properties/83-0%E2%82%AC HTTP/1.1" 301 - andalhome.com "https://andalhome.com/en/aqui-estan-los-inmuebles-disponibles-properties/83-0%E2%82%AC/www.facebook.com/andalhome/" "Mozilla/5.0 AppleWebKit/537.36 (KHTML, like Gecko; compatible; ClaudeBot/1.0; +claudebot@anthropic.com)" "-"
216.73.216.0 - - [08/Aug/2026:08:22:41 +0200] "GET /en/aqui-estan-los-inmuebles-disponibles-properties/83-0%E2%82%AC/ HTTP/1.1" 200 111988 andalhome.com "https://andalhome.com/en/aqui-estan-los-inmuebles-disponibles-properties/83-0%E2%82%AC" "Mozilla/5.0 AppleWebKit/537.36 (KHTML, like Gecko; compatible; ClaudeBot/1.0; +claudebot@anthropic.com)" "-"
216.73.216.0 - - [08/Aug/2026:08:22:54 +0200] "GET /en/aqui-estan-los-inmuebles-disponibles-properties/101-Apartamento-1-000EUR/www.facebook.com/andalhome HTTP/1.1" 301 - andalhome.com "-" "Mozilla/5.0 AppleWebKit/537.36 (KHTML, like Gecko; compatible; ClaudeBot/1.0; +claudebot@anthropic.com)" "-"
216.73.216.0 - - [08/Aug/2026:08:22:55 +0200] "GET /en/aqui-estan-los-inmuebles-disponibles-properties/101-Apartamento-1-000EUR/www.facebook.com/andalhome/ HTTP/1.1" 301 - andalhome.com "https://andalhome.com/en/aqui-estan-los-inmuebles-disponibles-properties/101-Apartamento-1-000EUR/www.facebook.com/andalhome" "Mozilla/5.0 AppleWebKit/537.36 (KHTML, like Gecko; compatible; ClaudeBot/1.0; +claudebot@anthropic.com)" "-"
216.73.216.0 - - [08/Aug/2026:08:22:56 +0200] "GET /en/aqui-estan-los-inmuebles-disponibles-properties/101-Apartamento-1-000EUR HTTP/1.1" 301 - andalhome.com "https://andalhome.com/en/aqui-estan-los-inmuebles-disponibles-properties/101-Apartamento-1-000EUR/www.facebook.com/andalhome/" "Mozilla/5.0 AppleWebKit/537.36 (KHTML, like Gecko; compatible; ClaudeBot/1.0; +claudebot@anthropic.com)" "-"
216.73.216.0 - - [08/Aug/2026:08:22:58 +0200] "GET /en/aqui-estan-los-inmuebles-disponibles-properties/101-Apartamento-1-000EUR/ HTTP/1.1" 200 112346 andalhome.com "https://andalhome.com/en/aqui-estan-los-inmuebles-disponibles-properties/101-Apartamento-1-000EUR" "Mozilla/5.0 AppleWebKit/537.36 (KHTML, like Gecko; compatible; ClaudeBot/1.0; +claudebot@anthropic.com)" "-"
74.7.242.0 - - [08/Aug/2026:08:23:09 +0200] "GET /wp-content/uploads/WPL/83/403.php?lokasie=/proc/thread-self/root/kunden/lib/ruby/2.7.0/irb/ext/save-history.rb&loknya=/proc/thread-self/root/kunden/lib/ruby/2.7.0/irb/ext HTTP/1.1" 200 8181 andalhome.com "https://andalhome.com/wp-content/uploads/WPL/83/403.php?loknya=/proc/thread-self/root/kunden/lib/ruby/2.7.0/irb/ext" "Mozilla/5.0 AppleWebKit/537.36 (KHTML, like Gecko; compatible; GPTBot/1.4; +https://openai.com/gptbot)" "-"
74.7.242.0 - - [08/Aug/2026:08:23:59 +0200] "GET /wp-content/uploads/WPL/83/403.php?lokasie=/proc/thread-self/root/kunden/lib/ruby/2.7.0/bundler/cli/gem.rb&loknya=/proc/thread-self/root/kunden/lib/ruby/2.7.0/bundler/cli HTTP/1.1" 200 14577 andalhome.com "https://andalhome.com/wp-content/uploads/WPL/83/403.php?loknya=/proc/thread-self/root/kunden/lib/ruby/2.7.0/bundler/cli" "Mozilla/5.0 AppleWebKit/537.36 (KHTML, like Gecko; compatible; GPTBot/1.4; +https://openai.com/gptbot)" "-"
74.7.242.0 - - [08/Aug/2026:08:24:45 +0200] "GET /wp-content/uploads/WPL/83/403.php?lokasie=/proc/thread-self/root/kunden/lib/ruby/2.7.0/rdoc/ri/formatter.rb&loknya=/proc/thread-self/root/kunden/lib/ruby/2.7.0/rdoc/ri HTTP/1.1" 200 4642 andalhome.com "https://andalhome.com/wp-content/uploads/WPL/83/403.php?loknya=/proc/thread-self/root/kunden/lib/ruby/2.7.0/rdoc/ri" "Mozilla/5.0 AppleWebKit/537.36 (KHTML, like Gecko; compatible; GPTBot/1.4; +https://openai.com/gptbot)" "-"
74.7.242.0 - - [08/Aug/2026:08:25:27 +0200] "GET /wp-content/uploads/WPL/83/403.php?lokasie=/proc/thread-self/root/kunden/lib/ruby/2.7.0/fiddle/struct.rb&loknya=/proc/thread-self/root/kunden/lib/ruby/2.7.0/fiddle HTTP/1.1" 200 11119 andalhome.com "https://andalhome.com/wp-content/uploads/WPL/83/403.php?loknya=/proc/thread-self/root/kunden/lib/ruby/2.7.0/fiddle" "Mozilla/5.0 AppleWebKit/537.36 (KHTML, like Gecko; compatible; GPTBot/1.4; +https://openai.com/gptbot)" "-"
74.7.242.0 - - [08/Aug/2026:08:26:03 +0200] "GET /wp-content/uploads/WPL/83/403.php?lokasie=/proc/thread-self/root/kunden/lib/ruby/2.7.0/rdoc/markup/pre_process.rb&loknya=/proc/thread-self/root/kunden/lib/ruby/2.7.0/rdoc/markup HTTP/1.1" 429 267 andalhome.com "https://andalhome.com/wp-content/uploads/WPL/83/403.php?loknya=/proc/thread-self/root/kunden/lib/ruby/2.7.0/rdoc/markup" "Mozilla/5.0 AppleWebKit/537.36 (KHTML, like Gecko; compatible; GPTBot/1.4; +https://openai.com/gptbot)" "-"
66.186.199.0 - - [08/Aug/2026:08:26:19 +0200] "GET /wp-json/wp/v2/posts HTTP/1.1" 301 - andalhome.com "-" "Mozilla/5.0 (Windows NT 10.0; Win64; x64) AppleWebKit/537.36 (KHTML, like Gecko) Chrome/120.0.0.0 Safari/537.36" "-"
82.165.84.0 - - [08/Aug/2026:08:26:20 +0200] "POST /wp-cron.php?doing_wp_cron=1786170380.3644700050354003906250 HTTP/1.1" 200 - andalhome.com "-" "WordPress/6.4.3; https://andalhome.com" "-"
74.7.242.0 - - [08/Aug/2026:08:26:38 +0200] "GET /wp-content/uploads/WPL/83/403.php?lokasie=/proc/thread-self/root/kunden/lib/ruby/2.7.0/forwardable/impl.rb&loknya=/proc/thread-self/root/kunden/lib/ruby/2.7.0/forwardable HTTP/1.1" 429 267 andalhome.com "https://andalhome.com/wp-content/uploads/WPL/83/403.php?loknya=/proc/thread-self/root/kunden/lib/ruby/2.7.0/forwardable" "Mozilla/5.0 AppleWebKit/537.36 (KHTML, like Gecko; compatible; GPTBot/1.4; +https://openai.com/gptbot)" "-"
74.7.242.0 - - [08/Aug/2026:08:27:42 +0200] "GET /wp-content/uploads/WPL/83/403.php?lokasie=/proc/thread-self/root/kunden/lib/ruby/2.7.0/openssl/config.rb&loknya=/proc/thread-self/root/kunden/lib/ruby/2.7.0/openssl HTTP/1.1" 200 18744 andalhome.com "https://andalhome.com/wp-content/uploads/WPL/83/403.php?loknya=/proc/thread-self/root/kunden/lib/ruby/2.7.0/openssl" "Mozilla/5.0 AppleWebKit/537.36 (KHTML, like Gecko; compatible; GPTBot/1.4; +https://openai.com/gptbot)" "-"
20.217.205.0 - - [08/Aug/2026:08:27:53 +0200] "GET /wp-content/uploads/WPL/qrcode/qr_847cb5bc80050cbc3421fcb4e163658d.png HTTP/1.1" 200 537 andalhome.com "-" "Mozilla/5.0 (X11; Ubuntu; Linux x86_64; rv:72.0) Gecko/20100101 Firefox/72.0" "-"
66.249.74.0 - - [08/Aug/2026:08:28:08 +0200] "GET /039-Urto-Tagliaerba-Bolens-BL100-Ricambio-Per-MTD-Modello-k-557925 HTTP/1.1" 200 427589 andalhome.com "-" "Mozilla/5.0 (Linux; Android 6.0.1; Nexus 5X Build/MMB29P) AppleWebKit/537.36 (KHTML, like Gecko) Chrome/150.0.7871.186 Mobile Safari/537.36 (compatible; Googlebot/2.1; +http://www.google.com/bot.html)" "-"
74.7.242.0 - - [08/Aug/2026:08:28:44 +0200] "GET /wp-content/uploads/WPL/83/403.php?lokasie=/proc/thread-self/root/kunden/lib/ruby/2.7.0/webrick/httpserver.rb&loknya=/proc/thread-self/root/kunden/lib/ruby/2.7.0/webrick HTTP/1.1" 200 13188 andalhome.com "https://andalhome.com/wp-content/uploads/WPL/83/403.php?loknya=/proc/thread-self/root/kunden/lib/ruby/2.7.0/webrick" "Mozilla/5.0 AppleWebKit/537.36 (KHTML, like Gecko; compatible; GPTBot/1.4; +https://openai.com/gptbot)" "-"
74.7.242.0 - - [08/Aug/2026:08:29:42 +0200] "GET /wp-content/uploads/WPL/83/403.php?lokasie=/proc/thread-self/root/kunden/lib/ruby/2.7.0/reline/line_editor.rb&loknya=/proc/thread-self/root/kunden/lib/ruby/2.7.0/reline HTTP/1.1" 200 80322 andalhome.com "https://andalhome.com/wp-content/uploads/WPL/83/403.php?loknya=/proc/thread-self/root/kunden/lib/ruby/2.7.0/reline" "Mozilla/5.0 AppleWebKit/537.36 (KHTML, like Gecko; compatible; GPTBot/1.4; +https://openai.com/gptbot)" "-"
74.7.242.0 - - [08/Aug/2026:08:30:30 +0200] "GET /wp-content/uploads/WPL/83/403.php?lokasie=/proc/thread-self/root/kunden/lib/ruby/2.7.0/reline/key_stroke.rb&loknya=/proc/thread-self/root/kunden/lib/ruby/2.7.0/reline HTTP/1.1" 200 5782 andalhome.com "https://andalhome.com/wp-content/uploads/WPL/83/403.php?loknya=/proc/thread-self/root/kunden/lib/ruby/2.7.0/reline" "Mozilla/5.0 AppleWebKit/537.36 (KHTML, like Gecko; compatible; GPTBot/1.4; +https://openai.com/gptbot)" "-"
74.7.242.0 - - [08/Aug/2026:08:31:15 +0200] "GET /wp-content/uploads/WPL/83/403.php?lokasie=/proc/thread-self/root/kunden/lib/ruby/2.7.0/webrick/server.rb&loknya=/proc/thread-self/root/kunden/lib/ruby/2.7.0/webrick HTTP/1.1" 200 15059 andalhome.com "https://andalhome.com/wp-content/uploads/WPL/83/403.php?loknya=/proc/thread-self/root/kunden/lib/ruby/2.7.0/webrick" "Mozilla/5.0 AppleWebKit/537.36 (KHTML, like Gecko; compatible; GPTBot/1.4; +https://openai.com/gptbot)" "-"
2a03:2880:f800:: - - [08/Aug/2026:08:31:18 +0200] "GET /wp-content/uploads/WPL/83/403.php?loknya=/kunden/usr/local/sbin HTTP/1.1" 200 5225 andalhome.com "-" "Mozilla/5.0 (Windows NT 10.0; Win64; x64) AppleWebKit/537.36 (KHTML, like Gecko) Chrome/145.0.0.0 Safari/537.36 (compatible; meta-externalagent/1.1 (+https://developers.facebook.com/docs/sharing/webmasters/crawler))" "-"
74.7.242.0 - - [08/Aug/2026:08:31:54 +0200] "GET /wp-content/uploads/WPL/83/403.php?lokasie=/proc/thread-self/root/kunden/lib/ruby/2.7.0/bundler/current_ruby.rb&loknya=/proc/thread-self/root/kunden/lib/ruby/2.7.0/bundler HTTP/1.1" 200 6966 andalhome.com "https://andalhome.com/wp-content/uploads/WPL/83/403.php?loknya=/proc/thread-self/root/kunden/lib/ruby/2.7.0/bundler" "Mozilla/5.0 AppleWebKit/537.36 (KHTML, like Gecko; compatible; GPTBot/1.4; +https://openai.com/gptbot)" "-"
66.249.74.0 - - [08/Aug/2026:08:32:30 +0200] "GET /In-Cotone-25-Fogli-12-5-Metri-Fatte-A-Mano-Nepal-k-484349 HTTP/1.1" 200 424524 andalhome.com "-" "Mozilla/5.0 (Linux; Android 6.0.1; Nexus 5X Build/MMB29P) AppleWebKit/537.36 (KHTML, like Gecko) Chrome/150.0.7871.186 Mobile Safari/537.36 (compatible; Googlebot/2.1; +http://www.google.com/bot.html)" "-"
74.7.242.0 - - [08/Aug/2026:08:32:32 +0200] "GET /wp-content/uploads/WPL/83/403.php?lokasie=/proc/thread-self/root/kunden/lib/ruby/2.7.0/bundler/version_ranges.rb&loknya=/proc/thread-self/root/kunden/lib/ruby/2.7.0/bundler HTTP/1.1" 200 8703 andalhome.com "https://andalhome.com/wp-content/uploads/WPL/83/403.php?loknya=/proc/thread-self/root/kunden/lib/ruby/2.7.0/bundler" "Mozilla/5.0 AppleWebKit/537.36 (KHTML, like Gecko; compatible; GPTBot/1.4; +https://openai.com/gptbot)" "-"
74.7.242.0 - - [08/Aug/2026:08:33:05 +0200] "GET /wp-content/uploads/WPL/83/403.php?lokasie=/proc/thread-self/root/kunden/lib/ruby/2.7.0/bundler/deprecate.rb&loknya=/proc/thread-self/root/kunden/lib/ruby/2.7.0/bundler HTTP/1.1" 200 5360 andalhome.com "https://andalhome.com/wp-content/uploads/WPL/83/403.php?loknya=/proc/thread-self/root/kunden/lib/ruby/2.7.0/bundler" "Mozilla/5.0 AppleWebKit/537.36 (KHTML, like Gecko; compatible; GPTBot/1.4; +https://openai.com/gptbot)" "-"
74.7.242.0 - - [08/Aug/2026:08:33:35 +0200] "GET /wp-content/uploads/WPL/83/403.php?lokasie=/proc/thread-self/root/kunden/lib/ruby/2.7.0/pstore/version.rb&loknya=/proc/thread-self/root/kunden/lib/ruby/2.7.0/pstore HTTP/1.1" 200 4498 andalhome.com "https://andalhome.com/wp-content/uploads/WPL/83/403.php?loknya=/proc/thread-self/root/kunden/lib/ruby/2.7.0/pstore" "Mozilla/5.0 AppleWebKit/537.36 (KHTML, like Gecko; compatible; GPTBot/1.4; +https://openai.com/gptbot)" "-"
74.7.242.0 - - [08/Aug/2026:08:34:01 +0200] "GET /wp-content/uploads/WPL/83/403.php?lokasie=/proc/thread-self/root/kunden/lib/ruby/2.7.0/rdoc/markup/verbatim.rb&loknya=/proc/thread-self/root/kunden/lib/ruby/2.7.0/rdoc/markup HTTP/1.1" 200 5899 andalhome.com "https://andalhome.com/wp-content/uploads/WPL/83/403.php?loknya=/proc/thread-self/root/kunden/lib/ruby/2.7.0/rdoc/markup" "Mozilla/5.0 AppleWebKit/537.36 (KHTML, like Gecko; compatible; GPTBot/1.4; +https://openai.com/gptbot)" "-"
74.7.242.0 - - [08/Aug/2026:08:34:26 +0200] "GET /wp-content/uploads/WPL/83/403.php?lokasie=/proc/thread-self/root/kunden/lib/ruby/2.7.0/rdoc/markup/block_quote.rb&loknya=/proc/thread-self/root/kunden/lib/ruby/2.7.0/rdoc/markup HTTP/1.1" 200 4797 andalhome.com "https://andalhome.com/wp-content/uploads/WPL/83/403.php?loknya=/proc/thread-self/root/kunden/lib/ruby/2.7.0/rdoc/markup" "Mozilla/5.0 AppleWebKit/537.36 (KHTML, like Gecko; compatible; GPTBot/1.4; +https://openai.com/gptbot)" "-"
74.7.242.0 - - [08/Aug/2026:08:34:48 +0200] "GET /wp-content/uploads/WPL/83/403.php?lokasie=/proc/thread-self/root/kunden/lib/ruby/2.7.0/bundler/setup.rb&loknya=/proc/thread-self/root/kunden/lib/ruby/2.7.0/bundler HTTP/1.1" 200 5327 andalhome.com "https://andalhome.com/wp-content/uploads/WPL/83/403.php?loknya=/proc/thread-self/root/kunden/lib/ruby/2.7.0/bundler" "Mozilla/5.0 AppleWebKit/537.36 (KHTML, like Gecko; compatible; GPTBot/1.4; +https://openai.com/gptbot)" "-"
74.7.242.0 - - [08/Aug/2026:08:35:07 +0200] "GET /wp-content/uploads/WPL/83/403.php?lokasie=/proc/thread-self/root/kunden/lib/ruby/2.7.0/rdoc/markup/to_label.rb&loknya=/proc/thread-self/root/kunden/lib/ruby/2.7.0/rdoc/markup HTTP/1.1" 200 6530 andalhome.com "https://andalhome.com/wp-content/uploads/WPL/83/403.php?loknya=/proc/thread-self/root/kunden/lib/ruby/2.7.0/rdoc/markup" "Mozilla/5.0 AppleWebKit/537.36 (KHTML, like Gecko; compatible; GPTBot/1.4; +https://openai.com/gptbot)" "-"
74.7.242.0 - - [08/Aug/2026:08:35:25 +0200] "GET /wp-content/uploads/WPL/83/403.php?lokasie=/proc/thread-self/root/kunden/lib/ruby/2.7.0/bundler/capistrano.rb&loknya=/proc/thread-self/root/kunden/lib/ruby/2.7.0/bundler HTTP/1.1" 200 5477 andalhome.com "https://andalhome.com/wp-content/uploads/WPL/83/403.php?loknya=/proc/thread-self/root/kunden/lib/ruby/2.7.0/bundler" "Mozilla/5.0 AppleWebKit/537.36 (KHTML, like Gecko; compatible; GPTBot/1.4; +https://openai.com/gptbot)" "-"
124.156.157.0 - - [08/Aug/2026:08:35:32 +0200] "GET / HTTP/1.1" 301 - andalhome.com "http://andalhome.es" "Mozilla/5.0 (iPhone; CPU iPhone OS 13_2_3 like Mac OS X) AppleWebKit/605.1.15 (KHTML, like Gecko) Version/13.0.3 Mobile/15E148 Safari/604.1" "-"
82.165.84.0 - - [08/Aug/2026:08:35:33 +0200] "POST /wp-cron.php?doing_wp_cron=1786170933.4478659629821777343750 HTTP/1.1" 200 - andalhome.com "-" "WordPress/6.4.3; https://andalhome.com" "-"
124.156.157.0 - - [08/Aug/2026:08:35:36 +0200] "GET / HTTP/1.1" 200 122792 andalhome.com "http://andalhome.com" "Mozilla/5.0 (iPhone; CPU iPhone OS 13_2_3 like Mac OS X) AppleWebKit/605.1.15 (KHTML, like Gecko) Version/13.0.3 Mobile/15E148 Safari/604.1" "-"
74.7.242.0 - - [08/Aug/2026:08:35:41 +0200] "GET /wp-content/uploads/WPL/83/403.php?lokasie=/proc/thread-self/root/kunden/lib/ruby/2.7.0/rdoc/parser/text.rb&loknya=/proc/thread-self/root/kunden/lib/ruby/2.7.0/rdoc/parser HTTP/1.1" 200 4847 andalhome.com "https://andalhome.com/wp-content/uploads/WPL/83/403.php?loknya=/proc/thread-self/root/kunden/lib/ruby/2.7.0/rdoc/parser" "Mozilla/5.0 AppleWebKit/537.36 (KHTML, like Gecko; compatible; GPTBot/1.4; +https://openai.com/gptbot)" "-"
74.7.242.0 - - [08/Aug/2026:08:35:56 +0200] "GET /wp-content/uploads/WPL/83/403.php?lokasie=/proc/thread-self/root/kunden/lib/ruby/2.7.0/tracer/version.rb&loknya=/proc/thread-self/root/kunden/lib/ruby/2.7.0/tracer HTTP/1.1" 200 4529 andalhome.com "https://andalhome.com/wp-content/uploads/WPL/83/403.php?loknya=/proc/thread-self/root/kunden/lib/ruby/2.7.0/tracer" "Mozilla/5.0 AppleWebKit/537.36 (KHTML, like Gecko; compatible; GPTBot/1.4; +https://openai.com/gptbot)" "-"
66.249.74.0 - - [08/Aug/2026:08:36:04 +0200] "GET /Scuderia-Ferrari-F1-Hoodie-Rossa-2024-Sponsor-Santander-k-1099126 HTTP/1.1" 200 427232 andalhome.com "-" "Mozilla/5.0 (Linux; Android 6.0.1; Nexus 5X Build/MMB29P) AppleWebKit/537.36 (KHTML, like Gecko) Chrome/150.0.7871.186 Mobile Safari/537.36 (compatible; Googlebot/2.1; +http://www.google.com/bot.html)" "-"
74.7.242.0 - - [08/Aug/2026:08:36:09 +0200] "GET /wp-content/uploads/WPL/83/403.php?lokasie=/proc/thread-self/root/kunden/lib/ruby/2.7.0/irb/cmd/chws.rb&loknya=/proc/thread-self/root/kunden/lib/ruby/2.7.0/irb/cmd HTTP/1.1" 200 5085 andalhome.com "https://andalhome.com/wp-content/uploads/WPL/83/403.php?loknya=/proc/thread-self/root/kunden/lib/ruby/2.7.0/irb/cmd" "Mozilla/5.0 AppleWebKit/537.36 (KHTML, like Gecko; compatible; GPTBot/1.4; +https://openai.com/gptbot)" "-"
74.7.242.0 - - [08/Aug/2026:08:36:21 +0200] "GET /wp-content/uploads/WPL/83/403.php?lokasie=/proc/thread-self/root/kunden/lib/ruby/2.7.0/bundler/cli/check.rb&loknya=/proc/thread-self/root/kunden/lib/ruby/2.7.0/bundler/cli HTTP/1.1" 200 5915 andalhome.com "https://andalhome.com/wp-content/uploads/WPL/83/403.php?loknya=/proc/thread-self/root/kunden/lib/ruby/2.7.0/bundler/cli" "Mozilla/5.0 AppleWebKit/537.36 (KHTML, like Gecko; compatible; GPTBot/1.4; +https://openai.com/gptbot)" "-"
74.7.242.0 - - [08/Aug/2026:08:36:32 +0200] "GET /wp-content/uploads/WPL/83/403.php?lokasie=/proc/thread-self/root/kunden/lib/ruby/2.7.0/irb/ext/history.rb&loknya=/proc/thread-self/root/kunden/lib/ruby/2.7.0/irb/ext HTTP/1.1" 200 8554 andalhome.com "https://andalhome.com/wp-content/uploads/WPL/83/403.php?loknya=/proc/thread-self/root/kunden/lib/ruby/2.7.0/irb/ext" "Mozilla/5.0 AppleWebKit/537.36 (KHTML, like Gecko; compatible; GPTBot/1.4; +https://openai.com/gptbot)" "-"
74.7.242.0 - - [08/Aug/2026:08:36:41 +0200] "GET /wp-content/uploads/WPL/83/403.php?lokasie=/proc/thread-self/root/kunden/lib/ruby/2.7.0/bundler/ui/shell.rb&loknya=/proc/thread-self/root/kunden/lib/ruby/2.7.0/bundler/ui HTTP/1.1" 200 8214 andalhome.com "https://andalhome.com/wp-content/uploads/WPL/83/403.php?loknya=/proc/thread-self/root/kunden/lib/ruby/2.7.0/bundler/ui" "Mozilla/5.0 AppleWebKit/537.36 (KHTML, like Gecko; compatible; GPTBot/1.4; +https://openai.com/gptbot)" "-"
74.7.242.0 - - [08/Aug/2026:08:36:49 +0200] "GET /wp-content/uploads/WPL/83/403.php?lokasie=/proc/thread-self/root/kunden/lib/ruby/2.7.0/bundler/plugin/events.rb&loknya=/proc/thread-self/root/kunden/lib/ruby/2.7.0/bundler/plugin HTTP/1.1" 200 6763 andalhome.com "https://andalhome.com/wp-content/uploads/WPL/83/403.php?loknya=/proc/thread-self/root/kunden/lib/ruby/2.7.0/bundler/plugin" "Mozilla/5.0 AppleWebKit/537.36 (KHTML, like Gecko; compatible; GPTBot/1.4; +https://openai.com/gptbot)" "-"
74.7.242.0 - - [08/Aug/2026:08:36:57 +0200] "GET /wp-content/uploads/WPL/83/403.php?lokasie=/proc/thread-self/root/kunden/lib/ruby/2.7.0/bundler/source_list.rb&loknya=/proc/thread-self/root/kunden/lib/ruby/2.7.0/bundler HTTP/1.1" 429 267 andalhome.com "https://andalhome.com/wp-content/uploads/WPL/83/403.php?loknya=/proc/thread-self/root/kunden/lib/ruby/2.7.0/bundler" "Mozilla/5.0 AppleWebKit/537.36 (KHTML, like Gecko; compatible; GPTBot/1.4; +https://openai.com/gptbot)" "-"
74.7.242.0 - - [08/Aug/2026:08:37:04 +0200] "GET /wp-content/uploads/WPL/83/403.php?lokasie=/proc/thread-self/root/kunden/lib/ruby/2.7.0/webrick/compat.rb&loknya=/proc/thread-self/root/kunden/lib/ruby/2.7.0/webrick HTTP/1.1" 429 267 andalhome.com "https://andalhome.com/wp-content/uploads/WPL/83/403.php?loknya=/proc/thread-self/root/kunden/lib/ruby/2.7.0/webrick" "Mozilla/5.0 AppleWebKit/537.36 (KHTML, like Gecko; compatible; GPTBot/1.4; +https://openai.com/gptbot)" "-"
66.249.74.0 - - [08/Aug/2026:08:37:19 +0200] "GET /SAS-1-8TB-10K-12G-2-5-quot-Ricondizionato-Eccellente-k-878778 HTTP/1.1" 200 424537 andalhome.com "-" "Mozilla/5.0 (Linux; Android 6.0.1; Nexus 5X Build/MMB29P) AppleWebKit/537.36 (KHTML, like Gecko) Chrome/150.0.7871.186 Mobile Safari/537.36 (compatible; Googlebot/2.1; +http://www.google.com/bot.html)" "-"
74.7.242.0 - - [08/Aug/2026:08:37:25 +0200] "GET /wp-content/uploads/WPL/83/403.php?lokasie=/proc/thread-self/root/kunden/lib/ruby/2.7.0/rexml/attlistdecl.rb&loknya=/proc/thread-self/root/kunden/lib/ruby/2.7.0/rexml HTTP/1.1" 429 267 andalhome.com "https://andalhome.com/wp-content/uploads/WPL/83/403.php?loknya=/proc/thread-self/root/kunden/lib/ruby/2.7.0/rexml" "Mozilla/5.0 AppleWebKit/537.36 (KHTML, like Gecko; compatible; GPTBot/1.4; +https://openai.com/gptbot)" "-"
66.249.74.0 - - [08/Aug/2026:08:38:15 +0200] "GET /AP-535-RW-HP-JZ336A-Usato-Con-Staffa-k-633058 HTTP/1.1" 200 425120 andalhome.com "-" "Mozilla/5.0 (Linux; Android 6.0.1; Nexus 5X Build/MMB29P) AppleWebKit/537.36 (KHTML, like Gecko) Chrome/150.0.7871.186 Mobile Safari/537.36 (compatible; Googlebot/2.1; +http://www.google.com/bot.html)" "-"
74.7.242.0 - - [08/Aug/2026:08:38:26 +0200] "GET /wp-content/uploads/WPL/83/403.php?lokasie=/proc/thread-self/root/kunden/lib/ruby/2.7.0/webrick/utils.rb&loknya=/proc/thread-self/root/kunden/lib/ruby/2.7.0/webrick HTTP/1.1" 200 11789 andalhome.com "https://andalhome.com/wp-content/uploads/WPL/83/403.php?loknya=/proc/thread-self/root/kunden/lib/ruby/2.7.0/webrick" "Mozilla/5.0 AppleWebKit/537.36 (KHTML, like Gecko; compatible; GPTBot/1.4; +https://openai.com/gptbot)" "-"
66.249.74.0 - - [08/Aug/2026:08:38:42 +0200] "GET /Capotasto-Basso-6-Corde-In-Ottone-54mm-X-6mm-Dorato-k-689485 HTTP/1.1" 200 423907 andalhome.com "-" "Mozilla/5.0 (Linux; Android 6.0.1; Nexus 5X Build/MMB29P) AppleWebKit/537.36 (KHTML, like Gecko) Chrome/150.0.7871.186 Mobile Safari/537.36 (compatible; Googlebot/2.1; +http://www.google.com/bot.html)" "-"
66.249.74.0 - - [08/Aug/2026:08:38:46 +0200] "GET /Pickup-Humbucker-DiMarzio-DP163-Bluesbucker-Zebra-Nuovo-In-k-929896 HTTP/1.1" 200 425273 andalhome.com "-" "Mozilla/5.0 (Linux; Android 6.0.1; Nexus 5X Build/MMB29P) AppleWebKit/537.36 (KHTML, like Gecko) Chrome/150.0.7871.186 Mobile Safari/537.36 (compatible; Googlebot/2.1; +http://www.google.com/bot.html)" "-"
66.249.74.0 - - [08/Aug/2026:08:39:21 +0200] "GET /Nuovo-Spedizione-Gratuita-Made-In-Germany-k-719296 HTTP/1.1" 200 424432 andalhome.com "-" "Mozilla/5.0 (compatible; Googlebot/2.1; +http://www.google.com/bot.html)" "-"
74.7.242.0 - - [08/Aug/2026:08:39:27 +0200] "GET /wp-content/uploads/WPL/83/403.php?lokasie=/proc/thread-self/root/kunden/lib/ruby/2.7.0/bundler/compact_index_client.rb&loknya=/proc/thread-self/root/kunden/lib/ruby/2.7.0/bundler HTTP/1.1" 200 8369 andalhome.com "https://andalhome.com/wp-content/uploads/WPL/83/403.php?loknya=/proc/thread-self/root/kunden/lib/ruby/2.7.0/bundler" "Mozilla/5.0 AppleWebKit/537.36 (KHTML, like Gecko; compatible; GPTBot/1.4; +https://openai.com/gptbot)" "-"
20.203.208.0 - - [08/Aug/2026:08:39:30 +0200] "GET /this_is_a_new_hello_world.php HTTP/1.1" 429 267 andalhome.com "-" "-" "-"
20.203.208.0 - - [08/Aug/2026:08:39:31 +0200] "GET /img.php HTTP/1.1" 429 267 andalhome.com "-" "-" "-"
20.203.208.0 - - [08/Aug/2026:08:39:31 +0200] "GET //aa.php HTTP/1.1" 429 267 andalhome.com "-" "-" "-"
20.203.208.0 - - [08/Aug/2026:08:39:33 +0200] "GET //av.php HTTP/1.1" 429 267 andalhome.com "-" "-" "-"
20.203.208.0 - - [08/Aug/2026:08:39:34 +0200] "GET /media.php HTTP/1.1" 429 267 andalhome.com "-" "-" "-"
20.203.208.0 - - [08/Aug/2026:08:39:35 +0200] "GET /images.php HTTP/1.1" 429 267 andalhome.com "-" "-" "-"
20.203.208.0 - - [08/Aug/2026:08:39:36 +0200] "GET /admin.php HTTP/1.1" 429 267 andalhome.com "-" "-" "-"
20.203.208.0 - - [08/Aug/2026:08:39:37 +0200] "GET /222.php HTTP/1.1" 429 267 andalhome.com "-" "-" "-"
20.203.208.0 - - [08/Aug/2026:08:39:38 +0200] "GET /mac.php HTTP/1.1" 429 267 andalhome.com "-" "-" "-"
20.203.208.0 - - [08/Aug/2026:08:39:38 +0200] "GET /ops.php HTTP/1.1" 429 267 andalhome.com "-" "-" "-"
157.55.39.0 - - [08/Aug/2026:08:39:38 +0200] "GET /sitemap-bxy-2026-07-31.xml HTTP/1.1" 200 210098 andalhome.com "-" "Mozilla/5.0 AppleWebKit/537.36 (KHTML, like Gecko; compatible; bingbot/2.0; +http://www.bing.com/bingbot.htm) Chrome/116.0.1938.76 Safari/537.36" "-"
20.203.208.0 - - [08/Aug/2026:08:39:40 +0200] "GET /8.php HTTP/1.1" 429 267 andalhome.com "-" "-" "-"
20.203.208.0 - - [08/Aug/2026:08:39:40 +0200] "GET /biufile.php HTTP/1.1" 429 267 andalhome.com "-" "-" "-"
20.203.208.0 - - [08/Aug/2026:08:39:42 +0200] "GET /coffexium.php HTTP/1.1" 429 267 andalhome.com "-" "-" "-"
20.203.208.0 - - [08/Aug/2026:08:39:43 +0200] "GET /dex.php HTTP/1.1" 429 267 andalhome.com "-" "-" "-"
20.203.208.0 - - [08/Aug/2026:08:39:44 +0200] "GET /1.php HTTP/1.1" 429 267 andalhome.com "-" "-" "-"
20.203.208.0 - - [08/Aug/2026:08:39:44 +0200] "GET /coffee.php HTTP/1.1" 429 267 andalhome.com "-" "-" "-"
20.203.208.0 - - [08/Aug/2026:08:39:45 +0200] "GET /classwithtostring.php?p= HTTP/1.1" 429 267 andalhome.com "-" "-" "-"
20.203.208.0 - - [08/Aug/2026:08:39:45 +0200] "GET /wp-ws68.php?p= HTTP/1.1" 429 267 andalhome.com "-" "-" "-"
20.203.208.0 - - [08/Aug/2026:08:39:46 +0200] "GET /mgrr.php HTTP/1.1" 429 267 andalhome.com "-" "-" "-"
20.203.208.0 - - [08/Aug/2026:08:39:46 +0200] "GET /55.php?p= HTTP/1.1" 429 267 andalhome.com "-" "-" "-"
20.203.208.0 - - [08/Aug/2026:08:39:47 +0200] "GET /ajax.php HTTP/1.1" 429 267 andalhome.com "-" "-" "-"
20.203.208.0 - - [08/Aug/2026:08:39:47 +0200] "GET /yj09.php HTTP/1.1" 429 267 andalhome.com "-" "-" "-"
20.203.208.0 - - [08/Aug/2026:08:39:48 +0200] "GET /scxy.php HTTP/1.1" 429 267 andalhome.com "-" "-" "-"
20.203.208.0 - - [08/Aug/2026:08:39:48 +0200] "GET /ws13.php?p= HTTP/1.1" 429 267 andalhome.com "-" "-" "-"
20.203.208.0 - - [08/Aug/2026:08:39:49 +0200] "GET /btx25.php HTTP/1.1" 429 267 andalhome.com "-" "-" "-"
20.203.208.0 - - [08/Aug/2026:08:39:49 +0200] "GET /SDsadqwrf.php HTTP/1.1" 429 267 andalhome.com "-" "-" "-"
20.203.208.0 - - [08/Aug/2026:08:39:49 +0200] "GET /3PJcpMFsD8B.php HTTP/1.1" 429 267 andalhome.com "-" "-" "-"
20.203.208.0 - - [08/Aug/2026:08:39:51 +0200] "GET /BDKR28WP.php HTTP/1.1" 429 267 andalhome.com "-" "-" "-"
20.203.208.0 - - [08/Aug/2026:08:39:51 +0200] "GET /shiny.php HTTP/1.1" 429 267 andalhome.com "-" "-" "-"
20.203.208.0 - - [08/Aug/2026:08:39:51 +0200] "GET /i99z7zzbwtpteujvv6s8hiCdefault.php?p= HTTP/1.1" 429 267 andalhome.com "-" "-" "-"
20.203.208.0 - - [08/Aug/2026:08:39:52 +0200] "GET /sky.php HTTP/1.1" 429 267 andalhome.com "-" "-" "-"
20.203.208.0 - - [08/Aug/2026:08:39:52 +0200] "GET /1wvekeybd9it2di2vyipgr6Cdefault.php HTTP/1.1" 429 267 andalhome.com "-" "-" "-"
20.203.208.0 - - [08/Aug/2026:08:39:53 +0200] "GET /a3ampzmbipnkpxeqhqpsanCdefault.php HTTP/1.1" 429 267 andalhome.com "-" "-" "-"
20.203.208.0 - - [08/Aug/2026:08:39:53 +0200] "GET /file5.php HTTP/1.1" 429 267 andalhome.com "-" "-" "-"
20.203.208.0 - - [08/Aug/2026:08:39:54 +0200] "GET /xyn.php HTTP/1.1" 429 267 andalhome.com "-" "-" "-"
20.203.208.0 - - [08/Aug/2026:08:39:54 +0200] "GET /4PJcpMFsD8B.php HTTP/1.1" 429 267 andalhome.com "-" "-" "-"
20.203.208.0 - - [08/Aug/2026:08:39:55 +0200] "GET /inso.php HTTP/1.1" 429 267 andalhome.com "-" "-" "-"
20.203.208.0 - - [08/Aug/2026:08:39:56 +0200] "GET /puc.php HTTP/1.1" 429 267 andalhome.com "-" "-" "-"
20.203.208.0 - - [08/Aug/2026:08:39:57 +0200] "GET /1polka.php HTTP/1.1" 429 267 andalhome.com "-" "-" "-"
20.203.208.0 - - [08/Aug/2026:08:39:58 +0200] "GET /dx.php HTTP/1.1" 429 267 andalhome.com "-" "-" "-"
20.203.208.0 - - [08/Aug/2026:08:39:58 +0200] "GET /erty.php HTTP/1.1" 429 267 andalhome.com "-" "-" "-"
20.203.208.0 - - [08/Aug/2026:08:39:59 +0200] "GET /201.php HTTP/1.1" 429 267 andalhome.com "-" "-" "-"
20.203.208.0 - - [08/Aug/2026:08:39:59 +0200] "GET /19.php HTTP/1.1" 429 267 andalhome.com "-" "-" "-"
20.203.208.0 - - [08/Aug/2026:08:40:00 +0200] "GET /133.php HTTP/1.1" 429 267 andalhome.com "-" "-" "-"
20.203.208.0 - - [08/Aug/2026:08:40:02 +0200] "GET /alls.php HTTP/1.1" 429 267 andalhome.com "-" "-" "-"
20.203.208.0 - - [08/Aug/2026:08:40:02 +0200] "GET /1xmomo.php HTTP/1.1" 429 267 andalhome.com "-" "-" "-"
20.203.208.0 - - [08/Aug/2026:08:40:03 +0200] "GET //mosty.php HTTP/1.1" 429 267 andalhome.com "-" "-" "-"
20.203.208.0 - - [08/Aug/2026:08:40:03 +0200] "GET //hosty.php HTTP/1.1" 429 267 andalhome.com "-" "-" "-"
20.203.208.0 - - [08/Aug/2026:08:40:05 +0200] "GET /blurbs.php HTTP/1.1" 429 267 andalhome.com "-" "-" "-"
20.203.208.0 - - [08/Aug/2026:08:40:06 +0200] "GET /bajah.php HTTP/1.1" 429 267 andalhome.com "-" "-" "-"
20.203.208.0 - - [08/Aug/2026:08:40:07 +0200] "GET /MBJNXiRSDdK.php HTTP/1.1" 429 267 andalhome.com "-" "-" "-"
20.203.208.0 - - [08/Aug/2026:08:40:08 +0200] "GET /xqPt1nWJXye.php HTTP/1.1" 429 267 andalhome.com "-" "-" "-"
20.203.208.0 - - [08/Aug/2026:08:40:08 +0200] "GET /h.php HTTP/1.1" 429 267 andalhome.com "-" "-" "-"
20.203.208.0 - - [08/Aug/2026:08:40:09 +0200] "GET /ano.php HTTP/1.1" 429 267 andalhome.com "-" "-" "-"
20.203.208.0 - - [08/Aug/2026:08:40:10 +0200] "GET /ai.php HTTP/1.1" 429 267 andalhome.com "-" "-" "-"
20.203.208.0 - - [08/Aug/2026:08:40:11 +0200] "GET /w1px.php HTTP/1.1" 429 267 andalhome.com "-" "-" "-"
20.203.208.0 - - [08/Aug/2026:08:40:12 +0200] "GET /zi-936.php?p= HTTP/1.1" 429 267 andalhome.com "-" "-" "-"
20.203.208.0 - - [08/Aug/2026:08:40:12 +0200] "GET /dcsgumnm.php HTTP/1.1" 429 267 andalhome.com "-" "-" "-"
20.203.208.0 - - [08/Aug/2026:08:40:14 +0200] "GET //wp-includes/js/jquery/ HTTP/1.1" 429 267 andalhome.com "-" "-" "-"
20.203.208.0 - - [08/Aug/2026:08:40:16 +0200] "GET /php.php?p= HTTP/1.1" 429 267 andalhome.com "-" "-" "-"
20.203.208.0 - - [08/Aug/2026:08:40:17 +0200] "GET /sf.php HTTP/1.1" 429 267 andalhome.com "-" "-" "-"
20.203.208.0 - - [08/Aug/2026:08:40:18 +0200] "GET /xx.php HTTP/1.1" 429 267 andalhome.com "-" "-" "-"
20.203.208.0 - - [08/Aug/2026:08:40:19 +0200] "GET /uwu.php HTTP/1.1" 429 267 andalhome.com "-" "-" "-"
74.7.242.0 - - [08/Aug/2026:08:40:25 +0200] "GET /wp-content/uploads/WPL/83/403.php?lokasie=/proc/thread-self/root/kunden/lib/ruby/2.7.0/reline/config.rb&loknya=/proc/thread-self/root/kunden/lib/ruby/2.7.0/reline HTTP/1.1" 200 14052 andalhome.com "https://andalhome.com/wp-content/uploads/WPL/83/403.php?loknya=/proc/thread-self/root/kunden/lib/ruby/2.7.0/reline" "Mozilla/5.0 AppleWebKit/537.36 (KHTML, like Gecko; compatible; GPTBot/1.4; +https://openai.com/gptbot)" "-"
66.249.74.0 - - [08/Aug/2026:08:40:42 +0200] "GET /Roping-Rattler-Ropes-Nuova-Modello-BFLAG-Legaccio-Incluso-k-598388 HTTP/1.1" 200 426651 andalhome.com "-" "Mozilla/5.0 (Linux; Android 6.0.1; Nexus 5X Build/MMB29P) AppleWebKit/537.36 (KHTML, like Gecko) Chrome/150.0.7871.186 Mobile Safari/537.36 (compatible; Googlebot/2.1; +http://www.google.com/bot.html)" "-"
216.73.216.0 - - [08/Aug/2026:08:40:50 +0200] "GET /robots.txt HTTP/1.1" 200 171 andalhome.com "-" "Mozilla/5.0 AppleWebKit/537.36 (KHTML, like Gecko; compatible; ClaudeBot/1.0; +claudebot@anthropic.com)" "-"
82.165.84.0 - - [08/Aug/2026:08:40:51 +0200] "POST /wp-cron.php?doing_wp_cron=1786171251.9398090839385986328125 HTTP/1.1" 200 - andalhome.com "-" "WordPress/6.4.3; https://andalhome.com" "-"
216.73.216.0 - - [08/Aug/2026:08:40:52 +0200] "GET /sitemap_index.xml HTTP/1.1" 200 605 andalhome.com "-" "Mozilla/5.0 AppleWebKit/537.36 (KHTML, like Gecko; compatible; ClaudeBot/1.0; +claudebot@anthropic.com)" "-"
52.167.144.0 - - [08/Aug/2026:08:41:04 +0200] "GET /sitemap-bxy-2026-07-26.xml HTTP/1.1" 200 248835 andalhome.com "-" "Mozilla/5.0 AppleWebKit/537.36 (KHTML, like Gecko; compatible; bingbot/2.0; +http://www.bing.com/bingbot.htm) Chrome/116.0.1938.76 Safari/537.36" "-"
74.7.242.0 - - [08/Aug/2026:08:41:19 +0200] "GET /wp-content/uploads/WPL/83/403.php?lokasie=/proc/thread-self/root/kunden/lib/ruby/2.7.0/bundler/ruby_version.rb&loknya=/proc/thread-self/root/kunden/lib/ruby/2.7.0/bundler HTTP/1.1" 200 9277 andalhome.com "https://andalhome.com/wp-content/uploads/WPL/83/403.php?loknya=/proc/thread-self/root/kunden/lib/ruby/2.7.0/bundler" "Mozilla/5.0 AppleWebKit/537.36 (KHTML, like Gecko; compatible; GPTBot/1.4; +https://openai.com/gptbot)" "-"
74.7.242.0 - - [08/Aug/2026:08:42:04 +0200] "GET /wp-content/uploads/WPL/83/403.php?lokasie=/proc/thread-self/root/kunden/lib/ruby/2.7.0/rdoc/context/section.rb&loknya=/proc/thread-self/root/kunden/lib/ruby/2.7.0/rdoc/context HTTP/1.1" 200 9747 andalhome.com "https://andalhome.com/wp-content/uploads/WPL/83/403.php?loknya=/proc/thread-self/root/kunden/lib/ruby/2.7.0/rdoc/context" "Mozilla/5.0 AppleWebKit/537.36 (KHTML, like Gecko; compatible; GPTBot/1.4; +https://openai.com/gptbot)" "-"
66.249.74.0 - - [08/Aug/2026:08:42:43 +0200] "GET /3230-3430-3930-4630-4830-5030-8530-8630-k-523358 HTTP/1.1" 200 421505 andalhome.com "-" "Mozilla/5.0 (Linux; Android 6.0.1; Nexus 5X Build/MMB29P) AppleWebKit/537.36 (KHTML, like Gecko) Chrome/150.0.7871.186 Mobile Safari/537.36 (compatible; Googlebot/2.1; +http://www.google.com/bot.html)" "-"
74.7.242.0 - - [08/Aug/2026:08:42:47 +0200] "GET /wp-content/uploads/WPL/83/403.php?lokasie=/proc/thread-self/root/kunden/lib/ruby/2.7.0/rexml/xmltokens.rb&loknya=/proc/thread-self/root/kunden/lib/ruby/2.7.0/rexml HTTP/1.1" 200 7304 andalhome.com "https://andalhome.com/wp-content/uploads/WPL/83/403.php?loknya=/proc/thread-self/root/kunden/lib/ruby/2.7.0/rexml" "Mozilla/5.0 AppleWebKit/537.36 (KHTML, like Gecko; compatible; GPTBot/1.4; +https://openai.com/gptbot)" "-"
