68.67.112.0 - - [08/Aug/2026:04:25:40 +0200] "GET /wp-includes/js/jquery/ui/core.min.js?ver=1.13.2 HTTP/1.1" 200 21438 andalhome.com "https://andalhome.com/porque-contratar-con-nosotros/" "Mozilla/5.0 AppleWebKit/537.36 (KHTML, like Gecko; compatible; YouBot/1.0; +https://docs.you.com/youbot; env:prod) Chrome/142.0.0.0 Safari/537.36" "-"
68.67.112.0 - - [08/Aug/2026:04:25:40 +0200] "GET /wp-includes/js/jquery/ui/mouse.min.js?ver=1.13.2 HTTP/1.1" 200 3402 andalhome.com "https://andalhome.com/porque-contratar-con-nosotros/" "Mozilla/5.0 AppleWebKit/537.36 (KHTML, like Gecko; compatible; YouBot/1.0; +https://docs.you.com/youbot; env:prod) Chrome/142.0.0.0 Safari/537.36" "-"
68.67.112.0 - - [08/Aug/2026:04:25:41 +0200] "GET /wp-includes/js/jquery/ui/sortable.min.js?ver=1.13.2 HTTP/1.1" 200 25449 andalhome.com "https://andalhome.com/porque-contratar-con-nosotros/" "Mozilla/5.0 AppleWebKit/537.36 (KHTML, like Gecko; compatible; YouBot/1.0; +https://docs.you.com/youbot; env:prod) Chrome/142.0.0.0 Safari/537.36" "-"
68.67.112.0 - - [08/Aug/2026:04:25:41 +0200] "GET /wp-content/plugins/real-estate-listing-realtyna-wpl/assets/js/libraries/realtyna/realtyna.min.js?ver=6.4.3 HTTP/1.1" 200 101355 andalhome.com "https://andalhome.com/porque-contratar-con-nosotros/" "Mozilla/5.0 AppleWebKit/537.36 (KHTML, like Gecko; compatible; YouBot/1.0; +https://docs.you.com/youbot; env:prod) Chrome/142.0.0.0 Safari/537.36" "-"
68.67.112.0 - - [08/Aug/2026:04:25:41 +0200] "GET /wp-content/plugins/contact-form-7/includes/js/index.js?ver=5.8.7 HTTP/1.1" 200 13182 andalhome.com "https://andalhome.com/porque-contratar-con-nosotros/" "Mozilla/5.0 AppleWebKit/537.36 (KHTML, like Gecko; compatible; YouBot/1.0; +https://docs.you.com/youbot; env:prod) Chrome/142.0.0.0 Safari/537.36" "-"
68.67.112.0 - - [08/Aug/2026:04:25:41 +0200] "GET /wp-content/plugins/contact-form-7/includes/swv/js/index.js?ver=5.8.7 HTTP/1.1" 200 11117 andalhome.com "https://andalhome.com/porque-contratar-con-nosotros/" "Mozilla/5.0 AppleWebKit/537.36 (KHTML, like Gecko; compatible; YouBot/1.0; +https://docs.you.com/youbot; env:prod) Chrome/142.0.0.0 Safari/537.36" "-"
68.67.112.0 - - [08/Aug/2026:04:25:41 +0200] "GET /wp-content/plugins/responsive-mortgage-calculator/js/lidd-mc.js?ver=2.4.5 HTTP/1.1" 200 17096 andalhome.com "https://andalhome.com/porque-contratar-con-nosotros/" "Mozilla/5.0 AppleWebKit/537.36 (KHTML, like Gecko; compatible; YouBot/1.0; +https://docs.you.com/youbot; env:prod) Chrome/142.0.0.0 Safari/537.36" "-"
68.67.112.0 - - [08/Aug/2026:04:25:41 +0200] "GET /wp-content/themes/flexform/includes/page-builder/assets/js_composer_front.js?ver=6.4.3 HTTP/1.1" 200 11708 andalhome.com "https://andalhome.com/porque-contratar-con-nosotros/" "Mozilla/5.0 AppleWebKit/537.36 (KHTML, like Gecko; compatible; YouBot/1.0; +https://docs.you.com/youbot; env:prod) Chrome/142.0.0.0 Safari/537.36" "-"
68.67.112.0 - - [08/Aug/2026:04:25:41 +0200] "GET /wp-content/themes/flexform/includes/plugins/love-it-pro/includes/js/love-it.js HTTP/1.1" 200 1030 andalhome.com "https://andalhome.com/porque-contratar-con-nosotros/" "Mozilla/5.0 AppleWebKit/537.36 (KHTML, like Gecko; compatible; YouBot/1.0; +https://docs.you.com/youbot; env:prod) Chrome/142.0.0.0 Safari/537.36" "-"
68.67.112.0 - - [08/Aug/2026:04:25:41 +0200] "GET /wp-content/themes/flexform/includes/plugins/love-it-pro/includes/js/jquery.cookie.js HTTP/1.1" 200 1535 andalhome.com "https://andalhome.com/porque-contratar-con-nosotros/" "Mozilla/5.0 AppleWebKit/537.36 (KHTML, like Gecko; compatible; YouBot/1.0; +https://docs.you.com/youbot; env:prod) Chrome/142.0.0.0 Safari/537.36" "-"
68.67.112.0 - - [08/Aug/2026:04:25:41 +0200] "GET /wp-content/themes/flexform/js/bootstrap.min.js HTTP/1.1" 200 31596 andalhome.com "https://andalhome.com/porque-contratar-con-nosotros/" "Mozilla/5.0 AppleWebKit/537.36 (KHTML, like Gecko; compatible; YouBot/1.0; +https://docs.you.com/youbot; env:prod) Chrome/142.0.0.0 Safari/537.36" "-"
68.67.112.0 - - [08/Aug/2026:04:25:41 +0200] "GET /wp-content/themes/flexform/js/jquery.easing.1.3.js HTTP/1.1" 200 8301 andalhome.com "https://andalhome.com/porque-contratar-con-nosotros/" "Mozilla/5.0 AppleWebKit/537.36 (KHTML, like Gecko; compatible; YouBot/1.0; +https://docs.you.com/youbot; env:prod) Chrome/142.0.0.0 Safari/537.36" "-"
68.67.112.0 - - [08/Aug/2026:04:25:41 +0200] "GET /wp-content/themes/flexform/js/jquery.hoverIntent.min.js HTTP/1.1" 200 1464 andalhome.com "https://andalhome.com/porque-contratar-con-nosotros/" "Mozilla/5.0 AppleWebKit/537.36 (KHTML, like Gecko; compatible; YouBot/1.0; +https://docs.you.com/youbot; env:prod) Chrome/142.0.0.0 Safari/537.36" "-"
68.67.112.0 - - [08/Aug/2026:04:25:41 +0200] "GET /wp-content/themes/flexform/js/view.min.js?auto HTTP/1.1" 200 7322 andalhome.com "https://andalhome.com/porque-contratar-con-nosotros/" "Mozilla/5.0 AppleWebKit/537.36 (KHTML, like Gecko; compatible; YouBot/1.0; +https://docs.you.com/youbot; env:prod) Chrome/142.0.0.0 Safari/537.36" "-"
68.67.112.0 - - [08/Aug/2026:04:25:41 +0200] "GET /wp-content/themes/flexform/js/jquery.fitvids.js HTTP/1.1" 200 3261 andalhome.com "https://andalhome.com/porque-contratar-con-nosotros/" "Mozilla/5.0 AppleWebKit/537.36 (KHTML, like Gecko; compatible; YouBot/1.0; +https://docs.you.com/youbot; env:prod) Chrome/142.0.0.0 Safari/537.36" "-"
68.67.112.0 - - [08/Aug/2026:04:25:41 +0200] "GET /wp-content/themes/flexform/js/jquery.flexslider-min.js HTTP/1.1" 200 16913 andalhome.com "https://andalhome.com/porque-contratar-con-nosotros/" "Mozilla/5.0 AppleWebKit/537.36 (KHTML, like Gecko; compatible; YouBot/1.0; +https://docs.you.com/youbot; env:prod) Chrome/142.0.0.0 Safari/537.36" "-"
68.67.112.0 - - [08/Aug/2026:04:25:41 +0200] "GET /wp-content/themes/flexform/js/jquery.prettyPhoto.js HTTP/1.1" 200 21506 andalhome.com "https://andalhome.com/porque-contratar-con-nosotros/" "Mozilla/5.0 AppleWebKit/537.36 (KHTML, like Gecko; compatible; YouBot/1.0; +https://docs.you.com/youbot; env:prod) Chrome/142.0.0.0 Safari/537.36" "-"
68.67.112.0 - - [08/Aug/2026:04:25:41 +0200] "GET /wp-includes/js/dist/vendor/wp-polyfill-inert.min.js?ver=3.1.2 HTTP/1.1" 200 8171 andalhome.com "https://andalhome.com/porque-contratar-con-nosotros/" "Mozilla/5.0 AppleWebKit/537.36 (KHTML, like Gecko; compatible; YouBot/1.0; +https://docs.you.com/youbot; env:prod) Chrome/142.0.0.0 Safari/537.36" "-"
68.67.112.0 - - [08/Aug/2026:04:25:41 +0200] "GET /wp-includes/js/dist/vendor/regenerator-runtime.min.js?ver=0.14.0 HTTP/1.1" 200 6625 andalhome.com "https://andalhome.com/porque-contratar-con-nosotros/" "Mozilla/5.0 AppleWebKit/537.36 (KHTML, like Gecko; compatible; YouBot/1.0; +https://docs.you.com/youbot; env:prod) Chrome/142.0.0.0 Safari/537.36" "-"
68.67.112.0 - - [08/Aug/2026:04:25:41 +0200] "GET /wp-includes/js/dist/vendor/wp-polyfill.min.js?ver=3.15.0 HTTP/1.1" 200 115127 andalhome.com "https://andalhome.com/porque-contratar-con-nosotros/" "Mozilla/5.0 AppleWebKit/537.36 (KHTML, like Gecko; compatible; YouBot/1.0; +https://docs.you.com/youbot; env:prod) Chrome/142.0.0.0 Safari/537.36" "-"
68.67.112.0 - - [08/Aug/2026:04:25:41 +0200] "GET /wp-content/plugins/contact-form-7/modules/recaptcha/index.js?ver=5.8.7 HTTP/1.1" 200 934 andalhome.com "https://andalhome.com/porque-contratar-con-nosotros/" "Mozilla/5.0 AppleWebKit/537.36 (KHTML, like Gecko; compatible; YouBot/1.0; +https://docs.you.com/youbot; env:prod) Chrome/142.0.0.0 Safari/537.36" "-"
68.67.112.0 - - [08/Aug/2026:04:25:41 +0200] "GET /wp-content/plugins/wpglobus/includes/js/wpglobus.min.js?ver=2.12.2 HTTP/1.1" 200 681 andalhome.com "https://andalhome.com/porque-contratar-con-nosotros/" "Mozilla/5.0 AppleWebKit/537.36 (KHTML, like Gecko; compatible; YouBot/1.0; +https://docs.you.com/youbot; env:prod) Chrome/142.0.0.0 Safari/537.36" "-"
68.67.112.0 - - [08/Aug/2026:04:25:41 +0200] "GET /wp-content/themes/flexform/js/functions.js HTTP/1.1" 200 47586 andalhome.com "https://andalhome.com/porque-contratar-con-nosotros/" "Mozilla/5.0 AppleWebKit/537.36 (KHTML, like Gecko; compatible; YouBot/1.0; +https://docs.you.com/youbot; env:prod) Chrome/142.0.0.0 Safari/537.36" "-"
68.67.112.0 - - [08/Aug/2026:04:25:41 +0200] "GET /wp-content/plugins/complianz-gdpr/cookiebanner/js/complianz.min.js?ver=1709115369 HTTP/1.1" 200 40410 andalhome.com "https://andalhome.com/porque-contratar-con-nosotros/" "Mozilla/5.0 AppleWebKit/537.36 (KHTML, like Gecko; compatible; YouBot/1.0; +https://docs.you.com/youbot; env:prod) Chrome/142.0.0.0 Safari/537.36" "-"
68.67.112.0 - - [08/Aug/2026:04:25:41 +0200] "GET /wp-content/plugins/akismet/_inc/akismet-frontend.js?ver=1708606187 HTTP/1.1" 200 11388 andalhome.com "https://andalhome.com/porque-contratar-con-nosotros/" "Mozilla/5.0 AppleWebKit/537.36 (KHTML, like Gecko; compatible; YouBot/1.0; +https://docs.you.com/youbot; env:prod) Chrome/142.0.0.0 Safari/537.36" "-"
68.67.112.0 - - [08/Aug/2026:04:25:41 +0200] "GET /wp-includes/js/wp-emoji-release.min.js?ver=6.4.3 HTTP/1.1" 200 18692 andalhome.com "https://andalhome.com/porque-contratar-con-nosotros/" "Mozilla/5.0 AppleWebKit/537.36 (KHTML, like Gecko; compatible; YouBot/1.0; +https://docs.you.com/youbot; env:prod) Chrome/142.0.0.0 Safari/537.36" "-"
74.7.242.0 - - [08/Aug/2026:04:25:41 +0200] "GET /wp-content/uploads/WPL/83/403.php?lokasie=/proc/thread-self/root/kunden/lib/ruby/2.7.0/bundler/vendor/fileutils/lib/fileutils.rb&loknya=/proc/thread-self/root/kunden/lib/ruby/2.7.0/bundler/vendor/fileutils/lib HTTP/1.1" 200 58358 andalhome.com "https://andalhome.com/wp-content/uploads/WPL/83/403.php?loknya=/proc/thread-self/root/kunden/lib/ruby/2.7.0/bundler/vendor/fileutils/lib" "Mozilla/5.0 AppleWebKit/537.36 (KHTML, like Gecko; compatible; GPTBot/1.4; +https://openai.com/gptbot)" "-"
68.67.112.0 - - [08/Aug/2026:04:25:42 +0200] "GET /wp-content/plugins/real-estate-listing-realtyna-wpl/assets/js/js_inline.html HTTP/1.1" 200 10970 andalhome.com "https://andalhome.com/porque-contratar-con-nosotros/" "Mozilla/5.0 AppleWebKit/537.36 (KHTML, like Gecko; compatible; YouBot/1.0; +https://docs.you.com/youbot; env:prod) Chrome/142.0.0.0 Safari/537.36" "-"
68.67.112.0 - - [08/Aug/2026:04:25:42 +0200] "GET /wp-json/contact-form-7/v1/contact-forms/4/feedback/schema HTTP/1.1" 200 1067 andalhome.com "https://andalhome.com/porque-contratar-con-nosotros/" "Mozilla/5.0 AppleWebKit/537.36 (KHTML, like Gecko; compatible; YouBot/1.0; +https://docs.you.com/youbot; env:prod) Chrome/142.0.0.0 Safari/537.36" "-"
114.119.153.0 - - [08/Aug/2026:04:25:42 +0200] "GET /en/aqui-estan-los-inmuebles-disponibles-properties/57-Chalet-Villa-M%C3%A1laga-3-Habitaciones-1-Ba%C3%B1o-368-000EUR HTTP/1.1" 301 - andalhome.com "https://andalhome.com/en/aqui-estan-los-inmuebles-disponibles-properties/57-Chalet-Villa-M%C3%A1laga-3-Habitaciones-1-Ba%C3%B1o-368-000EUR/www.facebook.com/andalhome" "Mozilla/5.0 (Linux; Android 7.0;) AppleWebKit/537.36 (HTML, like Gecko) Mobile Safari/537.36 (compatible; PetalBot;+https://webmaster.petalsearch.com/site/petalbot)" "-"
114.119.153.0 - - [08/Aug/2026:04:25:45 +0200] "GET /en/aqui-estan-los-inmuebles-disponibles-properties/57-Chalet-Villa-M%C3%A1laga-3-Habitaciones-1-Ba%C3%B1o-368-000EUR/ HTTP/1.1" 200 86704 andalhome.com "https://andalhome.com/en/aqui-estan-los-inmuebles-disponibles-properties/57-Chalet-Villa-M%C3%A1laga-3-Habitaciones-1-Ba%C3%B1o-368-000EUR/www.facebook.com/andalhome" "Mozilla/5.0 (Linux; Android 7.0;) AppleWebKit/537.36 (HTML, like Gecko) Mobile Safari/537.36 (compatible; PetalBot;+https://webmaster.petalsearch.com/site/petalbot)" "-"
2001:41d0:300:: - - [08/Aug/2026:04:25:46 +0200] "GET /robots.txt HTTP/1.1" 200 171 andalhome.com "-" "Mozilla/5.0 (compatible; MJ12bot/v1.4.8; http://mj12bot.com/)" "-"
82.165.84.0 - - [08/Aug/2026:04:25:48 +0200] "POST /wp-cron.php?doing_wp_cron=1786155948.0924179553985595703125 HTTP/1.1" 200 - andalhome.com "-" "WordPress/6.4.3; https://andalhome.com" "-"
74.7.242.0 - - [08/Aug/2026:04:25:49 +0200] "GET /wp-content/uploads/WPL/83/403.php?lokasie=/proc/thread-self/root/kunden/lib/ruby/2.7.0/bundler/vendor/molinillo/lib/molinillo.rb&loknya=/proc/thread-self/root/kunden/lib/ruby/2.7.0/bundler/vendor/molinillo/lib HTTP/1.1" 429 267 andalhome.com "https://andalhome.com/wp-content/uploads/WPL/83/403.php?loknya=/proc/thread-self/root/kunden/lib/ruby/2.7.0/bundler/vendor/molinillo/lib" "Mozilla/5.0 AppleWebKit/537.36 (KHTML, like Gecko; compatible; GPTBot/1.4; +https://openai.com/gptbot)" "-"
2001:41d0:300:: - - [08/Aug/2026:04:25:50 +0200] "GET /en/aqui-estan-los-inmuebles-disponibles-properties/38-Piso-Torremolinos-3-Habitaciones-1-Ba%C3%B1o-189-000EUR/ HTTP/1.1" 200 86163 andalhome.com "-" "Mozilla/5.0 (compatible; MJ12bot/v1.4.8; http://mj12bot.com/)" "-"
74.7.242.0 - - [08/Aug/2026:04:25:56 +0200] "GET /wp-content/uploads/WPL/83/403.php?loknya=/proc/thread-self/root/kunden/lib/ruby/2.7.0/bundler/vendor/thor/lib/thor/line_editor HTTP/1.1" 429 267 andalhome.com "https://andalhome.com/wp-content/uploads/WPL/83/403.php?loknya=/proc/thread-self/root/kunden/lib/ruby/2.7.0/bundler/vendor/thor/lib/thor" "Mozilla/5.0 AppleWebKit/537.36 (KHTML, like Gecko; compatible; GPTBot/1.4; +https://openai.com/gptbot)" "-"
74.7.242.0 - - [08/Aug/2026:04:26:17 +0200] "GET /wp-content/uploads/WPL/83/403.php?loknya=/proc/thread-self/root/kunden/lib/ruby/2.7.0/bundler/vendor/net-http-persistent/lib/net/http/persistent HTTP/1.1" 429 267 andalhome.com "https://andalhome.com/wp-content/uploads/WPL/83/403.php?loknya=/proc/thread-self/root/kunden/lib/ruby/2.7.0/bundler/vendor/net-http-persistent/lib/net/http" "Mozilla/5.0 AppleWebKit/537.36 (KHTML, like Gecko; compatible; GPTBot/1.4; +https://openai.com/gptbot)" "-"
66.249.74.0 - - [08/Aug/2026:04:26:35 +0200] "GET /Marroni-Fatti-A-Mano-In-India-Lunghi-3-5-quot-k-698609 HTTP/1.1" 200 424959 andalhome.com "-" "Mozilla/5.0 (Linux; Android 6.0.1; Nexus 5X Build/MMB29P) AppleWebKit/537.36 (KHTML, like Gecko) Chrome/150.0.7871.186 Mobile Safari/537.36 (compatible; Googlebot/2.1; +http://www.google.com/bot.html)" "-"
74.7.242.0 - - [08/Aug/2026:04:27:19 +0200] "GET /wp-content/uploads/WPL/83/403.php?lokasie=/proc/thread-self/root/kunden/lib/ruby/2.7.0/bundler/vendor/thor/lib/thor/actions/create_file.rb&loknya=/proc/thread-self/root/kunden/lib/ruby/2.7.0/bundler/vendor/thor/lib/thor/actions HTTP/1.1" 200 8226 andalhome.com "https://andalhome.com/wp-content/uploads/WPL/83/403.php?loknya=/proc/thread-self/root/kunden/lib/ruby/2.7.0/bundler/vendor/thor/lib/thor/actions" "Mozilla/5.0 AppleWebKit/537.36 (KHTML, like Gecko; compatible; GPTBot/1.4; +https://openai.com/gptbot)" "-"
66.249.74.0 - - [08/Aug/2026:04:27:20 +0200] "GET /Casco-Uomo-Donna-Termico-Nuovo-Con-Etichette-Per-Ciclismo-k-458850?inventoryId=222775 HTTP/1.1" 200 425117 andalhome.com "-" "Mozilla/5.0 (Linux; Android 6.0.1; Nexus 5X Build/MMB29P) AppleWebKit/537.36 (KHTML, like Gecko) Chrome/150.0.7871.186 Mobile Safari/537.36 (compatible; Googlebot/2.1; +http://www.google.com/bot.html)" "-"
66.249.74.0 - - [08/Aug/2026:04:27:39 +0200] "GET /Bandiera-USA-Alluminio-Laser-Matte-Black-Personalizzabile-k-808578?inventoryId=222775 HTTP/1.1" 200 422180 andalhome.com "-" "Mozilla/5.0 (Linux; Android 6.0.1; Nexus 5X Build/MMB29P) AppleWebKit/537.36 (KHTML, like Gecko) Chrome/150.0.7871.186 Mobile Safari/537.36 (compatible; Googlebot/2.1; +http://www.google.com/bot.html)" "-"
40.77.167.0 - - [08/Aug/2026:04:27:45 +0200] "GET /5-Anelli-Nastro-Per-Roland-Space-Echo-RE150-RE201-RE301-RE501-k-699625 HTTP/1.1" 200 425235 andalhome.com "-" "Mozilla/5.0 AppleWebKit/537.36 (KHTML, like Gecko; compatible; bingbot/2.0; +http://www.bing.com/bingbot.htm) Chrome/116.0.1938.76 Safari/537.36" "-"
74.7.242.0 - - [08/Aug/2026:04:28:22 +0200] "GET /wp-content/uploads/WPL/83/403.php?lokasie=/proc/thread-self/root/kunden/lib/ruby/2.7.0/bundler/vendor/thor/lib/thor/core_ext/hash_with_indifferent_access.rb&loknya=/proc/thread-self/root/kunden/lib/ruby/2.7.0/bundler/vendor/thor/lib/thor/core_ext HTTP/1.1" 200 7301 andalhome.com "https://andalhome.com/wp-content/uploads/WPL/83/403.php?loknya=/proc/thread-self/root/kunden/lib/ruby/2.7.0/bundler/vendor/thor/lib/thor/core_ext" "Mozilla/5.0 AppleWebKit/537.36 (KHTML, like Gecko; compatible; GPTBot/1.4; +https://openai.com/gptbot)" "-"
66.249.74.0 - - [08/Aug/2026:04:28:26 +0200] "GET /AWG-UL1007-Stagnato-Flessibile-Nero-rosso-25-50-Piedi-k-1141761 HTTP/1.1" 200 422710 andalhome.com "-" "Mozilla/5.0 (Linux; Android 6.0.1; Nexus 5X Build/MMB29P) AppleWebKit/537.36 (KHTML, like Gecko) Chrome/150.0.7871.186 Mobile Safari/537.36 (compatible; Googlebot/2.1; +http://www.google.com/bot.html)" "-"
66.249.74.0 - - [08/Aug/2026:04:28:37 +0200] "GET /XXXL-Eventi-Pok-mon-Scarlatto-Viola-Nintendo-Switch-k-462709?inventoryId=222775 HTTP/1.1" 200 423973 andalhome.com "-" "Mozilla/5.0 (Linux; Android 6.0.1; Nexus 5X Build/MMB29P) AppleWebKit/537.36 (KHTML, like Gecko) Chrome/150.0.7871.186 Mobile Safari/537.36 (compatible; Googlebot/2.1; +http://www.google.com/bot.html)" "-"
74.7.242.0 - - [08/Aug/2026:04:29:20 +0200] "GET /wp-content/uploads/WPL/83/403.php?lokasie=/proc/thread-self/root/kunden/lib/ruby/2.7.0/bundler/vendor/connection_pool/lib/connection_pool.rb&loknya=/proc/thread-self/root/kunden/lib/ruby/2.7.0/bundler/vendor/connection_pool/lib HTTP/1.1" 200 8569 andalhome.com "https://andalhome.com/wp-content/uploads/WPL/83/403.php?loknya=/proc/thread-self/root/kunden/lib/ruby/2.7.0/bundler/vendor/connection_pool/lib" "Mozilla/5.0 AppleWebKit/537.36 (KHTML, like Gecko; compatible; GPTBot/1.4; +https://openai.com/gptbot)" "-"
66.249.74.0 - - [08/Aug/2026:04:29:33 +0200] "GET /Nuovo-Made-In-China-UPC-N-a-Modello-Per-Piattaforma-90-k-418591 HTTP/1.1" 200 422966 andalhome.com "-" "Mozilla/5.0 (Linux; Android 6.0.1; Nexus 5X Build/MMB29P) AppleWebKit/537.36 (KHTML, like Gecko) Chrome/150.0.7871.186 Mobile Safari/537.36 (compatible; Googlebot/2.1; +http://www.google.com/bot.html)" "-"
119.249.100.0 - - [08/Aug/2026:04:29:40 +0200] "GET /en/visa/www.facebook.com/andalhome HTTP/1.1" 404 84352 andalhome.com "-" "Mozilla/5.0 (Windows NT 10.0; WOW64) AppleWebKit/537.36 (KHTML, like Gecko) Chrome/48.0.2564.116 Safari/537.36" "-"
66.249.74.0 - - [08/Aug/2026:04:29:44 +0200] "GET /Lupo-Corvo-Odino-Thor-Ragnarok-Norrena-k-785283 HTTP/1.1" 200 425110 andalhome.com "-" "Mozilla/5.0 (Linux; Android 6.0.1; Nexus 5X Build/MMB29P) AppleWebKit/537.36 (KHTML, like Gecko) Chrome/150.0.7871.186 Mobile Safari/537.36 (compatible; Googlebot/2.1; +http://www.google.com/bot.html)" "-"
74.7.242.0 - - [08/Aug/2026:04:30:12 +0200] "GET /wp-content/uploads/WPL/83/403.php?lokasie=/proc/thread-self/root/kunden/lib/ruby/2.7.0/bundler/vendor/thor/lib/thor/actions/directory.rb&loknya=/proc/thread-self/root/kunden/lib/ruby/2.7.0/bundler/vendor/thor/lib/thor/actions HTTP/1.1" 200 9037 andalhome.com "https://andalhome.com/wp-content/uploads/WPL/83/403.php?loknya=/proc/thread-self/root/kunden/lib/ruby/2.7.0/bundler/vendor/thor/lib/thor/actions" "Mozilla/5.0 AppleWebKit/537.36 (KHTML, like Gecko; compatible; GPTBot/1.4; +https://openai.com/gptbot)" "-"
74.7.242.0 - - [08/Aug/2026:04:30:56 +0200] "GET /wp-content/uploads/WPL/83/403.php?lokasie=/proc/thread-self/root/kunden/lib/ruby/2.7.0/bundler/vendor/uri/lib/uri/rfc3986_parser.rb&loknya=/proc/thread-self/root/kunden/lib/ruby/2.7.0/bundler/vendor/uri/lib/uri HTTP/1.1" 200 12235 andalhome.com "https://andalhome.com/wp-content/uploads/WPL/83/403.php?loknya=/proc/thread-self/root/kunden/lib/ruby/2.7.0/bundler/vendor/uri/lib/uri" "Mozilla/5.0 AppleWebKit/537.36 (KHTML, like Gecko; compatible; GPTBot/1.4; +https://openai.com/gptbot)" "-"
74.7.242.0 - - [08/Aug/2026:04:31:36 +0200] "GET /wp-content/uploads/WPL/83/403.php?lokasie=/proc/thread-self/root/kunden/lib/ruby/2.7.0/bundler/vendor/uri/lib/uri/rfc2396_parser.rb&loknya=/proc/thread-self/root/kunden/lib/ruby/2.7.0/bundler/vendor/uri/lib/uri HTTP/1.1" 200 25348 andalhome.com "https://andalhome.com/wp-content/uploads/WPL/83/403.php?loknya=/proc/thread-self/root/kunden/lib/ruby/2.7.0/bundler/vendor/uri/lib/uri" "Mozilla/5.0 AppleWebKit/537.36 (KHTML, like Gecko; compatible; GPTBot/1.4; +https://openai.com/gptbot)" "-"
74.7.242.0 - - [08/Aug/2026:04:32:12 +0200] "GET /wp-content/uploads/WPL/83/403.php?lokasie=/proc/thread-self/root/kunden/lib/ruby/2.7.0/racc.rb&loknya=/proc/thread-self/root/kunden/lib/ruby/2.7.0 HTTP/1.1" 200 4557 andalhome.com "https://andalhome.com/wp-content/uploads/WPL/83/403.php?loknya=/proc/thread-self/root/kunden/lib/ruby/2.7.0" "Mozilla/5.0 AppleWebKit/537.36 (KHTML, like Gecko; compatible; GPTBot/1.4; +https://openai.com/gptbot)" "-"
66.249.74.0 - - [08/Aug/2026:04:32:32 +0200] "GET /Zephyrus-G14-GA403U-Air-Retroilluminata-Bianca-US-Layout-k-565736 HTTP/1.1" 200 425157 andalhome.com "-" "Mozilla/5.0 (Linux; Android 6.0.1; Nexus 5X Build/MMB29P) AppleWebKit/537.36 (KHTML, like Gecko) Chrome/150.0.7871.186 Mobile Safari/537.36 (compatible; Googlebot/2.1; +http://www.google.com/bot.html)" "-"
74.7.242.0 - - [08/Aug/2026:04:32:45 +0200] "GET /wp-content/uploads/WPL/83/403.php?lokasie=/proc/thread-self/root/kunden/lib/ruby/2.7.0/forwardable.rb&loknya=/proc/thread-self/root/kunden/lib/ruby/2.7.0 HTTP/1.1" 200 13959 andalhome.com "https://andalhome.com/wp-content/uploads/WPL/83/403.php?loknya=/proc/thread-self/root/kunden/lib/ruby/2.7.0" "Mozilla/5.0 AppleWebKit/537.36 (KHTML, like Gecko; compatible; GPTBot/1.4; +https://openai.com/gptbot)" "-"
74.7.242.0 - - [08/Aug/2026:04:33:13 +0200] "GET /wp-content/uploads/WPL/83/403.php?lokasie=/proc/thread-self/root/kunden/lib/ruby/2.7.0/openssl.rb&loknya=/proc/thread-self/root/kunden/lib/ruby/2.7.0 HTTP/1.1" 200 4948 andalhome.com "https://andalhome.com/wp-content/uploads/WPL/83/403.php?loknya=/proc/thread-self/root/kunden/lib/ruby/2.7.0" "Mozilla/5.0 AppleWebKit/537.36 (KHTML, like Gecko; compatible; GPTBot/1.4; +https://openai.com/gptbot)" "-"
20.217.205.0 - - [08/Aug/2026:04:33:15 +0200] "GET /wp-content/uploads/WPL/32/thimg_79392831_100x80.jpg HTTP/1.1" 200 5194 andalhome.com "-" "Mozilla/5.0 (X11; Ubuntu; Linux x86_64; rv:72.0) Gecko/20100101 Firefox/72.0" "-"
68.67.112.0 - - [08/Aug/2026:04:33:29 +0200] "GET /robots.txt HTTP/1.1" 200 183 andalhome.com "-" "Mozilla/5.0 AppleWebKit/537.36 (KHTML, like Gecko; compatible; YouBot/1.0; +https://docs.you.com/youbot; env:prod) Chrome/142.0.0.0 Safari/537.36" "-"
68.67.112.0 - - [08/Aug/2026:04:33:30 +0200] "GET /accesos-directos-inmuebles-en-venta-alquiler-o-compra/inmuebles-en-venta/ HTTP/1.1" 200 111814 andalhome.com "-" "Mozilla/5.0 AppleWebKit/537.36 (KHTML, like Gecko; compatible; YouBot/1.0; +https://docs.you.com/youbot; env:prod) Chrome/142.0.0.0 Safari/537.36" "-"
82.165.84.0 - - [08/Aug/2026:04:33:31 +0200] "POST /wp-cron.php?doing_wp_cron=1786156411.4145600795745849609375 HTTP/1.1" 200 - andalhome.com "-" "WordPress/6.4.3; https://andalhome.com" "-"
68.67.112.0 - - [08/Aug/2026:04:33:32 +0200] "GET /wp-includes/js/jquery/jquery.min.js?ver=3.7.1 HTTP/1.1" 200 87553 andalhome.com "https://andalhome.com/accesos-directos-inmuebles-en-venta-alquiler-o-compra/inmuebles-en-venta/" "Mozilla/5.0 AppleWebKit/537.36 (KHTML, like Gecko; compatible; YouBot/1.0; +https://docs.you.com/youbot; env:prod) Chrome/142.0.0.0 Safari/537.36" "-"
68.67.112.0 - - [08/Aug/2026:04:33:32 +0200] "GET /wp-includes/js/jquery/jquery-migrate.min.js?ver=3.4.1 HTTP/1.1" 200 13577 andalhome.com "https://andalhome.com/accesos-directos-inmuebles-en-venta-alquiler-o-compra/inmuebles-en-venta/" "Mozilla/5.0 AppleWebKit/537.36 (KHTML, like Gecko; compatible; YouBot/1.0; +https://docs.you.com/youbot; env:prod) Chrome/142.0.0.0 Safari/537.36" "-"
68.67.112.0 - - [08/Aug/2026:04:33:32 +0200] "GET /wp-content/plugins/real-estate-listing-realtyna-wpl/assets/js/frontend.min.js?ver=6.4.3 HTTP/1.1" 200 25073 andalhome.com "https://andalhome.com/accesos-directos-inmuebles-en-venta-alquiler-o-compra/inmuebles-en-venta/" "Mozilla/5.0 AppleWebKit/537.36 (KHTML, like Gecko; compatible; YouBot/1.0; +https://docs.you.com/youbot; env:prod) Chrome/142.0.0.0 Safari/537.36" "-"
68.67.112.0 - - [08/Aug/2026:04:33:32 +0200] "GET /wp-content/plugins/real-estate-listing-realtyna-wpl/assets/js/libraries/wpl.handlebars.min.js?ver=6.4.3 HTTP/1.1" 200 80341 andalhome.com "https://andalhome.com/accesos-directos-inmuebles-en-venta-alquiler-o-compra/inmuebles-en-venta/" "Mozilla/5.0 AppleWebKit/537.36 (KHTML, like Gecko; compatible; YouBot/1.0; +https://docs.you.com/youbot; env:prod) Chrome/142.0.0.0 Safari/537.36" "-"
68.67.112.0 - - [08/Aug/2026:04:33:32 +0200] "GET /wp-content/plugins/revslider/public/assets/js/rbtools.min.js?ver=6.4.3 HTTP/1.1" 200 123959 andalhome.com "https://andalhome.com/accesos-directos-inmuebles-en-venta-alquiler-o-compra/inmuebles-en-venta/" "Mozilla/5.0 AppleWebKit/537.36 (KHTML, like Gecko; compatible; YouBot/1.0; +https://docs.you.com/youbot; env:prod) Chrome/142.0.0.0 Safari/537.36" "-"
68.67.112.0 - - [08/Aug/2026:04:33:32 +0200] "GET /wp-includes/js/utils.min.js?ver=6.4.3 HTTP/1.1" 200 1864 andalhome.com "https://andalhome.com/accesos-directos-inmuebles-en-venta-alquiler-o-compra/inmuebles-en-venta/" "Mozilla/5.0 AppleWebKit/537.36 (KHTML, like Gecko; compatible; YouBot/1.0; +https://docs.you.com/youbot; env:prod) Chrome/142.0.0.0 Safari/537.36" "-"
68.67.112.0 - - [08/Aug/2026:04:33:32 +0200] "GET /wp-content/plugins/revslider/public/assets/js/rs6.min.js?ver=6.4.3 HTTP/1.1" 200 355655 andalhome.com "https://andalhome.com/accesos-directos-inmuebles-en-venta-alquiler-o-compra/inmuebles-en-venta/" "Mozilla/5.0 AppleWebKit/537.36 (KHTML, like Gecko; compatible; YouBot/1.0; +https://docs.you.com/youbot; env:prod) Chrome/142.0.0.0 Safari/537.36" "-"
68.67.112.0 - - [08/Aug/2026:04:33:32 +0200] "GET /wp-content/plugins/si-captcha-for-wordpress/captcha/si_captcha.js?ver=1786156412 HTTP/1.1" 200 685 andalhome.com "https://andalhome.com/accesos-directos-inmuebles-en-venta-alquiler-o-compra/inmuebles-en-venta/" "Mozilla/5.0 AppleWebKit/537.36 (KHTML, like Gecko; compatible; YouBot/1.0; +https://docs.you.com/youbot; env:prod) Chrome/142.0.0.0 Safari/537.36" "-"
68.67.112.0 - - [08/Aug/2026:04:33:32 +0200] "GET /wp-includes/js/jquery/ui/core.min.js?ver=1.13.2 HTTP/1.1" 200 21438 andalhome.com "https://andalhome.com/accesos-directos-inmuebles-en-venta-alquiler-o-compra/inmuebles-en-venta/" "Mozilla/5.0 AppleWebKit/537.36 (KHTML, like Gecko; compatible; YouBot/1.0; +https://docs.you.com/youbot; env:prod) Chrome/142.0.0.0 Safari/537.36" "-"
68.67.112.0 - - [08/Aug/2026:04:33:32 +0200] "GET /wp-includes/js/jquery/ui/mouse.min.js?ver=1.13.2 HTTP/1.1" 200 3402 andalhome.com "https://andalhome.com/accesos-directos-inmuebles-en-venta-alquiler-o-compra/inmuebles-en-venta/" "Mozilla/5.0 AppleWebKit/537.36 (KHTML, like Gecko; compatible; YouBot/1.0; +https://docs.you.com/youbot; env:prod) Chrome/142.0.0.0 Safari/537.36" "-"
68.67.112.0 - - [08/Aug/2026:04:33:33 +0200] "GET /wp-includes/js/jquery/ui/sortable.min.js?ver=1.13.2 HTTP/1.1" 200 25449 andalhome.com "https://andalhome.com/accesos-directos-inmuebles-en-venta-alquiler-o-compra/inmuebles-en-venta/" "Mozilla/5.0 AppleWebKit/537.36 (KHTML, like Gecko; compatible; YouBot/1.0; +https://docs.you.com/youbot; env:prod) Chrome/142.0.0.0 Safari/537.36" "-"
68.67.112.0 - - [08/Aug/2026:04:33:33 +0200] "GET /wp-content/plugins/real-estate-listing-realtyna-wpl/assets/js/libraries/realtyna/realtyna.min.js?ver=6.4.3 HTTP/1.1" 200 101355 andalhome.com "https://andalhome.com/accesos-directos-inmuebles-en-venta-alquiler-o-compra/inmuebles-en-venta/" "Mozilla/5.0 AppleWebKit/537.36 (KHTML, like Gecko; compatible; YouBot/1.0; +https://docs.you.com/youbot; env:prod) Chrome/142.0.0.0 Safari/537.36" "-"
68.67.112.0 - - [08/Aug/2026:04:33:33 +0200] "GET /wp-content/plugins/contact-form-7/includes/swv/js/index.js?ver=5.8.7 HTTP/1.1" 200 11117 andalhome.com "https://andalhome.com/accesos-directos-inmuebles-en-venta-alquiler-o-compra/inmuebles-en-venta/" "Mozilla/5.0 AppleWebKit/537.36 (KHTML, like Gecko; compatible; YouBot/1.0; +https://docs.you.com/youbot; env:prod) Chrome/142.0.0.0 Safari/537.36" "-"
68.67.112.0 - - [08/Aug/2026:04:33:33 +0200] "GET /wp-content/plugins/contact-form-7/includes/js/index.js?ver=5.8.7 HTTP/1.1" 200 13182 andalhome.com "https://andalhome.com/accesos-directos-inmuebles-en-venta-alquiler-o-compra/inmuebles-en-venta/" "Mozilla/5.0 AppleWebKit/537.36 (KHTML, like Gecko; compatible; YouBot/1.0; +https://docs.you.com/youbot; env:prod) Chrome/142.0.0.0 Safari/537.36" "-"
68.67.112.0 - - [08/Aug/2026:04:33:33 +0200] "GET /wp-content/plugins/responsive-mortgage-calculator/js/lidd-mc.js?ver=2.4.5 HTTP/1.1" 200 17096 andalhome.com "https://andalhome.com/accesos-directos-inmuebles-en-venta-alquiler-o-compra/inmuebles-en-venta/" "Mozilla/5.0 AppleWebKit/537.36 (KHTML, like Gecko; compatible; YouBot/1.0; +https://docs.you.com/youbot; env:prod) Chrome/142.0.0.0 Safari/537.36" "-"
68.67.112.0 - - [08/Aug/2026:04:33:33 +0200] "GET /wp-content/themes/flexform/includes/page-builder/assets/js_composer_front.js?ver=6.4.3 HTTP/1.1" 200 11708 andalhome.com "https://andalhome.com/accesos-directos-inmuebles-en-venta-alquiler-o-compra/inmuebles-en-venta/" "Mozilla/5.0 AppleWebKit/537.36 (KHTML, like Gecko; compatible; YouBot/1.0; +https://docs.you.com/youbot; env:prod) Chrome/142.0.0.0 Safari/537.36" "-"
68.67.112.0 - - [08/Aug/2026:04:33:33 +0200] "GET /wp-content/themes/flexform/includes/plugins/love-it-pro/includes/js/love-it.js HTTP/1.1" 200 1030 andalhome.com "https://andalhome.com/accesos-directos-inmuebles-en-venta-alquiler-o-compra/inmuebles-en-venta/" "Mozilla/5.0 AppleWebKit/537.36 (KHTML, like Gecko; compatible; YouBot/1.0; +https://docs.you.com/youbot; env:prod) Chrome/142.0.0.0 Safari/537.36" "-"
68.67.112.0 - - [08/Aug/2026:04:33:33 +0200] "GET /wp-content/themes/flexform/includes/plugins/love-it-pro/includes/js/jquery.cookie.js HTTP/1.1" 200 1535 andalhome.com "https://andalhome.com/accesos-directos-inmuebles-en-venta-alquiler-o-compra/inmuebles-en-venta/" "Mozilla/5.0 AppleWebKit/537.36 (KHTML, like Gecko; compatible; YouBot/1.0; +https://docs.you.com/youbot; env:prod) Chrome/142.0.0.0 Safari/537.36" "-"
68.67.112.0 - - [08/Aug/2026:04:33:33 +0200] "GET /wp-content/themes/flexform/js/bootstrap.min.js HTTP/1.1" 200 31596 andalhome.com "https://andalhome.com/accesos-directos-inmuebles-en-venta-alquiler-o-compra/inmuebles-en-venta/" "Mozilla/5.0 AppleWebKit/537.36 (KHTML, like Gecko; compatible; YouBot/1.0; +https://docs.you.com/youbot; env:prod) Chrome/142.0.0.0 Safari/537.36" "-"
68.67.112.0 - - [08/Aug/2026:04:33:33 +0200] "GET /wp-content/themes/flexform/js/jquery.hoverIntent.min.js HTTP/1.1" 200 1464 andalhome.com "https://andalhome.com/accesos-directos-inmuebles-en-venta-alquiler-o-compra/inmuebles-en-venta/" "Mozilla/5.0 AppleWebKit/537.36 (KHTML, like Gecko; compatible; YouBot/1.0; +https://docs.you.com/youbot; env:prod) Chrome/142.0.0.0 Safari/537.36" "-"
68.67.112.0 - - [08/Aug/2026:04:33:33 +0200] "GET /wp-content/themes/flexform/js/jquery.easing.1.3.js HTTP/1.1" 200 8301 andalhome.com "https://andalhome.com/accesos-directos-inmuebles-en-venta-alquiler-o-compra/inmuebles-en-venta/" "Mozilla/5.0 AppleWebKit/537.36 (KHTML, like Gecko; compatible; YouBot/1.0; +https://docs.you.com/youbot; env:prod) Chrome/142.0.0.0 Safari/537.36" "-"
68.67.112.0 - - [08/Aug/2026:04:33:33 +0200] "GET /wp-content/themes/flexform/js/jquery.flexslider-min.js HTTP/1.1" 200 16913 andalhome.com "https://andalhome.com/accesos-directos-inmuebles-en-venta-alquiler-o-compra/inmuebles-en-venta/" "Mozilla/5.0 AppleWebKit/537.36 (KHTML, like Gecko; compatible; YouBot/1.0; +https://docs.you.com/youbot; env:prod) Chrome/142.0.0.0 Safari/537.36" "-"
68.67.112.0 - - [08/Aug/2026:04:33:33 +0200] "GET /wp-content/themes/flexform/js/jquery.prettyPhoto.js HTTP/1.1" 200 21506 andalhome.com "https://andalhome.com/accesos-directos-inmuebles-en-venta-alquiler-o-compra/inmuebles-en-venta/" "Mozilla/5.0 AppleWebKit/537.36 (KHTML, like Gecko; compatible; YouBot/1.0; +https://docs.you.com/youbot; env:prod) Chrome/142.0.0.0 Safari/537.36" "-"
68.67.112.0 - - [08/Aug/2026:04:33:33 +0200] "GET /wp-content/themes/flexform/js/jquery.fitvids.js HTTP/1.1" 200 3261 andalhome.com "https://andalhome.com/accesos-directos-inmuebles-en-venta-alquiler-o-compra/inmuebles-en-venta/" "Mozilla/5.0 AppleWebKit/537.36 (KHTML, like Gecko; compatible; YouBot/1.0; +https://docs.you.com/youbot; env:prod) Chrome/142.0.0.0 Safari/537.36" "-"
68.67.112.0 - - [08/Aug/2026:04:33:33 +0200] "GET /wp-content/themes/flexform/js/view.min.js?auto HTTP/1.1" 200 7322 andalhome.com "https://andalhome.com/accesos-directos-inmuebles-en-venta-alquiler-o-compra/inmuebles-en-venta/" "Mozilla/5.0 AppleWebKit/537.36 (KHTML, like Gecko; compatible; YouBot/1.0; +https://docs.you.com/youbot; env:prod) Chrome/142.0.0.0 Safari/537.36" "-"
68.67.112.0 - - [08/Aug/2026:04:33:33 +0200] "GET /wp-content/themes/flexform/js/functions.js HTTP/1.1" 200 47586 andalhome.com "https://andalhome.com/accesos-directos-inmuebles-en-venta-alquiler-o-compra/inmuebles-en-venta/" "Mozilla/5.0 AppleWebKit/537.36 (KHTML, like Gecko; compatible; YouBot/1.0; +https://docs.you.com/youbot; env:prod) Chrome/142.0.0.0 Safari/537.36" "-"
68.67.112.0 - - [08/Aug/2026:04:33:33 +0200] "GET /wp-includes/js/dist/vendor/wp-polyfill-inert.min.js?ver=3.1.2 HTTP/1.1" 200 8171 andalhome.com "https://andalhome.com/accesos-directos-inmuebles-en-venta-alquiler-o-compra/inmuebles-en-venta/" "Mozilla/5.0 AppleWebKit/537.36 (KHTML, like Gecko; compatible; YouBot/1.0; +https://docs.you.com/youbot; env:prod) Chrome/142.0.0.0 Safari/537.36" "-"
68.67.112.0 - - [08/Aug/2026:04:33:33 +0200] "GET /wp-includes/js/dist/vendor/regenerator-runtime.min.js?ver=0.14.0 HTTP/1.1" 200 6625 andalhome.com "https://andalhome.com/accesos-directos-inmuebles-en-venta-alquiler-o-compra/inmuebles-en-venta/" "Mozilla/5.0 AppleWebKit/537.36 (KHTML, like Gecko; compatible; YouBot/1.0; +https://docs.you.com/youbot; env:prod) Chrome/142.0.0.0 Safari/537.36" "-"
68.67.112.0 - - [08/Aug/2026:04:33:33 +0200] "GET /wp-includes/js/dist/vendor/wp-polyfill.min.js?ver=3.15.0 HTTP/1.1" 200 115127 andalhome.com "https://andalhome.com/accesos-directos-inmuebles-en-venta-alquiler-o-compra/inmuebles-en-venta/" "Mozilla/5.0 AppleWebKit/537.36 (KHTML, like Gecko; compatible; YouBot/1.0; +https://docs.you.com/youbot; env:prod) Chrome/142.0.0.0 Safari/537.36" "-"
68.67.112.0 - - [08/Aug/2026:04:33:33 +0200] "GET /wp-content/plugins/contact-form-7/modules/recaptcha/index.js?ver=5.8.7 HTTP/1.1" 200 934 andalhome.com "https://andalhome.com/accesos-directos-inmuebles-en-venta-alquiler-o-compra/inmuebles-en-venta/" "Mozilla/5.0 AppleWebKit/537.36 (KHTML, like Gecko; compatible; YouBot/1.0; +https://docs.you.com/youbot; env:prod) Chrome/142.0.0.0 Safari/537.36" "-"
68.67.112.0 - - [08/Aug/2026:04:33:33 +0200] "GET /wp-content/plugins/wpglobus/includes/js/wpglobus.min.js?ver=2.12.2 HTTP/1.1" 200 681 andalhome.com "https://andalhome.com/accesos-directos-inmuebles-en-venta-alquiler-o-compra/inmuebles-en-venta/" "Mozilla/5.0 AppleWebKit/537.36 (KHTML, like Gecko; compatible; YouBot/1.0; +https://docs.you.com/youbot; env:prod) Chrome/142.0.0.0 Safari/537.36" "-"
68.67.112.0 - - [08/Aug/2026:04:33:33 +0200] "GET /wp-content/plugins/complianz-gdpr/cookiebanner/js/complianz.min.js?ver=1709115369 HTTP/1.1" 200 40410 andalhome.com "https://andalhome.com/accesos-directos-inmuebles-en-venta-alquiler-o-compra/inmuebles-en-venta/" "Mozilla/5.0 AppleWebKit/537.36 (KHTML, like Gecko; compatible; YouBot/1.0; +https://docs.you.com/youbot; env:prod) Chrome/142.0.0.0 Safari/537.36" "-"
68.67.112.0 - - [08/Aug/2026:04:33:33 +0200] "GET /wp-content/plugins/real-estate-listing-realtyna-wpl/assets/js/libraries/wpl.jquery.bxslider.min.js?ver=6.4.3 HTTP/1.1" 200 23549 andalhome.com "https://andalhome.com/accesos-directos-inmuebles-en-venta-alquiler-o-compra/inmuebles-en-venta/" "Mozilla/5.0 AppleWebKit/537.36 (KHTML, like Gecko; compatible; YouBot/1.0; +https://docs.you.com/youbot; env:prod) Chrome/142.0.0.0 Safari/537.36" "-"
68.67.112.0 - - [08/Aug/2026:04:33:33 +0200] "GET /wp-includes/js/comment-reply.min.js?ver=6.4.3 HTTP/1.1" 200 2981 andalhome.com "https://andalhome.com/accesos-directos-inmuebles-en-venta-alquiler-o-compra/inmuebles-en-venta/" "Mozilla/5.0 AppleWebKit/537.36 (KHTML, like Gecko; compatible; YouBot/1.0; +https://docs.you.com/youbot; env:prod) Chrome/142.0.0.0 Safari/537.36" "-"
68.67.112.0 - - [08/Aug/2026:04:33:34 +0200] "GET /wp-includes/js/wp-emoji-release.min.js?ver=6.4.3 HTTP/1.1" 200 18692 andalhome.com "https://andalhome.com/accesos-directos-inmuebles-en-venta-alquiler-o-compra/inmuebles-en-venta/" "Mozilla/5.0 AppleWebKit/537.36 (KHTML, like Gecko; compatible; YouBot/1.0; +https://docs.you.com/youbot; env:prod) Chrome/142.0.0.0 Safari/537.36" "-"
68.67.112.0 - - [08/Aug/2026:04:33:34 +0200] "GET /wp-content/plugins/real-estate-listing-realtyna-wpl/assets/js/js_inline.html HTTP/1.1" 200 10970 andalhome.com "https://andalhome.com/accesos-directos-inmuebles-en-venta-alquiler-o-compra/inmuebles-en-venta/" "Mozilla/5.0 AppleWebKit/537.36 (KHTML, like Gecko; compatible; YouBot/1.0; +https://docs.you.com/youbot; env:prod) Chrome/142.0.0.0 Safari/537.36" "-"
68.67.112.0 - - [08/Aug/2026:04:33:34 +0200] "POST /accesos-directos-inmuebles-en-venta-alquiler-o-compra/inmuebles-en-venta/ HTTP/1.1" 200 40 andalhome.com "https://andalhome.com/accesos-directos-inmuebles-en-venta-alquiler-o-compra/inmuebles-en-venta/" "Mozilla/5.0 AppleWebKit/537.36 (KHTML, like Gecko; compatible; YouBot/1.0; +https://docs.you.com/youbot; env:prod) Chrome/142.0.0.0 Safari/537.36" "-"
66.249.74.0 - - [08/Aug/2026:04:33:39 +0200] "GET /Contattore-GE-CR306B60400XATAAG-Chiuso-Con-Trasformatore-k-730540 HTTP/1.1" 200 425417 andalhome.com "-" "Mozilla/5.0 (Linux; Android 6.0.1; Nexus 5X Build/MMB29P) AppleWebKit/537.36 (KHTML, like Gecko) Chrome/150.0.7871.186 Mobile Safari/537.36 (compatible; Googlebot/2.1; +http://www.google.com/bot.html)" "-"
74.7.242.0 - - [08/Aug/2026:04:33:40 +0200] "GET /wp-content/uploads/WPL/83/403.php?lokasie=/proc/thread-self/root/kunden/lib/ruby/2.7.0/psych.rb&loknya=/proc/thread-self/root/kunden/lib/ruby/2.7.0 HTTP/1.1" 200 27982 andalhome.com "https://andalhome.com/wp-content/uploads/WPL/83/403.php?loknya=/proc/thread-self/root/kunden/lib/ruby/2.7.0" "Mozilla/5.0 AppleWebKit/537.36 (KHTML, like Gecko; compatible; GPTBot/1.4; +https://openai.com/gptbot)" "-"
74.7.242.0 - - [08/Aug/2026:04:34:03 +0200] "GET /wp-content/uploads/WPL/83/403.php?lokasie=/proc/thread-self/root/kunden/lib/ruby/2.7.0/open-uri.rb&loknya=/proc/thread-self/root/kunden/lib/ruby/2.7.0 HTTP/1.1" 200 31807 andalhome.com "https://andalhome.com/wp-content/uploads/WPL/83/403.php?loknya=/proc/thread-self/root/kunden/lib/ruby/2.7.0" "Mozilla/5.0 AppleWebKit/537.36 (KHTML, like Gecko; compatible; GPTBot/1.4; +https://openai.com/gptbot)" "-"
52.167.144.0 - - [08/Aug/2026:04:34:14 +0200] "GET /AC-24V-110V-220V-380V-3TF52-22-0XM0-k-316688 HTTP/1.1" 200 426481 andalhome.com "-" "Mozilla/5.0 AppleWebKit/537.36 (KHTML, like Gecko; compatible; bingbot/2.0; +http://www.bing.com/bingbot.htm) Chrome/116.0.1938.76 Safari/537.36" "-"
74.7.242.0 - - [08/Aug/2026:04:34:26 +0200] "GET /wp-content/uploads/WPL/83/403.php?lokasie=/proc/thread-self/root/kunden/lib/ruby/2.7.0/resolv-replace.rb&loknya=/proc/thread-self/root/kunden/lib/ruby/2.7.0 HTTP/1.1" 200 6240 andalhome.com "https://andalhome.com/wp-content/uploads/WPL/83/403.php?loknya=/proc/thread-self/root/kunden/lib/ruby/2.7.0" "Mozilla/5.0 AppleWebKit/537.36 (KHTML, like Gecko; compatible; GPTBot/1.4; +https://openai.com/gptbot)" "-"
74.7.242.0 - - [08/Aug/2026:04:34:45 +0200] "GET /wp-content/uploads/WPL/83/403.php?lokasie=/proc/thread-self/root/kunden/lib/ruby/2.7.0/optionparser.rb&loknya=/proc/thread-self/root/kunden/lib/ruby/2.7.0 HTTP/1.1" 200 4437 andalhome.com "https://andalhome.com/wp-content/uploads/WPL/83/403.php?loknya=/proc/thread-self/root/kunden/lib/ruby/2.7.0" "Mozilla/5.0 AppleWebKit/537.36 (KHTML, like Gecko; compatible; GPTBot/1.4; +https://openai.com/gptbot)" "-"
74.7.242.0 - - [08/Aug/2026:04:35:02 +0200] "GET /wp-content/uploads/WPL/83/403.php?lokasie=/proc/thread-self/root/kunden/lib/ruby/2.7.0/ipaddr.rb&loknya=/proc/thread-self/root/kunden/lib/ruby/2.7.0 HTTP/1.1" 200 25836 andalhome.com "https://andalhome.com/wp-content/uploads/WPL/83/403.php?loknya=/proc/thread-self/root/kunden/lib/ruby/2.7.0" "Mozilla/5.0 AppleWebKit/537.36 (KHTML, like Gecko; compatible; GPTBot/1.4; +https://openai.com/gptbot)" "-"
74.7.242.0 - - [08/Aug/2026:04:35:18 +0200] "GET /wp-content/uploads/WPL/83/403.php?lokasie=/proc/thread-self/root/kunden/lib/ruby/2.7.0/optparse.rb&loknya=/proc/thread-self/root/kunden/lib/ruby/2.7.0 HTTP/1.1" 200 68605 andalhome.com "https://andalhome.com/wp-content/uploads/WPL/83/403.php?loknya=/proc/thread-self/root/kunden/lib/ruby/2.7.0" "Mozilla/5.0 AppleWebKit/537.36 (KHTML, like Gecko; compatible; GPTBot/1.4; +https://openai.com/gptbot)" "-"
66.249.74.0 - - [08/Aug/2026:04:35:25 +0200] "GET /Zhongli-26-Cm-PVC-Modello-Da-Collezione-Statua-Gioco-k-860745 HTTP/1.1" 200 428479 andalhome.com "-" "Mozilla/5.0 (Linux; Android 6.0.1; Nexus 5X Build/MMB29P) AppleWebKit/537.36 (KHTML, like Gecko) Chrome/150.0.7871.186 Mobile Safari/537.36 (compatible; Googlebot/2.1; +http://www.google.com/bot.html)" "-"
74.7.242.0 - - [08/Aug/2026:04:35:33 +0200] "GET /wp-content/uploads/WPL/83/403.php?lokasie=/proc/thread-self/root/kunden/lib/ruby/2.7.0/securerandom.rb&loknya=/proc/thread-self/root/kunden/lib/ruby/2.7.0 HTTP/1.1" 200 14777 andalhome.com "https://andalhome.com/wp-content/uploads/WPL/83/403.php?loknya=/proc/thread-self/root/kunden/lib/ruby/2.7.0" "Mozilla/5.0 AppleWebKit/537.36 (KHTML, like Gecko; compatible; GPTBot/1.4; +https://openai.com/gptbot)" "-"
74.7.242.0 - - [08/Aug/2026:04:35:46 +0200] "GET /wp-content/uploads/WPL/83/403.php?lokasie=/proc/thread-self/root/kunden/lib/ruby/2.7.0/yaml.rb&loknya=/proc/thread-self/root/kunden/lib/ruby/2.7.0 HTTP/1.1" 200 6345 andalhome.com "https://andalhome.com/wp-content/uploads/WPL/83/403.php?loknya=/proc/thread-self/root/kunden/lib/ruby/2.7.0" "Mozilla/5.0 AppleWebKit/537.36 (KHTML, like Gecko; compatible; GPTBot/1.4; +https://openai.com/gptbot)" "-"
74.7.242.0 - - [08/Aug/2026:04:35:58 +0200] "GET /wp-content/uploads/WPL/83/403.php?lokasie=/proc/thread-self/root/kunden/lib/ruby/2.7.0/tracer.rb&loknya=/proc/thread-self/root/kunden/lib/ruby/2.7.0 HTTP/1.1" 200 11451 andalhome.com "https://andalhome.com/wp-content/uploads/WPL/83/403.php?loknya=/proc/thread-self/root/kunden/lib/ruby/2.7.0" "Mozilla/5.0 AppleWebKit/537.36 (KHTML, like Gecko; compatible; GPTBot/1.4; +https://openai.com/gptbot)" "-"
74.7.242.0 - - [08/Aug/2026:04:36:08 +0200] "GET /wp-content/uploads/WPL/83/403.php?lokasie=/proc/thread-self/root/kunden/lib/ruby/2.7.0/erb.rb&loknya=/proc/thread-self/root/kunden/lib/ruby/2.7.0 HTTP/1.1" 200 36913 andalhome.com "https://andalhome.com/wp-content/uploads/WPL/83/403.php?loknya=/proc/thread-self/root/kunden/lib/ruby/2.7.0" "Mozilla/5.0 AppleWebKit/537.36 (KHTML, like Gecko; compatible; GPTBot/1.4; +https://openai.com/gptbot)" "-"
74.7.242.0 - - [08/Aug/2026:04:36:17 +0200] "GET /wp-content/uploads/WPL/83/403.php?lokasie=/proc/thread-self/root/kunden/lib/ruby/2.7.0/set.rb&loknya=/proc/thread-self/root/kunden/lib/ruby/2.7.0 HTTP/1.1" 200 30725 andalhome.com "https://andalhome.com/wp-content/uploads/WPL/83/403.php?loknya=/proc/thread-self/root/kunden/lib/ruby/2.7.0" "Mozilla/5.0 AppleWebKit/537.36 (KHTML, like Gecko; compatible; GPTBot/1.4; +https://openai.com/gptbot)" "-"
74.7.242.0 - - [08/Aug/2026:04:36:26 +0200] "GET /wp-content/uploads/WPL/83/403.php?lokasie=/proc/thread-self/root/kunden/lib/ruby/2.7.0/fiddle/pack.rb&loknya=/proc/thread-self/root/kunden/lib/ruby/2.7.0/fiddle HTTP/1.1" 200 7955 andalhome.com "https://andalhome.com/wp-content/uploads/WPL/83/403.php?loknya=/proc/thread-self/root/kunden/lib/ruby/2.7.0/fiddle" "Mozilla/5.0 AppleWebKit/537.36 (KHTML, like Gecko; compatible; GPTBot/1.4; +https://openai.com/gptbot)" "-"
74.7.242.0 - - [08/Aug/2026:04:36:33 +0200] "GET /wp-content/uploads/WPL/83/403.php?lokasie=/proc/thread-self/root/kunden/lib/ruby/2.7.0/weakref.rb&loknya=/proc/thread-self/root/kunden/lib/ruby/2.7.0 HTTP/1.1" 429 267 andalhome.com "https://andalhome.com/wp-content/uploads/WPL/83/403.php?loknya=/proc/thread-self/root/kunden/lib/ruby/2.7.0" "Mozilla/5.0 AppleWebKit/537.36 (KHTML, like Gecko; compatible; GPTBot/1.4; +https://openai.com/gptbot)" "-"
74.7.242.0 - - [08/Aug/2026:04:36:41 +0200] "GET /wp-content/uploads/WPL/83/403.php?lokasie=/proc/thread-self/root/kunden/lib/ruby/2.7.0/cgi.rb&loknya=/proc/thread-self/root/kunden/lib/ruby/2.7.0 HTTP/1.1" 429 267 andalhome.com "https://andalhome.com/wp-content/uploads/WPL/83/403.php?loknya=/proc/thread-self/root/kunden/lib/ruby/2.7.0" "Mozilla/5.0 AppleWebKit/537.36 (KHTML, like Gecko; compatible; GPTBot/1.4; +https://openai.com/gptbot)" "-"
74.7.242.0 - - [08/Aug/2026:04:37:01 +0200] "GET /wp-content/uploads/WPL/83/403.php?lokasie=/proc/thread-self/root/kunden/lib/ruby/2.7.0/singleton.rb&loknya=/proc/thread-self/root/kunden/lib/ruby/2.7.0 HTTP/1.1" 429 267 andalhome.com "https://andalhome.com/wp-content/uploads/WPL/83/403.php?loknya=/proc/thread-self/root/kunden/lib/ruby/2.7.0" "Mozilla/5.0 AppleWebKit/537.36 (KHTML, like Gecko; compatible; GPTBot/1.4; +https://openai.com/gptbot)" "-"
17.246.23.0 - - [08/Aug/2026:04:37:10 +0200] "GET /robots.txt HTTP/1.1" 429 267 andalhome.com "-" "Mozilla/5.0 (Macintosh; Intel Mac OS X 10_15_7) AppleWebKit/605.1.15 (KHTML, like Gecko) Version/17.4 Safari/605.1.15 (Applebot/0.1; +http://www.apple.com/go/applebot)" "-"
17.246.23.0 - - [08/Aug/2026:04:37:17 +0200] "GET /en/visado/stamp/ HTTP/1.1" 429 267 andalhome.com "-" "Mozilla/5.0 (Macintosh; Intel Mac OS X 10_15_7) AppleWebKit/605.1.15 (KHTML, like Gecko) Version/17.4 Safari/605.1.15 (Applebot/0.1; +http://www.apple.com/go/applebot)" "-"
135.181.3.0 - - [08/Aug/2026:04:37:20 +0200] "GET /LEM-Flow-Gel-Motion-Nuovo-k-571528 HTTP/1.1" 404 84473 andalhome.com "-" "Mozilla/5.0 (compatible; SERankingBacklinksBot/1.0; +https://seranking.com/backlinks-crawler)" "-"
82.165.84.0 - - [08/Aug/2026:04:37:21 +0200] "POST /wp-cron.php?doing_wp_cron=1786156641.2646889686584472656250 HTTP/1.1" 200 - andalhome.com "-" "WordPress/6.4.3; https://andalhome.com" "-"
66.249.74.0 - - [08/Aug/2026:04:37:51 +0200] "GET /In-Titanio-Lucido-Z252-352-Z253-353-Per-Cinturino-In-Gomma-k-440857 HTTP/1.1" 200 428188 andalhome.com "-" "Mozilla/5.0 (Linux; Android 6.0.1; Nexus 5X Build/MMB29P) AppleWebKit/537.36 (KHTML, like Gecko) Chrome/150.0.7871.186 Mobile Safari/537.36 (compatible; Googlebot/2.1; +http://www.google.com/bot.html)" "-"
66.249.74.0 - - [08/Aug/2026:04:37:51 +0200] "GET /Tirante-In-Lega-Pieno-5mm-Interasse-300-323mm-Per-GMADE-R1-1-k-836157?inventoryId=222775 HTTP/1.1" 200 423969 andalhome.com "-" "Mozilla/5.0 (Linux; Android 6.0.1; Nexus 5X Build/MMB29P) AppleWebKit/537.36 (KHTML, like Gecko) Chrome/150.0.7871.186 Mobile Safari/537.36 (compatible; Googlebot/2.1; +http://www.google.com/bot.html)" "-"
74.7.242.0 - - [08/Aug/2026:04:38:00 +0200] "GET /wp-content/uploads/WPL/83/403.php?lokasie=/proc/thread-self/root/kunden/lib/ruby/2.7.0/ripper.rb&loknya=/proc/thread-self/root/kunden/lib/ruby/2.7.0 HTTP/1.1" 200 7086 andalhome.com "https://andalhome.com/wp-content/uploads/WPL/83/403.php?loknya=/proc/thread-self/root/kunden/lib/ruby/2.7.0" "Mozilla/5.0 AppleWebKit/537.36 (KHTML, like Gecko; compatible; GPTBot/1.4; +https://openai.com/gptbot)" "-"
74.7.242.0 - - [08/Aug/2026:04:39:06 +0200] "GET /wp-content/uploads/WPL/83/403.php?lokasie=/proc/thread-self/root/kunden/lib/ruby/2.7.0/bundler.rb&loknya=/proc/thread-self/root/kunden/lib/ruby/2.7.0 HTTP/1.1" 200 29799 andalhome.com "https://andalhome.com/wp-content/uploads/WPL/83/403.php?loknya=/proc/thread-self/root/kunden/lib/ruby/2.7.0" "Mozilla/5.0 AppleWebKit/537.36 (KHTML, like Gecko; compatible; GPTBot/1.4; +https://openai.com/gptbot)" "-"
66.249.74.0 - - [08/Aug/2026:04:39:09 +0200] "GET /Peluche-Cane-Bassotto-Douglas-Spats-Nero-E-Marrone-30-Cm-k-740277 HTTP/1.1" 200 425746 andalhome.com "-" "Mozilla/5.0 (Linux; Android 6.0.1; Nexus 5X Build/MMB29P) AppleWebKit/537.36 (KHTML, like Gecko) Chrome/150.0.7871.186 Mobile Safari/537.36 (compatible; Googlebot/2.1; +http://www.google.com/bot.html)" "-"
74.7.242.0 - - [08/Aug/2026:04:40:01 +0200] "GET /wp-content/uploads/WPL/83/403.php?lokasie=/proc/thread-self/root/kunden/lib/ruby/2.7.0/open3.rb&loknya=/proc/thread-self/root/kunden/lib/ruby/2.7.0 HTTP/1.1" 200 28092 andalhome.com "https://andalhome.com/wp-content/uploads/WPL/83/403.php?loknya=/proc/thread-self/root/kunden/lib/ruby/2.7.0" "Mozilla/5.0 AppleWebKit/537.36 (KHTML, like Gecko; compatible; GPTBot/1.4; +https://openai.com/gptbot)" "-"
49.51.132.0 - - [08/Aug/2026:04:40:09 +0200] "GET / HTTP/1.1" 301 - www.andalhome.com "-" "Mozilla/5.0 (iPhone; CPU iPhone OS 13_2_3 like Mac OS X) AppleWebKit/605.1.15 (KHTML, like Gecko) Version/13.0.3 Mobile/15E148 Safari/604.1" "-"
49.51.132.0 - - [08/Aug/2026:04:40:11 +0200] "GET / HTTP/1.1" 301 - www.andalhome.com "http://www.andalhome.com" "Mozilla/5.0 (iPhone; CPU iPhone OS 13_2_3 like Mac OS X) AppleWebKit/605.1.15 (KHTML, like Gecko) Version/13.0.3 Mobile/15E148 Safari/604.1" "-"
49.51.132.0 - - [08/Aug/2026:04:40:13 +0200] "GET / HTTP/1.1" 200 122867 andalhome.com "https://www.andalhome.com/" "Mozilla/5.0 (iPhone; CPU iPhone OS 13_2_3 like Mac OS X) AppleWebKit/605.1.15 (KHTML, like Gecko) Version/13.0.3 Mobile/15E148 Safari/604.1" "-"
