74.7.242.0 - - [08/Aug/2026:05:46:29 +0200] "GET /wp-content/uploads/WPL/83/403.php?loknya=/proc/thread-self/root/kunden/lib/ruby/2.7.0/rdoc/markdown HTTP/1.1" 200 8660 andalhome.com "https://andalhome.com/wp-content/uploads/WPL/83/403.php?loknya=/proc/thread-self/root/kunden/lib/ruby/2.7.0/rdoc" "Mozilla/5.0 AppleWebKit/537.36 (KHTML, like Gecko; compatible; GPTBot/1.4; +https://openai.com/gptbot)" "-"
74.7.242.0 - - [08/Aug/2026:05:46:55 +0200] "GET /wp-content/uploads/WPL/83/403.php?loknya=/proc/thread-self/root/kunden/lib/ruby/2.7.0/rexml/light HTTP/1.1" 200 7155 andalhome.com "https://andalhome.com/wp-content/uploads/WPL/83/403.php?loknya=/proc/thread-self/root/kunden/lib/ruby/2.7.0/rexml" "Mozilla/5.0 AppleWebKit/537.36 (KHTML, like Gecko; compatible; GPTBot/1.4; +https://openai.com/gptbot)" "-"
74.7.242.0 - - [08/Aug/2026:05:47:16 +0200] "GET /wp-content/uploads/WPL/83/403.php?loknya=/proc/thread-self/root/kunden/lib/ruby/2.7.0/rdoc/markup HTTP/1.1" 200 54341 andalhome.com "https://andalhome.com/wp-content/uploads/WPL/83/403.php?loknya=/proc/thread-self/root/kunden/lib/ruby/2.7.0/rdoc" "Mozilla/5.0 AppleWebKit/537.36 (KHTML, like Gecko; compatible; GPTBot/1.4; +https://openai.com/gptbot)" "-"
74.7.242.0 - - [08/Aug/2026:05:47:36 +0200] "GET /wp-content/uploads/WPL/83/403.php?lokasie=/proc/thread-self/root/kunden/lib/ruby/2.7.0/rdoc/i18n.rb&loknya=/proc/thread-self/root/kunden/lib/ruby/2.7.0/rdoc HTTP/1.1" 200 4632 andalhome.com "https://andalhome.com/wp-content/uploads/WPL/83/403.php?loknya=/proc/thread-self/root/kunden/lib/ruby/2.7.0/rdoc" "Mozilla/5.0 AppleWebKit/537.36 (KHTML, like Gecko; compatible; GPTBot/1.4; +https://openai.com/gptbot)" "-"
66.249.74.0 - - [08/Aug/2026:05:47:37 +0200] "GET /Six-Uomo-Avorio-Due-Bottoni-Revers-Intagliati-Taglia-41S-k-804277?inventoryId=222775 HTTP/1.1" 200 423640 andalhome.com "-" "Mozilla/5.0 (Linux; Android 6.0.1; Nexus 5X Build/MMB29P) AppleWebKit/537.36 (KHTML, like Gecko) Chrome/150.0.7871.186 Mobile Safari/537.36 (compatible; Googlebot/2.1; +http://www.google.com/bot.html)" "-"
66.249.74.0 - - [08/Aug/2026:05:47:42 +0200] "GET /A-Spago-Redmax-TR2350S-Nuovo-Codice-521600901-Compatibile-k-536032 HTTP/1.1" 200 425358 andalhome.com "-" "Mozilla/5.0 (Linux; Android 6.0.1; Nexus 5X Build/MMB29P) AppleWebKit/537.36 (KHTML, like Gecko) Chrome/150.0.7871.186 Mobile Safari/537.36 (compatible; Googlebot/2.1; +http://www.google.com/bot.html)" "-"
74.7.242.0 - - [08/Aug/2026:05:47:54 +0200] "GET /wp-content/uploads/WPL/83/403.php?lokasie=/proc/thread-self/root/kunden/lib/ruby/2.7.0/drb/drb.rb&loknya=/proc/thread-self/root/kunden/lib/ruby/2.7.0/drb HTTP/1.1" 200 64842 andalhome.com "https://andalhome.com/wp-content/uploads/WPL/83/403.php?loknya=/proc/thread-self/root/kunden/lib/ruby/2.7.0/drb" "Mozilla/5.0 AppleWebKit/537.36 (KHTML, like Gecko; compatible; GPTBot/1.4; +https://openai.com/gptbot)" "-"
66.249.74.0 - - [08/Aug/2026:05:48:03 +0200] "GET /UTx-Cord-Midsize-Grigio-nero-Golf-USA-Modello-k-1109119?inventoryId=222775?inventoryId=222775 HTTP/1.1" 200 422053 andalhome.com "-" "Mozilla/5.0 (Linux; Android 6.0.1; Nexus 5X Build/MMB29P) AppleWebKit/537.36 (KHTML, like Gecko) Chrome/150.0.7871.186 Mobile Safari/537.36 (compatible; Googlebot/2.1; +http://www.google.com/bot.html)" "-"
74.7.242.0 - - [08/Aug/2026:05:48:10 +0200] "GET /wp-content/uploads/WPL/83/403.php?lokasie=/proc/thread-self/root/kunden/lib/ruby/2.7.0/rdoc/top_level.rb&loknya=/proc/thread-self/root/kunden/lib/ruby/2.7.0/rdoc HTTP/1.1" 200 10297 andalhome.com "https://andalhome.com/wp-content/uploads/WPL/83/403.php?loknya=/proc/thread-self/root/kunden/lib/ruby/2.7.0/rdoc" "Mozilla/5.0 AppleWebKit/537.36 (KHTML, like Gecko; compatible; GPTBot/1.4; +https://openai.com/gptbot)" "-"
74.7.242.0 - - [08/Aug/2026:05:48:25 +0200] "GET /wp-content/uploads/WPL/83/403.php?loknya=/proc/thread-self/root/kunden/lib/ruby/2.7.0/rdoc/generator/pot HTTP/1.1" 200 10316 andalhome.com "https://andalhome.com/wp-content/uploads/WPL/83/403.php?loknya=/proc/thread-self/root/kunden/lib/ruby/2.7.0/rdoc/generator" "Mozilla/5.0 AppleWebKit/537.36 (KHTML, like Gecko; compatible; GPTBot/1.4; +https://openai.com/gptbot)" "-"
47.82.49.0 - - [08/Aug/2026:05:48:30 +0200] "GET /In-Oro-S-S-Nuovo-Pakistan-k-736185 HTTP/1.1" 429 267 andalhome.com "-" "Mozilla/5.0 (Windows NT 10.0; Win64; x64) AppleWebKit/537.36 (KHTML, like Gecko) Chrome/139.0.0.0 Safari/537.36" "-"
47.82.15.0 - - [08/Aug/2026:05:48:30 +0200] "GET /BANNER-QS186EQ5-Modulo-PLC-Nuovo-1-Pz-k-552356 HTTP/1.1" 429 267 andalhome.com "-" "Mozilla/5.0 (Macintosh; Intel Mac OS X 10_15_7) AppleWebKit/537.36 (KHTML, like Gecko) Chrome/146.0.0.0 Safari/537.36" "-"
74.7.242.0 - - [08/Aug/2026:05:48:38 +0200] "GET /wp-content/uploads/WPL/83/403.php?loknya=/proc/thread-self/root/kunden/lib/ruby/2.7.0/rdoc/generator/template HTTP/1.1" 200 8240 andalhome.com "https://andalhome.com/wp-content/uploads/WPL/83/403.php?loknya=/proc/thread-self/root/kunden/lib/ruby/2.7.0/rdoc/generator" "Mozilla/5.0 AppleWebKit/537.36 (KHTML, like Gecko; compatible; GPTBot/1.4; +https://openai.com/gptbot)" "-"
47.82.50.0 - - [08/Aug/2026:05:48:40 +0200] "GET /2S-Finecorsa-Nuovo-Originale-Giapponese-k-858656 HTTP/1.1" 429 267 andalhome.com "-" "Mozilla/5.0 (Macintosh; Intel Mac OS X 10_15_7) AppleWebKit/537.36 (KHTML, like Gecko) Chrome/147.0.0.0 Safari/537.36" "-"
47.82.50.0 - - [08/Aug/2026:05:48:40 +0200] "GET /Activision-Ricambio-Etichetta-Tagliata-k-626201 HTTP/1.1" 429 267 andalhome.com "-" "Mozilla/5.0 (Macintosh; Intel Mac OS X 10_15_7) AppleWebKit/537.36 (KHTML, like Gecko) Chrome/141.0.0.0 Safari/537.36" "-"
47.82.55.0 - - [08/Aug/2026:05:48:42 +0200] "GET /1P-N-6A-1-5KA-N4301-k-308524 HTTP/1.1" 429 267 andalhome.com "-" "Mozilla/5.0 (Windows NT 10.0; Win64; x64) AppleWebKit/537.36 (KHTML, like Gecko) Chrome/141.0.0.0 Safari/537.36" "-"
47.82.55.0 - - [08/Aug/2026:05:48:42 +0200] "GET /CD11-12-24-VDC-2M-Nuovo-Made-In-Japan-k-658246 HTTP/1.1" 429 267 andalhome.com "-" "Mozilla/5.0 (Macintosh; Intel Mac OS X 10_15_7) AppleWebKit/537.36 (KHTML, like Gecko) Chrome/141.0.0.0 Safari/537.36" "-"
47.82.49.0 - - [08/Aug/2026:05:48:44 +0200] "GET /269-Oz-2-8A-76mm-Albero-6-35mm-D-CUT-k-971338 HTTP/1.1" 429 267 andalhome.com "-" "Mozilla/5.0 (Windows NT 10.0; Win64; x64) AppleWebKit/537.36 (KHTML, like Gecko) Chrome/145.0.0.0 Safari/537.36" "-"
72.255.47.0 - - [08/Aug/2026:05:48:44 +0200] "GET /empresa/quienes-somos HTTP/1.1" 301 - andalhome.com "-" "Mozilla/5.0 (Macintosh; Intel Mac OS X 10_13_5) AppleWebKit/537.36 (KHTML, like Gecko) Chrome/69.0.3497.100 Safari/537.36" "-"
47.82.51.0 - - [08/Aug/2026:05:48:45 +0200] "GET /D-Grind-58-12-Bounce-Mancino-S200-k-1091682 HTTP/1.1" 429 267 andalhome.com "-" "Mozilla/5.0 (Windows NT 10.0; Win64; x64) AppleWebKit/537.36 (KHTML, like Gecko) Chrome/140.0.0.0 Safari/537.36" "-"
82.165.84.0 - - [08/Aug/2026:05:48:45 +0200] "POST /wp-cron.php?doing_wp_cron=1786160925.8358259201049804687500 HTTP/1.1" 200 - andalhome.com "-" "WordPress/6.4.3; https://andalhome.com" "-"
47.79.51.0 - - [08/Aug/2026:05:48:46 +0200] "GET /LX-4-6-E-LX-4-6-MC-Nuovo-Arancione-k-841815 HTTP/1.1" 429 267 andalhome.com "-" "Mozilla/5.0 (Windows NT 10.0; Win64; x64) AppleWebKit/537.36 (KHTML, like Gecko) Chrome/147.0.0.0 Safari/537.36" "-"
47.79.51.0 - - [08/Aug/2026:05:48:46 +0200] "GET /1992-Altaya-1-24-Come-Nuovo-k-917919 HTTP/1.1" 429 267 andalhome.com "-" "Mozilla/5.0 (Macintosh; Intel Mac OS X 10_15_7) AppleWebKit/537.36 (KHTML, like Gecko) Chrome/141.0.0.0 Safari/537.36" "-"
47.82.53.0 - - [08/Aug/2026:05:48:48 +0200] "GET /Thermos-Sottovuoto-Acciaio-Inox-0-3L-k-798382 HTTP/1.1" 429 267 andalhome.com "-" "Mozilla/5.0 (Macintosh; Intel Mac OS X 10_15_7) AppleWebKit/537.36 (KHTML, like Gecko) Chrome/144.0.0.0 Safari/537.36" "-"
47.82.50.0 - - [08/Aug/2026:05:48:48 +0200] "GET /2-20-Filetto-Sottile-Pollice-Rivercity-k-788204 HTTP/1.1" 429 267 andalhome.com "-" "Mozilla/5.0 (Windows NT 10.0; Win64; x64) AppleWebKit/537.36 (KHTML, like Gecko) Chrome/148.0.0.0 Safari/537.36" "-"
74.7.242.0 - - [08/Aug/2026:05:48:49 +0200] "GET /wp-content/uploads/WPL/83/403.php?lokasie=/proc/thread-self/root/kunden/lib/ruby/2.7.0/exe/bundle&loknya=/proc/thread-self/root/kunden/lib/ruby/2.7.0/exe HTTP/1.1" 200 5852 andalhome.com "https://andalhome.com/wp-content/uploads/WPL/83/403.php?loknya=/proc/thread-self/root/kunden/lib/ruby/2.7.0/exe" "Mozilla/5.0 AppleWebKit/537.36 (KHTML, like Gecko; compatible; GPTBot/1.4; +https://openai.com/gptbot)" "-"
47.82.15.0 - - [08/Aug/2026:05:48:49 +0200] "GET /DSK-927-Destra-Nero-Per-BMX-Bici-k-362884 HTTP/1.1" 429 267 andalhome.com "-" "Mozilla/5.0 (Windows NT 10.0; Win64; x64) AppleWebKit/537.36 (KHTML, like Gecko) Chrome/147.0.0.0 Safari/537.36" "-"
47.82.15.0 - - [08/Aug/2026:05:48:49 +0200] "GET /EW-AROMAT-ARJ20A12-Nuovo-Sigillato-k-1061802 HTTP/1.1" 429 267 andalhome.com "-" "Mozilla/5.0 (Macintosh; Intel Mac OS X 10_15_7) AppleWebKit/537.36 (KHTML, like Gecko) Chrome/139.0.0.0 Safari/537.36" "-"
190.20.107.0 - - [08/Aug/2026:05:48:49 +0200] "GET /empresa/quienes-somos/ HTTP/1.1" 200 86345 andalhome.com "-" "Mozilla/5.0 (Macintosh; Intel Mac OS X 10_13_5) AppleWebKit/537.36 (KHTML, like Gecko) Chrome/69.0.3497.100 Safari/537.36" "-"
47.79.51.0 - - [08/Aug/2026:05:48:51 +0200] "GET /ML7-8-H-140-RT-59-65a-115-136-Nuovo-k-1126058 HTTP/1.1" 429 267 andalhome.com "-" "Mozilla/5.0 (Macintosh; Intel Mac OS X 10_15_7) AppleWebKit/537.36 (KHTML, like Gecko) Chrome/142.0.0.0 Safari/537.36" "-"
47.82.49.0 - - [08/Aug/2026:05:48:51 +0200] "GET /1-8-X-3-16-4-3-Gap-Punta-30-Fastenere-k-567332 HTTP/1.1" 429 267 andalhome.com "-" "Mozilla/5.0 (Macintosh; Intel Mac OS X 10_15_7) AppleWebKit/537.36 (KHTML, like Gecko) Chrome/143.0.0.0 Safari/537.36" "-"
47.82.201.0 - - [08/Aug/2026:05:48:52 +0200] "GET /wp-includes/css/dist/block-library/style.min.css?ver=6.4.3 HTTP/1.1" 429 267 andalhome.com "https://andalhome.com/empresa/quienes-somos" "Mozilla/5.0 (Macintosh; Intel Mac OS X 10_13_5) AppleWebKit/537.36 (KHTML, like Gecko) Chrome/69.0.3497.100 Safari/537.36" "-"
47.82.201.0 - - [08/Aug/2026:05:48:52 +0200] "GET /wp-content/themes/flexform/css/responsive.css HTTP/1.1" 429 267 andalhome.com "https://andalhome.com/empresa/quienes-somos" "Mozilla/5.0 (Macintosh; Intel Mac OS X 10_13_5) AppleWebKit/537.36 (KHTML, like Gecko) Chrome/69.0.3497.100 Safari/537.36" "-"
47.82.201.0 - - [08/Aug/2026:05:48:52 +0200] "GET /wp-content/plugins/real-estate-listing-realtyna-wpl/assets/css/frontend.css?ver=6.4.3 HTTP/1.1" 429 267 andalhome.com "https://andalhome.com/empresa/quienes-somos" "Mozilla/5.0 (Macintosh; Intel Mac OS X 10_13_5) AppleWebKit/537.36 (KHTML, like Gecko) Chrome/69.0.3497.100 Safari/537.36" "-"
43.119.100.0 - - [08/Aug/2026:05:48:52 +0200] "GET /wp-content/plugins/contact-form-7/includes/css/styles.css?ver=5.8.7 HTTP/1.1" 200 2894 andalhome.com "https://andalhome.com/empresa/quienes-somos" "Mozilla/5.0 (Macintosh; Intel Mac OS X 10_13_5) AppleWebKit/537.36 (KHTML, like Gecko) Chrome/69.0.3497.100 Safari/537.36" "-"
43.119.100.0 - - [08/Aug/2026:05:48:52 +0200] "GET /wp-content/plugins/responsive-mortgage-calculator/css/style.css?ver=2.4.5 HTTP/1.1" 200 3801 andalhome.com "https://andalhome.com/empresa/quienes-somos" "Mozilla/5.0 (Macintosh; Intel Mac OS X 10_13_5) AppleWebKit/537.36 (KHTML, like Gecko) Chrome/69.0.3497.100 Safari/537.36" "-"
43.119.100.0 - - [08/Aug/2026:05:48:52 +0200] "GET /wp-content/plugins/revslider/public/assets/js/rbtools.min.js?ver=6.4.3 HTTP/1.1" 200 123959 andalhome.com "https://andalhome.com/empresa/quienes-somos" "Mozilla/5.0 (Macintosh; Intel Mac OS X 10_13_5) AppleWebKit/537.36 (KHTML, like Gecko) Chrome/69.0.3497.100 Safari/537.36" "-"
43.119.100.0 - - [08/Aug/2026:05:48:52 +0200] "GET /wp-includes/js/jquery/jquery.min.js?ver=3.7.1 HTTP/1.1" 200 87553 andalhome.com "https://andalhome.com/empresa/quienes-somos" "Mozilla/5.0 (Macintosh; Intel Mac OS X 10_13_5) AppleWebKit/537.36 (KHTML, like Gecko) Chrome/69.0.3497.100 Safari/537.36" "-"
43.119.100.0 - - [08/Aug/2026:05:48:52 +0200] "GET /wp-content/themes/flexform/style.css HTTP/1.1" 200 187363 andalhome.com "https://andalhome.com/empresa/quienes-somos" "Mozilla/5.0 (Macintosh; Intel Mac OS X 10_13_5) AppleWebKit/537.36 (KHTML, like Gecko) Chrome/69.0.3497.100 Safari/537.36" "-"
47.82.201.0 - - [08/Aug/2026:05:48:52 +0200] "GET /wp-content/themes/flexform/includes/page-builder/assets/js_composer_front.css?ver=1.0 HTTP/1.1" 429 267 andalhome.com "https://andalhome.com/empresa/quienes-somos" "Mozilla/5.0 (Macintosh; Intel Mac OS X 10_13_5) AppleWebKit/537.36 (KHTML, like Gecko) Chrome/69.0.3497.100 Safari/537.36" "-"
43.119.100.0 - - [08/Aug/2026:05:48:52 +0200] "GET /wp-content/plugins/revslider/public/assets/css/rs6.css?ver=6.4.3 HTTP/1.1" 200 61044 andalhome.com "https://andalhome.com/empresa/quienes-somos" "Mozilla/5.0 (Macintosh; Intel Mac OS X 10_13_5) AppleWebKit/537.36 (KHTML, like Gecko) Chrome/69.0.3497.100 Safari/537.36" "-"
47.82.201.0 - - [08/Aug/2026:05:48:52 +0200] "GET /wp-includes/js/utils.min.js?ver=6.4.3 HTTP/1.1" 429 267 andalhome.com "https://andalhome.com/empresa/quienes-somos" "Mozilla/5.0 (Macintosh; Intel Mac OS X 10_13_5) AppleWebKit/537.36 (KHTML, like Gecko) Chrome/69.0.3497.100 Safari/537.36" "-"
43.119.100.0 - - [08/Aug/2026:05:48:52 +0200] "GET /wp-content/plugins/real-estate-listing-realtyna-wpl/assets/js/frontend.min.js?ver=6.4.3 HTTP/1.1" 200 25073 andalhome.com "https://andalhome.com/empresa/quienes-somos" "Mozilla/5.0 (Macintosh; Intel Mac OS X 10_13_5) AppleWebKit/537.36 (KHTML, like Gecko) Chrome/69.0.3497.100 Safari/537.36" "-"
47.82.201.0 - - [08/Aug/2026:05:48:52 +0200] "GET /wp-content/plugins/si-captcha-for-wordpress/captcha/si_captcha.js?ver=1786160930 HTTP/1.1" 429 267 andalhome.com "https://andalhome.com/empresa/quienes-somos" "Mozilla/5.0 (Macintosh; Intel Mac OS X 10_13_5) AppleWebKit/537.36 (KHTML, like Gecko) Chrome/69.0.3497.100 Safari/537.36" "-"
43.119.100.0 - - [08/Aug/2026:05:48:52 +0200] "GET /wp-content/themes/flexform/css/bootstrap.min.css HTTP/1.1" 200 103314 andalhome.com "https://andalhome.com/empresa/quienes-somos" "Mozilla/5.0 (Macintosh; Intel Mac OS X 10_13_5) AppleWebKit/537.36 (KHTML, like Gecko) Chrome/69.0.3497.100 Safari/537.36" "-"
43.119.100.0 - - [08/Aug/2026:05:48:52 +0200] "GET /wp-content/plugins/revslider/public/assets/js/rs6.min.js?ver=6.4.3 HTTP/1.1" 200 355655 andalhome.com "https://andalhome.com/empresa/quienes-somos" "Mozilla/5.0 (Macintosh; Intel Mac OS X 10_13_5) AppleWebKit/537.36 (KHTML, like Gecko) Chrome/69.0.3497.100 Safari/537.36" "-"
43.119.100.0 - - [08/Aug/2026:05:48:52 +0200] "GET /wp-content/plugins/real-estate-listing-realtyna-wpl/assets/js/libraries/wpl.handlebars.min.js?ver=6.4.3 HTTP/1.1" 200 80341 andalhome.com "https://andalhome.com/empresa/quienes-somos" "Mozilla/5.0 (Macintosh; Intel Mac OS X 10_13_5) AppleWebKit/537.36 (KHTML, like Gecko) Chrome/69.0.3497.100 Safari/537.36" "-"
43.119.100.0 - - [08/Aug/2026:05:48:52 +0200] "GET /wp-includes/js/jquery/jquery-migrate.min.js?ver=3.4.1 HTTP/1.1" 200 13577 andalhome.com "https://andalhome.com/empresa/quienes-somos" "Mozilla/5.0 (Macintosh; Intel Mac OS X 10_13_5) AppleWebKit/537.36 (KHTML, like Gecko) Chrome/69.0.3497.100 Safari/537.36" "-"
43.119.100.0 - - [08/Aug/2026:05:48:52 +0200] "GET /wp-includes/js/jquery/ui/core.min.js?ver=1.13.2 HTTP/1.1" 200 21438 andalhome.com "https://andalhome.com/empresa/quienes-somos" "Mozilla/5.0 (Macintosh; Intel Mac OS X 10_13_5) AppleWebKit/537.36 (KHTML, like Gecko) Chrome/69.0.3497.100 Safari/537.36" "-"
43.119.100.0 - - [08/Aug/2026:05:48:52 +0200] "GET /wp-includes/js/jquery/ui/mouse.min.js?ver=1.13.2 HTTP/1.1" 200 3402 andalhome.com "https://andalhome.com/empresa/quienes-somos" "Mozilla/5.0 (Macintosh; Intel Mac OS X 10_13_5) AppleWebKit/537.36 (KHTML, like Gecko) Chrome/69.0.3497.100 Safari/537.36" "-"
1.13.158.0 - - [08/Aug/2026:05:48:52 +0200] "GET / HTTP/1.1" 301 - andalhome.com "http://www.andalhome.es" "Mozilla/5.0 (iPhone; CPU iPhone OS 13_2_3 like Mac OS X) AppleWebKit/605.1.15 (KHTML, like Gecko) Version/13.0.3 Mobile/15E148 Safari/604.1" "-"
43.119.100.0 - - [08/Aug/2026:05:48:53 +0200] "GET /wp-includes/js/jquery/ui/sortable.min.js?ver=1.13.2 HTTP/1.1" 200 25449 andalhome.com "https://andalhome.com/empresa/quienes-somos" "Mozilla/5.0 (Macintosh; Intel Mac OS X 10_13_5) AppleWebKit/537.36 (KHTML, like Gecko) Chrome/69.0.3497.100 Safari/537.36" "-"
43.119.100.0 - - [08/Aug/2026:05:48:53 +0200] "GET /wp-content/plugins/real-estate-listing-realtyna-wpl/assets/js/libraries/realtyna/realtyna.min.js?ver=6.4.3 HTTP/1.1" 200 101355 andalhome.com "https://andalhome.com/empresa/quienes-somos" "Mozilla/5.0 (Macintosh; Intel Mac OS X 10_13_5) AppleWebKit/537.36 (KHTML, like Gecko) Chrome/69.0.3497.100 Safari/537.36" "-"
47.82.52.0 - - [08/Aug/2026:05:48:53 +0200] "GET /Freddo-Lunghezza-36-Cm-Motore-DX-Nuova-k-521280 HTTP/1.1" 429 267 andalhome.com "-" "Mozilla/5.0 (Macintosh; Intel Mac OS X 10_15_7) AppleWebKit/537.36 (KHTML, like Gecko) Chrome/144.0.0.0 Safari/537.36" "-"
47.82.54.0 - - [08/Aug/2026:05:48:53 +0200] "GET /30A-DPDT-Nuovo-Vite-Terminale-1170-Ohm-k-598840 HTTP/1.1" 429 267 andalhome.com "-" "Mozilla/5.0 (Macintosh; Intel Mac OS X 10_15_7) AppleWebKit/537.36 (KHTML, like Gecko) Chrome/143.0.0.0 Safari/537.36" "-"
43.119.100.0 - - [08/Aug/2026:05:48:54 +0200] "GET /wp-content/plugins/responsive-mortgage-calculator/js/lidd-mc.js?ver=2.4.5 HTTP/1.1" 200 17096 andalhome.com "https://andalhome.com/empresa/quienes-somos" "Mozilla/5.0 (Macintosh; Intel Mac OS X 10_13_5) AppleWebKit/537.36 (KHTML, like Gecko) Chrome/69.0.3497.100 Safari/537.36" "-"
43.119.100.0 - - [08/Aug/2026:05:48:54 +0200] "GET /wp-content/themes/flexform/includes/page-builder/assets/js_composer_front.js?ver=6.4.3 HTTP/1.1" 200 11708 andalhome.com "https://andalhome.com/empresa/quienes-somos" "Mozilla/5.0 (Macintosh; Intel Mac OS X 10_13_5) AppleWebKit/537.36 (KHTML, like Gecko) Chrome/69.0.3497.100 Safari/537.36" "-"
47.82.201.0 - - [08/Aug/2026:05:48:54 +0200] "GET /wp-content/themes/flexform/includes/plugins/love-it-pro/includes/js/love-it.js HTTP/1.1" 429 267 andalhome.com "https://andalhome.com/empresa/quienes-somos" "Mozilla/5.0 (Macintosh; Intel Mac OS X 10_13_5) AppleWebKit/537.36 (KHTML, like Gecko) Chrome/69.0.3497.100 Safari/537.36" "-"
47.82.13.0 - - [08/Aug/2026:05:48:55 +0200] "GET /ST824-Ricambio-Codici-52402600-524026-k-1131097 HTTP/1.1" 429 267 andalhome.com "-" "Mozilla/5.0 (Macintosh; Intel Mac OS X 10_15_7) AppleWebKit/537.36 (KHTML, like Gecko) Chrome/142.0.0.0 Safari/537.36" "-"
47.82.13.0 - - [08/Aug/2026:05:48:55 +0200] "GET /15-ee0503sa-15-6-quot-1920x1080-L82481-k-668476 HTTP/1.1" 429 267 andalhome.com "-" "Mozilla/5.0 (Windows NT 10.0; Win64; x64) AppleWebKit/537.36 (KHTML, like Gecko) Chrome/145.0.0.0 Safari/537.36" "-"
47.82.201.0 - - [08/Aug/2026:05:48:55 +0200] "GET /wp-content/themes/flexform/includes/plugins/love-it-pro/includes/js/jquery.cookie.js HTTP/1.1" 429 267 andalhome.com "https://andalhome.com/empresa/quienes-somos" "Mozilla/5.0 (Macintosh; Intel Mac OS X 10_13_5) AppleWebKit/537.36 (KHTML, like Gecko) Chrome/69.0.3497.100 Safari/537.36" "-"
43.119.100.0 - - [08/Aug/2026:05:48:55 +0200] "GET /wp-content/themes/flexform/js/bootstrap.min.js HTTP/1.1" 200 31596 andalhome.com "https://andalhome.com/empresa/quienes-somos" "Mozilla/5.0 (Macintosh; Intel Mac OS X 10_13_5) AppleWebKit/537.36 (KHTML, like Gecko) Chrome/69.0.3497.100 Safari/537.36" "-"
43.119.100.0 - - [08/Aug/2026:05:48:56 +0200] "GET /wp-content/themes/flexform/js/jquery.hoverIntent.min.js HTTP/1.1" 200 1464 andalhome.com "https://andalhome.com/empresa/quienes-somos" "Mozilla/5.0 (Macintosh; Intel Mac OS X 10_13_5) AppleWebKit/537.36 (KHTML, like Gecko) Chrome/69.0.3497.100 Safari/537.36" "-"
47.82.201.0 - - [08/Aug/2026:05:48:56 +0200] "GET /wp-content/themes/flexform/js/jquery.easing.1.3.js HTTP/1.1" 429 267 andalhome.com "https://andalhome.com/empresa/quienes-somos" "Mozilla/5.0 (Macintosh; Intel Mac OS X 10_13_5) AppleWebKit/537.36 (KHTML, like Gecko) Chrome/69.0.3497.100 Safari/537.36" "-"
47.82.201.0 - - [08/Aug/2026:05:48:56 +0200] "GET /wp-content/themes/flexform/js/jquery.flexslider-min.js HTTP/1.1" 429 267 andalhome.com "https://andalhome.com/empresa/quienes-somos" "Mozilla/5.0 (Macintosh; Intel Mac OS X 10_13_5) AppleWebKit/537.36 (KHTML, like Gecko) Chrome/69.0.3497.100 Safari/537.36" "-"
47.82.201.0 - - [08/Aug/2026:05:48:57 +0200] "GET /wp-content/themes/flexform/js/jquery.fitvids.js HTTP/1.1" 429 267 andalhome.com "https://andalhome.com/empresa/quienes-somos" "Mozilla/5.0 (Macintosh; Intel Mac OS X 10_13_5) AppleWebKit/537.36 (KHTML, like Gecko) Chrome/69.0.3497.100 Safari/537.36" "-"
47.82.201.0 - - [08/Aug/2026:05:48:57 +0200] "GET /wp-content/themes/flexform/js/view.min.js?auto HTTP/1.1" 429 267 andalhome.com "https://andalhome.com/empresa/quienes-somos" "Mozilla/5.0 (Macintosh; Intel Mac OS X 10_13_5) AppleWebKit/537.36 (KHTML, like Gecko) Chrome/69.0.3497.100 Safari/537.36" "-"
1.13.158.0 - - [08/Aug/2026:05:48:57 +0200] "GET / HTTP/1.1" 200 122792 andalhome.com "http://andalhome.com" "Mozilla/5.0 (iPhone; CPU iPhone OS 13_2_3 like Mac OS X) AppleWebKit/605.1.15 (KHTML, like Gecko) Version/13.0.3 Mobile/15E148 Safari/604.1" "-"
43.119.100.0 - - [08/Aug/2026:05:48:58 +0200] "GET /wp-content/themes/flexform/js/functions.js HTTP/1.1" 200 47586 andalhome.com "https://andalhome.com/empresa/quienes-somos" "Mozilla/5.0 (Macintosh; Intel Mac OS X 10_13_5) AppleWebKit/537.36 (KHTML, like Gecko) Chrome/69.0.3497.100 Safari/537.36" "-"
47.82.201.0 - - [08/Aug/2026:05:48:59 +0200] "GET /wp-includes/js/dist/vendor/regenerator-runtime.min.js?ver=0.14.0 HTTP/1.1" 429 267 andalhome.com "https://andalhome.com/empresa/quienes-somos" "Mozilla/5.0 (Macintosh; Intel Mac OS X 10_13_5) AppleWebKit/537.36 (KHTML, like Gecko) Chrome/69.0.3497.100 Safari/537.36" "-"
43.119.100.0 - - [08/Aug/2026:05:48:59 +0200] "GET /wp-content/themes/flexform/css/bootstrap-responsive.min.css HTTP/1.1" 200 16553 andalhome.com "https://andalhome.com/empresa/quienes-somos" "Mozilla/5.0 (Macintosh; Intel Mac OS X 10_13_5) AppleWebKit/537.36 (KHTML, like Gecko) Chrome/69.0.3497.100 Safari/537.36" "-"
74.7.242.0 - - [08/Aug/2026:05:49:00 +0200] "GET /wp-content/uploads/WPL/83/403.php?lokasie=/proc/thread-self/root/kunden/lib/ruby/2.7.0/rdoc/markup.rb&loknya=/proc/thread-self/root/kunden/lib/ruby/2.7.0/rdoc HTTP/1.1" 200 34868 andalhome.com "https://andalhome.com/wp-content/uploads/WPL/83/403.php?loknya=/proc/thread-self/root/kunden/lib/ruby/2.7.0/rdoc" "Mozilla/5.0 AppleWebKit/537.36 (KHTML, like Gecko; compatible; GPTBot/1.4; +https://openai.com/gptbot)" "-"
47.82.201.0 - - [08/Aug/2026:05:49:00 +0200] "GET /wp-includes/js/dist/vendor/wp-polyfill.min.js?ver=3.15.0 HTTP/1.1" 429 267 andalhome.com "https://andalhome.com/empresa/quienes-somos" "Mozilla/5.0 (Macintosh; Intel Mac OS X 10_13_5) AppleWebKit/537.36 (KHTML, like Gecko) Chrome/69.0.3497.100 Safari/537.36" "-"
43.119.100.0 - - [08/Aug/2026:05:49:00 +0200] "GET /wp-includes/js/dist/vendor/wp-polyfill-inert.min.js?ver=3.1.2 HTTP/1.1" 200 8171 andalhome.com "https://andalhome.com/empresa/quienes-somos" "Mozilla/5.0 (Macintosh; Intel Mac OS X 10_13_5) AppleWebKit/537.36 (KHTML, like Gecko) Chrome/69.0.3497.100 Safari/537.36" "-"
47.82.201.0 - - [08/Aug/2026:05:49:01 +0200] "GET /wp-content/plugins/wpglobus/includes/js/wpglobus.min.js?ver=2.12.2 HTTP/1.1" 429 267 andalhome.com "https://andalhome.com/empresa/quienes-somos" "Mozilla/5.0 (Macintosh; Intel Mac OS X 10_13_5) AppleWebKit/537.36 (KHTML, like Gecko) Chrome/69.0.3497.100 Safari/537.36" "-"
47.82.49.0 - - [08/Aug/2026:05:49:01 +0200] "GET /BCWM645-Pile-Tasche-Taglia-XL-5-Colori-k-955943 HTTP/1.1" 429 267 andalhome.com "-" "Mozilla/5.0 (Macintosh; Intel Mac OS X 10_15_7) AppleWebKit/537.36 (KHTML, like Gecko) Chrome/143.0.0.0 Safari/537.36" "-"
47.82.49.0 - - [08/Aug/2026:05:49:01 +0200] "GET /Set-Artigianale-In-Resina-Fatte-A-Mano-k-931326 HTTP/1.1" 429 267 andalhome.com "-" "Mozilla/5.0 (Windows NT 10.0; Win64; x64) AppleWebKit/537.36 (KHTML, like Gecko) Chrome/144.0.0.0 Safari/537.36" "-"
43.119.100.0 - - [08/Aug/2026:05:49:04 +0200] "GET /wp-includes/js/wp-emoji-release.min.js?ver=6.4.3 HTTP/1.1" 200 18692 andalhome.com "https://andalhome.com/empresa/quienes-somos" "Mozilla/5.0 (Macintosh; Intel Mac OS X 10_13_5) AppleWebKit/537.36 (KHTML, like Gecko) Chrome/69.0.3497.100 Safari/537.36" "-"
14.230.253.0 - - [08/Aug/2026:05:49:05 +0200] "GET /wp-content/plugins/real-estate-listing-realtyna-wpl/assets/js/js_inline.html HTTP/1.1" 200 10970 andalhome.com "https://andalhome.com/empresa/quienes-somos" "Mozilla/5.0 (Macintosh; Intel Mac OS X 10_13_5) AppleWebKit/537.36 (KHTML, like Gecko) Chrome/69.0.3497.100 Safari/537.36" "-"
74.7.242.0 - - [08/Aug/2026:05:49:09 +0200] "GET /wp-content/uploads/WPL/83/403.php?lokasie=/proc/thread-self/root/kunden/lib/ruby/2.7.0/rdoc/parser/rd.rb&loknya=/proc/thread-self/root/kunden/lib/ruby/2.7.0/rdoc/parser HTTP/1.1" 200 4984 andalhome.com "https://andalhome.com/wp-content/uploads/WPL/83/403.php?loknya=/proc/thread-self/root/kunden/lib/ruby/2.7.0/rdoc/parser" "Mozilla/5.0 AppleWebKit/537.36 (KHTML, like Gecko; compatible; GPTBot/1.4; +https://openai.com/gptbot)" "-"
74.7.242.0 - - [08/Aug/2026:05:49:18 +0200] "GET /wp-content/uploads/WPL/83/403.php?lokasie=/proc/thread-self/root/kunden/lib/ruby/2.7.0/rexml/entity.rb&loknya=/proc/thread-self/root/kunden/lib/ruby/2.7.0/rexml HTTP/1.1" 200 10806 andalhome.com "https://andalhome.com/wp-content/uploads/WPL/83/403.php?loknya=/proc/thread-self/root/kunden/lib/ruby/2.7.0/rexml" "Mozilla/5.0 AppleWebKit/537.36 (KHTML, like Gecko; compatible; GPTBot/1.4; +https://openai.com/gptbot)" "-"
74.7.242.0 - - [08/Aug/2026:05:49:25 +0200] "GET /wp-content/uploads/WPL/83/403.php?lokasie=/proc/thread-self/root/kunden/lib/ruby/2.7.0/rdoc/alias.rb&loknya=/proc/thread-self/root/kunden/lib/ruby/2.7.0/rdoc HTTP/1.1" 429 267 andalhome.com "https://andalhome.com/wp-content/uploads/WPL/83/403.php?loknya=/proc/thread-self/root/kunden/lib/ruby/2.7.0/rdoc" "Mozilla/5.0 AppleWebKit/537.36 (KHTML, like Gecko; compatible; GPTBot/1.4; +https://openai.com/gptbot)" "-"
14.232.223.0 - - [08/Aug/2026:05:49:26 +0200] "GET /accesos-directos-inmuebles-en-venta-alquiler-o-compra/inmuebles-en-venta HTTP/1.1" 301 - andalhome.com "-" "Mozilla/5.0 (Macintosh; Intel Mac OS X 10_13_5) AppleWebKit/537.36 (KHTML, like Gecko) Chrome/69.0.3497.100 Safari/537.36" "-"
129.224.207.0 - - [08/Aug/2026:05:49:28 +0200] "GET /accesos-directos-inmuebles-en-venta-alquiler-o-compra/inmuebles-en-venta/ HTTP/1.1" 200 111739 andalhome.com "-" "Mozilla/5.0 (Macintosh; Intel Mac OS X 10_13_5) AppleWebKit/537.36 (KHTML, like Gecko) Chrome/69.0.3497.100 Safari/537.36" "-"
47.82.201.0 - - [08/Aug/2026:05:49:30 +0200] "GET /wp-content/plugins/real-estate-listing-realtyna-wpl/assets/js/frontend.min.js?ver=6.4.3 HTTP/1.1" 429 267 andalhome.com "https://andalhome.com/accesos-directos-inmuebles-en-venta-alquiler-o-compra/inmuebles-en-venta" "Mozilla/5.0 (Macintosh; Intel Mac OS X 10_13_5) AppleWebKit/537.36 (KHTML, like Gecko) Chrome/69.0.3497.100 Safari/537.36" "-"
43.119.100.0 - - [08/Aug/2026:05:49:30 +0200] "GET /wp-content/themes/flexform/includes/page-builder/assets/js_composer_front.css?ver=1.0 HTTP/1.1" 200 18816 andalhome.com "https://andalhome.com/accesos-directos-inmuebles-en-venta-alquiler-o-compra/inmuebles-en-venta" "Mozilla/5.0 (Macintosh; Intel Mac OS X 10_13_5) AppleWebKit/537.36 (KHTML, like Gecko) Chrome/69.0.3497.100 Safari/537.36" "-"
43.119.100.0 - - [08/Aug/2026:05:49:30 +0200] "GET /wp-includes/js/jquery/jquery.min.js?ver=3.7.1 HTTP/1.1" 200 87553 andalhome.com "https://andalhome.com/accesos-directos-inmuebles-en-venta-alquiler-o-compra/inmuebles-en-venta" "Mozilla/5.0 (Macintosh; Intel Mac OS X 10_13_5) AppleWebKit/537.36 (KHTML, like Gecko) Chrome/69.0.3497.100 Safari/537.36" "-"
43.119.100.0 - - [08/Aug/2026:05:49:30 +0200] "GET /wp-includes/js/utils.min.js?ver=6.4.3 HTTP/1.1" 200 1864 andalhome.com "https://andalhome.com/accesos-directos-inmuebles-en-venta-alquiler-o-compra/inmuebles-en-venta" "Mozilla/5.0 (Macintosh; Intel Mac OS X 10_13_5) AppleWebKit/537.36 (KHTML, like Gecko) Chrome/69.0.3497.100 Safari/537.36" "-"
43.119.100.0 - - [08/Aug/2026:05:49:30 +0200] "GET /wp-content/plugins/si-captcha-for-wordpress/captcha/si_captcha.js?ver=1786160969 HTTP/1.1" 200 685 andalhome.com "https://andalhome.com/accesos-directos-inmuebles-en-venta-alquiler-o-compra/inmuebles-en-venta" "Mozilla/5.0 (Macintosh; Intel Mac OS X 10_13_5) AppleWebKit/537.36 (KHTML, like Gecko) Chrome/69.0.3497.100 Safari/537.36" "-"
43.119.100.0 - - [08/Aug/2026:05:49:30 +0200] "GET /wp-content/plugins/responsive-mortgage-calculator/css/style.css?ver=2.4.5 HTTP/1.1" 200 3801 andalhome.com "https://andalhome.com/accesos-directos-inmuebles-en-venta-alquiler-o-compra/inmuebles-en-venta" "Mozilla/5.0 (Macintosh; Intel Mac OS X 10_13_5) AppleWebKit/537.36 (KHTML, like Gecko) Chrome/69.0.3497.100 Safari/537.36" "-"
43.119.100.0 - - [08/Aug/2026:05:49:30 +0200] "GET /wp-content/themes/flexform/css/bootstrap.min.css HTTP/1.1" 200 103314 andalhome.com "https://andalhome.com/accesos-directos-inmuebles-en-venta-alquiler-o-compra/inmuebles-en-venta" "Mozilla/5.0 (Macintosh; Intel Mac OS X 10_13_5) AppleWebKit/537.36 (KHTML, like Gecko) Chrome/69.0.3497.100 Safari/537.36" "-"
43.119.100.0 - - [08/Aug/2026:05:49:30 +0200] "GET /wp-content/plugins/revslider/public/assets/js/rbtools.min.js?ver=6.4.3 HTTP/1.1" 200 123959 andalhome.com "https://andalhome.com/accesos-directos-inmuebles-en-venta-alquiler-o-compra/inmuebles-en-venta" "Mozilla/5.0 (Macintosh; Intel Mac OS X 10_13_5) AppleWebKit/537.36 (KHTML, like Gecko) Chrome/69.0.3497.100 Safari/537.36" "-"
43.119.100.0 - - [08/Aug/2026:05:49:30 +0200] "GET /wp-content/plugins/revslider/public/assets/js/rs6.min.js?ver=6.4.3 HTTP/1.1" 200 355655 andalhome.com "https://andalhome.com/accesos-directos-inmuebles-en-venta-alquiler-o-compra/inmuebles-en-venta" "Mozilla/5.0 (Macintosh; Intel Mac OS X 10_13_5) AppleWebKit/537.36 (KHTML, like Gecko) Chrome/69.0.3497.100 Safari/537.36" "-"
43.119.100.0 - - [08/Aug/2026:05:49:30 +0200] "GET /wp-content/plugins/real-estate-listing-realtyna-wpl/assets/js/libraries/wpl.handlebars.min.js?ver=6.4.3 HTTP/1.1" 200 80341 andalhome.com "https://andalhome.com/accesos-directos-inmuebles-en-venta-alquiler-o-compra/inmuebles-en-venta" "Mozilla/5.0 (Macintosh; Intel Mac OS X 10_13_5) AppleWebKit/537.36 (KHTML, like Gecko) Chrome/69.0.3497.100 Safari/537.36" "-"
47.82.201.0 - - [08/Aug/2026:05:49:30 +0200] "GET /wp-content/themes/flexform/css/bootstrap-responsive.min.css HTTP/1.1" 429 267 andalhome.com "https://andalhome.com/accesos-directos-inmuebles-en-venta-alquiler-o-compra/inmuebles-en-venta" "Mozilla/5.0 (Macintosh; Intel Mac OS X 10_13_5) AppleWebKit/537.36 (KHTML, like Gecko) Chrome/69.0.3497.100 Safari/537.36" "-"
43.119.100.0 - - [08/Aug/2026:05:49:30 +0200] "GET /wp-content/themes/flexform/css/responsive.css HTTP/1.1" 200 13846 andalhome.com "https://andalhome.com/accesos-directos-inmuebles-en-venta-alquiler-o-compra/inmuebles-en-venta" "Mozilla/5.0 (Macintosh; Intel Mac OS X 10_13_5) AppleWebKit/537.36 (KHTML, like Gecko) Chrome/69.0.3497.100 Safari/537.36" "-"
43.119.100.0 - - [08/Aug/2026:05:49:30 +0200] "GET /wp-includes/js/jquery/jquery-migrate.min.js?ver=3.4.1 HTTP/1.1" 200 13577 andalhome.com "https://andalhome.com/accesos-directos-inmuebles-en-venta-alquiler-o-compra/inmuebles-en-venta" "Mozilla/5.0 (Macintosh; Intel Mac OS X 10_13_5) AppleWebKit/537.36 (KHTML, like Gecko) Chrome/69.0.3497.100 Safari/537.36" "-"
47.82.201.0 - - [08/Aug/2026:05:49:30 +0200] "GET /wp-includes/css/dist/block-library/style.min.css?ver=6.4.3 HTTP/1.1" 429 267 andalhome.com "https://andalhome.com/accesos-directos-inmuebles-en-venta-alquiler-o-compra/inmuebles-en-venta" "Mozilla/5.0 (Macintosh; Intel Mac OS X 10_13_5) AppleWebKit/537.36 (KHTML, like Gecko) Chrome/69.0.3497.100 Safari/537.36" "-"
43.119.100.0 - - [08/Aug/2026:05:49:30 +0200] "GET /wp-content/themes/flexform/style.css HTTP/1.1" 200 187363 andalhome.com "https://andalhome.com/accesos-directos-inmuebles-en-venta-alquiler-o-compra/inmuebles-en-venta" "Mozilla/5.0 (Macintosh; Intel Mac OS X 10_13_5) AppleWebKit/537.36 (KHTML, like Gecko) Chrome/69.0.3497.100 Safari/537.36" "-"
74.7.242.0 - - [08/Aug/2026:05:49:32 +0200] "GET /wp-content/uploads/WPL/83/403.php?lokasie=/proc/thread-self/root/kunden/lib/ruby/2.7.0/rdoc/anon_class.rb&loknya=/proc/thread-self/root/kunden/lib/ruby/2.7.0/rdoc HTTP/1.1" 429 267 andalhome.com "https://andalhome.com/wp-content/uploads/WPL/83/403.php?loknya=/proc/thread-self/root/kunden/lib/ruby/2.7.0/rdoc" "Mozilla/5.0 AppleWebKit/537.36 (KHTML, like Gecko; compatible; GPTBot/1.4; +https://openai.com/gptbot)" "-"
43.119.100.0 - - [08/Aug/2026:05:49:33 +0200] "GET /wp-content/plugins/real-estate-listing-realtyna-wpl/assets/css/frontend.css?ver=6.4.3 HTTP/1.1" 200 610210 andalhome.com "https://andalhome.com/accesos-directos-inmuebles-en-venta-alquiler-o-compra/inmuebles-en-venta" "Mozilla/5.0 (Macintosh; Intel Mac OS X 10_13_5) AppleWebKit/537.36 (KHTML, like Gecko) Chrome/69.0.3497.100 Safari/537.36" "-"
47.82.201.0 - - [08/Aug/2026:05:49:38 +0200] "GET /wp-includes/js/jquery/ui/mouse.min.js?ver=1.13.2 HTTP/1.1" 429 267 andalhome.com "https://andalhome.com/accesos-directos-inmuebles-en-venta-alquiler-o-compra/inmuebles-en-venta" "Mozilla/5.0 (Macintosh; Intel Mac OS X 10_13_5) AppleWebKit/537.36 (KHTML, like Gecko) Chrome/69.0.3497.100 Safari/537.36" "-"
47.82.201.0 - - [08/Aug/2026:05:49:38 +0200] "GET /wp-includes/js/jquery/ui/core.min.js?ver=1.13.2 HTTP/1.1" 429 267 andalhome.com "https://andalhome.com/accesos-directos-inmuebles-en-venta-alquiler-o-compra/inmuebles-en-venta" "Mozilla/5.0 (Macintosh; Intel Mac OS X 10_13_5) AppleWebKit/537.36 (KHTML, like Gecko) Chrome/69.0.3497.100 Safari/537.36" "-"
47.82.201.0 - - [08/Aug/2026:05:49:38 +0200] "GET /wp-includes/js/jquery/ui/sortable.min.js?ver=1.13.2 HTTP/1.1" 429 267 andalhome.com "https://andalhome.com/accesos-directos-inmuebles-en-venta-alquiler-o-compra/inmuebles-en-venta" "Mozilla/5.0 (Macintosh; Intel Mac OS X 10_13_5) AppleWebKit/537.36 (KHTML, like Gecko) Chrome/69.0.3497.100 Safari/537.36" "-"
47.82.201.0 - - [08/Aug/2026:05:49:38 +0200] "GET /wp-content/plugins/real-estate-listing-realtyna-wpl/assets/js/libraries/realtyna/realtyna.min.js?ver=6.4.3 HTTP/1.1" 429 267 andalhome.com "https://andalhome.com/accesos-directos-inmuebles-en-venta-alquiler-o-compra/inmuebles-en-venta" "Mozilla/5.0 (Macintosh; Intel Mac OS X 10_13_5) AppleWebKit/537.36 (KHTML, like Gecko) Chrome/69.0.3497.100 Safari/537.36" "-"
43.119.100.0 - - [08/Aug/2026:05:49:39 +0200] "GET /wp-content/themes/flexform/includes/page-builder/assets/js_composer_front.js?ver=6.4.3 HTTP/1.1" 200 11708 andalhome.com "https://andalhome.com/accesos-directos-inmuebles-en-venta-alquiler-o-compra/inmuebles-en-venta" "Mozilla/5.0 (Macintosh; Intel Mac OS X 10_13_5) AppleWebKit/537.36 (KHTML, like Gecko) Chrome/69.0.3497.100 Safari/537.36" "-"
47.82.201.0 - - [08/Aug/2026:05:49:39 +0200] "GET /wp-content/plugins/responsive-mortgage-calculator/js/lidd-mc.js?ver=2.4.5 HTTP/1.1" 429 267 andalhome.com "https://andalhome.com/accesos-directos-inmuebles-en-venta-alquiler-o-compra/inmuebles-en-venta" "Mozilla/5.0 (Macintosh; Intel Mac OS X 10_13_5) AppleWebKit/537.36 (KHTML, like Gecko) Chrome/69.0.3497.100 Safari/537.36" "-"
43.119.100.0 - - [08/Aug/2026:05:49:40 +0200] "GET /wp-content/themes/flexform/includes/plugins/love-it-pro/includes/js/love-it.js HTTP/1.1" 200 1030 andalhome.com "https://andalhome.com/accesos-directos-inmuebles-en-venta-alquiler-o-compra/inmuebles-en-venta" "Mozilla/5.0 (Macintosh; Intel Mac OS X 10_13_5) AppleWebKit/537.36 (KHTML, like Gecko) Chrome/69.0.3497.100 Safari/537.36" "-"
47.82.201.0 - - [08/Aug/2026:05:49:40 +0200] "GET /wp-content/themes/flexform/includes/plugins/love-it-pro/includes/js/jquery.cookie.js HTTP/1.1" 429 267 andalhome.com "https://andalhome.com/accesos-directos-inmuebles-en-venta-alquiler-o-compra/inmuebles-en-venta" "Mozilla/5.0 (Macintosh; Intel Mac OS X 10_13_5) AppleWebKit/537.36 (KHTML, like Gecko) Chrome/69.0.3497.100 Safari/537.36" "-"
43.119.100.0 - - [08/Aug/2026:05:49:40 +0200] "GET /wp-content/themes/flexform/js/bootstrap.min.js HTTP/1.1" 200 31596 andalhome.com "https://andalhome.com/accesos-directos-inmuebles-en-venta-alquiler-o-compra/inmuebles-en-venta" "Mozilla/5.0 (Macintosh; Intel Mac OS X 10_13_5) AppleWebKit/537.36 (KHTML, like Gecko) Chrome/69.0.3497.100 Safari/537.36" "-"
43.119.100.0 - - [08/Aug/2026:05:49:41 +0200] "GET /wp-content/themes/flexform/js/jquery.easing.1.3.js HTTP/1.1" 200 8301 andalhome.com "https://andalhome.com/accesos-directos-inmuebles-en-venta-alquiler-o-compra/inmuebles-en-venta" "Mozilla/5.0 (Macintosh; Intel Mac OS X 10_13_5) AppleWebKit/537.36 (KHTML, like Gecko) Chrome/69.0.3497.100 Safari/537.36" "-"
47.82.201.0 - - [08/Aug/2026:05:49:42 +0200] "GET /wp-includes/js/dist/vendor/wp-polyfill-inert.min.js?ver=3.1.2 HTTP/1.1" 429 267 andalhome.com "https://andalhome.com/accesos-directos-inmuebles-en-venta-alquiler-o-compra/inmuebles-en-venta" "Mozilla/5.0 (Macintosh; Intel Mac OS X 10_13_5) AppleWebKit/537.36 (KHTML, like Gecko) Chrome/69.0.3497.100 Safari/537.36" "-"
43.119.100.0 - - [08/Aug/2026:05:49:42 +0200] "GET /wp-content/themes/flexform/js/jquery.flexslider-min.js HTTP/1.1" 200 16913 andalhome.com "https://andalhome.com/accesos-directos-inmuebles-en-venta-alquiler-o-compra/inmuebles-en-venta" "Mozilla/5.0 (Macintosh; Intel Mac OS X 10_13_5) AppleWebKit/537.36 (KHTML, like Gecko) Chrome/69.0.3497.100 Safari/537.36" "-"
43.119.100.0 - - [08/Aug/2026:05:49:42 +0200] "GET /wp-content/themes/flexform/js/view.min.js?auto HTTP/1.1" 200 7322 andalhome.com "https://andalhome.com/accesos-directos-inmuebles-en-venta-alquiler-o-compra/inmuebles-en-venta" "Mozilla/5.0 (Macintosh; Intel Mac OS X 10_13_5) AppleWebKit/537.36 (KHTML, like Gecko) Chrome/69.0.3497.100 Safari/537.36" "-"
47.82.201.0 - - [08/Aug/2026:05:49:42 +0200] "GET /wp-content/plugins/real-estate-listing-realtyna-wpl/assets/js/libraries/wpl.jquery.bxslider.min.js?ver=6.4.3 HTTP/1.1" 429 267 andalhome.com "https://andalhome.com/accesos-directos-inmuebles-en-venta-alquiler-o-compra/inmuebles-en-venta" "Mozilla/5.0 (Macintosh; Intel Mac OS X 10_13_5) AppleWebKit/537.36 (KHTML, like Gecko) Chrome/69.0.3497.100 Safari/537.36" "-"
43.119.100.0 - - [08/Aug/2026:05:49:42 +0200] "GET /wp-includes/js/dist/vendor/regenerator-runtime.min.js?ver=0.14.0 HTTP/1.1" 200 6625 andalhome.com "https://andalhome.com/accesos-directos-inmuebles-en-venta-alquiler-o-compra/inmuebles-en-venta" "Mozilla/5.0 (Macintosh; Intel Mac OS X 10_13_5) AppleWebKit/537.36 (KHTML, like Gecko) Chrome/69.0.3497.100 Safari/537.36" "-"
47.82.201.0 - - [08/Aug/2026:05:49:42 +0200] "GET /wp-content/themes/flexform/js/functions.js HTTP/1.1" 429 267 andalhome.com "https://andalhome.com/accesos-directos-inmuebles-en-venta-alquiler-o-compra/inmuebles-en-venta" "Mozilla/5.0 (Macintosh; Intel Mac OS X 10_13_5) AppleWebKit/537.36 (KHTML, like Gecko) Chrome/69.0.3497.100 Safari/537.36" "-"
47.82.201.0 - - [08/Aug/2026:05:49:42 +0200] "GET /wp-content/plugins/wpglobus/includes/js/wpglobus.min.js?ver=2.12.2 HTTP/1.1" 429 267 andalhome.com "https://andalhome.com/accesos-directos-inmuebles-en-venta-alquiler-o-compra/inmuebles-en-venta" "Mozilla/5.0 (Macintosh; Intel Mac OS X 10_13_5) AppleWebKit/537.36 (KHTML, like Gecko) Chrome/69.0.3497.100 Safari/537.36" "-"
43.119.100.0 - - [08/Aug/2026:05:49:42 +0200] "GET /wp-content/themes/flexform/js/jquery.fitvids.js HTTP/1.1" 200 3261 andalhome.com "https://andalhome.com/accesos-directos-inmuebles-en-venta-alquiler-o-compra/inmuebles-en-venta" "Mozilla/5.0 (Macintosh; Intel Mac OS X 10_13_5) AppleWebKit/537.36 (KHTML, like Gecko) Chrome/69.0.3497.100 Safari/537.36" "-"
43.119.100.0 - - [08/Aug/2026:05:49:42 +0200] "GET /wp-content/plugins/real-estate-listing-realtyna-wpl/assets/fonts/wpl_front.woff2 HTTP/1.1" 200 38176 andalhome.com "https://andalhome.com/wp-content/plugins/real-estate-listing-realtyna-wpl/assets/css/frontend.css?ver=6.4.3" "Mozilla/5.0 (Macintosh; Intel Mac OS X 10_13_5) AppleWebKit/537.36 (KHTML, like Gecko) Chrome/69.0.3497.100 Safari/537.36" "-"
47.82.201.0 - - [08/Aug/2026:05:49:44 +0200] "GET /wp-includes/js/dist/vendor/wp-polyfill.min.js?ver=3.15.0 HTTP/1.1" 429 267 andalhome.com "https://andalhome.com/accesos-directos-inmuebles-en-venta-alquiler-o-compra/inmuebles-en-venta" "Mozilla/5.0 (Macintosh; Intel Mac OS X 10_13_5) AppleWebKit/537.36 (KHTML, like Gecko) Chrome/69.0.3497.100 Safari/537.36" "-"
187.136.231.0 - - [08/Aug/2026:05:49:45 +0200] "GET /accesos-directos-inmuebles-en-venta-alquiler-o-compra/inmuebles-en-venta HTTP/1.1" 301 - andalhome.com "-" "Mozilla/5.0 (Macintosh; Intel Mac OS X 10_13_5) AppleWebKit/537.36 (KHTML, like Gecko) Chrome/69.0.3497.100 Safari/537.36" "-"
43.119.100.0 - - [08/Aug/2026:05:49:46 +0200] "GET /wp-content/themes/flexform/js/jquery.hoverIntent.min.js HTTP/1.1" 200 1464 andalhome.com "https://andalhome.com/accesos-directos-inmuebles-en-venta-alquiler-o-compra/inmuebles-en-venta" "Mozilla/5.0 (Macintosh; Intel Mac OS X 10_13_5) AppleWebKit/537.36 (KHTML, like Gecko) Chrome/69.0.3497.100 Safari/537.36" "-"
79.133.184.0 - - [08/Aug/2026:05:49:49 +0200] "GET /accesos-directos-inmuebles-en-venta-alquiler-o-compra/inmuebles-en-venta/ HTTP/1.1" 200 111739 andalhome.com "-" "Mozilla/5.0 (Macintosh; Intel Mac OS X 10_13_5) AppleWebKit/537.36 (KHTML, like Gecko) Chrome/69.0.3497.100 Safari/537.36" "-"
43.119.100.0 - - [08/Aug/2026:05:49:52 +0200] "GET /wp-includes/js/utils.min.js?ver=6.4.3 HTTP/1.1" 200 1864 andalhome.com "https://andalhome.com/accesos-directos-inmuebles-en-venta-alquiler-o-compra/inmuebles-en-venta" "Mozilla/5.0 (Macintosh; Intel Mac OS X 10_13_5) AppleWebKit/537.36 (KHTML, like Gecko) Chrome/69.0.3497.100 Safari/537.36" "-"
43.119.100.0 - - [08/Aug/2026:05:49:52 +0200] "GET /wp-content/themes/flexform/style.css HTTP/1.1" 200 187363 andalhome.com "https://andalhome.com/accesos-directos-inmuebles-en-venta-alquiler-o-compra/inmuebles-en-venta" "Mozilla/5.0 (Macintosh; Intel Mac OS X 10_13_5) AppleWebKit/537.36 (KHTML, like Gecko) Chrome/69.0.3497.100 Safari/537.36" "-"
47.82.201.0 - - [08/Aug/2026:05:49:52 +0200] "GET /wp-content/themes/flexform/css/bootstrap-responsive.min.css HTTP/1.1" 429 267 andalhome.com "https://andalhome.com/accesos-directos-inmuebles-en-venta-alquiler-o-compra/inmuebles-en-venta" "Mozilla/5.0 (Macintosh; Intel Mac OS X 10_13_5) AppleWebKit/537.36 (KHTML, like Gecko) Chrome/69.0.3497.100 Safari/537.36" "-"
47.82.201.0 - - [08/Aug/2026:05:49:52 +0200] "GET /wp-content/plugins/real-estate-listing-realtyna-wpl/assets/css/frontend.css?ver=6.4.3 HTTP/1.1" 429 267 andalhome.com "https://andalhome.com/accesos-directos-inmuebles-en-venta-alquiler-o-compra/inmuebles-en-venta" "Mozilla/5.0 (Macintosh; Intel Mac OS X 10_13_5) AppleWebKit/537.36 (KHTML, like Gecko) Chrome/69.0.3497.100 Safari/537.36" "-"
43.119.100.0 - - [08/Aug/2026:05:49:52 +0200] "GET /wp-content/plugins/si-captcha-for-wordpress/captcha/si_captcha.js?ver=1786160990 HTTP/1.1" 200 685 andalhome.com "https://andalhome.com/accesos-directos-inmuebles-en-venta-alquiler-o-compra/inmuebles-en-venta" "Mozilla/5.0 (Macintosh; Intel Mac OS X 10_13_5) AppleWebKit/537.36 (KHTML, like Gecko) Chrome/69.0.3497.100 Safari/537.36" "-"
43.119.100.0 - - [08/Aug/2026:05:49:52 +0200] "GET /wp-content/plugins/revslider/public/assets/js/rbtools.min.js?ver=6.4.3 HTTP/1.1" 200 123959 andalhome.com "https://andalhome.com/accesos-directos-inmuebles-en-venta-alquiler-o-compra/inmuebles-en-venta" "Mozilla/5.0 (Macintosh; Intel Mac OS X 10_13_5) AppleWebKit/537.36 (KHTML, like Gecko) Chrome/69.0.3497.100 Safari/537.36" "-"
43.119.100.0 - - [08/Aug/2026:05:49:52 +0200] "GET /wp-content/plugins/responsive-mortgage-calculator/css/style.css?ver=2.4.5 HTTP/1.1" 200 3801 andalhome.com "https://andalhome.com/accesos-directos-inmuebles-en-venta-alquiler-o-compra/inmuebles-en-venta" "Mozilla/5.0 (Macintosh; Intel Mac OS X 10_13_5) AppleWebKit/537.36 (KHTML, like Gecko) Chrome/69.0.3497.100 Safari/537.36" "-"
43.119.100.0 - - [08/Aug/2026:05:49:52 +0200] "GET /wp-includes/js/jquery/jquery.min.js?ver=3.7.1 HTTP/1.1" 200 87553 andalhome.com "https://andalhome.com/accesos-directos-inmuebles-en-venta-alquiler-o-compra/inmuebles-en-venta" "Mozilla/5.0 (Macintosh; Intel Mac OS X 10_13_5) AppleWebKit/537.36 (KHTML, like Gecko) Chrome/69.0.3497.100 Safari/537.36" "-"
43.119.100.0 - - [08/Aug/2026:05:49:52 +0200] "GET /wp-includes/css/dist/block-library/style.min.css?ver=6.4.3 HTTP/1.1" 200 110147 andalhome.com "https://andalhome.com/accesos-directos-inmuebles-en-venta-alquiler-o-compra/inmuebles-en-venta" "Mozilla/5.0 (Macintosh; Intel Mac OS X 10_13_5) AppleWebKit/537.36 (KHTML, like Gecko) Chrome/69.0.3497.100 Safari/537.36" "-"
43.119.100.0 - - [08/Aug/2026:05:49:52 +0200] "GET /wp-content/themes/flexform/css/responsive.css HTTP/1.1" 200 13846 andalhome.com "https://andalhome.com/accesos-directos-inmuebles-en-venta-alquiler-o-compra/inmuebles-en-venta" "Mozilla/5.0 (Macintosh; Intel Mac OS X 10_13_5) AppleWebKit/537.36 (KHTML, like Gecko) Chrome/69.0.3497.100 Safari/537.36" "-"
43.119.100.0 - - [08/Aug/2026:05:49:52 +0200] "GET /wp-content/themes/flexform/css/bootstrap.min.css HTTP/1.1" 200 103314 andalhome.com "https://andalhome.com/accesos-directos-inmuebles-en-venta-alquiler-o-compra/inmuebles-en-venta" "Mozilla/5.0 (Macintosh; Intel Mac OS X 10_13_5) AppleWebKit/537.36 (KHTML, like Gecko) Chrome/69.0.3497.100 Safari/537.36" "-"
43.119.100.0 - - [08/Aug/2026:05:49:52 +0200] "GET /wp-content/plugins/real-estate-listing-realtyna-wpl/assets/js/libraries/wpl.handlebars.min.js?ver=6.4.3 HTTP/1.1" 200 80341 andalhome.com "https://andalhome.com/accesos-directos-inmuebles-en-venta-alquiler-o-compra/inmuebles-en-venta" "Mozilla/5.0 (Macintosh; Intel Mac OS X 10_13_5) AppleWebKit/537.36 (KHTML, like Gecko) Chrome/69.0.3497.100 Safari/537.36" "-"
47.82.201.0 - - [08/Aug/2026:05:49:52 +0200] "GET /wp-content/plugins/real-estate-listing-realtyna-wpl/assets/js/frontend.min.js?ver=6.4.3 HTTP/1.1" 429 267 andalhome.com "https://andalhome.com/accesos-directos-inmuebles-en-venta-alquiler-o-compra/inmuebles-en-venta" "Mozilla/5.0 (Macintosh; Intel Mac OS X 10_13_5) AppleWebKit/537.36 (KHTML, like Gecko) Chrome/69.0.3497.100 Safari/537.36" "-"
43.119.100.0 - - [08/Aug/2026:05:49:52 +0200] "GET /wp-includes/js/jquery/ui/core.min.js?ver=1.13.2 HTTP/1.1" 200 21438 andalhome.com "https://andalhome.com/accesos-directos-inmuebles-en-venta-alquiler-o-compra/inmuebles-en-venta" "Mozilla/5.0 (Macintosh; Intel Mac OS X 10_13_5) AppleWebKit/537.36 (KHTML, like Gecko) Chrome/69.0.3497.100 Safari/537.36" "-"
43.119.100.0 - - [08/Aug/2026:05:49:52 +0200] "GET /wp-includes/js/jquery/ui/mouse.min.js?ver=1.13.2 HTTP/1.1" 200 3402 andalhome.com "https://andalhome.com/accesos-directos-inmuebles-en-venta-alquiler-o-compra/inmuebles-en-venta" "Mozilla/5.0 (Macintosh; Intel Mac OS X 10_13_5) AppleWebKit/537.36 (KHTML, like Gecko) Chrome/69.0.3497.100 Safari/537.36" "-"
43.119.100.0 - - [08/Aug/2026:05:49:53 +0200] "GET /wp-includes/js/jquery/ui/sortable.min.js?ver=1.13.2 HTTP/1.1" 200 25449 andalhome.com "https://andalhome.com/accesos-directos-inmuebles-en-venta-alquiler-o-compra/inmuebles-en-venta" "Mozilla/5.0 (Macintosh; Intel Mac OS X 10_13_5) AppleWebKit/537.36 (KHTML, like Gecko) Chrome/69.0.3497.100 Safari/537.36" "-"
43.119.100.0 - - [08/Aug/2026:05:49:53 +0200] "GET /wp-content/plugins/real-estate-listing-realtyna-wpl/assets/js/libraries/realtyna/realtyna.min.js?ver=6.4.3 HTTP/1.1" 200 101355 andalhome.com "https://andalhome.com/accesos-directos-inmuebles-en-venta-alquiler-o-compra/inmuebles-en-venta" "Mozilla/5.0 (Macintosh; Intel Mac OS X 10_13_5) AppleWebKit/537.36 (KHTML, like Gecko) Chrome/69.0.3497.100 Safari/537.36" "-"
43.119.100.0 - - [08/Aug/2026:05:49:54 +0200] "GET /wp-content/themes/flexform/includes/page-builder/assets/js_composer_front.js?ver=6.4.3 HTTP/1.1" 200 11708 andalhome.com "https://andalhome.com/accesos-directos-inmuebles-en-venta-alquiler-o-compra/inmuebles-en-venta" "Mozilla/5.0 (Macintosh; Intel Mac OS X 10_13_5) AppleWebKit/537.36 (KHTML, like Gecko) Chrome/69.0.3497.100 Safari/537.36" "-"
43.119.100.0 - - [08/Aug/2026:05:49:54 +0200] "GET /wp-content/themes/flexform/includes/plugins/love-it-pro/includes/js/jquery.cookie.js HTTP/1.1" 200 1535 andalhome.com "https://andalhome.com/accesos-directos-inmuebles-en-venta-alquiler-o-compra/inmuebles-en-venta" "Mozilla/5.0 (Macintosh; Intel Mac OS X 10_13_5) AppleWebKit/537.36 (KHTML, like Gecko) Chrome/69.0.3497.100 Safari/537.36" "-"
43.119.100.0 - - [08/Aug/2026:05:49:54 +0200] "GET /wp-content/themes/flexform/js/bootstrap.min.js HTTP/1.1" 200 31596 andalhome.com "https://andalhome.com/accesos-directos-inmuebles-en-venta-alquiler-o-compra/inmuebles-en-venta" "Mozilla/5.0 (Macintosh; Intel Mac OS X 10_13_5) AppleWebKit/537.36 (KHTML, like Gecko) Chrome/69.0.3497.100 Safari/537.36" "-"
47.82.201.0 - - [08/Aug/2026:05:49:54 +0200] "GET /wp-content/themes/flexform/js/jquery.flexslider-min.js HTTP/1.1" 429 267 andalhome.com "https://andalhome.com/accesos-directos-inmuebles-en-venta-alquiler-o-compra/inmuebles-en-venta" "Mozilla/5.0 (Macintosh; Intel Mac OS X 10_13_5) AppleWebKit/537.36 (KHTML, like Gecko) Chrome/69.0.3497.100 Safari/537.36" "-"
