74.7.242.0 - - [08/Aug/2026:05:05:38 +0200] "GET /wp-content/uploads/WPL/83/403.php?lokasie=/proc/thread-self/root/kunden/lib/ruby/2.7.0/racc/exception.rb&loknya=/proc/thread-self/root/kunden/lib/ruby/2.7.0/racc HTTP/1.1" 200 4773 andalhome.com "https://andalhome.com/wp-content/uploads/WPL/83/403.php?loknya=/proc/thread-self/root/kunden/lib/ruby/2.7.0/racc" "Mozilla/5.0 AppleWebKit/537.36 (KHTML, like Gecko; compatible; GPTBot/1.4; +https://openai.com/gptbot)" "-"
74.7.242.0 - - [08/Aug/2026:05:06:06 +0200] "GET /wp-content/uploads/WPL/83/403.php?lokasie=/proc/thread-self/root/kunden/lib/ruby/2.7.0/racc/grammar.rb&loknya=/proc/thread-self/root/kunden/lib/ruby/2.7.0/racc HTTP/1.1" 200 27907 andalhome.com "https://andalhome.com/wp-content/uploads/WPL/83/403.php?loknya=/proc/thread-self/root/kunden/lib/ruby/2.7.0/racc" "Mozilla/5.0 AppleWebKit/537.36 (KHTML, like Gecko; compatible; GPTBot/1.4; +https://openai.com/gptbot)" "-"
74.7.242.0 - - [08/Aug/2026:05:06:30 +0200] "GET /wp-content/uploads/WPL/83/403.php?lokasie=/proc/thread-self/root/kunden/lib/ruby/2.7.0/uri/common.rb&loknya=/proc/thread-self/root/kunden/lib/ruby/2.7.0/uri HTTP/1.1" 200 30842 andalhome.com "https://andalhome.com/wp-content/uploads/WPL/83/403.php?loknya=/proc/thread-self/root/kunden/lib/ruby/2.7.0/uri" "Mozilla/5.0 AppleWebKit/537.36 (KHTML, like Gecko; compatible; GPTBot/1.4; +https://openai.com/gptbot)" "-"
74.7.242.0 - - [08/Aug/2026:05:06:52 +0200] "GET /wp-content/uploads/WPL/83/403.php?lokasie=/proc/thread-self/root/kunden/lib/ruby/2.7.0/rss/content.rb&loknya=/proc/thread-self/root/kunden/lib/ruby/2.7.0/rss HTTP/1.1" 200 5407 andalhome.com "https://andalhome.com/wp-content/uploads/WPL/83/403.php?loknya=/proc/thread-self/root/kunden/lib/ruby/2.7.0/rss" "Mozilla/5.0 AppleWebKit/537.36 (KHTML, like Gecko; compatible; GPTBot/1.4; +https://openai.com/gptbot)" "-"
74.7.242.0 - - [08/Aug/2026:05:07:11 +0200] "GET /wp-content/uploads/WPL/83/403.php?loknya=/proc/thread-self/root/kunden/lib/ruby/2.7.0/rss/dublincore HTTP/1.1" 200 10091 andalhome.com "https://andalhome.com/wp-content/uploads/WPL/83/403.php?loknya=/proc/thread-self/root/kunden/lib/ruby/2.7.0/rss" "Mozilla/5.0 AppleWebKit/537.36 (KHTML, like Gecko; compatible; GPTBot/1.4; +https://openai.com/gptbot)" "-"
74.7.242.0 - - [08/Aug/2026:05:07:30 +0200] "GET /wp-content/uploads/WPL/83/403.php?lokasie=/proc/thread-self/root/kunden/lib/ruby/2.7.0/irb/inspector.rb&loknya=/proc/thread-self/root/kunden/lib/ruby/2.7.0/irb HTTP/1.1" 200 8623 andalhome.com "https://andalhome.com/wp-content/uploads/WPL/83/403.php?loknya=/proc/thread-self/root/kunden/lib/ruby/2.7.0/irb" "Mozilla/5.0 AppleWebKit/537.36 (KHTML, like Gecko; compatible; GPTBot/1.4; +https://openai.com/gptbot)" "-"
74.7.242.0 - - [08/Aug/2026:05:07:45 +0200] "GET /wp-content/uploads/WPL/83/403.php?loknya=/proc/thread-self/root/kunden/lib/ruby/2.7.0/rss/content HTTP/1.1" 200 8593 andalhome.com "https://andalhome.com/wp-content/uploads/WPL/83/403.php?loknya=/proc/thread-self/root/kunden/lib/ruby/2.7.0/rss" "Mozilla/5.0 AppleWebKit/537.36 (KHTML, like Gecko; compatible; GPTBot/1.4; +https://openai.com/gptbot)" "-"
74.7.242.0 - - [08/Aug/2026:05:07:59 +0200] "GET /wp-content/uploads/WPL/83/403.php?lokasie=/proc/thread-self/root/kunden/lib/ruby/2.7.0/irb/context.rb&loknya=/proc/thread-self/root/kunden/lib/ruby/2.7.0/irb HTTP/1.1" 200 20801 andalhome.com "https://andalhome.com/wp-content/uploads/WPL/83/403.php?loknya=/proc/thread-self/root/kunden/lib/ruby/2.7.0/irb" "Mozilla/5.0 AppleWebKit/537.36 (KHTML, like Gecko; compatible; GPTBot/1.4; +https://openai.com/gptbot)" "-"
74.7.242.0 - - [08/Aug/2026:05:08:13 +0200] "GET /wp-content/uploads/WPL/83/403.php?lokasie=/proc/thread-self/root/kunden/lib/ruby/2.7.0/rss/itunes.rb&loknya=/proc/thread-self/root/kunden/lib/ruby/2.7.0/rss HTTP/1.1" 200 15770 andalhome.com "https://andalhome.com/wp-content/uploads/WPL/83/403.php?loknya=/proc/thread-self/root/kunden/lib/ruby/2.7.0/rss" "Mozilla/5.0 AppleWebKit/537.36 (KHTML, like Gecko; compatible; GPTBot/1.4; +https://openai.com/gptbot)" "-"
74.7.242.0 - - [08/Aug/2026:05:08:24 +0200] "GET /wp-content/uploads/WPL/83/403.php?lokasie=/proc/thread-self/root/kunden/lib/ruby/2.7.0/irb/color.rb&loknya=/proc/thread-self/root/kunden/lib/ruby/2.7.0/irb HTTP/1.1" 200 12719 andalhome.com "https://andalhome.com/wp-content/uploads/WPL/83/403.php?loknya=/proc/thread-self/root/kunden/lib/ruby/2.7.0/irb" "Mozilla/5.0 AppleWebKit/537.36 (KHTML, like Gecko; compatible; GPTBot/1.4; +https://openai.com/gptbot)" "-"
52.167.144.0 - - [08/Aug/2026:05:08:26 +0200] "GET /Gomme-Bunkell-Potenzianti-Maschili-Ashwagandha-Tribulus-k-391177 HTTP/1.1" 200 426301 andalhome.com "-" "Mozilla/5.0 AppleWebKit/537.36 (KHTML, like Gecko; compatible; bingbot/2.0; +http://www.bing.com/bingbot.htm) Chrome/116.0.1938.76 Safari/537.36" "-"
74.7.242.0 - - [08/Aug/2026:05:08:34 +0200] "GET /wp-content/uploads/WPL/83/403.php?lokasie=/proc/thread-self/root/kunden/lib/ruby/2.7.0/irb/xmp.rb&loknya=/proc/thread-self/root/kunden/lib/ruby/2.7.0/irb HTTP/1.1" 200 8943 andalhome.com "https://andalhome.com/wp-content/uploads/WPL/83/403.php?loknya=/proc/thread-self/root/kunden/lib/ruby/2.7.0/irb" "Mozilla/5.0 AppleWebKit/537.36 (KHTML, like Gecko; compatible; GPTBot/1.4; +https://openai.com/gptbot)" "-"
114.119.145.0 - - [08/Aug/2026:05:08:43 +0200] "GET /en/aqui-estan-los-inmuebles-disponibles-properties/47-Piso-Las-gabias-2-Habitaciones-1-Ba%C3%B1o-78-500EUR/www.facebook.com/www.facebook.com/www.facebook.com/www.facebook.com/www.facebook.com/andalhome HTTP/1.1" 301 - andalhome.com "https://andalhome.com/en/aqui-estan-los-inmuebles-disponibles-properties/47-Piso-Las-gabias-2-Habitaciones-1-Ba%C3%B1o-78-500EUR/www.facebook.com/www.facebook.com/www.facebook.com/www.facebook.com/www.facebook.com/andalhome" "Mozilla/5.0 (Linux; Android 7.0;) AppleWebKit/537.36 (HTML, like Gecko) Mobile Safari/537.36 (compatible; PetalBot;+https://webmaster.petalsearch.com/site/petalbot)" "-"
74.7.242.0 - - [08/Aug/2026:05:08:44 +0200] "GET /wp-content/uploads/WPL/83/403.php?lokasie=/proc/thread-self/root/kunden/lib/ruby/2.7.0/rss/parser.rb&loknya=/proc/thread-self/root/kunden/lib/ruby/2.7.0/rss HTTP/1.1" 200 21660 andalhome.com "https://andalhome.com/wp-content/uploads/WPL/83/403.php?loknya=/proc/thread-self/root/kunden/lib/ruby/2.7.0/rss" "Mozilla/5.0 AppleWebKit/537.36 (KHTML, like Gecko; compatible; GPTBot/1.4; +https://openai.com/gptbot)" "-"
82.165.84.0 - - [08/Aug/2026:05:08:44 +0200] "POST /wp-cron.php?doing_wp_cron=1786158524.4674549102783203125000 HTTP/1.1" 200 - andalhome.com "-" "WordPress/6.4.3; https://andalhome.com/en" "-"
114.119.145.0 - - [08/Aug/2026:05:08:49 +0200] "GET /en/aqui-estan-los-inmuebles-disponibles-properties/47-Piso-Las-gabias-2-Habitaciones-1-Ba%C3%B1o-78-500EUR/www.facebook.com/www.facebook.com/www.facebook.com/www.facebook.com/www.facebook.com/andalhome/ HTTP/1.1" 200 84965 andalhome.com "https://andalhome.com/en/aqui-estan-los-inmuebles-disponibles-properties/47-Piso-Las-gabias-2-Habitaciones-1-Ba%C3%B1o-78-500EUR/www.facebook.com/www.facebook.com/www.facebook.com/www.facebook.com/www.facebook.com/andalhome" "Mozilla/5.0 (Linux; Android 7.0;) AppleWebKit/537.36 (HTML, like Gecko) Mobile Safari/537.36 (compatible; PetalBot;+https://webmaster.petalsearch.com/site/petalbot)" "-"
74.7.242.0 - - [08/Aug/2026:05:08:52 +0200] "GET /wp-content/uploads/WPL/83/403.php?lokasie=/proc/thread-self/root/kunden/lib/ruby/2.7.0/rss/syndication.rb&loknya=/proc/thread-self/root/kunden/lib/ruby/2.7.0/rss HTTP/1.1" 200 6510 andalhome.com "https://andalhome.com/wp-content/uploads/WPL/83/403.php?loknya=/proc/thread-self/root/kunden/lib/ruby/2.7.0/rss" "Mozilla/5.0 AppleWebKit/537.36 (KHTML, like Gecko; compatible; GPTBot/1.4; +https://openai.com/gptbot)" "-"
74.7.242.0 - - [08/Aug/2026:05:08:59 +0200] "GET /wp-content/uploads/WPL/83/403.php?lokasie=/proc/thread-self/root/kunden/lib/ruby/2.7.0/uri/file.rb&loknya=/proc/thread-self/root/kunden/lib/ruby/2.7.0/uri HTTP/1.1" 429 267 andalhome.com "https://andalhome.com/wp-content/uploads/WPL/83/403.php?loknya=/proc/thread-self/root/kunden/lib/ruby/2.7.0/uri" "Mozilla/5.0 AppleWebKit/537.36 (KHTML, like Gecko; compatible; GPTBot/1.4; +https://openai.com/gptbot)" "-"
74.7.242.0 - - [08/Aug/2026:05:09:06 +0200] "GET /wp-content/uploads/WPL/83/403.php?lokasie=/proc/thread-self/root/kunden/lib/ruby/2.7.0/rss/maker.rb&loknya=/proc/thread-self/root/kunden/lib/ruby/2.7.0/rss HTTP/1.1" 429 267 andalhome.com "https://andalhome.com/wp-content/uploads/WPL/83/403.php?loknya=/proc/thread-self/root/kunden/lib/ruby/2.7.0/rss" "Mozilla/5.0 AppleWebKit/537.36 (KHTML, like Gecko; compatible; GPTBot/1.4; +https://openai.com/gptbot)" "-"
74.7.242.0 - - [08/Aug/2026:05:09:27 +0200] "GET /wp-content/uploads/WPL/83/403.php?lokasie=/proc/thread-self/root/kunden/lib/ruby/2.7.0/rss/image.rb&loknya=/proc/thread-self/root/kunden/lib/ruby/2.7.0/rss HTTP/1.1" 429 267 andalhome.com "https://andalhome.com/wp-content/uploads/WPL/83/403.php?loknya=/proc/thread-self/root/kunden/lib/ruby/2.7.0/rss" "Mozilla/5.0 AppleWebKit/537.36 (KHTML, like Gecko; compatible; GPTBot/1.4; +https://openai.com/gptbot)" "-"
40.77.167.0 - - [08/Aug/2026:05:09:37 +0200] "GET /Siemens-LOGO-6ED1-057-1AA01-0BA0-Adattatore-DE-PLC-k-1004962 HTTP/1.1" 200 424063 andalhome.com "-" "Mozilla/5.0 AppleWebKit/537.36 (KHTML, like Gecko; compatible; bingbot/2.0; +http://www.bing.com/bingbot.htm) Chrome/116.0.1938.76 Safari/537.36" "-"
74.7.242.0 - - [08/Aug/2026:05:10:29 +0200] "GET /wp-content/uploads/WPL/83/403.php?lokasie=/proc/thread-self/root/kunden/lib/ruby/2.7.0/racc/compat.rb&loknya=/proc/thread-self/root/kunden/lib/ruby/2.7.0/racc HTTP/1.1" 200 5109 andalhome.com "https://andalhome.com/wp-content/uploads/WPL/83/403.php?loknya=/proc/thread-self/root/kunden/lib/ruby/2.7.0/racc" "Mozilla/5.0 AppleWebKit/537.36 (KHTML, like Gecko; compatible; GPTBot/1.4; +https://openai.com/gptbot)" "-"
66.249.74.0 - - [08/Aug/2026:05:10:47 +0200] "GET /Personalizzati-Per-Porsche-Hot-Wheels-Scala-1-64-Edizione-k-896756 HTTP/1.1" 200 426713 andalhome.com "-" "Mozilla/5.0 (Linux; Android 6.0.1; Nexus 5X Build/MMB29P) AppleWebKit/537.36 (KHTML, like Gecko) Chrome/150.0.7871.186 Mobile Safari/537.36 (compatible; Googlebot/2.1; +http://www.google.com/bot.html)" "-"
74.7.242.0 - - [08/Aug/2026:05:11:30 +0200] "GET /wp-content/uploads/WPL/83/403.php?lokasie=/proc/thread-self/root/kunden/lib/ruby/2.7.0/rss/content/1.0.rb&loknya=/proc/thread-self/root/kunden/lib/ruby/2.7.0/rss/content HTTP/1.1" 200 4715 andalhome.com "https://andalhome.com/wp-content/uploads/WPL/83/403.php?loknya=/proc/thread-self/root/kunden/lib/ruby/2.7.0/rss/content" "Mozilla/5.0 AppleWebKit/537.36 (KHTML, like Gecko; compatible; GPTBot/1.4; +https://openai.com/gptbot)" "-"
74.7.242.0 - - [08/Aug/2026:05:12:28 +0200] "GET /wp-content/uploads/WPL/83/403.php?lokasie=/proc/thread-self/root/kunden/lib/ruby/2.7.0/rss/content/2.0.rb&loknya=/proc/thread-self/root/kunden/lib/ruby/2.7.0/rss/content HTTP/1.1" 200 4743 andalhome.com "https://andalhome.com/wp-content/uploads/WPL/83/403.php?loknya=/proc/thread-self/root/kunden/lib/ruby/2.7.0/rss/content" "Mozilla/5.0 AppleWebKit/537.36 (KHTML, like Gecko; compatible; GPTBot/1.4; +https://openai.com/gptbot)" "-"
74.7.242.0 - - [08/Aug/2026:05:13:17 +0200] "GET /wp-content/uploads/WPL/83/403.php?lokasie=/proc/thread-self/root/kunden/lib/ruby/2.7.0/rinda/rinda.rb&loknya=/proc/thread-self/root/kunden/lib/ruby/2.7.0/rinda HTTP/1.1" 200 11289 andalhome.com "https://andalhome.com/wp-content/uploads/WPL/83/403.php?loknya=/proc/thread-self/root/kunden/lib/ruby/2.7.0/rinda" "Mozilla/5.0 AppleWebKit/537.36 (KHTML, like Gecko; compatible; GPTBot/1.4; +https://openai.com/gptbot)" "-"
74.7.242.0 - - [08/Aug/2026:05:14:02 +0200] "GET /wp-content/uploads/WPL/83/403.php?lokasie=/proc/thread-self/root/kunden/lib/ruby/2.7.0/irb/easter-egg.rb&loknya=/proc/thread-self/root/kunden/lib/ruby/2.7.0/irb HTTP/1.1" 200 8273 andalhome.com "https://andalhome.com/wp-content/uploads/WPL/83/403.php?loknya=/proc/thread-self/root/kunden/lib/ruby/2.7.0/irb" "Mozilla/5.0 AppleWebKit/537.36 (KHTML, like Gecko; compatible; GPTBot/1.4; +https://openai.com/gptbot)" "-"
74.7.242.0 - - [08/Aug/2026:05:14:42 +0200] "GET /wp-content/uploads/WPL/83/403.php?lokasie=/proc/thread-self/root/kunden/lib/ruby/2.7.0/irb/init.rb&loknya=/proc/thread-self/root/kunden/lib/ruby/2.7.0/irb HTTP/1.1" 200 14294 andalhome.com "https://andalhome.com/wp-content/uploads/WPL/83/403.php?loknya=/proc/thread-self/root/kunden/lib/ruby/2.7.0/irb" "Mozilla/5.0 AppleWebKit/537.36 (KHTML, like Gecko; compatible; GPTBot/1.4; +https://openai.com/gptbot)" "-"
52.167.144.0 - - [08/Aug/2026:05:15:10 +0200] "GET /FMA-FCS-LAB-Boeing-737NG-Minuterie-Orologio-Aviazione-k-354202 HTTP/1.1" 200 426493 andalhome.com "-" "Mozilla/5.0 AppleWebKit/537.36 (KHTML, like Gecko; compatible; bingbot/2.0; +http://www.bing.com/bingbot.htm) Chrome/116.0.1938.76 Safari/537.36" "-"
74.7.242.0 - - [08/Aug/2026:05:15:20 +0200] "GET /wp-content/uploads/WPL/83/403.php?lokasie=/proc/thread-self/root/kunden/lib/ruby/2.7.0/rss/utils.rb&loknya=/proc/thread-self/root/kunden/lib/ruby/2.7.0/rss HTTP/1.1" 200 10098 andalhome.com "https://andalhome.com/wp-content/uploads/WPL/83/403.php?loknya=/proc/thread-self/root/kunden/lib/ruby/2.7.0/rss" "Mozilla/5.0 AppleWebKit/537.36 (KHTML, like Gecko; compatible; GPTBot/1.4; +https://openai.com/gptbot)" "-"
74.7.242.0 - - [08/Aug/2026:05:15:52 +0200] "GET /wp-content/uploads/WPL/83/403.php?lokasie=/proc/thread-self/root/kunden/lib/ruby/2.7.0/uri/version.rb&loknya=/proc/thread-self/root/kunden/lib/ruby/2.7.0/uri HTTP/1.1" 200 4612 andalhome.com "https://andalhome.com/wp-content/uploads/WPL/83/403.php?loknya=/proc/thread-self/root/kunden/lib/ruby/2.7.0/uri" "Mozilla/5.0 AppleWebKit/537.36 (KHTML, like Gecko; compatible; GPTBot/1.4; +https://openai.com/gptbot)" "-"
74.7.242.0 - - [08/Aug/2026:05:16:21 +0200] "GET /wp-content/uploads/WPL/83/403.php?lokasie=/proc/thread-self/root/kunden/lib/ruby/2.7.0/irb/notifier.rb&loknya=/proc/thread-self/root/kunden/lib/ruby/2.7.0/irb HTTP/1.1" 200 11947 andalhome.com "https://andalhome.com/wp-content/uploads/WPL/83/403.php?loknya=/proc/thread-self/root/kunden/lib/ruby/2.7.0/irb" "Mozilla/5.0 AppleWebKit/537.36 (KHTML, like Gecko; compatible; GPTBot/1.4; +https://openai.com/gptbot)" "-"
66.249.74.0 - - [08/Aug/2026:05:16:26 +0200] "GET /Bici-Ibrida-700c-Alexrims-Doppia-Parete-135mm-Per-Cassette-k-842275 HTTP/1.1" 200 423455 andalhome.com "-" "Mozilla/5.0 (Linux; Android 6.0.1; Nexus 5X Build/MMB29P) AppleWebKit/537.36 (KHTML, like Gecko) Chrome/150.0.7871.186 Mobile Safari/537.36 (compatible; Googlebot/2.1; +http://www.google.com/bot.html)" "-"
74.7.242.0 - - [08/Aug/2026:05:16:48 +0200] "GET /wp-content/uploads/WPL/83/403.php?lokasie=/proc/thread-self/root/kunden/lib/ruby/2.7.0/rss/converter.rb&loknya=/proc/thread-self/root/kunden/lib/ruby/2.7.0/rss HTTP/1.1" 200 8977 andalhome.com "https://andalhome.com/wp-content/uploads/WPL/83/403.php?loknya=/proc/thread-self/root/kunden/lib/ruby/2.7.0/rss" "Mozilla/5.0 AppleWebKit/537.36 (KHTML, like Gecko; compatible; GPTBot/1.4; +https://openai.com/gptbot)" "-"
20.217.187.0 - - [08/Aug/2026:05:16:54 +0200] "GET /wp-content/plugins/si-captcha-for-wordpress/captcha/securimage_show.php?si_sm_captcha=1&si_form_id=com&prefix=Jmbbd37LIAhEX0hx HTTP/1.1" 500 - andalhome.com "-" "Mozilla/5.0 (X11; Ubuntu; Linux x86_64; rv:72.0) Gecko/20100101 Firefox/72.0" "-"
216.73.216.0 - - [08/Aug/2026:05:16:57 +0200] "GET /robots.txt HTTP/1.1" 200 171 andalhome.com "-" "Mozilla/5.0 AppleWebKit/537.36 (KHTML, like Gecko; compatible; ClaudeBot/1.0; +claudebot@anthropic.com)" "-"
82.165.84.0 - - [08/Aug/2026:05:16:59 +0200] "POST /wp-cron.php?doing_wp_cron=1786159019.8128139972686767578125 HTTP/1.1" 200 - andalhome.com "-" "WordPress/6.4.3; https://andalhome.com" "-"
216.73.216.0 - - [08/Aug/2026:05:17:01 +0200] "GET /?p=100 HTTP/1.1" 301 - andalhome.com "-" "Mozilla/5.0 AppleWebKit/537.36 (KHTML, like Gecko; compatible; ClaudeBot/1.0; +claudebot@anthropic.com)" "-"
216.73.216.0 - - [08/Aug/2026:05:17:02 +0200] "GET /visado/tarjeta-residente/ HTTP/1.1" 200 85103 andalhome.com "https://andalhome.com/?p=100" "Mozilla/5.0 AppleWebKit/537.36 (KHTML, like Gecko; compatible; ClaudeBot/1.0; +claudebot@anthropic.com)" "-"
74.7.242.0 - - [08/Aug/2026:05:17:13 +0200] "GET /wp-content/uploads/WPL/83/403.php?lokasie=/proc/thread-self/root/kunden/lib/ruby/2.7.0/irb/ruby_logo.aa&loknya=/proc/thread-self/root/kunden/lib/ruby/2.7.0/irb HTTP/1.1" 200 6842 andalhome.com "https://andalhome.com/wp-content/uploads/WPL/83/403.php?loknya=/proc/thread-self/root/kunden/lib/ruby/2.7.0/irb" "Mozilla/5.0 AppleWebKit/537.36 (KHTML, like Gecko; compatible; GPTBot/1.4; +https://openai.com/gptbot)" "-"
216.73.216.0 - - [08/Aug/2026:05:17:35 +0200] "GET /wp-content/plugins/si-captcha-for-wordpress/captcha/securimage_show.php?prefix=NzOykx5ut9ohNksx&si_form_id=com&si_sm_captcha=1 HTTP/1.1" 500 - andalhome.com "-" "Mozilla/5.0 AppleWebKit/537.36 (KHTML, like Gecko; compatible; ClaudeBot/1.0; +claudebot@anthropic.com)" "-"
74.7.242.0 - - [08/Aug/2026:05:17:36 +0200] "GET /wp-content/uploads/WPL/83/403.php?lokasie=/proc/thread-self/root/kunden/lib/ruby/2.7.0/irb/output-method.rb&loknya=/proc/thread-self/root/kunden/lib/ruby/2.7.0/irb HTTP/1.1" 200 7041 andalhome.com "https://andalhome.com/wp-content/uploads/WPL/83/403.php?loknya=/proc/thread-self/root/kunden/lib/ruby/2.7.0/irb" "Mozilla/5.0 AppleWebKit/537.36 (KHTML, like Gecko; compatible; GPTBot/1.4; +https://openai.com/gptbot)" "-"
216.73.216.0 - - [08/Aug/2026:05:17:51 +0200] "GET /en/wp-json/wp/v2/pages/4082 HTTP/1.1" 200 13903 andalhome.com "-" "Mozilla/5.0 AppleWebKit/537.36 (KHTML, like Gecko; compatible; ClaudeBot/1.0; +claudebot@anthropic.com)" "-"
74.7.242.0 - - [08/Aug/2026:05:17:55 +0200] "GET /wp-content/uploads/WPL/83/403.php?lokasie=/proc/thread-self/root/kunden/lib/ruby/2.7.0/rss/trackback.rb&loknya=/proc/thread-self/root/kunden/lib/ruby/2.7.0/rss HTTP/1.1" 200 11619 andalhome.com "https://andalhome.com/wp-content/uploads/WPL/83/403.php?loknya=/proc/thread-self/root/kunden/lib/ruby/2.7.0/rss" "Mozilla/5.0 AppleWebKit/537.36 (KHTML, like Gecko; compatible; GPTBot/1.4; +https://openai.com/gptbot)" "-"
216.73.216.0 - - [08/Aug/2026:05:18:01 +0200] "GET /wp-content/plugins/si-captcha-for-wordpress/captcha/securimage_show.php?prefix=JD88JMgVOTM2G4Hg&si_form_id=com&si_sm_captcha=1 HTTP/1.1" 500 - andalhome.com "-" "Mozilla/5.0 AppleWebKit/537.36 (KHTML, like Gecko; compatible; ClaudeBot/1.0; +claudebot@anthropic.com)" "-"
216.73.216.0 - - [08/Aug/2026:05:18:01 +0200] "GET /en/visado/tarjeta-residente/ HTTP/1.1" 200 84536 andalhome.com "-" "Mozilla/5.0 AppleWebKit/537.36 (KHTML, like Gecko; compatible; ClaudeBot/1.0; +claudebot@anthropic.com)" "-"
74.7.242.0 - - [08/Aug/2026:05:18:13 +0200] "GET /wp-content/uploads/WPL/83/403.php?lokasie=/proc/thread-self/root/kunden/lib/ruby/2.7.0/irb/version.rb&loknya=/proc/thread-self/root/kunden/lib/ruby/2.7.0/irb HTTP/1.1" 200 4758 andalhome.com "https://andalhome.com/wp-content/uploads/WPL/83/403.php?loknya=/proc/thread-self/root/kunden/lib/ruby/2.7.0/irb" "Mozilla/5.0 AppleWebKit/537.36 (KHTML, like Gecko; compatible; GPTBot/1.4; +https://openai.com/gptbot)" "-"
216.73.216.0 - - [08/Aug/2026:05:18:16 +0200] "GET /visado/instrucciones-del-tramite/www.facebook.com/andalhome HTTP/1.1" 404 84550 andalhome.com "-" "Mozilla/5.0 AppleWebKit/537.36 (KHTML, like Gecko; compatible; ClaudeBot/1.0; +claudebot@anthropic.com)" "-"
74.7.242.0 - - [08/Aug/2026:05:18:28 +0200] "GET /wp-content/uploads/WPL/83/403.php?lokasie=/proc/thread-self/root/kunden/lib/ruby/2.7.0/irb/magic-file.rb&loknya=/proc/thread-self/root/kunden/lib/ruby/2.7.0/irb HTTP/1.1" 429 267 andalhome.com "https://andalhome.com/wp-content/uploads/WPL/83/403.php?loknya=/proc/thread-self/root/kunden/lib/ruby/2.7.0/irb" "Mozilla/5.0 AppleWebKit/537.36 (KHTML, like Gecko; compatible; GPTBot/1.4; +https://openai.com/gptbot)" "-"
74.7.242.0 - - [08/Aug/2026:05:18:43 +0200] "GET /wp-content/uploads/WPL/83/403.php?lokasie=/proc/thread-self/root/kunden/lib/ruby/2.7.0/irb/locale.rb&loknya=/proc/thread-self/root/kunden/lib/ruby/2.7.0/irb HTTP/1.1" 429 267 andalhome.com "https://andalhome.com/wp-content/uploads/WPL/83/403.php?loknya=/proc/thread-self/root/kunden/lib/ruby/2.7.0/irb" "Mozilla/5.0 AppleWebKit/537.36 (KHTML, like Gecko; compatible; GPTBot/1.4; +https://openai.com/gptbot)" "-"
66.249.74.0 - - [08/Aug/2026:05:18:58 +0200] "GET /Copriasse-Da-Stiro-Ultra-Spesso-Elasticizzato-Easy-Fit-k-510932 HTTP/1.1" 200 425092 andalhome.com "-" "Mozilla/5.0 (Linux; Android 6.0.1; Nexus 5X Build/MMB29P) AppleWebKit/537.36 (KHTML, like Gecko) Chrome/150.0.7871.186 Mobile Safari/537.36 (compatible; Googlebot/2.1; +http://www.google.com/bot.html)" "-"
216.73.216.0 - - [08/Aug/2026:05:19:03 +0200] "GET /en/visado/instrucciones-del-tramite/ HTTP/1.1" 429 267 andalhome.com "-" "Mozilla/5.0 AppleWebKit/537.36 (KHTML, like Gecko; compatible; ClaudeBot/1.0; +claudebot@anthropic.com)" "-"
66.249.74.0 - - [08/Aug/2026:05:19:10 +0200] "GET /IMI-Crossdresser-Corpo-Completo-Coppa-C-D-E-k-507914 HTTP/1.1" 200 427055 andalhome.com "-" "Mozilla/5.0 (Linux; Android 6.0.1; Nexus 5X Build/MMB29P) AppleWebKit/537.36 (KHTML, like Gecko) Chrome/150.0.7871.186 Mobile Safari/537.36 (compatible; Googlebot/2.1; +http://www.google.com/bot.html)" "-"
74.7.242.0 - - [08/Aug/2026:05:19:24 +0200] "GET /wp-content/uploads/WPL/83/403.php?lokasie=/proc/thread-self/root/kunden/lib/ruby/2.7.0/irb/frame.rb&loknya=/proc/thread-self/root/kunden/lib/ruby/2.7.0/irb HTTP/1.1" 429 267 andalhome.com "https://andalhome.com/wp-content/uploads/WPL/83/403.php?loknya=/proc/thread-self/root/kunden/lib/ruby/2.7.0/irb" "Mozilla/5.0 AppleWebKit/537.36 (KHTML, like Gecko; compatible; GPTBot/1.4; +https://openai.com/gptbot)" "-"
74.7.242.0 - - [08/Aug/2026:05:20:27 +0200] "GET /wp-content/uploads/WPL/83/403.php?lokasie=/proc/thread-self/root/kunden/lib/ruby/2.7.0/irb/input-method.rb&loknya=/proc/thread-self/root/kunden/lib/ruby/2.7.0/irb HTTP/1.1" 200 14035 andalhome.com "https://andalhome.com/wp-content/uploads/WPL/83/403.php?loknya=/proc/thread-self/root/kunden/lib/ruby/2.7.0/irb" "Mozilla/5.0 AppleWebKit/537.36 (KHTML, like Gecko; compatible; GPTBot/1.4; +https://openai.com/gptbot)" "-"
66.249.74.0 - - [08/Aug/2026:05:20:39 +0200] "GET /1-Notadumble-Clean-Channel-Clone-Fatto-A-Mano-Sustain-John-k-559599 HTTP/1.1" 200 423809 andalhome.com "-" "Mozilla/5.0 (Linux; Android 6.0.1; Nexus 5X Build/MMB29P) AppleWebKit/537.36 (KHTML, like Gecko) Chrome/150.0.7871.186 Mobile Safari/537.36 (compatible; Googlebot/2.1; +http://www.google.com/bot.html)" "-"
74.7.242.0 - - [08/Aug/2026:05:21:28 +0200] "GET /wp-content/uploads/WPL/83/403.php?lokasie=/proc/thread-self/root/kunden/lib/ruby/2.7.0/rinda/ring.rb&loknya=/proc/thread-self/root/kunden/lib/ruby/2.7.0/rinda HTTP/1.1" 200 17555 andalhome.com "https://andalhome.com/wp-content/uploads/WPL/83/403.php?loknya=/proc/thread-self/root/kunden/lib/ruby/2.7.0/rinda" "Mozilla/5.0 AppleWebKit/537.36 (KHTML, like Gecko; compatible; GPTBot/1.4; +https://openai.com/gptbot)" "-"
4.246.109.0 - - [08/Aug/2026:05:21:33 +0200] "GET /sw.js HTTP/1.1" 404 84279 andalhome.com "https://andalhome.com/NPT-Femmina-1-4-Acciaio-Inox-SS304-k-947445" "Mozilla/5.0 (Windows NT 10.0; Win64; x64) AppleWebKit/537.36 (KHTML, like Gecko) HeadlessChrome/146.0.7680.165 Safari/537.36" "-"
82.165.84.0 - - [08/Aug/2026:05:21:35 +0200] "POST /wp-cron.php?doing_wp_cron=1786159295.0668559074401855468750 HTTP/1.1" 200 - andalhome.com "-" "WordPress/6.4.3; https://andalhome.com" "-"
216.73.216.0 - - [08/Aug/2026:05:21:49 +0200] "GET /en/contacta-con-nosotros-rapidamente/www.facebook.com/andalhome HTTP/1.1" 404 84378 andalhome.com "-" "Mozilla/5.0 AppleWebKit/537.36 (KHTML, like Gecko; compatible; ClaudeBot/1.0; +claudebot@anthropic.com)" "-"
216.73.216.0 - - [08/Aug/2026:05:21:51 +0200] "GET /en/?p=4019 HTTP/1.1" 301 - andalhome.com "-" "Mozilla/5.0 AppleWebKit/537.36 (KHTML, like Gecko; compatible; ClaudeBot/1.0; +claudebot@anthropic.com)" "-"
216.73.216.0 - - [08/Aug/2026:05:21:53 +0200] "GET /en/accesos-directos-inmuebles-en-venta-alquiler-o-compra/inmuebles-en-venta/ HTTP/1.1" 200 111242 andalhome.com "https://andalhome.com/en/?p=4019" "Mozilla/5.0 AppleWebKit/537.36 (KHTML, like Gecko; compatible; ClaudeBot/1.0; +claudebot@anthropic.com)" "-"
216.73.216.0 - - [08/Aug/2026:05:21:57 +0200] "GET /en/wp-json/wp/v2/pages/4078 HTTP/1.1" 200 15001 andalhome.com "-" "Mozilla/5.0 AppleWebKit/537.36 (KHTML, like Gecko; compatible; ClaudeBot/1.0; +claudebot@anthropic.com)" "-"
216.73.216.0 - - [08/Aug/2026:05:21:57 +0200] "GET /?p=103 HTTP/1.1" 301 - andalhome.com "-" "Mozilla/5.0 AppleWebKit/537.36 (KHTML, like Gecko; compatible; ClaudeBot/1.0; +claudebot@anthropic.com)" "-"
216.73.216.0 - - [08/Aug/2026:05:22:00 +0200] "GET /visado/instrucciones-del-tramite/ HTTP/1.1" 200 85313 andalhome.com "https://andalhome.com/?p=103" "Mozilla/5.0 AppleWebKit/537.36 (KHTML, like Gecko; compatible; ClaudeBot/1.0; +claudebot@anthropic.com)" "-"
74.7.242.0 - - [08/Aug/2026:05:22:26 +0200] "GET /wp-content/uploads/WPL/83/403.php?lokasie=/proc/thread-self/root/kunden/lib/ruby/2.7.0/racc/parser.rb&loknya=/proc/thread-self/root/kunden/lib/ruby/2.7.0/racc HTTP/1.1" 200 24082 andalhome.com "https://andalhome.com/wp-content/uploads/WPL/83/403.php?loknya=/proc/thread-self/root/kunden/lib/ruby/2.7.0/racc" "Mozilla/5.0 AppleWebKit/537.36 (KHTML, like Gecko; compatible; GPTBot/1.4; +https://openai.com/gptbot)" "-"
66.249.74.0 - - [08/Aug/2026:05:22:40 +0200] "GET /Jeans-JACK-JONES-TIM-LEON-189-Slim-Dritto-Uomo-Blu-Scuro-k-888271 HTTP/1.1" 200 427718 andalhome.com "-" "Mozilla/5.0 (Linux; Android 6.0.1; Nexus 5X Build/MMB29P) AppleWebKit/537.36 (KHTML, like Gecko) Chrome/150.0.7871.186 Mobile Safari/537.36 (compatible; Googlebot/2.1; +http://www.google.com/bot.html)" "-"
45.61.188.0 - - [08/Aug/2026:05:22:58 +0200] "GET / HTTP/1.1" 302 - andalhome.com "https://www.bing.com/" "Mozilla/5.0 (X11; Linux x86_64) AppleWebKit/537.36 (KHTML, like Gecko) Chrome/120.0.0.0 Safari/537.36" "-"
45.61.188.0 - - [08/Aug/2026:05:23:00 +0200] "GET /en/ HTTP/1.1" 200 122641 andalhome.com "https://www.bing.com/" "Mozilla/5.0 (X11; Linux x86_64) AppleWebKit/537.36 (KHTML, like Gecko) Chrome/120.0.0.0 Safari/537.36" "-"
157.55.39.0 - - [08/Aug/2026:05:23:11 +0200] "GET /CPU-Intel-Xeon-E5-2650-8-Core-2-00-GHz-20M-Cache-SR0KQ-k-496751?inventoryId=222775 HTTP/1.1" 200 423676 andalhome.com "-" "Mozilla/5.0 AppleWebKit/537.36 (KHTML, like Gecko; compatible; bingbot/2.0; +http://www.bing.com/bingbot.htm) Chrome/116.0.1938.76 Safari/537.36" "-"
216.73.216.0 - - [08/Aug/2026:05:23:17 +0200] "GET /en/wp-json/wp/v2/pages/4018 HTTP/1.1" 200 14214 andalhome.com "-" "Mozilla/5.0 AppleWebKit/537.36 (KHTML, like Gecko; compatible; ClaudeBot/1.0; +claudebot@anthropic.com)" "-"
74.7.242.0 - - [08/Aug/2026:05:23:18 +0200] "GET /wp-content/uploads/WPL/83/403.php?lokasie=/proc/thread-self/root/kunden/lib/ruby/2.7.0/yaml/store.rb&loknya=/proc/thread-self/root/kunden/lib/ruby/2.7.0/yaml HTTP/1.1" 200 6447 andalhome.com "https://andalhome.com/wp-content/uploads/WPL/83/403.php?loknya=/proc/thread-self/root/kunden/lib/ruby/2.7.0/yaml" "Mozilla/5.0 AppleWebKit/537.36 (KHTML, like Gecko; compatible; GPTBot/1.4; +https://openai.com/gptbot)" "-"
216.73.216.0 - - [08/Aug/2026:05:23:31 +0200] "GET /instrucciones-del-tramite/ HTTP/1.1" 301 - andalhome.com "-" "Mozilla/5.0 AppleWebKit/537.36 (KHTML, like Gecko; compatible; ClaudeBot/1.0; +claudebot@anthropic.com)" "-"
216.73.216.0 - - [08/Aug/2026:05:23:33 +0200] "GET /visado/instrucciones-del-tramite/ HTTP/1.1" 200 85313 andalhome.com "https://andalhome.com/instrucciones-del-tramite/" "Mozilla/5.0 AppleWebKit/537.36 (KHTML, like Gecko; compatible; ClaudeBot/1.0; +claudebot@anthropic.com)" "-"
216.73.216.0 - - [08/Aug/2026:05:23:39 +0200] "GET /en/?p=4080 HTTP/1.1" 301 - andalhome.com "-" "Mozilla/5.0 AppleWebKit/537.36 (KHTML, like Gecko; compatible; ClaudeBot/1.0; +claudebot@anthropic.com)" "-"
216.73.216.0 - - [08/Aug/2026:05:23:39 +0200] "GET /visado/tarjeta-residente/www.facebook.com/andalhome HTTP/1.1" 404 84509 andalhome.com "-" "Mozilla/5.0 AppleWebKit/537.36 (KHTML, like Gecko; compatible; ClaudeBot/1.0; +claudebot@anthropic.com)" "-"
216.73.216.0 - - [08/Aug/2026:05:23:40 +0200] "GET /en/te-buscamos-la-financiacion-que-necesites/ HTTP/1.1" 200 92160 andalhome.com "https://andalhome.com/en/?p=4080" "Mozilla/5.0 AppleWebKit/537.36 (KHTML, like Gecko; compatible; ClaudeBot/1.0; +claudebot@anthropic.com)" "-"
20.217.187.0 - - [08/Aug/2026:05:23:50 +0200] "GET /wp-content/uploads/WPL/52/thimg_IMG_8422_550x550.jpg HTTP/1.1" 200 114172 andalhome.com "-" "Mozilla/5.0 (X11; Ubuntu; Linux x86_64; rv:72.0) Gecko/20100101 Firefox/72.0" "-"
74.7.242.0 - - [08/Aug/2026:05:24:02 +0200] "GET /wp-content/uploads/WPL/83/403.php?lokasie=/proc/thread-self/root/kunden/lib/ruby/2.7.0/racc/debugflags.rb&loknya=/proc/thread-self/root/kunden/lib/ruby/2.7.0/racc HTTP/1.1" 200 5972 andalhome.com "https://andalhome.com/wp-content/uploads/WPL/83/403.php?loknya=/proc/thread-self/root/kunden/lib/ruby/2.7.0/racc" "Mozilla/5.0 AppleWebKit/537.36 (KHTML, like Gecko; compatible; GPTBot/1.4; +https://openai.com/gptbot)" "-"
45.61.188.0 - - [08/Aug/2026:05:24:27 +0200] "GET /wp-json/ HTTP/1.1" 200 209997 andalhome.com "https://duckduckgo.com/" "Mozilla/5.0 (Windows NT 10.0; Win64; x64; rv:120.0) Gecko/20100101 Firefox/120.0" "-"
74.7.242.0 - - [08/Aug/2026:05:24:43 +0200] "GET /wp-content/uploads/WPL/83/403.php?lokasie=/proc/thread-self/root/kunden/lib/ruby/2.7.0/uri/generic.rb&loknya=/proc/thread-self/root/kunden/lib/ruby/2.7.0/uri HTTP/1.1" 200 44081 andalhome.com "https://andalhome.com/wp-content/uploads/WPL/83/403.php?loknya=/proc/thread-self/root/kunden/lib/ruby/2.7.0/uri" "Mozilla/5.0 AppleWebKit/537.36 (KHTML, like Gecko; compatible; GPTBot/1.4; +https://openai.com/gptbot)" "-"
173.56.67.0 - - [08/Aug/2026:05:24:56 +0200] "GET /wp-content/uploads/WPL/62/thimg_20_100x80.jpg HTTP/1.1" 200 5625 andalhome.com "-" "Mozilla/5.0 (compatible; awi-research-crawler)" "-"
66.249.74.0 - - [08/Aug/2026:05:25:18 +0200] "GET /Per-Alcatel-Onyx-1X-2019-Durezza-9H-Trasparente-k-468781 HTTP/1.1" 200 424162 andalhome.com "-" "Mozilla/5.0 (Linux; Android 6.0.1; Nexus 5X Build/MMB29P) AppleWebKit/537.36 (KHTML, like Gecko) Chrome/150.0.7871.186 Mobile Safari/537.36 (compatible; Googlebot/2.1; +http://www.google.com/bot.html)" "-"
74.7.242.0 - - [08/Aug/2026:05:25:21 +0200] "GET /wp-content/uploads/WPL/83/403.php?lokasie=/proc/thread-self/root/kunden/lib/ruby/2.7.0/rss/atom.rb&loknya=/proc/thread-self/root/kunden/lib/ruby/2.7.0/rss HTTP/1.1" 200 36052 andalhome.com "https://andalhome.com/wp-content/uploads/WPL/83/403.php?loknya=/proc/thread-self/root/kunden/lib/ruby/2.7.0/rss" "Mozilla/5.0 AppleWebKit/537.36 (KHTML, like Gecko; compatible; GPTBot/1.4; +https://openai.com/gptbot)" "-"
154.193.8.0 - - [08/Aug/2026:05:25:33 +0200] "GET /wp-content/uploads/WPL/38/thimg_PHOTO-2018-12-04-14-00-42-15-_100x80.jpg HTTP/1.1" 200 3697 andalhome.com "-" "Mozilla/5.0 (compatible; crawler)" "-"
66.249.74.0 - - [08/Aug/2026:05:25:40 +0200] "GET /Walkman-WM-DD2-Lettore-Cassette-Funzionante-Usato-Grigio-k-390719 HTTP/1.1" 200 425176 andalhome.com "-" "Mozilla/5.0 (Linux; Android 6.0.1; Nexus 5X Build/MMB29P) AppleWebKit/537.36 (KHTML, like Gecko) Chrome/150.0.7871.186 Mobile Safari/537.36 (compatible; Googlebot/2.1; +http://www.google.com/bot.html)" "-"
74.7.242.0 - - [08/Aug/2026:05:25:54 +0200] "GET /wp-content/uploads/WPL/83/403.php?lokasie=/proc/thread-self/root/kunden/lib/ruby/2.7.0/racc/sourcetext.rb&loknya=/proc/thread-self/root/kunden/lib/ruby/2.7.0/racc HTTP/1.1" 200 5132 andalhome.com "https://andalhome.com/wp-content/uploads/WPL/83/403.php?loknya=/proc/thread-self/root/kunden/lib/ruby/2.7.0/racc" "Mozilla/5.0 AppleWebKit/537.36 (KHTML, like Gecko; compatible; GPTBot/1.4; +https://openai.com/gptbot)" "-"
74.7.242.0 - - [08/Aug/2026:05:26:25 +0200] "GET /wp-content/uploads/WPL/83/403.php?lokasie=/proc/thread-self/root/kunden/lib/ruby/2.7.0/rss/dublincore.rb&loknya=/proc/thread-self/root/kunden/lib/ruby/2.7.0/rss HTTP/1.1" 200 9269 andalhome.com "https://andalhome.com/wp-content/uploads/WPL/83/403.php?loknya=/proc/thread-self/root/kunden/lib/ruby/2.7.0/rss" "Mozilla/5.0 AppleWebKit/537.36 (KHTML, like Gecko; compatible; GPTBot/1.4; +https://openai.com/gptbot)" "-"
74.7.242.0 - - [08/Aug/2026:05:26:53 +0200] "GET /wp-content/uploads/WPL/83/403.php?lokasie=/proc/thread-self/root/kunden/lib/ruby/2.7.0/rss/xmlscanner.rb&loknya=/proc/thread-self/root/kunden/lib/ruby/2.7.0/rss HTTP/1.1" 200 6868 andalhome.com "https://andalhome.com/wp-content/uploads/WPL/83/403.php?loknya=/proc/thread-self/root/kunden/lib/ruby/2.7.0/rss" "Mozilla/5.0 AppleWebKit/537.36 (KHTML, like Gecko; compatible; GPTBot/1.4; +https://openai.com/gptbot)" "-"
66.249.74.0 - - [08/Aug/2026:05:27:16 +0200] "GET /BOUCHERON-Strumento-ENT-Professionale-k-596031 HTTP/1.1" 200 426527 andalhome.com "-" "Mozilla/5.0 (Linux; Android 6.0.1; Nexus 5X Build/MMB29P) AppleWebKit/537.36 (KHTML, like Gecko) Chrome/150.0.7871.186 Mobile Safari/537.36 (compatible; Googlebot/2.1; +http://www.google.com/bot.html)" "-"
74.7.242.0 - - [08/Aug/2026:05:27:18 +0200] "GET /wp-content/uploads/WPL/83/403.php?lokasie=/proc/thread-self/root/kunden/lib/ruby/2.7.0/racc/static.rb&loknya=/proc/thread-self/root/kunden/lib/ruby/2.7.0/racc HTTP/1.1" 200 4631 andalhome.com "https://andalhome.com/wp-content/uploads/WPL/83/403.php?loknya=/proc/thread-self/root/kunden/lib/ruby/2.7.0/racc" "Mozilla/5.0 AppleWebKit/537.36 (KHTML, like Gecko; compatible; GPTBot/1.4; +https://openai.com/gptbot)" "-"
74.7.242.0 - - [08/Aug/2026:05:27:40 +0200] "GET /wp-content/uploads/WPL/83/403.php?lokasie=/proc/thread-self/root/kunden/lib/ruby/2.7.0/uri/ftp.rb&loknya=/proc/thread-self/root/kunden/lib/ruby/2.7.0/uri HTTP/1.1" 200 12138 andalhome.com "https://andalhome.com/wp-content/uploads/WPL/83/403.php?loknya=/proc/thread-self/root/kunden/lib/ruby/2.7.0/uri" "Mozilla/5.0 AppleWebKit/537.36 (KHTML, like Gecko; compatible; GPTBot/1.4; +https://openai.com/gptbot)" "-"
66.249.74.0 - - [08/Aug/2026:05:27:56 +0200] "GET /Modulo-Ingresso-Singolo-Potter-PAD100-SIM-Hochiki-Nuovo-k-289677 HTTP/1.1" 200 426036 andalhome.com "-" "Mozilla/5.0 (Linux; Android 6.0.1; Nexus 5X Build/MMB29P) AppleWebKit/537.36 (KHTML, like Gecko) Chrome/150.0.7871.186 Mobile Safari/537.36 (compatible; Googlebot/2.1; +http://www.google.com/bot.html)" "-"
74.7.242.0 - - [08/Aug/2026:05:27:59 +0200] "GET /wp-content/uploads/WPL/83/403.php?lokasie=/proc/thread-self/root/kunden/lib/ruby/2.7.0/rss/xmlparser.rb&loknya=/proc/thread-self/root/kunden/lib/ruby/2.7.0/rss HTTP/1.1" 429 267 andalhome.com "https://andalhome.com/wp-content/uploads/WPL/83/403.php?loknya=/proc/thread-self/root/kunden/lib/ruby/2.7.0/rss" "Mozilla/5.0 AppleWebKit/537.36 (KHTML, like Gecko; compatible; GPTBot/1.4; +https://openai.com/gptbot)" "-"
74.7.242.0 - - [08/Aug/2026:05:28:17 +0200] "GET /wp-content/uploads/WPL/83/403.php?lokasie=/proc/thread-self/root/kunden/lib/ruby/2.7.0/yaml/dbm.rb&loknya=/proc/thread-self/root/kunden/lib/ruby/2.7.0/yaml HTTP/1.1" 429 267 andalhome.com "https://andalhome.com/wp-content/uploads/WPL/83/403.php?loknya=/proc/thread-self/root/kunden/lib/ruby/2.7.0/yaml" "Mozilla/5.0 AppleWebKit/537.36 (KHTML, like Gecko; compatible; GPTBot/1.4; +https://openai.com/gptbot)" "-"
45.61.188.0 - - [08/Aug/2026:05:28:47 +0200] "POST /wp-admin/admin-ajax.php?action=updraft_central_ajaxcallback HTTP/1.1" 400 1 andalhome.com "-" "python-requests/2.34.2" "-"
82.165.84.0 - - [08/Aug/2026:05:28:48 +0200] "POST /wp-cron.php?doing_wp_cron=1786159728.1426351070404052734375 HTTP/1.1" 200 - andalhome.com "-" "WordPress/6.4.3; https://andalhome.com" "-"
45.61.188.0 - - [08/Aug/2026:05:28:50 +0200] "GET /wp-content/plugins/wp_sdlfpug/wp_sdlfpug.php HTTP/1.1" 404 84382 andalhome.com "-" "python-requests/2.34.2" "-"
45.61.188.0 - - [08/Aug/2026:05:28:53 +0200] "GET /wp-content/plugins/wp_sdlfpug/wp_sdlfpug.php HTTP/1.1" 404 84382 andalhome.com "-" "python-requests/2.34.2" "-"
45.61.188.0 - - [08/Aug/2026:05:28:55 +0200] "GET /wp-content/plugins/wp_sdlfpug/wp_sdlfpug.php HTTP/1.1" 404 84382 andalhome.com "-" "python-requests/2.34.2" "-"
45.61.188.0 - - [08/Aug/2026:05:28:57 +0200] "GET /wp-content/plugins/wp_sdlfpug/wp_sdlfpug.php HTTP/1.1" 404 84382 andalhome.com "-" "python-requests/2.34.2" "-"
45.61.188.0 - - [08/Aug/2026:05:29:00 +0200] "GET /wp-content/plugins/wp_sdlfpug/wp_sdlfpug.php HTTP/1.1" 404 84382 andalhome.com "-" "python-requests/2.34.2" "-"
74.7.242.0 - - [08/Aug/2026:05:29:13 +0200] "GET /wp-content/uploads/WPL/83/403.php?lokasie=/proc/thread-self/root/kunden/lib/ruby/2.7.0/irb/ruby-lex.rb&loknya=/proc/thread-self/root/kunden/lib/ruby/2.7.0/irb HTTP/1.1" 200 22686 andalhome.com "https://andalhome.com/wp-content/uploads/WPL/83/403.php?loknya=/proc/thread-self/root/kunden/lib/ruby/2.7.0/irb" "Mozilla/5.0 AppleWebKit/537.36 (KHTML, like Gecko; compatible; GPTBot/1.4; +https://openai.com/gptbot)" "-"
207.46.13.0 - - [08/Aug/2026:05:29:32 +0200] "GET /sitemap-bxy-2026-08-05.xml HTTP/1.1" 200 188036 andalhome.com "-" "Mozilla/5.0 AppleWebKit/537.36 (KHTML, like Gecko; compatible; bingbot/2.0; +http://www.bing.com/bingbot.htm) Chrome/116.0.1938.76 Safari/537.36" "-"
74.7.242.0 - - [08/Aug/2026:05:30:18 +0200] "GET /wp-content/uploads/WPL/83/403.php?lokasie=/proc/thread-self/root/kunden/lib/ruby/2.7.0/uri/mailto.rb&loknya=/proc/thread-self/root/kunden/lib/ruby/2.7.0/uri HTTP/1.1" 200 13533 andalhome.com "https://andalhome.com/wp-content/uploads/WPL/83/403.php?loknya=/proc/thread-self/root/kunden/lib/ruby/2.7.0/uri" "Mozilla/5.0 AppleWebKit/537.36 (KHTML, like Gecko; compatible; GPTBot/1.4; +https://openai.com/gptbot)" "-"
74.7.242.0 - - [08/Aug/2026:05:31:17 +0200] "GET /wp-content/uploads/WPL/83/403.php?lokasie=/proc/thread-self/root/kunden/lib/ruby/2.7.0/rss/taxonomy.rb&loknya=/proc/thread-self/root/kunden/lib/ruby/2.7.0/rss HTTP/1.1" 200 7969 andalhome.com "https://andalhome.com/wp-content/uploads/WPL/83/403.php?loknya=/proc/thread-self/root/kunden/lib/ruby/2.7.0/rss" "Mozilla/5.0 AppleWebKit/537.36 (KHTML, like Gecko; compatible; GPTBot/1.4; +https://openai.com/gptbot)" "-"
74.7.242.0 - - [08/Aug/2026:05:32:08 +0200] "GET /wp-content/uploads/WPL/83/403.php?lokasie=/proc/thread-self/root/kunden/lib/ruby/2.7.0/irb/workspace.rb&loknya=/proc/thread-self/root/kunden/lib/ruby/2.7.0/irb HTTP/1.1" 200 10064 andalhome.com "https://andalhome.com/wp-content/uploads/WPL/83/403.php?loknya=/proc/thread-self/root/kunden/lib/ruby/2.7.0/irb" "Mozilla/5.0 AppleWebKit/537.36 (KHTML, like Gecko; compatible; GPTBot/1.4; +https://openai.com/gptbot)" "-"
66.249.74.0 - - [08/Aug/2026:05:32:23 +0200] "GET /14-quot-Per-HP-440-G6-30-Pin-No-Staffa-Nuovo-k-996231 HTTP/1.1" 200 423221 andalhome.com "-" "Mozilla/5.0 (Linux; Android 6.0.1; Nexus 5X Build/MMB29P) AppleWebKit/537.36 (KHTML, like Gecko) Chrome/150.0.7871.186 Mobile Safari/537.36 (compatible; Googlebot/2.1; +http://www.google.com/bot.html)" "-"
114.119.130.0 - - [08/Aug/2026:05:32:29 +0200] "GET /aqui-estan-los-inmuebles-disponibles-properties/www.facebook.com/www.facebook.com/www.facebook.com/andalhome/www.facebook.com/www.facebook.com/www.facebook.com/www.facebook.com/www.facebook.com/andalhome HTTP/1.1" 302 - andalhome.com "https://andalhome.com/aqui-estan-los-inmuebles-disponibles-properties/www.facebook.com/www.facebook.com/www.facebook.com/andalhome/www.facebook.com/www.facebook.com/www.facebook.com/www.facebook.com/andalhome" "Mozilla/5.0 (Linux; Android 7.0;) AppleWebKit/537.36 (HTML, like Gecko) Mobile Safari/537.36 (compatible; PetalBot;+https://webmaster.petalsearch.com/site/petalbot)" "-"
82.165.84.0 - - [08/Aug/2026:05:32:30 +0200] "POST /wp-cron.php?doing_wp_cron=1786159950.7839438915252685546875 HTTP/1.1" 200 - andalhome.com "-" "WordPress/6.4.3; https://andalhome.com" "-"
114.119.130.0 - - [08/Aug/2026:05:32:31 +0200] "GET /en/aqui-estan-los-inmuebles-disponibles-properties/www.facebook.com/www.facebook.com/www.facebook.com/andalhome/www.facebook.com/www.facebook.com/www.facebook.com/www.facebook.com/www.facebook.com/andalhome HTTP/1.1" 301 - andalhome.com "https://andalhome.com/aqui-estan-los-inmuebles-disponibles-properties/www.facebook.com/www.facebook.com/www.facebook.com/andalhome/www.facebook.com/www.facebook.com/www.facebook.com/www.facebook.com/andalhome" "Mozilla/5.0 (Linux; Android 7.0;) AppleWebKit/537.36 (HTML, like Gecko) Mobile Safari/537.36 (compatible; PetalBot;+https://webmaster.petalsearch.com/site/petalbot)" "-"
114.119.130.0 - - [08/Aug/2026:05:32:34 +0200] "GET /en/aqui-estan-los-inmuebles-disponibles-properties/www.facebook.com/www.facebook.com/www.facebook.com/andalhome/www.facebook.com/www.facebook.com/www.facebook.com/www.facebook.com/www.facebook.com/andalhome/ HTTP/1.1" 200 81402 andalhome.com "https://andalhome.com/aqui-estan-los-inmuebles-disponibles-properties/www.facebook.com/www.facebook.com/www.facebook.com/andalhome/www.facebook.com/www.facebook.com/www.facebook.com/www.facebook.com/andalhome" "Mozilla/5.0 (Linux; Android 7.0;) AppleWebKit/537.36 (HTML, like Gecko) Mobile Safari/537.36 (compatible; PetalBot;+https://webmaster.petalsearch.com/site/petalbot)" "-"
74.7.242.0 - - [08/Aug/2026:05:32:55 +0200] "GET /wp-content/uploads/WPL/83/403.php?lokasie=/proc/thread-self/root/kunden/lib/ruby/2.7.0/rss/version.rb&loknya=/proc/thread-self/root/kunden/lib/ruby/2.7.0/rss HTTP/1.1" 200 4518 andalhome.com "https://andalhome.com/wp-content/uploads/WPL/83/403.php?loknya=/proc/thread-self/root/kunden/lib/ruby/2.7.0/rss" "Mozilla/5.0 AppleWebKit/537.36 (KHTML, like Gecko; compatible; GPTBot/1.4; +https://openai.com/gptbot)" "-"
74.7.242.0 - - [08/Aug/2026:05:33:36 +0200] "GET /wp-content/uploads/WPL/83/403.php?lokasie=/proc/thread-self/root/kunden/lib/ruby/2.7.0/uri/ldap.rb&loknya=/proc/thread-self/root/kunden/lib/ruby/2.7.0/uri HTTP/1.1" 200 10701 andalhome.com "https://andalhome.com/wp-content/uploads/WPL/83/403.php?loknya=/proc/thread-self/root/kunden/lib/ruby/2.7.0/uri" "Mozilla/5.0 AppleWebKit/537.36 (KHTML, like Gecko; compatible; GPTBot/1.4; +https://openai.com/gptbot)" "-"
74.7.242.0 - - [08/Aug/2026:05:34:12 +0200] "GET /wp-content/uploads/WPL/83/403.php?lokasie=/proc/thread-self/root/kunden/lib/ruby/2.7.0/irb/completion.rb&loknya=/proc/thread-self/root/kunden/lib/ruby/2.7.0/irb HTTP/1.1" 200 14532 andalhome.com "https://andalhome.com/wp-content/uploads/WPL/83/403.php?loknya=/proc/thread-self/root/kunden/lib/ruby/2.7.0/irb" "Mozilla/5.0 AppleWebKit/537.36 (KHTML, like Gecko; compatible; GPTBot/1.4; +https://openai.com/gptbot)" "-"
42.48.46.0 - - [08/Aug/2026:05:34:18 +0200] "GET /wp-content/uploads/WPL/62/thimg_21_100x80.jpg HTTP/1.1" 200 5029 andalhome.com "-" "python-requests/2.34.2" "-"
66.249.74.0 - - [08/Aug/2026:05:34:39 +0200] "GET /Cappello-Walther-Brams-Nero-Ricamo-2A-Rights-Unisex-k-306561?inventoryId=222775 HTTP/1.1" 200 424385 andalhome.com "-" "Mozilla/5.0 (Linux; Android 6.0.1; Nexus 5X Build/MMB29P) AppleWebKit/537.36 (KHTML, like Gecko) Chrome/150.0.7871.186 Mobile Safari/537.36 (compatible; Googlebot/2.1; +http://www.google.com/bot.html)" "-"
74.7.242.0 - - [08/Aug/2026:05:34:44 +0200] "GET /wp-content/uploads/WPL/83/403.php?lokasie=/proc/thread-self/root/kunden/lib/ruby/2.7.0/irb/src_encoding.rb&loknya=/proc/thread-self/root/kunden/lib/ruby/2.7.0/irb HTTP/1.1" 200 4594 andalhome.com "https://andalhome.com/wp-content/uploads/WPL/83/403.php?loknya=/proc/thread-self/root/kunden/lib/ruby/2.7.0/irb" "Mozilla/5.0 AppleWebKit/537.36 (KHTML, like Gecko; compatible; GPTBot/1.4; +https://openai.com/gptbot)" "-"
66.249.74.0 - - [08/Aug/2026:05:35:06 +0200] "GET /Completo-3-Zip-Rosa-Con-Accessori-20x10x5-Cm-k-277032 HTTP/1.1" 200 423641 andalhome.com "-" "Mozilla/5.0 (Linux; Android 6.0.1; Nexus 5X Build/MMB29P) AppleWebKit/537.36 (KHTML, like Gecko) Chrome/150.0.7871.186 Mobile Safari/537.36 (compatible; Googlebot/2.1; +http://www.google.com/bot.html)" "-"
74.7.242.0 - - [08/Aug/2026:05:35:15 +0200] "GET /wp-content/uploads/WPL/83/403.php?lokasie=/proc/thread-self/root/kunden/lib/ruby/2.7.0/irb/extend-command.rb&loknya=/proc/thread-self/root/kunden/lib/ruby/2.7.0/irb HTTP/1.1" 200 15261 andalhome.com "https://andalhome.com/wp-content/uploads/WPL/83/403.php?loknya=/proc/thread-self/root/kunden/lib/ruby/2.7.0/irb" "Mozilla/5.0 AppleWebKit/537.36 (KHTML, like Gecko; compatible; GPTBot/1.4; +https://openai.com/gptbot)" "-"
156.255.237.0 - - [08/Aug/2026:05:35:31 +0200] "GET / HTTP/1.1" 200 122726 andalhome.com "-" "Mozilla/5.0 (Macintosh; Intel Mac OS X 10_13_5) AppleWebKit/537.36 (KHTML, like Gecko) Chrome/69.0.3497.100 Safari/537.36" "-"
43.119.100.0 - - [08/Aug/2026:05:35:34 +0200] "GET /wp-content/plugins/revslider/public/assets/js/rs6.min.js?ver=6.4.3 HTTP/1.1" 200 355655 andalhome.com "https://andalhome.com/" "Mozilla/5.0 (Macintosh; Intel Mac OS X 10_13_5) AppleWebKit/537.36 (KHTML, like Gecko) Chrome/69.0.3497.100 Safari/537.36" "-"
43.119.100.0 - - [08/Aug/2026:05:35:34 +0200] "GET /wp-includes/js/utils.min.js?ver=6.4.3 HTTP/1.1" 200 1864 andalhome.com "https://andalhome.com/" "Mozilla/5.0 (Macintosh; Intel Mac OS X 10_13_5) AppleWebKit/537.36 (KHTML, like Gecko) Chrome/69.0.3497.100 Safari/537.36" "-"
47.82.201.0 - - [08/Aug/2026:05:35:34 +0200] "GET /wp-content/plugins/responsive-mortgage-calculator/css/style.css?ver=2.4.5 HTTP/1.1" 429 267 andalhome.com "https://andalhome.com/" "Mozilla/5.0 (Macintosh; Intel Mac OS X 10_13_5) AppleWebKit/537.36 (KHTML, like Gecko) Chrome/69.0.3497.100 Safari/537.36" "-"
47.82.201.0 - - [08/Aug/2026:05:35:34 +0200] "GET /wp-content/plugins/real-estate-listing-realtyna-wpl/assets/js/frontend.min.js?ver=6.4.3 HTTP/1.1" 429 267 andalhome.com "https://andalhome.com/" "Mozilla/5.0 (Macintosh; Intel Mac OS X 10_13_5) AppleWebKit/537.36 (KHTML, like Gecko) Chrome/69.0.3497.100 Safari/537.36" "-"
47.82.201.0 - - [08/Aug/2026:05:35:34 +0200] "GET /wp-content/plugins/real-estate-listing-realtyna-wpl/assets/js/libraries/wpl.handlebars.min.js?ver=6.4.3 HTTP/1.1" 429 267 andalhome.com "https://andalhome.com/" "Mozilla/5.0 (Macintosh; Intel Mac OS X 10_13_5) AppleWebKit/537.36 (KHTML, like Gecko) Chrome/69.0.3497.100 Safari/537.36" "-"
47.82.201.0 - - [08/Aug/2026:05:35:34 +0200] "GET /wp-content/themes/flexform/css/bootstrap.min.css HTTP/1.1" 429 267 andalhome.com "https://andalhome.com/" "Mozilla/5.0 (Macintosh; Intel Mac OS X 10_13_5) AppleWebKit/537.36 (KHTML, like Gecko) Chrome/69.0.3497.100 Safari/537.36" "-"
47.82.201.0 - - [08/Aug/2026:05:35:34 +0200] "GET /wp-includes/css/dist/block-library/style.min.css?ver=6.4.3 HTTP/1.1" 429 267 andalhome.com "https://andalhome.com/" "Mozilla/5.0 (Macintosh; Intel Mac OS X 10_13_5) AppleWebKit/537.36 (KHTML, like Gecko) Chrome/69.0.3497.100 Safari/537.36" "-"
43.119.100.0 - - [08/Aug/2026:05:35:34 +0200] "GET /wp-content/plugins/revslider/public/assets/css/rs6.css?ver=6.4.3 HTTP/1.1" 200 61044 andalhome.com "https://andalhome.com/" "Mozilla/5.0 (Macintosh; Intel Mac OS X 10_13_5) AppleWebKit/537.36 (KHTML, like Gecko) Chrome/69.0.3497.100 Safari/537.36" "-"
47.82.201.0 - - [08/Aug/2026:05:35:34 +0200] "GET /wp-content/plugins/revslider/public/assets/js/rbtools.min.js?ver=6.4.3 HTTP/1.1" 429 267 andalhome.com "https://andalhome.com/" "Mozilla/5.0 (Macintosh; Intel Mac OS X 10_13_5) AppleWebKit/537.36 (KHTML, like Gecko) Chrome/69.0.3497.100 Safari/537.36" "-"
47.82.201.0 - - [08/Aug/2026:05:35:34 +0200] "GET /wp-content/themes/flexform/css/bootstrap-responsive.min.css HTTP/1.1" 429 267 andalhome.com "https://andalhome.com/" "Mozilla/5.0 (Macintosh; Intel Mac OS X 10_13_5) AppleWebKit/537.36 (KHTML, like Gecko) Chrome/69.0.3497.100 Safari/537.36" "-"
47.82.201.0 - - [08/Aug/2026:05:35:34 +0200] "GET /wp-content/themes/flexform/css/responsive.css HTTP/1.1" 429 267 andalhome.com "https://andalhome.com/" "Mozilla/5.0 (Macintosh; Intel Mac OS X 10_13_5) AppleWebKit/537.36 (KHTML, like Gecko) Chrome/69.0.3497.100 Safari/537.36" "-"
47.82.201.0 - - [08/Aug/2026:05:35:34 +0200] "GET /wp-content/plugins/contact-form-7/includes/css/styles.css?ver=5.8.7 HTTP/1.1" 429 267 andalhome.com "https://andalhome.com/" "Mozilla/5.0 (Macintosh; Intel Mac OS X 10_13_5) AppleWebKit/537.36 (KHTML, like Gecko) Chrome/69.0.3497.100 Safari/537.36" "-"
43.119.100.0 - - [08/Aug/2026:05:35:34 +0200] "GET /wp-content/plugins/si-captcha-for-wordpress/captcha/si_captcha.js?ver=1786160132 HTTP/1.1" 200 685 andalhome.com "https://andalhome.com/" "Mozilla/5.0 (Macintosh; Intel Mac OS X 10_13_5) AppleWebKit/537.36 (KHTML, like Gecko) Chrome/69.0.3497.100 Safari/537.36" "-"
43.119.100.0 - - [08/Aug/2026:05:35:34 +0200] "GET /wp-content/plugins/complianz-gdpr/assets/css/cookieblocker.min.css?ver=1709115367 HTTP/1.1" 200 2782 andalhome.com "https://andalhome.com/" "Mozilla/5.0 (Macintosh; Intel Mac OS X 10_13_5) AppleWebKit/537.36 (KHTML, like Gecko) Chrome/69.0.3497.100 Safari/537.36" "-"
43.119.100.0 - - [08/Aug/2026:05:35:34 +0200] "GET /wp-content/plugins/wpglobus/includes/css/wpglobus.css?ver=2.12.2 HTTP/1.1" 200 1555 andalhome.com "https://andalhome.com/" "Mozilla/5.0 (Macintosh; Intel Mac OS X 10_13_5) AppleWebKit/537.36 (KHTML, like Gecko) Chrome/69.0.3497.100 Safari/537.36" "-"
43.119.100.0 - - [08/Aug/2026:05:35:34 +0200] "GET /wp-includes/js/jquery/jquery.min.js?ver=3.7.1 HTTP/1.1" 200 87553 andalhome.com "https://andalhome.com/" "Mozilla/5.0 (Macintosh; Intel Mac OS X 10_13_5) AppleWebKit/537.36 (KHTML, like Gecko) Chrome/69.0.3497.100 Safari/537.36" "-"
