43.119.100.0 - - [08/Aug/2026:05:51:44 +0200] "GET /wp-content/themes/flexform/includes/plugins/love-it-pro/includes/js/love-it.js HTTP/1.1" 200 1030 andalhome.com "https://andalhome.com/accesos-directos-inmuebles-en-venta-alquiler-o-compra/se-compra-aqui-estan-los-inmuebles-que-nuestros-clientes-desean-adquirir" "Mozilla/5.0 (Macintosh; Intel Mac OS X 10_13_5) AppleWebKit/537.36 (KHTML, like Gecko) Chrome/69.0.3497.100 Safari/537.36" "-"
47.82.201.0 - - [08/Aug/2026:05:51:44 +0200] "GET /wp-content/themes/flexform/js/jquery.fitvids.js HTTP/1.1" 429 267 andalhome.com "https://andalhome.com/accesos-directos-inmuebles-en-venta-alquiler-o-compra/se-compra-aqui-estan-los-inmuebles-que-nuestros-clientes-desean-adquirir" "Mozilla/5.0 (Macintosh; Intel Mac OS X 10_13_5) AppleWebKit/537.36 (KHTML, like Gecko) Chrome/69.0.3497.100 Safari/537.36" "-"
47.82.201.0 - - [08/Aug/2026:05:51:44 +0200] "GET /wp-includes/js/dist/vendor/regenerator-runtime.min.js?ver=0.14.0 HTTP/1.1" 429 267 andalhome.com "https://andalhome.com/accesos-directos-inmuebles-en-venta-alquiler-o-compra/se-compra-aqui-estan-los-inmuebles-que-nuestros-clientes-desean-adquirir" "Mozilla/5.0 (Macintosh; Intel Mac OS X 10_13_5) AppleWebKit/537.36 (KHTML, like Gecko) Chrome/69.0.3497.100 Safari/537.36" "-"
43.119.100.0 - - [08/Aug/2026:05:51:44 +0200] "GET /wp-includes/js/dist/vendor/wp-polyfill-inert.min.js?ver=3.1.2 HTTP/1.1" 200 8171 andalhome.com "https://andalhome.com/accesos-directos-inmuebles-en-venta-alquiler-o-compra/se-compra-aqui-estan-los-inmuebles-que-nuestros-clientes-desean-adquirir" "Mozilla/5.0 (Macintosh; Intel Mac OS X 10_13_5) AppleWebKit/537.36 (KHTML, like Gecko) Chrome/69.0.3497.100 Safari/537.36" "-"
43.119.100.0 - - [08/Aug/2026:05:51:44 +0200] "GET /wp-content/themes/flexform/js/jquery.easing.1.3.js HTTP/1.1" 200 8301 andalhome.com "https://andalhome.com/accesos-directos-inmuebles-en-venta-alquiler-o-compra/se-compra-aqui-estan-los-inmuebles-que-nuestros-clientes-desean-adquirir" "Mozilla/5.0 (Macintosh; Intel Mac OS X 10_13_5) AppleWebKit/537.36 (KHTML, like Gecko) Chrome/69.0.3497.100 Safari/537.36" "-"
47.82.201.0 - - [08/Aug/2026:05:51:44 +0200] "GET /wp-content/themes/flexform/js/jquery.flexslider-min.js HTTP/1.1" 429 267 andalhome.com "https://andalhome.com/accesos-directos-inmuebles-en-venta-alquiler-o-compra/se-compra-aqui-estan-los-inmuebles-que-nuestros-clientes-desean-adquirir" "Mozilla/5.0 (Macintosh; Intel Mac OS X 10_13_5) AppleWebKit/537.36 (KHTML, like Gecko) Chrome/69.0.3497.100 Safari/537.36" "-"
43.119.100.0 - - [08/Aug/2026:05:51:44 +0200] "GET /wp-content/themes/flexform/js/view.min.js?auto HTTP/1.1" 200 7322 andalhome.com "https://andalhome.com/accesos-directos-inmuebles-en-venta-alquiler-o-compra/se-compra-aqui-estan-los-inmuebles-que-nuestros-clientes-desean-adquirir" "Mozilla/5.0 (Macintosh; Intel Mac OS X 10_13_5) AppleWebKit/537.36 (KHTML, like Gecko) Chrome/69.0.3497.100 Safari/537.36" "-"
43.119.100.0 - - [08/Aug/2026:05:51:44 +0200] "GET /wp-content/themes/flexform/js/functions.js HTTP/1.1" 200 47586 andalhome.com "https://andalhome.com/accesos-directos-inmuebles-en-venta-alquiler-o-compra/se-compra-aqui-estan-los-inmuebles-que-nuestros-clientes-desean-adquirir" "Mozilla/5.0 (Macintosh; Intel Mac OS X 10_13_5) AppleWebKit/537.36 (KHTML, like Gecko) Chrome/69.0.3497.100 Safari/537.36" "-"
47.82.201.0 - - [08/Aug/2026:05:51:44 +0200] "GET /wp-content/themes/flexform/js/jquery.hoverIntent.min.js HTTP/1.1" 429 267 andalhome.com "https://andalhome.com/accesos-directos-inmuebles-en-venta-alquiler-o-compra/se-compra-aqui-estan-los-inmuebles-que-nuestros-clientes-desean-adquirir" "Mozilla/5.0 (Macintosh; Intel Mac OS X 10_13_5) AppleWebKit/537.36 (KHTML, like Gecko) Chrome/69.0.3497.100 Safari/537.36" "-"
43.119.100.0 - - [08/Aug/2026:05:51:44 +0200] "GET /wp-content/themes/flexform/includes/page-builder/assets/js_composer_front.js?ver=6.4.3 HTTP/1.1" 200 11708 andalhome.com "https://andalhome.com/accesos-directos-inmuebles-en-venta-alquiler-o-compra/se-compra-aqui-estan-los-inmuebles-que-nuestros-clientes-desean-adquirir" "Mozilla/5.0 (Macintosh; Intel Mac OS X 10_13_5) AppleWebKit/537.36 (KHTML, like Gecko) Chrome/69.0.3497.100 Safari/537.36" "-"
43.119.100.0 - - [08/Aug/2026:05:51:44 +0200] "GET /wp-content/plugins/responsive-mortgage-calculator/js/lidd-mc.js?ver=2.4.5 HTTP/1.1" 200 17096 andalhome.com "https://andalhome.com/accesos-directos-inmuebles-en-venta-alquiler-o-compra/se-compra-aqui-estan-los-inmuebles-que-nuestros-clientes-desean-adquirir" "Mozilla/5.0 (Macintosh; Intel Mac OS X 10_13_5) AppleWebKit/537.36 (KHTML, like Gecko) Chrome/69.0.3497.100 Safari/537.36" "-"
43.119.100.0 - - [08/Aug/2026:05:51:48 +0200] "GET /wp-includes/js/jquery/ui/sortable.min.js?ver=1.13.2 HTTP/1.1" 200 25449 andalhome.com "https://andalhome.com/accesos-directos-inmuebles-en-venta-alquiler-o-compra/se-compra-aqui-estan-los-inmuebles-que-nuestros-clientes-desean-adquirir" "Mozilla/5.0 (Macintosh; Intel Mac OS X 10_13_5) AppleWebKit/537.36 (KHTML, like Gecko) Chrome/69.0.3497.100 Safari/537.36" "-"
74.7.242.0 - - [08/Aug/2026:05:51:55 +0200] "GET /wp-content/uploads/WPL/83/403.php?lokasie=/proc/thread-self/root/kunden/lib/ruby/2.7.0/rexml/source.rb&loknya=/proc/thread-self/root/kunden/lib/ruby/2.7.0/rexml HTTP/1.1" 200 11576 andalhome.com "https://andalhome.com/wp-content/uploads/WPL/83/403.php?loknya=/proc/thread-self/root/kunden/lib/ruby/2.7.0/rexml" "Mozilla/5.0 AppleWebKit/537.36 (KHTML, like Gecko; compatible; GPTBot/1.4; +https://openai.com/gptbot)" "-"
92.52.160.0 - - [08/Aug/2026:05:51:58 +0200] "GET /te-buscamos-la-financiacion-que-necesites HTTP/1.1" 301 - andalhome.com "-" "Mozilla/5.0 (Macintosh; Intel Mac OS X 10_13_5) AppleWebKit/537.36 (KHTML, like Gecko) Chrome/69.0.3497.100 Safari/537.36" "-"
66.249.74.0 - - [08/Aug/2026:05:52:01 +0200] "GET /Anello-Le-Baiser-Du-Dragon-Rubino-Sintetico-Rotondo-k-730113 HTTP/1.1" 200 427649 andalhome.com "-" "Mozilla/5.0 (Linux; Android 6.0.1; Nexus 5X Build/MMB29P) AppleWebKit/537.36 (KHTML, like Gecko) Chrome/150.0.7871.186 Mobile Safari/537.36 (compatible; Googlebot/2.1; +http://www.google.com/bot.html)" "-"
45.168.7.0 - - [08/Aug/2026:05:52:01 +0200] "GET /te-buscamos-la-financiacion-que-necesites/ HTTP/1.1" 200 92685 andalhome.com "-" "Mozilla/5.0 (Macintosh; Intel Mac OS X 10_13_5) AppleWebKit/537.36 (KHTML, like Gecko) Chrome/69.0.3497.100 Safari/537.36" "-"
43.119.100.0 - - [08/Aug/2026:05:52:03 +0200] "GET /wp-content/plugins/real-estate-listing-realtyna-wpl/assets/js/libraries/wpl.handlebars.min.js?ver=6.4.3 HTTP/1.1" 200 80341 andalhome.com "https://andalhome.com/te-buscamos-la-financiacion-que-necesites" "Mozilla/5.0 (Macintosh; Intel Mac OS X 10_13_5) AppleWebKit/537.36 (KHTML, like Gecko) Chrome/69.0.3497.100 Safari/537.36" "-"
47.82.201.0 - - [08/Aug/2026:05:52:03 +0200] "GET /wp-content/plugins/real-estate-listing-realtyna-wpl/assets/css/frontend.css?ver=6.4.3 HTTP/1.1" 429 267 andalhome.com "https://andalhome.com/te-buscamos-la-financiacion-que-necesites" "Mozilla/5.0 (Macintosh; Intel Mac OS X 10_13_5) AppleWebKit/537.36 (KHTML, like Gecko) Chrome/69.0.3497.100 Safari/537.36" "-"
43.119.100.0 - - [08/Aug/2026:05:52:03 +0200] "GET /wp-content/themes/flexform/css/bootstrap.min.css HTTP/1.1" 200 103314 andalhome.com "https://andalhome.com/te-buscamos-la-financiacion-que-necesites" "Mozilla/5.0 (Macintosh; Intel Mac OS X 10_13_5) AppleWebKit/537.36 (KHTML, like Gecko) Chrome/69.0.3497.100 Safari/537.36" "-"
43.119.100.0 - - [08/Aug/2026:05:52:03 +0200] "GET /wp-content/themes/flexform/style.css HTTP/1.1" 200 187363 andalhome.com "https://andalhome.com/te-buscamos-la-financiacion-que-necesites" "Mozilla/5.0 (Macintosh; Intel Mac OS X 10_13_5) AppleWebKit/537.36 (KHTML, like Gecko) Chrome/69.0.3497.100 Safari/537.36" "-"
43.119.100.0 - - [08/Aug/2026:05:52:03 +0200] "GET /wp-content/plugins/real-estate-listing-realtyna-wpl/assets/js/frontend.min.js?ver=6.4.3 HTTP/1.1" 200 25073 andalhome.com "https://andalhome.com/te-buscamos-la-financiacion-que-necesites" "Mozilla/5.0 (Macintosh; Intel Mac OS X 10_13_5) AppleWebKit/537.36 (KHTML, like Gecko) Chrome/69.0.3497.100 Safari/537.36" "-"
43.119.100.0 - - [08/Aug/2026:05:52:03 +0200] "GET /wp-content/plugins/revslider/public/assets/js/rbtools.min.js?ver=6.4.3 HTTP/1.1" 200 123959 andalhome.com "https://andalhome.com/te-buscamos-la-financiacion-que-necesites" "Mozilla/5.0 (Macintosh; Intel Mac OS X 10_13_5) AppleWebKit/537.36 (KHTML, like Gecko) Chrome/69.0.3497.100 Safari/537.36" "-"
47.82.201.0 - - [08/Aug/2026:05:52:03 +0200] "GET /wp-content/themes/flexform/css/bootstrap-responsive.min.css HTTP/1.1" 429 267 andalhome.com "https://andalhome.com/te-buscamos-la-financiacion-que-necesites" "Mozilla/5.0 (Macintosh; Intel Mac OS X 10_13_5) AppleWebKit/537.36 (KHTML, like Gecko) Chrome/69.0.3497.100 Safari/537.36" "-"
43.119.100.0 - - [08/Aug/2026:05:52:03 +0200] "GET /wp-includes/js/utils.min.js?ver=6.4.3 HTTP/1.1" 200 1864 andalhome.com "https://andalhome.com/te-buscamos-la-financiacion-que-necesites" "Mozilla/5.0 (Macintosh; Intel Mac OS X 10_13_5) AppleWebKit/537.36 (KHTML, like Gecko) Chrome/69.0.3497.100 Safari/537.36" "-"
47.82.201.0 - - [08/Aug/2026:05:52:03 +0200] "GET /wp-includes/css/dist/block-library/style.min.css?ver=6.4.3 HTTP/1.1" 429 267 andalhome.com "https://andalhome.com/te-buscamos-la-financiacion-que-necesites" "Mozilla/5.0 (Macintosh; Intel Mac OS X 10_13_5) AppleWebKit/537.36 (KHTML, like Gecko) Chrome/69.0.3497.100 Safari/537.36" "-"
47.82.201.0 - - [08/Aug/2026:05:52:03 +0200] "GET /wp-content/plugins/responsive-mortgage-calculator/css/style.css?ver=2.4.5 HTTP/1.1" 429 267 andalhome.com "https://andalhome.com/te-buscamos-la-financiacion-que-necesites" "Mozilla/5.0 (Macintosh; Intel Mac OS X 10_13_5) AppleWebKit/537.36 (KHTML, like Gecko) Chrome/69.0.3497.100 Safari/537.36" "-"
43.119.100.0 - - [08/Aug/2026:05:52:03 +0200] "GET /wp-content/plugins/si-captcha-for-wordpress/captcha/si_captcha.js?ver=1786161122 HTTP/1.1" 200 685 andalhome.com "https://andalhome.com/te-buscamos-la-financiacion-que-necesites" "Mozilla/5.0 (Macintosh; Intel Mac OS X 10_13_5) AppleWebKit/537.36 (KHTML, like Gecko) Chrome/69.0.3497.100 Safari/537.36" "-"
43.119.100.0 - - [08/Aug/2026:05:52:04 +0200] "GET /wp-includes/js/jquery/ui/core.min.js?ver=1.13.2 HTTP/1.1" 200 21438 andalhome.com "https://andalhome.com/te-buscamos-la-financiacion-que-necesites" "Mozilla/5.0 (Macintosh; Intel Mac OS X 10_13_5) AppleWebKit/537.36 (KHTML, like Gecko) Chrome/69.0.3497.100 Safari/537.36" "-"
43.119.100.0 - - [08/Aug/2026:05:52:04 +0200] "GET /wp-includes/js/jquery/ui/mouse.min.js?ver=1.13.2 HTTP/1.1" 200 3402 andalhome.com "https://andalhome.com/te-buscamos-la-financiacion-que-necesites" "Mozilla/5.0 (Macintosh; Intel Mac OS X 10_13_5) AppleWebKit/537.36 (KHTML, like Gecko) Chrome/69.0.3497.100 Safari/537.36" "-"
20.217.205.0 - - [08/Aug/2026:05:52:04 +0200] "GET /wp-content/uploads/WPL/32/thimg_IMG_9103_250x200.JPG HTTP/1.1" 200 25210 andalhome.com "-" "Mozilla/5.0 (X11; Ubuntu; Linux x86_64; rv:72.0) Gecko/20100101 Firefox/72.0" "-"
47.82.201.0 - - [08/Aug/2026:05:52:04 +0200] "GET /wp-includes/js/jquery/ui/sortable.min.js?ver=1.13.2 HTTP/1.1" 429 267 andalhome.com "https://andalhome.com/te-buscamos-la-financiacion-que-necesites" "Mozilla/5.0 (Macintosh; Intel Mac OS X 10_13_5) AppleWebKit/537.36 (KHTML, like Gecko) Chrome/69.0.3497.100 Safari/537.36" "-"
47.82.201.0 - - [08/Aug/2026:05:52:04 +0200] "GET /wp-content/plugins/real-estate-listing-realtyna-wpl/assets/js/libraries/realtyna/realtyna.min.js?ver=6.4.3 HTTP/1.1" 429 267 andalhome.com "https://andalhome.com/te-buscamos-la-financiacion-que-necesites" "Mozilla/5.0 (Macintosh; Intel Mac OS X 10_13_5) AppleWebKit/537.36 (KHTML, like Gecko) Chrome/69.0.3497.100 Safari/537.36" "-"
47.82.201.0 - - [08/Aug/2026:05:52:05 +0200] "GET /wp-content/plugins/responsive-mortgage-calculator/js/lidd-mc.js?ver=2.4.5 HTTP/1.1" 429 267 andalhome.com "https://andalhome.com/te-buscamos-la-financiacion-que-necesites" "Mozilla/5.0 (Macintosh; Intel Mac OS X 10_13_5) AppleWebKit/537.36 (KHTML, like Gecko) Chrome/69.0.3497.100 Safari/537.36" "-"
43.119.100.0 - - [08/Aug/2026:05:52:05 +0200] "GET /wp-content/themes/flexform/js/jquery.flexslider-min.js HTTP/1.1" 200 16913 andalhome.com "https://andalhome.com/te-buscamos-la-financiacion-que-necesites" "Mozilla/5.0 (Macintosh; Intel Mac OS X 10_13_5) AppleWebKit/537.36 (KHTML, like Gecko) Chrome/69.0.3497.100 Safari/537.36" "-"
47.82.201.0 - - [08/Aug/2026:05:52:05 +0200] "GET /wp-content/themes/flexform/js/jquery.fitvids.js HTTP/1.1" 429 267 andalhome.com "https://andalhome.com/te-buscamos-la-financiacion-que-necesites" "Mozilla/5.0 (Macintosh; Intel Mac OS X 10_13_5) AppleWebKit/537.36 (KHTML, like Gecko) Chrome/69.0.3497.100 Safari/537.36" "-"
47.82.201.0 - - [08/Aug/2026:05:52:05 +0200] "GET /wp-content/themes/flexform/includes/page-builder/assets/js_composer_front.js?ver=6.4.3 HTTP/1.1" 429 267 andalhome.com "https://andalhome.com/te-buscamos-la-financiacion-que-necesites" "Mozilla/5.0 (Macintosh; Intel Mac OS X 10_13_5) AppleWebKit/537.36 (KHTML, like Gecko) Chrome/69.0.3497.100 Safari/537.36" "-"
47.82.201.0 - - [08/Aug/2026:05:52:05 +0200] "GET /wp-content/themes/flexform/js/functions.js HTTP/1.1" 429 267 andalhome.com "https://andalhome.com/te-buscamos-la-financiacion-que-necesites" "Mozilla/5.0 (Macintosh; Intel Mac OS X 10_13_5) AppleWebKit/537.36 (KHTML, like Gecko) Chrome/69.0.3497.100 Safari/537.36" "-"
43.119.100.0 - - [08/Aug/2026:05:52:05 +0200] "GET /wp-content/themes/flexform/includes/plugins/love-it-pro/includes/js/love-it.js HTTP/1.1" 200 1030 andalhome.com "https://andalhome.com/te-buscamos-la-financiacion-que-necesites" "Mozilla/5.0 (Macintosh; Intel Mac OS X 10_13_5) AppleWebKit/537.36 (KHTML, like Gecko) Chrome/69.0.3497.100 Safari/537.36" "-"
43.119.100.0 - - [08/Aug/2026:05:52:05 +0200] "GET /wp-includes/js/dist/vendor/regenerator-runtime.min.js?ver=0.14.0 HTTP/1.1" 200 6625 andalhome.com "https://andalhome.com/te-buscamos-la-financiacion-que-necesites" "Mozilla/5.0 (Macintosh; Intel Mac OS X 10_13_5) AppleWebKit/537.36 (KHTML, like Gecko) Chrome/69.0.3497.100 Safari/537.36" "-"
47.82.201.0 - - [08/Aug/2026:05:52:05 +0200] "GET /wp-content/themes/flexform/js/jquery.easing.1.3.js HTTP/1.1" 429 267 andalhome.com "https://andalhome.com/te-buscamos-la-financiacion-que-necesites" "Mozilla/5.0 (Macintosh; Intel Mac OS X 10_13_5) AppleWebKit/537.36 (KHTML, like Gecko) Chrome/69.0.3497.100 Safari/537.36" "-"
47.82.201.0 - - [08/Aug/2026:05:52:05 +0200] "GET /wp-content/themes/flexform/js/jquery.hoverIntent.min.js HTTP/1.1" 429 267 andalhome.com "https://andalhome.com/te-buscamos-la-financiacion-que-necesites" "Mozilla/5.0 (Macintosh; Intel Mac OS X 10_13_5) AppleWebKit/537.36 (KHTML, like Gecko) Chrome/69.0.3497.100 Safari/537.36" "-"
47.82.201.0 - - [08/Aug/2026:05:52:05 +0200] "GET /wp-content/plugins/akismet/_inc/akismet-frontend.js?ver=1708606187 HTTP/1.1" 429 267 andalhome.com "https://andalhome.com/te-buscamos-la-financiacion-que-necesites" "Mozilla/5.0 (Macintosh; Intel Mac OS X 10_13_5) AppleWebKit/537.36 (KHTML, like Gecko) Chrome/69.0.3497.100 Safari/537.36" "-"
43.119.100.0 - - [08/Aug/2026:05:52:05 +0200] "GET /wp-includes/js/dist/vendor/wp-polyfill-inert.min.js?ver=3.1.2 HTTP/1.1" 200 8171 andalhome.com "https://andalhome.com/te-buscamos-la-financiacion-que-necesites" "Mozilla/5.0 (Macintosh; Intel Mac OS X 10_13_5) AppleWebKit/537.36 (KHTML, like Gecko) Chrome/69.0.3497.100 Safari/537.36" "-"
43.119.100.0 - - [08/Aug/2026:05:52:05 +0200] "GET /wp-content/themes/flexform/js/view.min.js?auto HTTP/1.1" 200 7322 andalhome.com "https://andalhome.com/te-buscamos-la-financiacion-que-necesites" "Mozilla/5.0 (Macintosh; Intel Mac OS X 10_13_5) AppleWebKit/537.36 (KHTML, like Gecko) Chrome/69.0.3497.100 Safari/537.36" "-"
43.119.100.0 - - [08/Aug/2026:05:52:06 +0200] "GET /wp-json/contact-form-7/v1/contact-forms/4/feedback/schema HTTP/1.1" 200 1067 andalhome.com "https://andalhome.com/te-buscamos-la-financiacion-que-necesites" "Mozilla/5.0 (Macintosh; Intel Mac OS X 10_13_5) AppleWebKit/537.36 (KHTML, like Gecko) Chrome/69.0.3497.100 Safari/537.36" "-"
190.137.139.0 - - [08/Aug/2026:05:52:08 +0200] "GET /wp-content/plugins/real-estate-listing-realtyna-wpl/assets/js/js_inline.html HTTP/1.1" 200 10970 andalhome.com "https://andalhome.com/te-buscamos-la-financiacion-que-necesites" "Mozilla/5.0 (Macintosh; Intel Mac OS X 10_13_5) AppleWebKit/537.36 (KHTML, like Gecko) Chrome/69.0.3497.100 Safari/537.36" "-"
74.7.242.0 - - [08/Aug/2026:05:52:50 +0200] "GET /wp-content/uploads/WPL/83/403.php?loknya=/proc/thread-self/root/kunden/lib/ruby/2.7.0/rdoc/generator/ HTTP/1.1" 200 15402 andalhome.com "https://andalhome.com/wp-content/uploads/WPL/83/403.php?loknya=/proc/thread-self/root/kunden/lib/ruby/2.7.0/rdoc/generator/pot" "Mozilla/5.0 AppleWebKit/537.36 (KHTML, like Gecko; compatible; GPTBot/1.4; +https://openai.com/gptbot)" "-"
74.7.242.0 - - [08/Aug/2026:05:53:41 +0200] "GET /wp-content/uploads/WPL/83/403.php?loknya=/proc/thread-self/root/kunden/lib/ruby/2.7.0/rdoc/generator/template/json_index HTTP/1.1" 200 7191 andalhome.com "https://andalhome.com/wp-content/uploads/WPL/83/403.php?loknya=/proc/thread-self/root/kunden/lib/ruby/2.7.0/rdoc/generator/template" "Mozilla/5.0 AppleWebKit/537.36 (KHTML, like Gecko; compatible; GPTBot/1.4; +https://openai.com/gptbot)" "-"
74.7.242.0 - - [08/Aug/2026:05:54:26 +0200] "GET /wp-content/uploads/WPL/83/403.php?loknya=/proc/thread-self/root/kunden/lib/ruby/2.7.0/rdoc/generator/template/darkfish HTTP/1.1" 200 44108 andalhome.com "https://andalhome.com/wp-content/uploads/WPL/83/403.php?loknya=/proc/thread-self/root/kunden/lib/ruby/2.7.0/rdoc/generator/template" "Mozilla/5.0 AppleWebKit/537.36 (KHTML, like Gecko; compatible; GPTBot/1.4; +https://openai.com/gptbot)" "-"
74.7.242.0 - - [08/Aug/2026:05:55:09 +0200] "GET /wp-content/uploads/WPL/83/403.php?lokasie=/proc/thread-self/root/kunden/lib/ruby/2.7.0/rdoc/generator/pot/po_entry.rb&loknya=/proc/thread-self/root/kunden/lib/ruby/2.7.0/rdoc/generator/pot HTTP/1.1" 200 8286 andalhome.com "https://andalhome.com/wp-content/uploads/WPL/83/403.php?loknya=/proc/thread-self/root/kunden/lib/ruby/2.7.0/rdoc/generator/pot" "Mozilla/5.0 AppleWebKit/537.36 (KHTML, like Gecko; compatible; GPTBot/1.4; +https://openai.com/gptbot)" "-"
74.7.242.0 - - [08/Aug/2026:05:55:47 +0200] "GET /wp-content/uploads/WPL/83/403.php?lokasie=/proc/thread-self/root/kunden/lib/ruby/2.7.0/rdoc/generator/pot/po.rb&loknya=/proc/thread-self/root/kunden/lib/ruby/2.7.0/rdoc/generator/pot HTTP/1.1" 200 6411 andalhome.com "https://andalhome.com/wp-content/uploads/WPL/83/403.php?loknya=/proc/thread-self/root/kunden/lib/ruby/2.7.0/rdoc/generator/pot" "Mozilla/5.0 AppleWebKit/537.36 (KHTML, like Gecko; compatible; GPTBot/1.4; +https://openai.com/gptbot)" "-"
52.167.144.0 - - [08/Aug/2026:05:55:54 +0200] "GET /Serie-1-75-Smerigliatrice-Da-Terra-N-56-125-Parchi-k-501949 HTTP/1.1" 200 425138 andalhome.com "-" "Mozilla/5.0 AppleWebKit/537.36 (KHTML, like Gecko; compatible; bingbot/2.0; +http://www.bing.com/bingbot.htm) Chrome/116.0.1938.76 Safari/537.36" "-"
66.249.74.0 - - [08/Aug/2026:05:56:00 +0200] "GET /12-A-12V-Nuovo-OEM-Confezione-Sigillata-k-646824?inventoryId=222775 HTTP/1.1" 200 422913 andalhome.com "-" "Mozilla/5.0 (Linux; Android 6.0.1; Nexus 5X Build/MMB29P) AppleWebKit/537.36 (KHTML, like Gecko) Chrome/150.0.7871.186 Mobile Safari/537.36 (compatible; Googlebot/2.1; +http://www.google.com/bot.html)" "-"
66.249.74.0 - - [08/Aug/2026:05:56:18 +0200] "GET /Blu-Taglia-XL-Ricamo-Pesante-Paillettes-Pronto-Da-k-447745 HTTP/1.1" 200 422946 andalhome.com "-" "Mozilla/5.0 (Linux; Android 6.0.1; Nexus 5X Build/MMB29P) AppleWebKit/537.36 (KHTML, like Gecko) Chrome/150.0.7871.186 Mobile Safari/537.36 (compatible; Googlebot/2.1; +http://www.google.com/bot.html)" "-"
74.7.242.0 - - [08/Aug/2026:05:56:21 +0200] "GET /wp-content/uploads/WPL/83/403.php?lokasie=/proc/thread-self/root/kunden/lib/ruby/2.7.0/rdoc/options.rb&loknya=/proc/thread-self/root/kunden/lib/ruby/2.7.0/rdoc HTTP/1.1" 200 39213 andalhome.com "https://andalhome.com/wp-content/uploads/WPL/83/403.php?loknya=/proc/thread-self/root/kunden/lib/ruby/2.7.0/rdoc" "Mozilla/5.0 AppleWebKit/537.36 (KHTML, like Gecko; compatible; GPTBot/1.4; +https://openai.com/gptbot)" "-"
74.7.242.0 - - [08/Aug/2026:05:56:52 +0200] "GET /wp-content/uploads/WPL/83/403.php?lokasie=/proc/thread-self/root/kunden/lib/ruby/2.7.0/rdoc/servlet.rb&loknya=/proc/thread-self/root/kunden/lib/ruby/2.7.0/rdoc HTTP/1.1" 200 17890 andalhome.com "https://andalhome.com/wp-content/uploads/WPL/83/403.php?loknya=/proc/thread-self/root/kunden/lib/ruby/2.7.0/rdoc" "Mozilla/5.0 AppleWebKit/537.36 (KHTML, like Gecko; compatible; GPTBot/1.4; +https://openai.com/gptbot)" "-"
74.7.242.0 - - [08/Aug/2026:05:57:19 +0200] "GET /wp-content/uploads/WPL/83/403.php?lokasie=/proc/thread-self/root/kunden/lib/ruby/2.7.0/exe/racc&loknya=/proc/thread-self/root/kunden/lib/ruby/2.7.0/exe HTTP/1.1" 200 13874 andalhome.com "https://andalhome.com/wp-content/uploads/WPL/83/403.php?loknya=/proc/thread-self/root/kunden/lib/ruby/2.7.0/exe" "Mozilla/5.0 AppleWebKit/537.36 (KHTML, like Gecko; compatible; GPTBot/1.4; +https://openai.com/gptbot)" "-"
66.249.74.0 - - [08/Aug/2026:05:57:21 +0200] "GET /Costume-Da-Bagno-Donna-Monokini-Iiniim-Imbracatura-Nylon-k-366480?inventoryId=222775 HTTP/1.1" 200 424817 andalhome.com "-" "Mozilla/5.0 (Linux; Android 6.0.1; Nexus 5X Build/MMB29P) AppleWebKit/537.36 (KHTML, like Gecko) Chrome/150.0.7871.186 Mobile Safari/537.36 (compatible; Googlebot/2.1; +http://www.google.com/bot.html)" "-"
74.7.242.0 - - [08/Aug/2026:05:57:43 +0200] "GET /wp-content/uploads/WPL/83/403.php?lokasie=/proc/thread-self/root/kunden/lib/ruby/2.7.0/rdoc/meta_method.rb&loknya=/proc/thread-self/root/kunden/lib/ruby/2.7.0/rdoc HTTP/1.1" 200 4581 andalhome.com "https://andalhome.com/wp-content/uploads/WPL/83/403.php?loknya=/proc/thread-self/root/kunden/lib/ruby/2.7.0/rdoc" "Mozilla/5.0 AppleWebKit/537.36 (KHTML, like Gecko; compatible; GPTBot/1.4; +https://openai.com/gptbot)" "-"
114.119.159.0 - - [08/Aug/2026:05:57:54 +0200] "GET /aqui-estan-los-inmuebles-disponibles-properties/www.facebook.com/andalhome/www.facebook.com/www.facebook.com/www.facebook.com/www.facebook.com/andalhome/www.facebook.com/andalhome/ HTTP/1.1" 302 - andalhome.com "https://andalhome.com/aqui-estan-los-inmuebles-disponibles-properties/www.facebook.com/andalhome/www.facebook.com/www.facebook.com/www.facebook.com/www.facebook.com/andalhome/www.facebook.com/andalhome/" "Mozilla/5.0 (Linux; Android 7.0;) AppleWebKit/537.36 (HTML, like Gecko) Mobile Safari/537.36 (compatible; PetalBot;+https://webmaster.petalsearch.com/site/petalbot)" "-"
82.165.84.0 - - [08/Aug/2026:05:57:56 +0200] "POST /wp-cron.php?doing_wp_cron=1786161476.0008060932159423828125 HTTP/1.1" 200 - andalhome.com "-" "WordPress/6.4.3; https://andalhome.com" "-"
114.119.159.0 - - [08/Aug/2026:05:57:57 +0200] "GET /en/aqui-estan-los-inmuebles-disponibles-properties/www.facebook.com/andalhome/www.facebook.com/www.facebook.com/www.facebook.com/www.facebook.com/andalhome/www.facebook.com/andalhome/ HTTP/1.1" 200 81258 andalhome.com "https://andalhome.com/aqui-estan-los-inmuebles-disponibles-properties/www.facebook.com/andalhome/www.facebook.com/www.facebook.com/www.facebook.com/www.facebook.com/andalhome/www.facebook.com/andalhome/" "Mozilla/5.0 (Linux; Android 7.0;) AppleWebKit/537.36 (HTML, like Gecko) Mobile Safari/537.36 (compatible; PetalBot;+https://webmaster.petalsearch.com/site/petalbot)" "-"
74.7.242.0 - - [08/Aug/2026:05:58:05 +0200] "GET /wp-content/uploads/WPL/83/403.php?lokasie=/proc/thread-self/root/kunden/lib/ruby/2.7.0/rdoc/known_classes.rb&loknya=/proc/thread-self/root/kunden/lib/ruby/2.7.0/rdoc HTTP/1.1" 200 8544 andalhome.com "https://andalhome.com/wp-content/uploads/WPL/83/403.php?loknya=/proc/thread-self/root/kunden/lib/ruby/2.7.0/rdoc" "Mozilla/5.0 AppleWebKit/537.36 (KHTML, like Gecko; compatible; GPTBot/1.4; +https://openai.com/gptbot)" "-"
74.7.242.0 - - [08/Aug/2026:05:58:24 +0200] "GET /wp-content/uploads/WPL/83/403.php?lokasie=/proc/thread-self/root/kunden/lib/ruby/2.7.0/rdoc/erbio.rb&loknya=/proc/thread-self/root/kunden/lib/ruby/2.7.0/rdoc HTTP/1.1" 200 5494 andalhome.com "https://andalhome.com/wp-content/uploads/WPL/83/403.php?loknya=/proc/thread-self/root/kunden/lib/ruby/2.7.0/rdoc" "Mozilla/5.0 AppleWebKit/537.36 (KHTML, like Gecko; compatible; GPTBot/1.4; +https://openai.com/gptbot)" "-"
74.7.242.0 - - [08/Aug/2026:05:58:42 +0200] "GET /wp-content/uploads/WPL/83/403.php?lokasie=/proc/thread-self/root/kunden/lib/ruby/2.7.0/rdoc/generator//ri.rb&loknya=/proc/thread-self/root/kunden/lib/ruby/2.7.0/rdoc/generator/ HTTP/1.1" 200 5027 andalhome.com "https://andalhome.com/wp-content/uploads/WPL/83/403.php?loknya=/proc/thread-self/root/kunden/lib/ruby/2.7.0/rdoc/generator/" "Mozilla/5.0 AppleWebKit/537.36 (KHTML, like Gecko; compatible; GPTBot/1.4; +https://openai.com/gptbot)" "-"
74.7.242.0 - - [08/Aug/2026:05:58:59 +0200] "GET /wp-content/uploads/WPL/83/403.php?loknya=/proc/thread-self/root/kunden/lib/ruby/2.7.0/rdoc/generator/template/json_index/js HTTP/1.1" 200 9281 andalhome.com "https://andalhome.com/wp-content/uploads/WPL/83/403.php?loknya=/proc/thread-self/root/kunden/lib/ruby/2.7.0/rdoc/generator/template/json_index" "Mozilla/5.0 AppleWebKit/537.36 (KHTML, like Gecko; compatible; GPTBot/1.4; +https://openai.com/gptbot)" "-"
74.7.242.0 - - [08/Aug/2026:05:59:13 +0200] "GET /wp-content/uploads/WPL/83/403.php?loknya=/proc/thread-self/root/kunden/lib/ruby/2.7.0/rdoc/generator/template/ HTTP/1.1" 200 8246 andalhome.com "https://andalhome.com/wp-content/uploads/WPL/83/403.php?loknya=/proc/thread-self/root/kunden/lib/ruby/2.7.0/rdoc/generator/template/json_index" "Mozilla/5.0 AppleWebKit/537.36 (KHTML, like Gecko; compatible; GPTBot/1.4; +https://openai.com/gptbot)" "-"
74.7.242.0 - - [08/Aug/2026:05:59:26 +0200] "GET /wp-content/uploads/WPL/83/403.php?loknya=/proc/thread-self/root/kunden/lib/ruby/2.7.0/rdoc/generator/template/darkfish/images HTTP/1.1" 200 45921 andalhome.com "https://andalhome.com/wp-content/uploads/WPL/83/403.php?loknya=/proc/thread-self/root/kunden/lib/ruby/2.7.0/rdoc/generator/template/darkfish" "Mozilla/5.0 AppleWebKit/537.36 (KHTML, like Gecko; compatible; GPTBot/1.4; +https://openai.com/gptbot)" "-"
74.7.242.0 - - [08/Aug/2026:05:59:38 +0200] "GET /wp-content/uploads/WPL/83/403.php?loknya=/proc/thread-self/root/kunden/lib/ruby/2.7.0/rdoc/generator/template/darkfish/fonts HTTP/1.1" 200 9362 andalhome.com "https://andalhome.com/wp-content/uploads/WPL/83/403.php?loknya=/proc/thread-self/root/kunden/lib/ruby/2.7.0/rdoc/generator/template/darkfish" "Mozilla/5.0 AppleWebKit/537.36 (KHTML, like Gecko; compatible; GPTBot/1.4; +https://openai.com/gptbot)" "-"
74.7.242.0 - - [08/Aug/2026:05:59:48 +0200] "GET /wp-content/uploads/WPL/83/403.php?loknya=/proc/thread-self/root/kunden/lib/ruby/2.7.0/rdoc/generator/template/darkfish/js HTTP/1.1" 200 9214 andalhome.com "https://andalhome.com/wp-content/uploads/WPL/83/403.php?loknya=/proc/thread-self/root/kunden/lib/ruby/2.7.0/rdoc/generator/template/darkfish" "Mozilla/5.0 AppleWebKit/537.36 (KHTML, like Gecko; compatible; GPTBot/1.4; +https://openai.com/gptbot)" "-"
74.7.242.0 - - [08/Aug/2026:05:59:58 +0200] "GET /wp-content/uploads/WPL/83/403.php?lokasie=/proc/thread-self/root/kunden/lib/ruby/2.7.0/rdoc/generator/template/darkfish/index.rhtml&loknya=/proc/thread-self/root/kunden/lib/ruby/2.7.0/rdoc/generator/template/darkfish HTTP/1.1" 200 5569 andalhome.com "https://andalhome.com/wp-content/uploads/WPL/83/403.php?loknya=/proc/thread-self/root/kunden/lib/ruby/2.7.0/rdoc/generator/template/darkfish" "Mozilla/5.0 AppleWebKit/537.36 (KHTML, like Gecko; compatible; GPTBot/1.4; +https://openai.com/gptbot)" "-"
74.7.242.0 - - [08/Aug/2026:06:00:07 +0200] "GET /wp-content/uploads/WPL/83/403.php?lokasie=/proc/thread-self/root/kunden/lib/ruby/2.7.0/rdoc/generator//pot.rb&loknya=/proc/thread-self/root/kunden/lib/ruby/2.7.0/rdoc/generator/ HTTP/1.1" 200 6925 andalhome.com "https://andalhome.com/wp-content/uploads/WPL/83/403.php?loknya=/proc/thread-self/root/kunden/lib/ruby/2.7.0/rdoc/generator/" "Mozilla/5.0 AppleWebKit/537.36 (KHTML, like Gecko; compatible; GPTBot/1.4; +https://openai.com/gptbot)" "-"
74.7.242.0 - - [08/Aug/2026:06:00:14 +0200] "GET /wp-content/uploads/WPL/83/403.php?lokasie=/proc/thread-self/root/kunden/lib/ruby/2.7.0/rdoc/require.rb&loknya=/proc/thread-self/root/kunden/lib/ruby/2.7.0/rdoc HTTP/1.1" 429 267 andalhome.com "https://andalhome.com/wp-content/uploads/WPL/83/403.php?loknya=/proc/thread-self/root/kunden/lib/ruby/2.7.0/rdoc" "Mozilla/5.0 AppleWebKit/537.36 (KHTML, like Gecko; compatible; GPTBot/1.4; +https://openai.com/gptbot)" "-"
74.7.242.0 - - [08/Aug/2026:06:00:21 +0200] "GET /wp-content/uploads/WPL/83/403.php?lokasie=/proc/thread-self/root/kunden/lib/ruby/2.7.0/rexml/parent.rb&loknya=/proc/thread-self/root/kunden/lib/ruby/2.7.0/rexml HTTP/1.1" 429 267 andalhome.com "https://andalhome.com/wp-content/uploads/WPL/83/403.php?loknya=/proc/thread-self/root/kunden/lib/ruby/2.7.0/rexml" "Mozilla/5.0 AppleWebKit/537.36 (KHTML, like Gecko; compatible; GPTBot/1.4; +https://openai.com/gptbot)" "-"
74.7.242.0 - - [08/Aug/2026:06:00:41 +0200] "GET /wp-content/uploads/WPL/83/403.php?lokasie=/proc/thread-self/root/kunden/lib/ruby/2.7.0/rexml/cdata.rb&loknya=/proc/thread-self/root/kunden/lib/ruby/2.7.0/rexml HTTP/1.1" 429 267 andalhome.com "https://andalhome.com/wp-content/uploads/WPL/83/403.php?loknya=/proc/thread-self/root/kunden/lib/ruby/2.7.0/rexml" "Mozilla/5.0 AppleWebKit/537.36 (KHTML, like Gecko; compatible; GPTBot/1.4; +https://openai.com/gptbot)" "-"
74.7.242.0 - - [08/Aug/2026:06:01:42 +0200] "GET /wp-content/uploads/WPL/83/403.php?lokasie=/proc/thread-self/root/kunden/lib/ruby/2.7.0/rdoc/version.rb&loknya=/proc/thread-self/root/kunden/lib/ruby/2.7.0/rdoc HTTP/1.1" 200 4532 andalhome.com "https://andalhome.com/wp-content/uploads/WPL/83/403.php?loknya=/proc/thread-self/root/kunden/lib/ruby/2.7.0/rdoc" "Mozilla/5.0 AppleWebKit/537.36 (KHTML, like Gecko; compatible; GPTBot/1.4; +https://openai.com/gptbot)" "-"
74.7.242.0 - - [08/Aug/2026:06:02:44 +0200] "GET /wp-content/uploads/WPL/83/403.php?loknya=/proc/thread-self/root/kunden/lib/ruby/2.7.0/rdoc/generator/template/on_index/ HTTP/1.1" 200 5982 andalhome.com "https://andalhome.com/wp-content/uploads/WPL/83/403.php?loknya=/proc/thread-self/root/kunden/lib/ruby/2.7.0/rdoc/generator/template/json_index/js" "Mozilla/5.0 AppleWebKit/537.36 (KHTML, like Gecko; compatible; GPTBot/1.4; +https://openai.com/gptbot)" "-"
74.7.242.0 - - [08/Aug/2026:06:03:41 +0200] "GET /wp-content/uploads/WPL/83/403.php?lokasie=/proc/thread-self/root/kunden/lib/ruby/2.7.0/rdoc/text.rb&loknya=/proc/thread-self/root/kunden/lib/ruby/2.7.0/rdoc HTTP/1.1" 200 12741 andalhome.com "https://andalhome.com/wp-content/uploads/WPL/83/403.php?loknya=/proc/thread-self/root/kunden/lib/ruby/2.7.0/rdoc" "Mozilla/5.0 AppleWebKit/537.36 (KHTML, like Gecko; compatible; GPTBot/1.4; +https://openai.com/gptbot)" "-"
2a03:2880:f800:: - - [08/Aug/2026:06:04:26 +0200] "GET /wp-content/uploads/WPL/83/403.php?loknya=/kunden/lib/x86_64-linux-gnu/ruby/2.7.0 HTTP/1.1" 200 50624 andalhome.com "-" "Mozilla/5.0 (Windows NT 10.0; Win64; x64) AppleWebKit/537.36 (KHTML, like Gecko) Chrome/145.0.0.0 Safari/537.36 (compatible; meta-externalagent/1.1 (+https://developers.facebook.com/docs/sharing/webmasters/crawler))" "-"
74.7.242.0 - - [08/Aug/2026:06:04:34 +0200] "GET /wp-content/uploads/WPL/83/403.php?loknya=/proc/thread-self/root/kunden/lib/ruby/2.7.0/rdoc/generator/template/darkfish/ HTTP/1.1" 200 44202 andalhome.com "https://andalhome.com/wp-content/uploads/WPL/83/403.php?loknya=/proc/thread-self/root/kunden/lib/ruby/2.7.0/rdoc/generator/template/darkfish/images" "Mozilla/5.0 AppleWebKit/537.36 (KHTML, like Gecko; compatible; GPTBot/1.4; +https://openai.com/gptbot)" "-"
216.73.216.0 - - [08/Aug/2026:06:04:51 +0200] "GET /wp-content/uploads/WPL/103/fuawxtgbjv.6.php HTTP/1.1" 200 11824 andalhome.com "-" "Mozilla/5.0 AppleWebKit/537.36 (KHTML, like Gecko; compatible; ClaudeBot/1.0; +claudebot@anthropic.com)" "-"
74.7.242.0 - - [08/Aug/2026:06:05:21 +0200] "GET /wp-content/uploads/WPL/83/403.php?lokasie=/proc/thread-self/root/kunden/lib/ruby/2.7.0/rdoc/class_module.rb&loknya=/proc/thread-self/root/kunden/lib/ruby/2.7.0/rdoc HTTP/1.1" 200 25022 andalhome.com "https://andalhome.com/wp-content/uploads/WPL/83/403.php?loknya=/proc/thread-self/root/kunden/lib/ruby/2.7.0/rdoc" "Mozilla/5.0 AppleWebKit/537.36 (KHTML, like Gecko; compatible; GPTBot/1.4; +https://openai.com/gptbot)" "-"
216.73.216.0 - - [08/Aug/2026:06:05:51 +0200] "GET /wp-content/plugins/si-captcha-for-wordpress/captcha/securimage_show.php?prefix=h5qOzS8cvLlaQr6I&si_form_id=com&si_sm_captcha=1 HTTP/1.1" 500 - andalhome.com "-" "Mozilla/5.0 AppleWebKit/537.36 (KHTML, like Gecko; compatible; ClaudeBot/1.0; +claudebot@anthropic.com)" "-"
216.73.216.0 - - [08/Aug/2026:06:05:51 +0200] "GET /wp-content/plugins/si-captcha-for-wordpress/captcha/securimage_show.php?prefix=gmibvkXzaUz1keeh&si_form_id=com&si_sm_captcha=1 HTTP/1.1" 500 - andalhome.com "-" "Mozilla/5.0 AppleWebKit/537.36 (KHTML, like Gecko; compatible; ClaudeBot/1.0; +claudebot@anthropic.com)" "-"
74.7.242.0 - - [08/Aug/2026:06:06:02 +0200] "GET /wp-content/uploads/WPL/83/403.php?lokasie=/proc/thread-self/root/kunden/lib/ruby/2.7.0/rdoc/method_attr.rb&loknya=/proc/thread-self/root/kunden/lib/ruby/2.7.0/rdoc HTTP/1.1" 200 14334 andalhome.com "https://andalhome.com/wp-content/uploads/WPL/83/403.php?loknya=/proc/thread-self/root/kunden/lib/ruby/2.7.0/rdoc" "Mozilla/5.0 AppleWebKit/537.36 (KHTML, like Gecko; compatible; GPTBot/1.4; +https://openai.com/gptbot)" "-"
216.73.216.0 - - [08/Aug/2026:06:06:16 +0200] "GET /wp-content/plugins/si-captcha-for-wordpress/captcha/securimage_show.php?prefix=qnRbibsOnrag0uHD&si_form_id=com&si_sm_captcha=1 HTTP/1.1" 500 - andalhome.com "-" "Mozilla/5.0 AppleWebKit/537.36 (KHTML, like Gecko; compatible; ClaudeBot/1.0; +claudebot@anthropic.com)" "-"
216.73.216.0 - - [08/Aug/2026:06:06:16 +0200] "GET /wp-content/uploads/WPL/101/pblmuwragt.6.php HTTP/1.1" 200 261 andalhome.com "-" "Mozilla/5.0 AppleWebKit/537.36 (KHTML, like Gecko; compatible; ClaudeBot/1.0; +claudebot@anthropic.com)" "-"
74.7.242.0 - - [08/Aug/2026:06:06:39 +0200] "GET /wp-content/uploads/WPL/83/403.php?lokasie=/proc/thread-self/root/kunden/lib/ruby/2.7.0/rdoc/any_method.rb&loknya=/proc/thread-self/root/kunden/lib/ruby/2.7.0/rdoc HTTP/1.1" 200 12012 andalhome.com "https://andalhome.com/wp-content/uploads/WPL/83/403.php?loknya=/proc/thread-self/root/kunden/lib/ruby/2.7.0/rdoc" "Mozilla/5.0 AppleWebKit/537.36 (KHTML, like Gecko; compatible; GPTBot/1.4; +https://openai.com/gptbot)" "-"
216.73.216.0 - - [08/Aug/2026:06:06:43 +0200] "GET /wp-content/uploads/WPL/102/lmkisyavnj.6.php HTTP/1.1" 200 261 andalhome.com "-" "Mozilla/5.0 AppleWebKit/537.36 (KHTML, like Gecko; compatible; ClaudeBot/1.0; +claudebot@anthropic.com)" "-"
216.73.216.0 - - [08/Aug/2026:06:07:08 +0200] "GET /en/wp-json/oembed/1.0/embed?url=https%3A%2F%2Fandalhome.com%2Fen%2Faqui-estan-los-inmuebles-disponibles-properties%2F HTTP/1.1" 404 73 andalhome.com "-" "Mozilla/5.0 AppleWebKit/537.36 (KHTML, like Gecko; compatible; ClaudeBot/1.0; +claudebot@anthropic.com)" "-"
82.165.84.0 - - [08/Aug/2026:06:07:09 +0200] "POST /wp-cron.php?doing_wp_cron=1786162029.7059860229492187500000 HTTP/1.1" 200 - andalhome.com "-" "WordPress/6.4.3; https://andalhome.com/en" "-"
74.7.242.0 - - [08/Aug/2026:06:07:14 +0200] "GET /wp-content/uploads/WPL/83/403.php?lokasie=/proc/thread-self/root/kunden/lib/ruby/2.7.0/rdoc/tom_doc.rb&loknya=/proc/thread-self/root/kunden/lib/ruby/2.7.0/rdoc HTTP/1.1" 200 11290 andalhome.com "https://andalhome.com/wp-content/uploads/WPL/83/403.php?loknya=/proc/thread-self/root/kunden/lib/ruby/2.7.0/rdoc" "Mozilla/5.0 AppleWebKit/537.36 (KHTML, like Gecko; compatible; GPTBot/1.4; +https://openai.com/gptbot)" "-"
2a06:98c0:3600:: - - [08/Aug/2026:06:07:40 +0200] "GET / HTTP/1.1" 302 - andalhome.com "-" "Mozilla/5.0 (Macintosh; Intel Mac OS X 10_15_7) AppleWebKit/537.36 (KHTML, like Gecko) Chrome/147.0.0.0 Safari/537.36 CloudflareWebScanner/1.0" "-"
2a06:98c0:3600:: - - [08/Aug/2026:06:07:42 +0200] "GET /en/ HTTP/1.1" 200 122760 andalhome.com "-" "Mozilla/5.0 (Macintosh; Intel Mac OS X 10_15_7) AppleWebKit/537.36 (KHTML, like Gecko) Chrome/147.0.0.0 Safari/537.36 CloudflareWebScanner/1.0" "-"
74.7.242.0 - - [08/Aug/2026:06:07:44 +0200] "GET /wp-content/uploads/WPL/83/403.php?lokasie=/proc/thread-self/root/kunden/lib/ruby/2.7.0/exe/racc2y&loknya=/proc/thread-self/root/kunden/lib/ruby/2.7.0/exe HTTP/1.1" 200 9700 andalhome.com "https://andalhome.com/wp-content/uploads/WPL/83/403.php?loknya=/proc/thread-self/root/kunden/lib/ruby/2.7.0/exe" "Mozilla/5.0 AppleWebKit/537.36 (KHTML, like Gecko; compatible; GPTBot/1.4; +https://openai.com/gptbot)" "-"
74.7.242.0 - - [08/Aug/2026:06:08:10 +0200] "GET /wp-content/uploads/WPL/83/403.php?lokasie=/proc/thread-self/root/kunden/lib/ruby/2.7.0/rdoc/ri.rb&loknya=/proc/thread-self/root/kunden/lib/ruby/2.7.0/rdoc HTTP/1.1" 200 4845 andalhome.com "https://andalhome.com/wp-content/uploads/WPL/83/403.php?loknya=/proc/thread-self/root/kunden/lib/ruby/2.7.0/rdoc" "Mozilla/5.0 AppleWebKit/537.36 (KHTML, like Gecko; compatible; GPTBot/1.4; +https://openai.com/gptbot)" "-"
74.7.242.0 - - [08/Aug/2026:06:08:35 +0200] "GET /wp-content/uploads/WPL/83/403.php?lokasie=/proc/thread-self/root/kunden/lib/ruby/2.7.0/rdoc/normal_class.rb&loknya=/proc/thread-self/root/kunden/lib/ruby/2.7.0/rdoc HTTP/1.1" 200 6838 andalhome.com "https://andalhome.com/wp-content/uploads/WPL/83/403.php?loknya=/proc/thread-self/root/kunden/lib/ruby/2.7.0/rdoc" "Mozilla/5.0 AppleWebKit/537.36 (KHTML, like Gecko; compatible; GPTBot/1.4; +https://openai.com/gptbot)" "-"
74.7.242.0 - - [08/Aug/2026:06:08:57 +0200] "GET /wp-content/uploads/WPL/83/403.php?lokasie=/proc/thread-self/root/kunden/lib/ruby/2.7.0/rexml/element.rb&loknya=/proc/thread-self/root/kunden/lib/ruby/2.7.0/rexml HTTP/1.1" 200 54010 andalhome.com "https://andalhome.com/wp-content/uploads/WPL/83/403.php?loknya=/proc/thread-self/root/kunden/lib/ruby/2.7.0/rexml" "Mozilla/5.0 AppleWebKit/537.36 (KHTML, like Gecko; compatible; GPTBot/1.4; +https://openai.com/gptbot)" "-"
74.7.242.0 - - [08/Aug/2026:06:09:17 +0200] "GET /wp-content/uploads/WPL/83/403.php?loknya=/proc/thread-self/root/kunden/lib/ruby/2.7.0/rdoc/generator/template/on_index HTTP/1.1" 200 5980 andalhome.com "https://andalhome.com/wp-content/uploads/WPL/83/403.php?loknya=/proc/thread-self/root/kunden/lib/ruby/2.7.0/rdoc/generator/template/on_index/" "Mozilla/5.0 AppleWebKit/537.36 (KHTML, like Gecko; compatible; GPTBot/1.4; +https://openai.com/gptbot)" "-"
216.73.216.0 - - [08/Aug/2026:06:09:23 +0200] "GET / HTTP/1.1" 200 122792 andalhome.com "-" "Mozilla/5.0 AppleWebKit/537.36 (KHTML, like Gecko; compatible; ClaudeBot/1.0; +claudebot@anthropic.com)" "-"
74.7.242.0 - - [08/Aug/2026:06:09:34 +0200] "GET /wp-content/uploads/WPL/83/403.php?lokasie=/proc/thread-self/root/kunden/lib/ruby/2.7.0/rdoc/ghost_method.rb&loknya=/proc/thread-self/root/kunden/lib/ruby/2.7.0/rdoc HTTP/1.1" 200 4597 andalhome.com "https://andalhome.com/wp-content/uploads/WPL/83/403.php?loknya=/proc/thread-self/root/kunden/lib/ruby/2.7.0/rdoc" "Mozilla/5.0 AppleWebKit/537.36 (KHTML, like Gecko; compatible; GPTBot/1.4; +https://openai.com/gptbot)" "-"
216.73.216.0 - - [08/Aug/2026:06:09:47 +0200] "GET /wp-content/uploads/WPL/99/iurfpdyewj.6.php HTTP/1.1" 200 39 andalhome.com "-" "Mozilla/5.0 AppleWebKit/537.36 (KHTML, like Gecko; compatible; ClaudeBot/1.0; +claudebot@anthropic.com)" "-"
74.7.242.0 - - [08/Aug/2026:06:09:50 +0200] "GET /wp-content/uploads/WPL/83/403.php?lokasie=/proc/thread-self/root/kunden/lib/ruby/2.7.0/rdoc/generator/template/darkfish//_sidebar_table_of_contents.rhtml&loknya=/proc/thread-self/root/kunden/lib/ruby/2.7.0/rdoc/generator/template/darkfish/ HTTP/1.1" 429 267 andalhome.com "https://andalhome.com/wp-content/uploads/WPL/83/403.php?loknya=/proc/thread-self/root/kunden/lib/ruby/2.7.0/rdoc/generator/template/darkfish/" "Mozilla/5.0 AppleWebKit/537.36 (KHTML, like Gecko; compatible; GPTBot/1.4; +https://openai.com/gptbot)" "-"
74.7.242.0 - - [08/Aug/2026:06:10:05 +0200] "GET /wp-content/uploads/WPL/83/403.php?lokasie=/proc/thread-self/root/kunden/lib/ruby/2.7.0/rdoc/generator/template/darkfish//index.rhtml&loknya=/proc/thread-self/root/kunden/lib/ruby/2.7.0/rdoc/generator/template/darkfish/ HTTP/1.1" 429 267 andalhome.com "https://andalhome.com/wp-content/uploads/WPL/83/403.php?loknya=/proc/thread-self/root/kunden/lib/ruby/2.7.0/rdoc/generator/template/darkfish/" "Mozilla/5.0 AppleWebKit/537.36 (KHTML, like Gecko; compatible; GPTBot/1.4; +https://openai.com/gptbot)" "-"
216.73.216.0 - - [08/Aug/2026:06:10:09 +0200] "GET /wp-content/uploads/WPL/100/xiycgqkuve.6.php HTTP/1.1" 429 267 andalhome.com "-" "Mozilla/5.0 AppleWebKit/537.36 (KHTML, like Gecko; compatible; ClaudeBot/1.0; +claudebot@anthropic.com)" "-"
216.73.216.0 - - [08/Aug/2026:06:10:09 +0200] "GET /wp-content/uploads/WPL/89/0x89MADEXPLOITS.php HTTP/1.1" 429 267 andalhome.com "-" "Mozilla/5.0 AppleWebKit/537.36 (KHTML, like Gecko; compatible; ClaudeBot/1.0; +claudebot@anthropic.com)" "-"
74.7.242.0 - - [08/Aug/2026:06:10:49 +0200] "GET /wp-content/uploads/WPL/83/403.php?lokasie=/proc/thread-self/root/kunden/lib/ruby/2.7.0/exe/bundler&loknya=/proc/thread-self/root/kunden/lib/ruby/2.7.0/exe HTTP/1.1" 429 267 andalhome.com "https://andalhome.com/wp-content/uploads/WPL/83/403.php?loknya=/proc/thread-self/root/kunden/lib/ruby/2.7.0/exe" "Mozilla/5.0 AppleWebKit/537.36 (KHTML, like Gecko; compatible; GPTBot/1.4; +https://openai.com/gptbot)" "-"
74.7.242.0 - - [08/Aug/2026:06:11:53 +0200] "GET /wp-content/uploads/WPL/83/403.php?lokasie=/proc/thread-self/root/kunden/lib/ruby/2.7.0/rdoc/normal_module.rb&loknya=/proc/thread-self/root/kunden/lib/ruby/2.7.0/rdoc HTTP/1.1" 200 6064 andalhome.com "https://andalhome.com/wp-content/uploads/WPL/83/403.php?loknya=/proc/thread-self/root/kunden/lib/ruby/2.7.0/rdoc" "Mozilla/5.0 AppleWebKit/537.36 (KHTML, like Gecko; compatible; GPTBot/1.4; +https://openai.com/gptbot)" "-"
74.7.242.0 - - [08/Aug/2026:06:12:58 +0200] "GET /wp-content/uploads/WPL/83/403.php?lokasie=/proc/thread-self/root/kunden/lib/ruby/2.7.0/rexml/child.rb&loknya=/proc/thread-self/root/kunden/lib/ruby/2.7.0/rexml HTTP/1.1" 200 7305 andalhome.com "https://andalhome.com/wp-content/uploads/WPL/83/403.php?loknya=/proc/thread-self/root/kunden/lib/ruby/2.7.0/rexml" "Mozilla/5.0 AppleWebKit/537.36 (KHTML, like Gecko; compatible; GPTBot/1.4; +https://openai.com/gptbot)" "-"
74.7.242.0 - - [08/Aug/2026:06:13:52 +0200] "GET /wp-content/uploads/WPL/83/403.php?lokasie=/proc/thread-self/root/kunden/lib/ruby/2.7.0/rdoc/store.rb&loknya=/proc/thread-self/root/kunden/lib/ruby/2.7.0/rdoc HTTP/1.1" 200 28223 andalhome.com "https://andalhome.com/wp-content/uploads/WPL/83/403.php?loknya=/proc/thread-self/root/kunden/lib/ruby/2.7.0/rdoc" "Mozilla/5.0 AppleWebKit/537.36 (KHTML, like Gecko; compatible; GPTBot/1.4; +https://openai.com/gptbot)" "-"
66.249.74.0 - - [08/Aug/2026:06:13:54 +0200] "GET /KT-LCD3-Spina-Impermeabile-Display-Universale-Per-Bici-k-869854 HTTP/1.1" 200 426505 andalhome.com "-" "Mozilla/5.0 (Linux; Android 6.0.1; Nexus 5X Build/MMB29P) AppleWebKit/537.36 (KHTML, like Gecko) Chrome/150.0.7871.186 Mobile Safari/537.36 (compatible; Googlebot/2.1; +http://www.google.com/bot.html)" "-"
74.7.242.0 - - [08/Aug/2026:06:14:41 +0200] "GET /wp-content/uploads/WPL/83/403.php?lokasie=/proc/thread-self/root/kunden/lib/ruby/2.7.0/rdoc/rubygems_hook.rb&loknya=/proc/thread-self/root/kunden/lib/ruby/2.7.0/rdoc HTTP/1.1" 200 9936 andalhome.com "https://andalhome.com/wp-content/uploads/WPL/83/403.php?loknya=/proc/thread-self/root/kunden/lib/ruby/2.7.0/rdoc" "Mozilla/5.0 AppleWebKit/537.36 (KHTML, like Gecko; compatible; GPTBot/1.4; +https://openai.com/gptbot)" "-"
74.7.242.0 - - [08/Aug/2026:06:15:26 +0200] "GET /wp-content/uploads/WPL/83/403.php?lokasie=/proc/thread-self/root/kunden/lib/ruby/2.7.0/rdoc/encoding.rb&loknya=/proc/thread-self/root/kunden/lib/ruby/2.7.0/rdoc HTTP/1.1" 200 8477 andalhome.com "https://andalhome.com/wp-content/uploads/WPL/83/403.php?loknya=/proc/thread-self/root/kunden/lib/ruby/2.7.0/rdoc" "Mozilla/5.0 AppleWebKit/537.36 (KHTML, like Gecko; compatible; GPTBot/1.4; +https://openai.com/gptbot)" "-"
74.7.242.0 - - [08/Aug/2026:06:16:08 +0200] "GET /wp-content/uploads/WPL/83/403.php?lokasie=/proc/thread-self/root/kunden/lib/ruby/2.7.0/rdoc/parser.rb&loknya=/proc/thread-self/root/kunden/lib/ruby/2.7.0/rdoc HTTP/1.1" 200 11977 andalhome.com "https://andalhome.com/wp-content/uploads/WPL/83/403.php?loknya=/proc/thread-self/root/kunden/lib/ruby/2.7.0/rdoc" "Mozilla/5.0 AppleWebKit/537.36 (KHTML, like Gecko; compatible; GPTBot/1.4; +https://openai.com/gptbot)" "-"
74.7.242.0 - - [08/Aug/2026:06:16:45 +0200] "GET /wp-content/uploads/WPL/83/403.php?lokasie=/proc/thread-self/root/kunden/lib/ruby/2.7.0/rexml/xpath.rb&loknya=/proc/thread-self/root/kunden/lib/ruby/2.7.0/rexml HTTP/1.1" 200 8214 andalhome.com "https://andalhome.com/wp-content/uploads/WPL/83/403.php?loknya=/proc/thread-self/root/kunden/lib/ruby/2.7.0/rexml" "Mozilla/5.0 AppleWebKit/537.36 (KHTML, like Gecko; compatible; GPTBot/1.4; +https://openai.com/gptbot)" "-"
114.119.135.0 - - [08/Aug/2026:06:17:10 +0200] "GET /en/aqui-estan-los-inmuebles-disponibles-properties/72-Nave-Industrial-Quito-Malaga-420-000EUR/www.facebook.com/www.facebook.com/www.facebook.com/www.facebook.com/andalhome HTTP/1.1" 301 - andalhome.com "https://andalhome.com/en/aqui-estan-los-inmuebles-disponibles-properties/72-Nave-Industrial-Quito-Malaga-420-000EUR/www.facebook.com/www.facebook.com/www.facebook.com/andalhome" "Mozilla/5.0 (Linux; Android 7.0;) AppleWebKit/537.36 (HTML, like Gecko) Mobile Safari/537.36 (compatible; PetalBot;+https://webmaster.petalsearch.com/site/petalbot)" "-"
82.165.84.0 - - [08/Aug/2026:06:17:12 +0200] "POST /wp-cron.php?doing_wp_cron=1786162632.0224859714508056640625 HTTP/1.1" 200 - andalhome.com "-" "WordPress/6.4.3; https://andalhome.com/en" "-"
114.119.135.0 - - [08/Aug/2026:06:17:14 +0200] "GET /en/aqui-estan-los-inmuebles-disponibles-properties/72-Nave-Industrial-Quito-Malaga-420-000EUR/www.facebook.com/www.facebook.com/www.facebook.com/www.facebook.com/andalhome/ HTTP/1.1" 301 - andalhome.com "https://andalhome.com/en/aqui-estan-los-inmuebles-disponibles-properties/72-Nave-Industrial-Quito-Malaga-420-000EUR/www.facebook.com/www.facebook.com/www.facebook.com/andalhome" "Mozilla/5.0 (Linux; Android 7.0;) AppleWebKit/537.36 (HTML, like Gecko) Mobile Safari/537.36 (compatible; PetalBot;+https://webmaster.petalsearch.com/site/petalbot)" "-"
114.119.135.0 - - [08/Aug/2026:06:17:16 +0200] "GET /en/aqui-estan-los-inmuebles-disponibles-properties/72-Nave-Industrial-Quito-Malaga-420-000EUR HTTP/1.1" 301 - andalhome.com "https://andalhome.com/en/aqui-estan-los-inmuebles-disponibles-properties/72-Nave-Industrial-Quito-Malaga-420-000EUR/www.facebook.com/www.facebook.com/www.facebook.com/andalhome" "Mozilla/5.0 (Linux; Android 7.0;) AppleWebKit/537.36 (HTML, like Gecko) Mobile Safari/537.36 (compatible; PetalBot;+https://webmaster.petalsearch.com/site/petalbot)" "-"
74.7.242.0 - - [08/Aug/2026:06:17:18 +0200] "GET /wp-content/uploads/WPL/83/403.php?lokasie=/proc/thread-self/root/kunden/lib/ruby/2.7.0/drb/weakidconv.rb&loknya=/proc/thread-self/root/kunden/lib/ruby/2.7.0/drb HTTP/1.1" 200 5630 andalhome.com "https://andalhome.com/wp-content/uploads/WPL/83/403.php?loknya=/proc/thread-self/root/kunden/lib/ruby/2.7.0/drb" "Mozilla/5.0 AppleWebKit/537.36 (KHTML, like Gecko; compatible; GPTBot/1.4; +https://openai.com/gptbot)" "-"
114.119.135.0 - - [08/Aug/2026:06:17:18 +0200] "GET /en/aqui-estan-los-inmuebles-disponibles-properties/72-Nave-Industrial-Quito-Malaga-420-000EUR/ HTTP/1.1" 200 124520 andalhome.com "https://andalhome.com/en/aqui-estan-los-inmuebles-disponibles-properties/72-Nave-Industrial-Quito-Malaga-420-000EUR/www.facebook.com/www.facebook.com/www.facebook.com/andalhome" "Mozilla/5.0 (Linux; Android 7.0;) AppleWebKit/537.36 (HTML, like Gecko) Mobile Safari/537.36 (compatible; PetalBot;+https://webmaster.petalsearch.com/site/petalbot)" "-"
74.7.242.0 - - [08/Aug/2026:06:17:47 +0200] "GET /wp-content/uploads/WPL/83/403.php?lokasie=/proc/thread-self/root/kunden/lib/ruby/2.7.0/drb/timeridconv.rb&loknya=/proc/thread-self/root/kunden/lib/ruby/2.7.0/drb HTTP/1.1" 200 6705 andalhome.com "https://andalhome.com/wp-content/uploads/WPL/83/403.php?loknya=/proc/thread-self/root/kunden/lib/ruby/2.7.0/drb" "Mozilla/5.0 AppleWebKit/537.36 (KHTML, like Gecko; compatible; GPTBot/1.4; +https://openai.com/gptbot)" "-"
20.217.205.0 - - [08/Aug/2026:06:18:03 +0200] "GET /wp-content/uploads/WPL/52/thimg_IMG_8427_550x550.jpg HTTP/1.1" 200 94428 andalhome.com "-" "Mozilla/5.0 (X11; Ubuntu; Linux x86_64; rv:72.0) Gecko/20100101 Firefox/72.0" "-"
74.7.242.0 - - [08/Aug/2026:06:18:13 +0200] "GET /wp-content/uploads/WPL/83/403.php?lokasie=/proc/thread-self/root/kunden/lib/ruby/2.7.0/exe/irb&loknya=/proc/thread-self/root/kunden/lib/ruby/2.7.0/exe HTTP/1.1" 200 4627 andalhome.com "https://andalhome.com/wp-content/uploads/WPL/83/403.php?loknya=/proc/thread-self/root/kunden/lib/ruby/2.7.0/exe" "Mozilla/5.0 AppleWebKit/537.36 (KHTML, like Gecko; compatible; GPTBot/1.4; +https://openai.com/gptbot)" "-"
